May 04 13:00:36.399331 n-d-840446-1 devstack@keystone.service[80575]: DEBUG keystone.common.rbac_enforcer.enforcer [None req-35985b9c-b290-40c9-bb22-1efde0ffe36f None admin] RBAC: Adding query filter params (group.id=38b154fcad704ea185ea2ed2d08b81a9, role.id=8e3913ac296f44beb819d0b45fdc426c, scope.project.id=3abb0c1497bb474bb8f0bb7d469667c7) {{(pid=80575) _extract_filter_values /opt/stack/keystone/keystone/common/rbac_enforcer/enforcer.py:167}}
May 04 13:00:36.399640 n-d-840446-1 devstack@keystone.service[80575]: DEBUG keystone.common.rbac_enforcer.enforcer [None req-35985b9c-b290-40c9-bb22-1efde0ffe36f None admin] RBAC: Authorizing `identity:list_role_assignments()` {{(pid=80575) enforce_call /opt/stack/keystone/keystone/common/rbac_enforcer/enforcer.py:449}}
May 04 13:00:36.401082 n-d-840446-1 devstack@keystone.service[80575]: DEBUG keystone.common.rbac_enforcer.enforcer [None req-35985b9c-b290-40c9-bb22-1efde0ffe36f None admin] RBAC: Authorization granted {{(pid=80575) enforce_call /opt/stack/keystone/keystone/common/rbac_enforcer/enforcer.py:457}}
May 04 13:00:36.417685 n-d-840446-1 devstack@keystone.service[80575]: [pid: 80575|app: 0|req: 226/444] 10.222.0.59 () {56 vars in 1376 bytes} [Wed May 4 13:00:36 2022] GET /identity/v3/role_assignments?group.id=38b154fcad704ea185ea2ed2d08b81a9&scope.project.id=3abb0c1497bb474bb8f0bb7d469667c7&role.id=8e3913ac296f44beb819d0b45fdc426c => generated 611 bytes in 136 msecs (HTTP/1.1 200) 5 headers in 177 bytes (1 switches on core 0)
May 04 13:00:36.417685 n-d-840446-1 devstack@keystone.service[80575]: DEBUG keystone.server.flask.request_processing.req_logging [None req-947c67b7-8778-4df8-bae8-09db87836bab None None] REQUEST_METHOD: `POST` {{(pid=80575) log_request_info /opt/stack/keystone/keystone/server/flask/request_processing/req_logging.py:27}}
May 04 13:00:36.417685 n-d-840446-1 devstack@keystone.service[80575]: DEBUG keystone.server.flask.request_processing.req_logging [None req-947c67b7-8778-4df8-bae8-09db87836bab None None] SCRIPT_NAME: `/identity` {{(pid=80575) log_request_info /opt/stack/keystone/keystone/server/flask/request_processing/req_logging.py:28}}
May 04 13:00:36.417685 n-d-840446-1 devstack@keystone.service[80575]: DEBUG keystone.server.flask.request_processing.req_logging [None req-947c67b7-8778-4df8-bae8-09db87836bab None None] PATH_INFO: `/v3/auth/tokens` {{(pid=80575) log_request_info /opt/stack/keystone/keystone/server/flask/request_processing/req_logging.py:29}}
May 04 13:00:36.419689 n-d-840446-1 devstack@keystone.service[80574]: DEBUG keystone.common.rbac_enforcer.enforcer [None req-2181a6ce-0dcc-43a1-ae27-e9d1a7a644a5 None admin] RBAC: Authorizing `identity:validate_token()` {{(pid=80574) enforce_call /opt/stack/keystone/keystone/common/rbac_enforcer/enforcer.py:449}}
May 04 13:00:36.421234 n-d-840446-1 devstack@keystone.service[80574]: DEBUG keystone.common.rbac_enforcer.enforcer [None req-2181a6ce-0dcc-43a1-ae27-e9d1a7a644a5 None admin] RBAC: Authorization granted {{(pid=80574) enforce_call /opt/stack/keystone/keystone/common/rbac_enforcer/enforcer.py:457}}
May 04 13:00:36.426406 n-d-840446-1 devstack@keystone.service[80575]: DEBUG keystone.auth.core [None req-947c67b7-8778-4df8-bae8-09db87836bab None None] MFA Rules not processed for user `e3d82991752c438f9ff8392e772d4dde`. Rule list: `[]` (Enabled: `True`). {{(pid=80575) check_auth_methods_against_rules /opt/stack/keystone/keystone/auth/core.py:438}}
May 04 13:00:36.427645 n-d-840446-1 devstack@keystone.service[80575]: DEBUG keystone.common.fernet_utils [None req-947c67b7-8778-4df8-bae8-09db87836bab None None] Loaded 2 Fernet keys from /etc/keystone/fernet-keys/, but `[fernet_tokens] max_active_keys = 3`; perhaps there have not been enough key rotations to reach `max_active_keys` yet? {{(pid=80575) load_keys /opt/stack/keystone/keystone/common/fernet_utils.py:286}}
May 04 13:00:36.517036 n-d-840446-1 devstack@keystone.service[80575]: [pid: 80575|app: 0|req: 227/445] 10.222.0.59 () {58 vars in 1023 bytes} [Wed May 4 13:00:36 2022] POST /identity/v3/auth/tokens => generated 799 bytes in 96 msecs (HTTP/1.1 201) 6 headers in 363 bytes (1 switches on core 0)
May 04 13:00:36.527104 n-d-840446-1 devstack@keystone.service[80575]: DEBUG keystone.server.flask.request_processing.middleware.auth_context [None req-947c67b7-8778-4df8-bae8-09db87836bab None None] Authenticating user token {{(pid=80575) process_request /usr/local/lib/python3.8/dist-packages/keystonemiddleware/auth_token/__init__.py:407}}
May 04 13:00:36.531859 n-d-840446-1 devstack@keystone.service[80574]: [pid: 80574|app: 0|req: 219/446] 10.222.0.59 () {58 vars in 1282 bytes} [Wed May 4 13:00:36 2022] GET /identity/v3/auth/tokens => generated 799 bytes in 308 msecs (HTTP/1.1 200) 6 headers in 358 bytes (1 switches on core 0)
May 04 13:00:36.537815 n-d-840446-1 devstack@keystone.service[80574]: DEBUG keystone.server.flask.request_processing.middleware.auth_context [None req-2181a6ce-0dcc-43a1-ae27-e9d1a7a644a5 None admin] Authenticating user token {{(pid=80574) process_request /usr/local/lib/python3.8/dist-packages/keystonemiddleware/auth_token/__init__.py:407}}
May 04 13:00:36.640633 n-d-840446-1 devstack@keystone.service[80575]: DEBUG keystone.server.flask.request_processing.middleware.auth_context [None req-947c67b7-8778-4df8-bae8-09db87836bab None None] Validating token access rules against request {{(pid=80575) validate_allowed_request /usr/local/lib/python3.8/dist-packages/keystonemiddleware/auth_token/__init__.py:545}}
May 04 13:00:36.652880 n-d-840446-1 devstack@keystone.service[80574]: DEBUG keystone.server.flask.request_processing.middleware.auth_context [None req-2181a6ce-0dcc-43a1-ae27-e9d1a7a644a5 None admin] Validating token access rules against request {{(pid=80574) validate_allowed_request /usr/local/lib/python3.8/dist-packages/keystonemiddleware/auth_token/__init__.py:545}}
May 04 13:00:36.683551 n-d-840446-1 devstack@keystone.service[80575]: DEBUG keystone.server.flask.request_processing.middleware.auth_context [None req-3ac224ab-be0d-49e7-a253-2b2fb5c435ad None admin] RBAC: auth_context: {'token': , 'domain_id': None, 'trust_id': None, 'trustor_id': None, 'trustee_id': None, 'domain_name': None, 'group_ids': [], 'user_id': 'e3d82991752c438f9ff8392e772d4dde', 'user_domain_id': 'default', 'system_scope': 'all', 'project_id': None, 'project_domain_id': None, 'roles': ['admin', 'member', 'reader'], 'is_admin_project': True, 'service_user_id': None, 'service_user_domain_id': None, 'service_project_id': None, 'service_project_domain_id': None, 'service_roles': []} {{(pid=80575) fill_context /opt/stack/keystone/keystone/server/flask/request_processing/middleware/auth_context.py:478}}
May 04 13:00:36.684348 n-d-840446-1 devstack@keystone.service[80575]: DEBUG keystone.server.flask.request_processing.req_logging [None req-3ac224ab-be0d-49e7-a253-2b2fb5c435ad None admin] REQUEST_METHOD: `GET` {{(pid=80575) log_request_info /opt/stack/keystone/keystone/server/flask/request_processing/req_logging.py:27}}
May 04 13:00:36.684626 n-d-840446-1 devstack@keystone.service[80575]: DEBUG keystone.server.flask.request_processing.req_logging [None req-3ac224ab-be0d-49e7-a253-2b2fb5c435ad None admin] SCRIPT_NAME: `/identity` {{(pid=80575) log_request_info /opt/stack/keystone/keystone/server/flask/request_processing/req_logging.py:28}}
May 04 13:00:36.684899 n-d-840446-1 devstack@keystone.service[80575]: DEBUG keystone.server.flask.request_processing.req_logging [None req-3ac224ab-be0d-49e7-a253-2b2fb5c435ad None admin] PATH_INFO: `/v3/roles/admin` {{(pid=80575) log_request_info /opt/stack/keystone/keystone/server/flask/request_processing/req_logging.py:29}}
May 04 13:00:36.691087 n-d-840446-1 devstack@keystone.service[80574]: DEBUG keystone.server.flask.request_processing.middleware.auth_context [None req-1c5371a5-e610-4db7-93c2-c901de136e7c None admin] RBAC: auth_context: {'token': , 'domain_id': None, 'trust_id': None, 'trustor_id': None, 'trustee_id': None, 'domain_name': None, 'group_ids': [], 'user_id': 'e3d82991752c438f9ff8392e772d4dde', 'user_domain_id': 'default', 'system_scope': 'all', 'project_id': None, 'project_domain_id': None, 'roles': ['admin', 'member', 'reader'], 'is_admin_project': True, 'service_user_id': None, 'service_user_domain_id': None, 'service_project_id': None, 'service_project_domain_id': None, 'service_roles': []} {{(pid=80574) fill_context /opt/stack/keystone/keystone/server/flask/request_processing/middleware/auth_context.py:478}}
May 04 13:00:36.691936 n-d-840446-1 devstack@keystone.service[80574]: DEBUG keystone.server.flask.request_processing.req_logging [None req-1c5371a5-e610-4db7-93c2-c901de136e7c None admin] REQUEST_METHOD: `GET` {{(pid=80574) log_request_info /opt/stack/keystone/keystone/server/flask/request_processing/req_logging.py:27}}
May 04 13:00:36.692213 n-d-840446-1 devstack@keystone.service[80574]: DEBUG keystone.server.flask.request_processing.req_logging [None req-1c5371a5-e610-4db7-93c2-c901de136e7c None admin] SCRIPT_NAME: `/identity` {{(pid=80574) log_request_info /opt/stack/keystone/keystone/server/flask/request_processing/req_logging.py:28}}
May 04 13:00:36.692507 n-d-840446-1 devstack@keystone.service[80574]: DEBUG keystone.server.flask.request_processing.req_logging [None req-1c5371a5-e610-4db7-93c2-c901de136e7c None admin] PATH_INFO: `/v3/projects/3abb0c1497bb474bb8f0bb7d469667c7` {{(pid=80574) log_request_info /opt/stack/keystone/keystone/server/flask/request_processing/req_logging.py:29}}
May 04 13:00:36.693716 n-d-840446-1 devstack@keystone.service[80574]: DEBUG keystone.common.rbac_enforcer.enforcer [None req-1c5371a5-e610-4db7-93c2-c901de136e7c None admin] RBAC: Authorizing `identity:get_project(project_id=3abb0c1497bb474bb8f0bb7d469667c7)` {{(pid=80574) enforce_call /opt/stack/keystone/keystone/common/rbac_enforcer/enforcer.py:449}}
May 04 13:00:36.695132 n-d-840446-1 devstack@keystone.service[80574]: DEBUG keystone.common.rbac_enforcer.enforcer [None req-1c5371a5-e610-4db7-93c2-c901de136e7c None admin] RBAC: Authorization granted {{(pid=80574) enforce_call /opt/stack/keystone/keystone/common/rbac_enforcer/enforcer.py:457}}
May 04 13:00:36.696823 n-d-840446-1 devstack@keystone.service[80574]: [pid: 80574|app: 0|req: 220/447] 10.222.0.59 () {56 vars in 1186 bytes} [Wed May 4 13:00:36 2022] GET /identity/v3/projects/3abb0c1497bb474bb8f0bb7d469667c7 => generated 302 bytes in 160 msecs (HTTP/1.1 200) 5 headers in 177 bytes (2 switches on core 0)
May 04 13:00:36.698512 n-d-840446-1 devstack@keystone.service[80575]: DEBUG keystone.common.rbac_enforcer.enforcer [None req-3ac224ab-be0d-49e7-a253-2b2fb5c435ad None admin] Extracting inferred target data resulted in "NOT FOUND (404)". {{(pid=80575) enforce_call /opt/stack/keystone/keystone/common/rbac_enforcer/enforcer.py:409}}
May 04 13:00:36.702661 n-d-840446-1 devstack@keystone.service[80574]: DEBUG keystone.server.flask.request_processing.middleware.auth_context [None req-1c5371a5-e610-4db7-93c2-c901de136e7c None admin] Authenticating user token {{(pid=80574) process_request /usr/local/lib/python3.8/dist-packages/keystonemiddleware/auth_token/__init__.py:407}}
May 04 13:00:36.706258 n-d-840446-1 devstack@keystone.service[80575]: ERROR keystone.server.flask.application [None req-3ac224ab-be0d-49e7-a253-2b2fb5c435ad None admin] Could not find role: admin.: keystone.exception.RoleNotFound: Could not find role: admin.
May 04 13:00:36.706258 n-d-840446-1 devstack@keystone.service[80575]: ERROR keystone.server.flask.application
Traceback (most recent call last):
May 04 13:00:36.706258 n-d-840446-1 devstack@keystone.service[80575]: ERROR keystone.server.flask.application
File "/usr/local/lib/python3.8/dist-packages/flask/app.py", line 1523, in full_dispatch_request
May 04 13:00:36.706258 n-d-840446-1 devstack@keystone.service[80575]: ERROR keystone.server.flask.application rv = self.dispatch_request()
May 04 13:00:36.706258 n-d-840446-1 devstack@keystone.service[80575]: ERROR keystone.server.flask.application
File "/usr/local/lib/python3.8/dist-packages/flask/app.py", line 1509, in dispatch_request
May 04 13:00:36.706258 n-d-840446-1 devstack@keystone.service[80575]: ERROR keystone.server.flask.application return self.ensure_sync(self.view_functions[rule.endpoint])(**req.view_args)
May 04 13:00:36.706258 n-d-840446-1 devstack@keystone.service[80575]: ERROR keystone.server.flask.application
File "/usr/local/lib/python3.8/dist-packages/flask_restful/__init__.py", line 467, in wrapper
May 04 13:00:36.706258 n-d-840446-1 devstack@keystone.service[80575]: ERROR keystone.server.flask.application resp = resource(*args, **kwargs)
May 04 13:00:36.706258 n-d-840446-1 devstack@keystone.service[80575]: ERROR keystone.server.flask.application
File "/usr/local/lib/python3.8/dist-packages/flask/views.py", line 84, in view
May 04 13:00:36.706258 n-d-840446-1 devstack@keystone.service[80575]: ERROR keystone.server.flask.application return current_app.ensure_sync(self.dispatch_request)(*args, **kwargs)
May 04 13:00:36.706258 n-d-840446-1 devstack@keystone.service[80575]: ERROR keystone.server.flask.application
File "/usr/local/lib/python3.8/dist-packages/flask_restful/__init__.py", line 582, in dispatch_request
May 04 13:00:36.706258 n-d-840446-1 devstack@keystone.service[80575]: ERROR keystone.server.flask.application resp = meth(*args, **kwargs)
May 04 13:00:36.706258 n-d-840446-1 devstack@keystone.service[80575]: ERROR keystone.server.flask.application
File "/opt/stack/keystone/keystone/api/roles.py", line 50, in get
May 04 13:00:36.706258 n-d-840446-1 devstack@keystone.service[80575]: ERROR keystone.server.flask.application return self._get_role(role_id)
May 04 13:00:36.706258 n-d-840446-1 devstack@keystone.service[80575]: ERROR keystone.server.flask.application
File "/opt/stack/keystone/keystone/api/roles.py", line 70, in _get_role
May 04 13:00:36.706258 n-d-840446-1 devstack@keystone.service[80575]: ERROR keystone.server.flask.application ENFORCER.enforce_call(action='identity:get_role')
May 04 13:00:36.707166 n-d-840446-1 devstack@keystone.service[80575]: ERROR keystone.server.flask.application
File "/opt/stack/keystone/keystone/common/rbac_enforcer/enforcer.py", line 402, in enforce_call
May 04 13:00:36.707166 n-d-840446-1 devstack@keystone.service[80575]: ERROR keystone.server.flask.application policy_dict.update(cls._extract_member_target_data(
May 04 13:00:36.707166 n-d-840446-1 devstack@keystone.service[80575]: ERROR keystone.server.flask.application
File "/opt/stack/keystone/keystone/common/rbac_enforcer/enforcer.py", line 234, in _extract_member_target_data
May 04 13:00:36.707166 n-d-840446-1 devstack@keystone.service[80575]: ERROR keystone.server.flask.application member_name: func(flask.request.view_args[key])
May 04 13:00:36.707166 n-d-840446-1 devstack@keystone.service[80575]: ERROR keystone.server.flask.application
File "/opt/stack/keystone/keystone/common/manager.py", line 115, in wrapped
May 04 13:00:36.707166 n-d-840446-1 devstack@keystone.service[80575]: ERROR keystone.server.flask.application __ret_val = __f(*args, **kwargs)
May 04 13:00:36.707166 n-d-840446-1 devstack@keystone.service[80575]: ERROR keystone.server.flask.application
File "/usr/local/lib/python3.8/dist-packages/decorator.py", line 232, in fun
May 04 13:00:36.707166 n-d-840446-1 devstack@keystone.service[80575]: ERROR keystone.server.flask.application return caller(func, *(extras + args), **kw)
May 04 13:00:36.707166 n-d-840446-1 devstack@keystone.service[80575]: ERROR keystone.server.flask.application
File "/usr/local/lib/python3.8/dist-packages/dogpile/cache/region.py", line 1577, in get_or_create_for_user_func
May 04 13:00:36.707166 n-d-840446-1 devstack@keystone.service[80575]: ERROR keystone.server.flask.application return self.get_or_create(
May 04 13:00:36.707166 n-d-840446-1 devstack@keystone.service[80575]: ERROR keystone.server.flask.application
File "/usr/local/lib/python3.8/dist-packages/dogpile/cache/region.py", line 1042, in get_or_create
May 04 13:00:36.707166 n-d-840446-1 devstack@keystone.service[80575]: ERROR keystone.server.flask.application with Lock(
May 04 13:00:36.707166 n-d-840446-1 devstack@keystone.service[80575]: ERROR keystone.server.flask.application
File "/usr/local/lib/python3.8/dist-packages/dogpile/lock.py", line 185, in __enter__
May 04 13:00:36.707166 n-d-840446-1 devstack@keystone.service[80575]: ERROR keystone.server.flask.application return self._enter()
May 04 13:00:36.707166 n-d-840446-1 devstack@keystone.service[80575]: ERROR keystone.server.flask.application
File "/usr/local/lib/python3.8/dist-packages/dogpile/lock.py", line 94, in _enter
May 04 13:00:36.707166 n-d-840446-1 devstack@keystone.service[80575]: ERROR keystone.server.flask.application generated = self._enter_create(value, createdtime)
May 04 13:00:36.707972 n-d-840446-1 devstack@keystone.service[80575]: ERROR keystone.server.flask.application
File "/usr/local/lib/python3.8/dist-packages/dogpile/lock.py", line 178, in _enter_create
May 04 13:00:36.707972 n-d-840446-1 devstack@keystone.service[80575]: ERROR keystone.server.flask.application return self.creator()
May 04 13:00:36.707972 n-d-840446-1 devstack@keystone.service[80575]: ERROR keystone.server.flask.application
File "/usr/local/lib/python3.8/dist-packages/dogpile/cache/region.py", line 995, in gen_value
May 04 13:00:36.707972 n-d-840446-1 devstack@keystone.service[80575]: ERROR keystone.server.flask.application created_value = creator(
May 04 13:00:36.707972 n-d-840446-1 devstack@keystone.service[80575]: ERROR keystone.server.flask.application
File "/opt/stack/keystone/keystone/assignment/core.py", line 1276, in get_role
May 04 13:00:36.707972 n-d-840446-1 devstack@keystone.service[80575]: ERROR keystone.server.flask.application return self.driver.get_role(role_id)
May 04 13:00:36.707972 n-d-840446-1 devstack@keystone.service[80575]: ERROR keystone.server.flask.application
File "/opt/stack/keystone/keystone/assignment/role_backends/sql.py", line 70, in get_role
May 04 13:00:36.707972 n-d-840446-1 devstack@keystone.service[80575]: ERROR keystone.server.flask.application return self._get_role(session, role_id).to_dict()
May 04 13:00:36.707972 n-d-840446-1 devstack@keystone.service[80575]: ERROR keystone.server.flask.application
File "/opt/stack/keystone/keystone/assignment/role_backends/sql.py", line 65, in _get_role
May 04 13:00:36.707972 n-d-840446-1 devstack@keystone.service[80575]: ERROR keystone.server.flask.application raise exception.RoleNotFound(role_id=role_id)
May 04 13:00:36.707972 n-d-840446-1 devstack@keystone.service[80575]: ERROR keystone.server.flask.application keystone.exception.RoleNotFound: Could not find role: admin.
May 04 13:00:36.707972 n-d-840446-1 devstack@keystone.service[80575]: ERROR keystone.server.flask.application
May 04 13:00:36.712232 n-d-840446-1 devstack@keystone.service[80575]: [pid: 80575|app: 0|req: 228/448] 10.222.0.59 () {56 vars in 1096 bytes} [Wed May 4 13:00:36 2022] GET /identity/v3/roles/admin => generated 83 bytes in 186 msecs (HTTP/1.1 404) 5 headers in 183 bytes (2 switches on core 0)
May 04 13:00:36.712972 n-d-840446-1 devstack@keystone.service[80575]: DEBUG keystone.server.flask.request_processing.middleware.auth_context [None req-3ac224ab-be0d-49e7-a253-2b2fb5c435ad None admin] Authenticating user token {{(pid=80575) process_request /usr/local/lib/python3.8/dist-packages/keystonemiddleware/auth_token/__init__.py:407}}
May 04 13:00:36.819288 n-d-840446-1 devstack@keystone.service[80574]: DEBUG keystone.server.flask.request_processing.middleware.auth_context [None req-1c5371a5-e610-4db7-93c2-c901de136e7c None admin] Validating token access rules against request {{(pid=80574) validate_allowed_request /usr/local/lib/python3.8/dist-packages/keystonemiddleware/auth_token/__init__.py:545}}
May 04 13:00:36.828947 n-d-840446-1 devstack@keystone.service[80575]: DEBUG keystone.server.flask.request_processing.middleware.auth_context [None req-3ac224ab-be0d-49e7-a253-2b2fb5c435ad None admin] Validating token access rules against request {{(pid=80575) validate_allowed_request /usr/local/lib/python3.8/dist-packages/keystonemiddleware/auth_token/__init__.py:545}}
May 04 13:00:36.851717 n-d-840446-1 devstack@keystone.service[80574]: DEBUG keystone.server.flask.request_processing.middleware.auth_context [None req-955e98c3-f82a-491f-853b-eb0b9fc2eb03 None admin] RBAC: auth_context: {'token': , 'domain_id': None, 'trust_id': None, 'trustor_id': None, 'trustee_id': None, 'domain_name': None, 'group_ids': [], 'user_id': 'e3d82991752c438f9ff8392e772d4dde', 'user_domain_id': 'default', 'system_scope': 'all', 'project_id': None, 'project_domain_id': None, 'roles': ['admin', 'member', 'reader'], 'is_admin_project': True, 'service_user_id': None, 'service_user_domain_id': None, 'service_project_id': None, 'service_project_domain_id': None, 'service_roles': []} {{(pid=80574) fill_context /opt/stack/keystone/keystone/server/flask/request_processing/middleware/auth_context.py:478}}
May 04 13:00:36.852567 n-d-840446-1 devstack@keystone.service[80574]: DEBUG keystone.server.flask.request_processing.req_logging [None req-955e98c3-f82a-491f-853b-eb0b9fc2eb03 None admin] REQUEST_METHOD: `GET` {{(pid=80574) log_request_info /opt/stack/keystone/keystone/server/flask/request_processing/req_logging.py:27}}
May 04 13:00:36.852852 n-d-840446-1 devstack@keystone.service[80574]: DEBUG keystone.server.flask.request_processing.req_logging [None req-955e98c3-f82a-491f-853b-eb0b9fc2eb03 None admin] SCRIPT_NAME: `/identity` {{(pid=80574) log_request_info /opt/stack/keystone/keystone/server/flask/request_processing/req_logging.py:28}}
May 04 13:00:36.853159 n-d-840446-1 devstack@keystone.service[80574]: DEBUG keystone.server.flask.request_processing.req_logging [None req-955e98c3-f82a-491f-853b-eb0b9fc2eb03 None admin] PATH_INFO: `/v3/groups/38b154fcad704ea185ea2ed2d08b81a9` {{(pid=80574) log_request_info /opt/stack/keystone/keystone/server/flask/request_processing/req_logging.py:29}}
May 04 13:00:36.854337 n-d-840446-1 devstack@keystone.service[80574]: DEBUG keystone.common.rbac_enforcer.enforcer [None req-955e98c3-f82a-491f-853b-eb0b9fc2eb03 None admin] RBAC: Authorizing `identity:get_group(group_id=38b154fcad704ea185ea2ed2d08b81a9)` {{(pid=80574) enforce_call /opt/stack/keystone/keystone/common/rbac_enforcer/enforcer.py:449}}
May 04 13:00:36.855778 n-d-840446-1 devstack@keystone.service[80574]: DEBUG keystone.common.rbac_enforcer.enforcer [None req-955e98c3-f82a-491f-853b-eb0b9fc2eb03 None admin] RBAC: Authorization granted {{(pid=80574) enforce_call /opt/stack/keystone/keystone/common/rbac_enforcer/enforcer.py:457}}
May 04 13:00:36.857638 n-d-840446-1 devstack@keystone.service[80574]: [pid: 80574|app: 0|req: 221/449] 10.222.0.59 () {56 vars in 1180 bytes} [Wed May 4 13:00:36 2022] GET /identity/v3/groups/38b154fcad704ea185ea2ed2d08b81a9 => generated 226 bytes in 155 msecs (HTTP/1.1 200) 5 headers in 177 bytes (1 switches on core 0)
May 04 13:00:36.863776 n-d-840446-1 devstack@keystone.service[80574]: DEBUG keystone.server.flask.request_processing.middleware.auth_context [None req-955e98c3-f82a-491f-853b-eb0b9fc2eb03 None admin] Authenticating user token {{(pid=80574) process_request /usr/local/lib/python3.8/dist-packages/keystonemiddleware/auth_token/__init__.py:407}}
May 04 13:00:36.864123 n-d-840446-1 devstack@keystone.service[80575]: DEBUG keystone.server.flask.request_processing.middleware.auth_context [None req-59b4cea9-5388-4c0a-8083-1004772563bb None admin] RBAC: auth_context: {'token': , 'domain_id': None, 'trust_id': None, 'trustor_id': None, 'trustee_id': None, 'domain_name': None, 'group_ids': [], 'user_id': 'e3d82991752c438f9ff8392e772d4dde', 'user_domain_id': 'default', 'system_scope': 'all', 'project_id': None, 'project_domain_id': None, 'roles': ['admin', 'member', 'reader'], 'is_admin_project': True, 'service_user_id': None, 'service_user_domain_id': None, 'service_project_id': None, 'service_project_domain_id': None, 'service_roles': []} {{(pid=80575) fill_context /opt/stack/keystone/keystone/server/flask/request_processing/middleware/auth_context.py:478}}
May 04 13:00:36.864788 n-d-840446-1 devstack@keystone.service[80575]: DEBUG keystone.server.flask.request_processing.req_logging [None req-59b4cea9-5388-4c0a-8083-1004772563bb None admin] REQUEST_METHOD: `GET` {{(pid=80575) log_request_info /opt/stack/keystone/keystone/server/flask/request_processing/req_logging.py:27}}
May 04 13:00:36.865104 n-d-840446-1 devstack@keystone.service[80575]: DEBUG keystone.server.flask.request_processing.req_logging [None req-59b4cea9-5388-4c0a-8083-1004772563bb None admin] SCRIPT_NAME: `/identity` {{(pid=80575) log_request_info /opt/stack/keystone/keystone/server/flask/request_processing/req_logging.py:28}}
May 04 13:00:36.865386 n-d-840446-1 devstack@keystone.service[80575]: DEBUG keystone.server.flask.request_processing.req_logging [None req-59b4cea9-5388-4c0a-8083-1004772563bb None admin] PATH_INFO: `/v3/roles` {{(pid=80575) log_request_info /opt/stack/keystone/keystone/server/flask/request_processing/req_logging.py:29}}
May 04 13:00:36.866135 n-d-840446-1 devstack@keystone.service[80575]: DEBUG keystone.common.rbac_enforcer.enforcer [None req-59b4cea9-5388-4c0a-8083-1004772563bb None admin] RBAC: Adding query filter params (name=admin) {{(pid=80575) _extract_filter_values /opt/stack/keystone/keystone/common/rbac_enforcer/enforcer.py:167}}
May 04 13:00:36.866472 n-d-840446-1 devstack@keystone.service[80575]: DEBUG keystone.common.rbac_enforcer.enforcer [None req-59b4cea9-5388-4c0a-8083-1004772563bb None admin] RBAC: Authorizing `identity:list_roles()` {{(pid=80575) enforce_call /opt/stack/keystone/keystone/common/rbac_enforcer/enforcer.py:449}}
May 04 13:00:36.867833 n-d-840446-1 devstack@keystone.service[80575]: DEBUG keystone.common.rbac_enforcer.enforcer [None req-59b4cea9-5388-4c0a-8083-1004772563bb None admin] RBAC: Authorization granted {{(pid=80575) enforce_call /opt/stack/keystone/keystone/common/rbac_enforcer/enforcer.py:457}}
May 04 13:00:36.875886 n-d-840446-1 devstack@keystone.service[80575]: [pid: 80575|app: 0|req: 229/450] 10.222.0.59 () {56 vars in 1099 bytes} [Wed May 4 13:00:36 2022] GET /identity/v3/roles?name=admin => generated 339 bytes in 163 msecs (HTTP/1.1 200) 5 headers in 177 bytes (1 switches on core 0)
May 04 13:00:36.881293 n-d-840446-1 devstack@keystone.service[80575]: DEBUG keystone.server.flask.request_processing.middleware.auth_context [None req-59b4cea9-5388-4c0a-8083-1004772563bb None admin] Authenticating user token {{(pid=80575) process_request /usr/local/lib/python3.8/dist-packages/keystonemiddleware/auth_token/__init__.py:407}}
May 04 13:00:36.957674 n-d-840446-1 devstack@keystone.service[80574]: DEBUG keystone.server.flask.request_processing.middleware.auth_context [None req-955e98c3-f82a-491f-853b-eb0b9fc2eb03 None admin] Validating token access rules against request {{(pid=80574) validate_allowed_request /usr/local/lib/python3.8/dist-packages/keystonemiddleware/auth_token/__init__.py:545}}
May 04 13:00:36.975032 n-d-840446-1 devstack@keystone.service[80575]: DEBUG keystone.server.flask.request_processing.middleware.auth_context [None req-59b4cea9-5388-4c0a-8083-1004772563bb None admin] Validating token access rules against request {{(pid=80575) validate_allowed_request /usr/local/lib/python3.8/dist-packages/keystonemiddleware/auth_token/__init__.py:545}}
May 04 13:00:36.990288 n-d-840446-1 devstack@keystone.service[80574]: DEBUG keystone.server.flask.request_processing.middleware.auth_context [None req-2e10c8ee-7ab0-42e9-8b17-b3d0628bfdc1 None admin] RBAC: auth_context: {'token': , 'domain_id': None, 'trust_id': None, 'trustor_id': None, 'trustee_id': None, 'domain_name': None, 'group_ids': [], 'user_id': 'e3d82991752c438f9ff8392e772d4dde', 'user_domain_id': 'default', 'system_scope': 'all', 'project_id': None, 'project_domain_id': None, 'roles': ['admin', 'member', 'reader'], 'is_admin_project': True, 'service_user_id': None, 'service_user_domain_id': None, 'service_project_id': None, 'service_project_domain_id': None, 'service_roles': []} {{(pid=80574) fill_context /opt/stack/keystone/keystone/server/flask/request_processing/middleware/auth_context.py:478}}
May 04 13:00:36.990941 n-d-840446-1 devstack@keystone.service[80574]: DEBUG keystone.server.flask.request_processing.req_logging [None req-2e10c8ee-7ab0-42e9-8b17-b3d0628bfdc1 None admin] REQUEST_METHOD: `GET` {{(pid=80574) log_request_info /opt/stack/keystone/keystone/server/flask/request_processing/req_logging.py:27}}
May 04 13:00:36.991229 n-d-840446-1 devstack@keystone.service[80574]: DEBUG keystone.server.flask.request_processing.req_logging [None req-2e10c8ee-7ab0-42e9-8b17-b3d0628bfdc1 None admin] SCRIPT_NAME: `/identity` {{(pid=80574) log_request_info /opt/stack/keystone/keystone/server/flask/request_processing/req_logging.py:28}}
May 04 13:00:36.991512 n-d-840446-1 devstack@keystone.service[80574]: DEBUG keystone.server.flask.request_processing.req_logging [None req-2e10c8ee-7ab0-42e9-8b17-b3d0628bfdc1 None admin] PATH_INFO: `/v3/role_assignments` {{(pid=80574) log_request_info /opt/stack/keystone/keystone/server/flask/request_processing/req_logging.py:29}}
May 04 13:00:36.992340 n-d-840446-1 devstack@keystone.service[80574]: DEBUG keystone.common.rbac_enforcer.enforcer [None req-2e10c8ee-7ab0-42e9-8b17-b3d0628bfdc1 None admin] RBAC: Adding query filter params (group.id=38b154fcad704ea185ea2ed2d08b81a9, role.id=a22c6a38d5784fb09781e8c9d6449138, scope.project.id=3abb0c1497bb474bb8f0bb7d469667c7) {{(pid=80574) _extract_filter_values /opt/stack/keystone/keystone/common/rbac_enforcer/enforcer.py:167}}
May 04 13:00:36.992655 n-d-840446-1 devstack@keystone.service[80574]: DEBUG keystone.common.rbac_enforcer.enforcer [None req-2e10c8ee-7ab0-42e9-8b17-b3d0628bfdc1 None admin] RBAC: Authorizing `identity:list_role_assignments()` {{(pid=80574) enforce_call /opt/stack/keystone/keystone/common/rbac_enforcer/enforcer.py:449}}
May 04 13:00:36.994119 n-d-840446-1 devstack@keystone.service[80574]: DEBUG keystone.common.rbac_enforcer.enforcer [None req-2e10c8ee-7ab0-42e9-8b17-b3d0628bfdc1 None admin] RBAC: Authorization granted {{(pid=80574) enforce_call /opt/stack/keystone/keystone/common/rbac_enforcer/enforcer.py:457}}
May 04 13:00:36.999697 n-d-840446-1 devstack@keystone.service[80574]: [pid: 80574|app: 0|req: 222/451] 10.222.0.59 () {56 vars in 1376 bytes} [Wed May 4 13:00:36 2022] GET /identity/v3/role_assignments?group.id=38b154fcad704ea185ea2ed2d08b81a9&scope.project.id=3abb0c1497bb474bb8f0bb7d469667c7&role.id=a22c6a38d5784fb09781e8c9d6449138 => generated 611 bytes in 136 msecs (HTTP/1.1 200) 5 headers in 177 bytes (2 switches on core 0)
May 04 13:00:37.006961 n-d-840446-1 devstack@keystone.service[80575]: DEBUG keystone.server.flask.request_processing.middleware.auth_context [None req-6fcd0533-e6cd-495e-9279-5b754eaf7578 None admin] RBAC: auth_context: {'token': , 'domain_id': None, 'trust_id': None, 'trustor_id': None, 'trustee_id': None, 'domain_name': None, 'group_ids': [], 'user_id': 'e3d82991752c438f9ff8392e772d4dde', 'user_domain_id': 'default', 'system_scope': 'all', 'project_id': None, 'project_domain_id': None, 'roles': ['admin', 'member', 'reader'], 'is_admin_project': True, 'service_user_id': None, 'service_user_domain_id': None, 'service_project_id': None, 'service_project_domain_id': None, 'service_roles': []} {{(pid=80575) fill_context /opt/stack/keystone/keystone/server/flask/request_processing/middleware/auth_context.py:478}}
May 04 13:00:37.007622 n-d-840446-1 devstack@keystone.service[80575]: DEBUG keystone.server.flask.request_processing.req_logging [None req-6fcd0533-e6cd-495e-9279-5b754eaf7578 None admin] REQUEST_METHOD: `GET` {{(pid=80575) log_request_info /opt/stack/keystone/keystone/server/flask/request_processing/req_logging.py:27}}
May 04 13:00:37.007908 n-d-840446-1 devstack@keystone.service[80575]: DEBUG keystone.server.flask.request_processing.req_logging [None req-6fcd0533-e6cd-495e-9279-5b754eaf7578 None admin] SCRIPT_NAME: `/identity` {{(pid=80575) log_request_info /opt/stack/keystone/keystone/server/flask/request_processing/req_logging.py:28}}
May 04 13:00:37.008188 n-d-840446-1 devstack@keystone.service[80575]: DEBUG keystone.server.flask.request_processing.req_logging [None req-6fcd0533-e6cd-495e-9279-5b754eaf7578 None admin] PATH_INFO: `/v3/auth/tokens` {{(pid=80575) log_request_info /opt/stack/keystone/keystone/server/flask/request_processing/req_logging.py:29}}
May 04 13:00:37.083166 n-d-840446-1 devstack@keystone.service[80575]: DEBUG keystone.common.rbac_enforcer.enforcer [None req-6fcd0533-e6cd-495e-9279-5b754eaf7578 None admin] RBAC: Authorizing `identity:validate_token()` {{(pid=80575) enforce_call /opt/stack/keystone/keystone/common/rbac_enforcer/enforcer.py:449}}
May 04 13:00:37.084661 n-d-840446-1 devstack@keystone.service[80575]: DEBUG keystone.common.rbac_enforcer.enforcer [None req-6fcd0533-e6cd-495e-9279-5b754eaf7578 None admin] RBAC: Authorization granted {{(pid=80575) enforce_call /opt/stack/keystone/keystone/common/rbac_enforcer/enforcer.py:457}}
May 04 13:00:37.183622 n-d-840446-1 devstack@keystone.service[80575]: [pid: 80575|app: 0|req: 230/452] 10.222.0.59 () {58 vars in 1282 bytes} [Wed May 4 13:00:36 2022] GET /identity/v3/auth/tokens => generated 799 bytes in 303 msecs (HTTP/1.1 200) 6 headers in 358 bytes (2 switches on core 0)
May 04 13:00:37.189217 n-d-840446-1 devstack@keystone.service[80574]: DEBUG keystone.server.flask.request_processing.middleware.auth_context [None req-2e10c8ee-7ab0-42e9-8b17-b3d0628bfdc1 None admin] Authenticating user token {{(pid=80574) process_request /usr/local/lib/python3.8/dist-packages/keystonemiddleware/auth_token/__init__.py:407}}
May 04 13:00:37.288683 n-d-840446-1 devstack@keystone.service[80574]: DEBUG keystone.server.flask.request_processing.middleware.auth_context [None req-2e10c8ee-7ab0-42e9-8b17-b3d0628bfdc1 None admin] Validating token access rules against request {{(pid=80574) validate_allowed_request /usr/local/lib/python3.8/dist-packages/keystonemiddleware/auth_token/__init__.py:545}}
May 04 13:00:37.321441 n-d-840446-1 devstack@keystone.service[80574]: DEBUG keystone.server.flask.request_processing.middleware.auth_context [None req-85c86348-012d-4a9e-ad16-aea2773ed55f None admin] RBAC: auth_context: {'token': , 'domain_id': None, 'trust_id': None, 'trustor_id': None, 'trustee_id': None, 'domain_name': None, 'group_ids': [], 'user_id': 'e3d82991752c438f9ff8392e772d4dde', 'user_domain_id': 'default', 'system_scope': 'all', 'project_id': None, 'project_domain_id': None, 'roles': ['admin', 'member', 'reader'], 'is_admin_project': True, 'service_user_id': None, 'service_user_domain_id': None, 'service_project_id': None, 'service_project_domain_id': None, 'service_roles': []} {{(pid=80574) fill_context /opt/stack/keystone/keystone/server/flask/request_processing/middleware/auth_context.py:478}}
May 04 13:00:37.322555 n-d-840446-1 devstack@keystone.service[80574]: DEBUG keystone.server.flask.request_processing.req_logging [None req-85c86348-012d-4a9e-ad16-aea2773ed55f None admin] REQUEST_METHOD: `GET` {{(pid=80574) log_request_info /opt/stack/keystone/keystone/server/flask/request_processing/req_logging.py:27}}
May 04 13:00:37.322838 n-d-840446-1 devstack@keystone.service[80574]: DEBUG keystone.server.flask.request_processing.req_logging [None req-85c86348-012d-4a9e-ad16-aea2773ed55f None admin] SCRIPT_NAME: `/identity` {{(pid=80574) log_request_info /opt/stack/keystone/keystone/server/flask/request_processing/req_logging.py:28}}
May 04 13:00:37.329049 n-d-840446-1 devstack@keystone.service[80574]: DEBUG keystone.server.flask.request_processing.req_logging [None req-85c86348-012d-4a9e-ad16-aea2773ed55f None admin] PATH_INFO: `/v3/projects/3c51c862faf14df990c17598cd5b1377` {{(pid=80574) log_request_info /opt/stack/keystone/keystone/server/flask/request_processing/req_logging.py:29}}
May 04 13:00:37.329049 n-d-840446-1 devstack@keystone.service[80574]: DEBUG keystone.common.rbac_enforcer.enforcer [None req-85c86348-012d-4a9e-ad16-aea2773ed55f None admin] RBAC: Authorizing `identity:get_project(project_id=3c51c862faf14df990c17598cd5b1377)` {{(pid=80574) enforce_call /opt/stack/keystone/keystone/common/rbac_enforcer/enforcer.py:449}}
May 04 13:00:37.329049 n-d-840446-1 devstack@keystone.service[80574]: DEBUG keystone.common.rbac_enforcer.enforcer [None req-85c86348-012d-4a9e-ad16-aea2773ed55f None admin] RBAC: Authorization granted {{(pid=80574) enforce_call /opt/stack/keystone/keystone/common/rbac_enforcer/enforcer.py:457}}
May 04 13:00:37.329049 n-d-840446-1 devstack@keystone.service[80574]: [pid: 80574|app: 0|req: 223/453] 10.222.0.59 () {56 vars in 1186 bytes} [Wed May 4 13:00:37 2022] GET /identity/v3/projects/3c51c862faf14df990c17598cd5b1377 => generated 344 bytes in 139 msecs (HTTP/1.1 200) 5 headers in 177 bytes (1 switches on core 0)
May 04 13:00:37.333579 n-d-840446-1 devstack@keystone.service[80575]: DEBUG keystone.server.flask.request_processing.middleware.auth_context [None req-6fcd0533-e6cd-495e-9279-5b754eaf7578 None admin] Authenticating user token {{(pid=80575) process_request /usr/local/lib/python3.8/dist-packages/keystonemiddleware/auth_token/__init__.py:407}}
May 04 13:00:37.429596 n-d-840446-1 devstack@keystone.service[80575]: DEBUG keystone.server.flask.request_processing.middleware.auth_context [None req-6fcd0533-e6cd-495e-9279-5b754eaf7578 None admin] Validating token access rules against request {{(pid=80575) validate_allowed_request /usr/local/lib/python3.8/dist-packages/keystonemiddleware/auth_token/__init__.py:545}}
May 04 13:00:37.462680 n-d-840446-1 devstack@keystone.service[80575]: DEBUG keystone.server.flask.request_processing.middleware.auth_context [None req-33e493b2-60d7-49d7-ae16-aae5765adc4f None admin] RBAC: auth_context: {'token': , 'domain_id': None, 'trust_id': None, 'trustor_id': None, 'trustee_id': None, 'domain_name': None, 'group_ids': [], 'user_id': 'e3d82991752c438f9ff8392e772d4dde', 'user_domain_id': 'default', 'system_scope': 'all', 'project_id': None, 'project_domain_id': None, 'roles': ['admin', 'member', 'reader'], 'is_admin_project': True, 'service_user_id': None, 'service_user_domain_id': None, 'service_project_id': None, 'service_project_domain_id': None, 'service_roles': []} {{(pid=80575) fill_context /opt/stack/keystone/keystone/server/flask/request_processing/middleware/auth_context.py:478}}
May 04 13:00:37.463528 n-d-840446-1 devstack@keystone.service[80575]: DEBUG keystone.server.flask.request_processing.req_logging [None req-33e493b2-60d7-49d7-ae16-aae5765adc4f None admin] REQUEST_METHOD: `GET` {{(pid=80575) log_request_info /opt/stack/keystone/keystone/server/flask/request_processing/req_logging.py:27}}
May 04 13:00:37.463809 n-d-840446-1 devstack@keystone.service[80575]: DEBUG keystone.server.flask.request_processing.req_logging [None req-33e493b2-60d7-49d7-ae16-aae5765adc4f None admin] SCRIPT_NAME: `/identity` {{(pid=80575) log_request_info /opt/stack/keystone/keystone/server/flask/request_processing/req_logging.py:28}}
May 04 13:00:37.464080 n-d-840446-1 devstack@keystone.service[80575]: DEBUG keystone.server.flask.request_processing.req_logging [None req-33e493b2-60d7-49d7-ae16-aae5765adc4f None admin] PATH_INFO: `/v3/groups/13508e6343194d4d9bb67c20d9199622` {{(pid=80575) log_request_info /opt/stack/keystone/keystone/server/flask/request_processing/req_logging.py:29}}
May 04 13:00:37.465257 n-d-840446-1 devstack@keystone.service[80575]: DEBUG keystone.common.rbac_enforcer.enforcer [None req-33e493b2-60d7-49d7-ae16-aae5765adc4f None admin] RBAC: Authorizing `identity:get_group(group_id=13508e6343194d4d9bb67c20d9199622)` {{(pid=80575) enforce_call /opt/stack/keystone/keystone/common/rbac_enforcer/enforcer.py:449}}
May 04 13:00:37.466687 n-d-840446-1 devstack@keystone.service[80575]: DEBUG keystone.common.rbac_enforcer.enforcer [None req-33e493b2-60d7-49d7-ae16-aae5765adc4f None admin] RBAC: Authorization granted {{(pid=80575) enforce_call /opt/stack/keystone/keystone/common/rbac_enforcer/enforcer.py:457}}
May 04 13:00:37.468289 n-d-840446-1 devstack@keystone.service[80575]: [pid: 80575|app: 0|req: 231/454] 10.222.0.59 () {56 vars in 1180 bytes} [Wed May 4 13:00:37 2022] GET /identity/v3/groups/13508e6343194d4d9bb67c20d9199622 => generated 229 bytes in 135 msecs (HTTP/1.1 200) 5 headers in 177 bytes (1 switches on core 0)
May 04 13:00:37.474135 n-d-840446-1 devstack@keystone.service[80574]: DEBUG keystone.server.flask.request_processing.middleware.auth_context [None req-85c86348-012d-4a9e-ad16-aea2773ed55f None admin] Authenticating user token {{(pid=80574) process_request /usr/local/lib/python3.8/dist-packages/keystonemiddleware/auth_token/__init__.py:407}}
May 04 13:00:37.565808 n-d-840446-1 devstack@keystone.service[80574]: DEBUG keystone.server.flask.request_processing.middleware.auth_context [None req-85c86348-012d-4a9e-ad16-aea2773ed55f None admin] Validating token access rules against request {{(pid=80574) validate_allowed_request /usr/local/lib/python3.8/dist-packages/keystonemiddleware/auth_token/__init__.py:545}}
May 04 13:00:37.597585 n-d-840446-1 devstack@keystone.service[80574]: DEBUG keystone.server.flask.request_processing.middleware.auth_context [None req-68ae44ad-55ec-4eec-8865-e0f9ada3483c None admin] RBAC: auth_context: {'token': , 'domain_id': None, 'trust_id': None, 'trustor_id': None, 'trustee_id': None, 'domain_name': None, 'group_ids': [], 'user_id': 'e3d82991752c438f9ff8392e772d4dde', 'user_domain_id': 'default', 'system_scope': 'all', 'project_id': None, 'project_domain_id': None, 'roles': ['admin', 'member', 'reader'], 'is_admin_project': True, 'service_user_id': None, 'service_user_domain_id': None, 'service_project_id': None, 'service_project_domain_id': None, 'service_roles': []} {{(pid=80574) fill_context /opt/stack/keystone/keystone/server/flask/request_processing/middleware/auth_context.py:478}}
May 04 13:00:37.598217 n-d-840446-1 devstack@keystone.service[80574]: DEBUG keystone.server.flask.request_processing.req_logging [None req-68ae44ad-55ec-4eec-8865-e0f9ada3483c None admin] REQUEST_METHOD: `GET` {{(pid=80574) log_request_info /opt/stack/keystone/keystone/server/flask/request_processing/req_logging.py:27}}
May 04 13:00:37.598494 n-d-840446-1 devstack@keystone.service[80574]: DEBUG keystone.server.flask.request_processing.req_logging [None req-68ae44ad-55ec-4eec-8865-e0f9ada3483c None admin] SCRIPT_NAME: `/identity` {{(pid=80574) log_request_info /opt/stack/keystone/keystone/server/flask/request_processing/req_logging.py:28}}
May 04 13:00:37.598766 n-d-840446-1 devstack@keystone.service[80574]: DEBUG keystone.server.flask.request_processing.req_logging [None req-68ae44ad-55ec-4eec-8865-e0f9ada3483c None admin] PATH_INFO: `/v3/role_assignments` {{(pid=80574) log_request_info /opt/stack/keystone/keystone/server/flask/request_processing/req_logging.py:29}}
May 04 13:00:37.599577 n-d-840446-1 devstack@keystone.service[80574]: DEBUG keystone.common.rbac_enforcer.enforcer [None req-68ae44ad-55ec-4eec-8865-e0f9ada3483c None admin] RBAC: Adding query filter params (group.id=13508e6343194d4d9bb67c20d9199622, role.id=3b7b48c3f8604a7789baf41e3375669b, scope.project.id=3c51c862faf14df990c17598cd5b1377) {{(pid=80574) _extract_filter_values /opt/stack/keystone/keystone/common/rbac_enforcer/enforcer.py:167}}
May 04 13:00:37.599885 n-d-840446-1 devstack@keystone.service[80574]: DEBUG keystone.common.rbac_enforcer.enforcer [None req-68ae44ad-55ec-4eec-8865-e0f9ada3483c None admin] RBAC: Authorizing `identity:list_role_assignments()` {{(pid=80574) enforce_call /opt/stack/keystone/keystone/common/rbac_enforcer/enforcer.py:449}}
May 04 13:00:37.601337 n-d-840446-1 devstack@keystone.service[80574]: DEBUG keystone.common.rbac_enforcer.enforcer [None req-68ae44ad-55ec-4eec-8865-e0f9ada3483c None admin] RBAC: Authorization granted {{(pid=80574) enforce_call /opt/stack/keystone/keystone/common/rbac_enforcer/enforcer.py:457}}
May 04 13:00:37.606779 n-d-840446-1 devstack@keystone.service[80574]: [pid: 80574|app: 0|req: 224/455] 10.222.0.59 () {56 vars in 1376 bytes} [Wed May 4 13:00:37 2022] GET /identity/v3/role_assignments?group.id=13508e6343194d4d9bb67c20d9199622&scope.project.id=3c51c862faf14df990c17598cd5b1377&role.id=3b7b48c3f8604a7789baf41e3375669b => generated 611 bytes in 133 msecs (HTTP/1.1 200) 5 headers in 177 bytes (2 switches on core 0)
May 04 13:00:40.245111 n-d-840446-1 devstack@keystone.service[80575]: DEBUG keystone.server.flask.request_processing.req_logging [None req-0bf4aaa4-3f51-4766-9cd7-a1c494d02b96 None None] REQUEST_METHOD: `GET` {{(pid=80575) log_request_info /opt/stack/keystone/keystone/server/flask/request_processing/req_logging.py:27}}
May 04 13:00:40.246166 n-d-840446-1 devstack@keystone.service[80575]: DEBUG keystone.server.flask.request_processing.req_logging [None req-0bf4aaa4-3f51-4766-9cd7-a1c494d02b96 None None] SCRIPT_NAME: `/identity` {{(pid=80575) log_request_info /opt/stack/keystone/keystone/server/flask/request_processing/req_logging.py:28}}
May 04 13:00:40.246660 n-d-840446-1 devstack@keystone.service[80575]: DEBUG keystone.server.flask.request_processing.req_logging [None req-0bf4aaa4-3f51-4766-9cd7-a1c494d02b96 None None] PATH_INFO: `/` {{(pid=80575) log_request_info /opt/stack/keystone/keystone/server/flask/request_processing/req_logging.py:29}}
May 04 13:00:40.248387 n-d-840446-1 devstack@keystone.service[80575]: [pid: 80575|app: 0|req: 232/456] 10.222.0.59 () {54 vars in 926 bytes} [Wed May 4 13:00:40 2022] GET /identity => generated 270 bytes in 4 msecs (HTTP/1.1 300) 6 headers in 234 bytes (1 switches on core 0)
May 04 13:00:40.254312 n-d-840446-1 devstack@keystone.service[80574]: DEBUG keystone.server.flask.request_processing.req_logging [None req-bb417d17-ee5b-49ef-a6c3-ebc3d81e0daa None None] REQUEST_METHOD: `POST` {{(pid=80574) log_request_info /opt/stack/keystone/keystone/server/flask/request_processing/req_logging.py:27}}
May 04 13:00:40.255297 n-d-840446-1 devstack@keystone.service[80574]: DEBUG keystone.server.flask.request_processing.req_logging [None req-bb417d17-ee5b-49ef-a6c3-ebc3d81e0daa None None] SCRIPT_NAME: `/identity` {{(pid=80574) log_request_info /opt/stack/keystone/keystone/server/flask/request_processing/req_logging.py:28}}
May 04 13:00:40.255777 n-d-840446-1 devstack@keystone.service[80574]: DEBUG keystone.server.flask.request_processing.req_logging [None req-bb417d17-ee5b-49ef-a6c3-ebc3d81e0daa None None] PATH_INFO: `/v3/auth/tokens` {{(pid=80574) log_request_info /opt/stack/keystone/keystone/server/flask/request_processing/req_logging.py:29}}
May 04 13:00:40.277984 n-d-840446-1 devstack@keystone.service[80574]: DEBUG keystone.auth.core [None req-bb417d17-ee5b-49ef-a6c3-ebc3d81e0daa None None] MFA Rules not processed for user `e3d82991752c438f9ff8392e772d4dde`. Rule list: `[]` (Enabled: `True`). {{(pid=80574) check_auth_methods_against_rules /opt/stack/keystone/keystone/auth/core.py:438}}
May 04 13:00:40.279527 n-d-840446-1 devstack@keystone.service[80574]: DEBUG keystone.common.fernet_utils [None req-bb417d17-ee5b-49ef-a6c3-ebc3d81e0daa None None] Loaded 2 Fernet keys from /etc/keystone/fernet-keys/, but `[fernet_tokens] max_active_keys = 3`; perhaps there have not been enough key rotations to reach `max_active_keys` yet? {{(pid=80574) load_keys /opt/stack/keystone/keystone/common/fernet_utils.py:286}}
May 04 13:00:40.368265 n-d-840446-1 devstack@keystone.service[80574]: [pid: 80574|app: 0|req: 225/457] 10.222.0.59 () {58 vars in 1023 bytes} [Wed May 4 13:00:40 2022] POST /identity/v3/auth/tokens => generated 799 bytes in 115 msecs (HTTP/1.1 201) 6 headers in 363 bytes (1 switches on core 0)
May 04 13:00:40.401119 n-d-840446-1 devstack@keystone.service[80575]: DEBUG keystone.server.flask.request_processing.middleware.auth_context [None req-0bf4aaa4-3f51-4766-9cd7-a1c494d02b96 None None] Authenticating user token {{(pid=80575) process_request /usr/local/lib/python3.8/dist-packages/keystonemiddleware/auth_token/__init__.py:407}}
May 04 13:00:40.448525 n-d-840446-1 devstack@keystone.service[80574]: DEBUG keystone.server.flask.request_processing.req_logging [None req-e7aab3ec-f71a-4ed9-9397-5b967297e9a8 None None] REQUEST_METHOD: `GET` {{(pid=80574) log_request_info /opt/stack/keystone/keystone/server/flask/request_processing/req_logging.py:27}}
May 04 13:00:40.449183 n-d-840446-1 devstack@keystone.service[80574]: DEBUG keystone.server.flask.request_processing.req_logging [None req-e7aab3ec-f71a-4ed9-9397-5b967297e9a8 None None] SCRIPT_NAME: `/identity` {{(pid=80574) log_request_info /opt/stack/keystone/keystone/server/flask/request_processing/req_logging.py:28}}
May 04 13:00:40.449723 n-d-840446-1 devstack@keystone.service[80574]: DEBUG keystone.server.flask.request_processing.req_logging [None req-e7aab3ec-f71a-4ed9-9397-5b967297e9a8 None None] PATH_INFO: `/` {{(pid=80574) log_request_info /opt/stack/keystone/keystone/server/flask/request_processing/req_logging.py:29}}
May 04 13:00:40.451571 n-d-840446-1 devstack@keystone.service[80574]: [pid: 80574|app: 0|req: 226/458] 10.222.0.59 () {54 vars in 926 bytes} [Wed May 4 13:00:40 2022] GET /identity => generated 270 bytes in 5 msecs (HTTP/1.1 300) 6 headers in 234 bytes (2 switches on core 0)
May 04 13:00:40.458398 n-d-840446-1 devstack@keystone.service[80574]: DEBUG keystone.server.flask.request_processing.req_logging [None req-fb08cc4e-0c33-4732-9038-0dad28b16572 None None] REQUEST_METHOD: `POST` {{(pid=80574) log_request_info /opt/stack/keystone/keystone/server/flask/request_processing/req_logging.py:27}}
May 04 13:00:40.458398 n-d-840446-1 devstack@keystone.service[80574]: DEBUG keystone.server.flask.request_processing.req_logging [None req-fb08cc4e-0c33-4732-9038-0dad28b16572 None None] SCRIPT_NAME: `/identity` {{(pid=80574) log_request_info /opt/stack/keystone/keystone/server/flask/request_processing/req_logging.py:28}}
