May 03 03:24:15.257120 n-d-840260-2 devstack@n-api.service[119156]: DEBUG nova.api.openstack.wsgi [None req-4d5749c5-7571-4225-8fb7-c1d28b63a1f0 tempest-InstanceUsageAuditLogNegativeTestJSON-1815572764 tempest-InstanceUsageAuditLogNegativeTestJSON-1815572764-project] Returning 403 to user: Policy doesn't allow os_compute_api:os-instance-usage-audit-log:list to be performed. {{(pid=119156) __call__ /opt/stack/nova/nova/api/openstack/wsgi.py:936}}
May 03 03:24:15.257979 n-d-840260-2 devstack@n-api.service[119156]: INFO nova.api.openstack.requestlog [None req-4d5749c5-7571-4225-8fb7-c1d28b63a1f0 tempest-InstanceUsageAuditLogNegativeTestJSON-1815572764 tempest-InstanceUsageAuditLogNegativeTestJSON-1815572764-project] 10.222.0.24 "GET /compute/v2.1/os-instance_usage_audit_log" status: 403 len: 128 microversion: 2.1 time: 0.210397
May 03 03:24:15.258504 n-d-840260-2 devstack@n-api.service[119156]: [pid: 119156|app: 0|req: 149/349] 10.222.0.24 () {58 vars in 1184 bytes} [Tue May 3 03:24:15 2022] GET /compute/v2.1/os-instance_usage_audit_log => generated 128 bytes in 211 msecs (HTTP/1.1 403) 9 headers in 379 bytes (1 switches on core 0)
May 03 03:24:15.267859 n-d-840260-2 devstack@n-api.service[119156]: DEBUG nova.api.openstack.wsgi [None req-1ee6a75e-a7e1-4948-ab7f-e7779c6ad769 tempest-InstanceUsageAuditLogNegativeTestJSON-1815572764 tempest-InstanceUsageAuditLogNegativeTestJSON-1815572764-project] Calling method '>' {{(pid=119156) _process_stack /opt/stack/nova/nova/api/openstack/wsgi.py:513}}
May 03 03:24:15.268868 n-d-840260-2 devstack@n-api.service[119156]: /usr/local/lib/python3.8/dist-packages/oslo_policy/policy.py:1129: UserWarning: Policy "os_compute_api:os-instance-usage-audit-log:show": "rule:context_is_admin" failed scope check. The token used to make the request was project scoped but the policy requires ['system'] scope. This behavior may change in the future where using the intended scope is required
May 03 03:24:15.268868 n-d-840260-2 devstack@n-api.service[119156]: warnings.warn(msg)
May 03 03:24:15.269918 n-d-840260-2 devstack@n-api.service[119156]: DEBUG nova.policy [None req-1ee6a75e-a7e1-4948-ab7f-e7779c6ad769 tempest-InstanceUsageAuditLogNegativeTestJSON-1815572764 tempest-InstanceUsageAuditLogNegativeTestJSON-1815572764-project] Policy check for os_compute_api:os-instance-usage-audit-log:show failed with credentials {'is_admin': False, 'user_id': '49b0aa3f2e53410cbf61d2fccc413aa1', 'user_domain_id': 'default', 'system_scope': None, 'domain_id': None, 'project_id': '9f7e628ed47548fdba3b5383b8a40ea3', 'project_domain_id': 'default', 'roles': ['member', 'reader'], 'is_admin_project': True, 'service_user_id': None, 'service_user_domain_id': None, 'service_project_id': None, 'service_project_domain_id': None, 'service_roles': []} {{(pid=119156) authorize /opt/stack/nova/nova/policy.py:199}}
May 03 03:24:15.270889 n-d-840260-2 devstack@n-api.service[119156]: DEBUG nova.api.openstack.wsgi [None req-1ee6a75e-a7e1-4948-ab7f-e7779c6ad769 tempest-InstanceUsageAuditLogNegativeTestJSON-1815572764 tempest-InstanceUsageAuditLogNegativeTestJSON-1815572764-project] Returning 403 to user: Policy doesn't allow os_compute_api:os-instance-usage-audit-log:show to be performed. {{(pid=119156) __call__ /opt/stack/nova/nova/api/openstack/wsgi.py:936}}
May 03 03:24:15.271688 n-d-840260-2 devstack@n-api.service[119156]: INFO nova.api.openstack.requestlog [None req-1ee6a75e-a7e1-4948-ab7f-e7779c6ad769 tempest-InstanceUsageAuditLogNegativeTestJSON-1815572764 tempest-InstanceUsageAuditLogNegativeTestJSON-1815572764-project] 10.222.0.24 "GET /compute/v2.1/os-instance_usage_audit_log/2022-05-03 03:24:15" status: 403 len: 128 microversion: 2.1 time: 0.008257
May 03 03:24:15.272379 n-d-840260-2 devstack@n-api.service[119156]: [pid: 119156|app: 0|req: 150/350] 10.222.0.24 () {58 vars in 1250 bytes} [Tue May 3 03:24:15 2022] GET /compute/v2.1/os-instance_usage_audit_log/2022-05-03%2003%3A24%3A15 => generated 128 bytes in 9 msecs (HTTP/1.1 403) 9 headers in 379 bytes (2 switches on core 0)
May 03 03:24:15.498810 n-d-840260-2 devstack@n-api.service[119155]: DEBUG nova.api.openstack.wsgi [None req-16f6547b-a0c4-4ba5-9ed1-d082680e41a5 tempest-FlavorsAccessTestJSON-2091117026 tempest-FlavorsAccessTestJSON-2091117026-project] Calling method '>' {{(pid=119155) _process_stack /opt/stack/nova/nova/api/openstack/wsgi.py:513}}
May 03 03:24:15.520363 n-d-840260-2 devstack@n-api.service[119155]: INFO nova.api.openstack.requestlog [None req-16f6547b-a0c4-4ba5-9ed1-d082680e41a5 tempest-FlavorsAccessTestJSON-2091117026 tempest-FlavorsAccessTestJSON-2091117026-project] 10.222.0.24 "GET /compute/v2.1/flavors/detail" status: 200 len: 6233 microversion: 2.1 time: 0.358982
May 03 03:24:15.521017 n-d-840260-2 devstack@n-api.service[119155]: [pid: 119155|app: 0|req: 201/351] 10.222.0.24 () {58 vars in 1145 bytes} [Tue May 3 03:24:15 2022] GET /compute/v2.1/flavors/detail => generated 6233 bytes in 360 msecs (HTTP/1.1 200) 9 headers in 358 bytes (1 switches on core 0)
May 03 03:24:15.544901 n-d-840260-2 devstack@n-api.service[119156]: DEBUG nova.api.openstack.wsgi [None req-03f3314d-cf00-414f-ab30-c1be39d53d10 tempest-FlavorsAccessTestJSON-106182281 tempest-FlavorsAccessTestJSON-106182281-project-admin] Action: 'action', calling method: >, body: {"removeTenantAccess": {"tenant": "0409b3f5e1564367b1b801b3873f0ea4"}} {{(pid=119156) _process_stack /opt/stack/nova/nova/api/openstack/wsgi.py:511}}
May 03 03:24:15.546143 n-d-840260-2 devstack@n-api.service[119156]: /usr/local/lib/python3.8/dist-packages/oslo_policy/policy.py:1129: UserWarning: Policy "os_compute_api:os-flavor-access:remove_tenant_access": "rule:context_is_admin" failed scope check. The token used to make the request was project scoped but the policy requires ['system'] scope. This behavior may change in the future where using the intended scope is required
May 03 03:24:15.546143 n-d-840260-2 devstack@n-api.service[119156]: warnings.warn(msg)
May 03 03:24:15.662988 n-d-840260-2 devstack@n-api.service[119155]: DEBUG nova.api.openstack.wsgi [None req-1fc26f51-24a3-4ced-88ec-ebf5fabc9029 tempest-ServersOnMultiNodesTest-50946082 tempest-ServersOnMultiNodesTest-50946082-project] Calling method '>' {{(pid=119155) _process_stack /opt/stack/nova/nova/api/openstack/wsgi.py:513}}
May 03 03:24:15.663724 n-d-840260-2 devstack@n-api.service[119155]: DEBUG nova.compute.api [None req-1fc26f51-24a3-4ced-88ec-ebf5fabc9029 tempest-ServersOnMultiNodesTest-50946082 tempest-ServersOnMultiNodesTest-50946082-project] [instance: 32c1cf07-ba9f-4d7e-9a81-018a23c1d54a] Fetching instance by UUID {{(pid=119155) get /opt/stack/nova/nova/compute/api.py:2920}}
May 03 03:24:15.721398 n-d-840260-2 devstack@n-api.service[119155]: DEBUG nova.policy [None req-1fc26f51-24a3-4ced-88ec-ebf5fabc9029 tempest-ServersOnMultiNodesTest-50946082 tempest-ServersOnMultiNodesTest-50946082-project] Policy check for os_compute_api:os-extended-server-attributes failed with credentials {'is_admin': False, 'user_id': '2da3ab1217284b30a571e8f1df108502', 'user_domain_id': 'default', 'system_scope': None, 'domain_id': None, 'project_id': 'ee9085e5d93542f1bdd40c1c22a9644d', 'project_domain_id': 'default', 'roles': ['member', 'reader'], 'is_admin_project': True, 'service_user_id': None, 'service_user_domain_id': None, 'service_project_id': None, 'service_project_domain_id': None, 'service_roles': []} {{(pid=119155) authorize /opt/stack/nova/nova/policy.py:199}}
May 03 03:24:15.727992 n-d-840260-2 devstack@n-api.service[119155]: INFO nova.api.openstack.requestlog [None req-1fc26f51-24a3-4ced-88ec-ebf5fabc9029 tempest-ServersOnMultiNodesTest-50946082 tempest-ServersOnMultiNodesTest-50946082-project] 10.222.0.24 "GET /compute/v2.1/servers/32c1cf07-ba9f-4d7e-9a81-018a23c1d54a" status: 200 len: 1219 microversion: 2.1 time: 0.069343
May 03 03:24:15.728594 n-d-840260-2 devstack@n-api.service[119155]: [pid: 119155|app: 0|req: 202/352] 10.222.0.24 () {58 vars in 1235 bytes} [Tue May 3 03:24:15 2022] GET /compute/v2.1/servers/32c1cf07-ba9f-4d7e-9a81-018a23c1d54a => generated 1219 bytes in 71 msecs (HTTP/1.1 200) 9 headers in 358 bytes (1 switches on core 0)
May 03 03:24:16.324862 n-d-840260-2 devstack@n-api.service[119155]: DEBUG nova.api.openstack.wsgi [None req-54543b37-8454-4f17-a310-db3d50b2a944 tempest-ServersAdminTestJSON-1231898707 tempest-ServersAdminTestJSON-1231898707-project] Action: 'create', calling method: >, body: {"server": {"name": "tempest-ServersAdminTestJSON-server-1608560366", "imageRef": "a14f4e88-b59b-490e-97cd-54b3c05cbbc7", "flavorRef": "452"}} {{(pid=119155) _process_stack /opt/stack/nova/nova/api/openstack/wsgi.py:511}}
May 03 03:24:16.378709 n-d-840260-2 devstack@n-api.service[119155]: DEBUG nova.network.neutron [None req-54543b37-8454-4f17-a310-db3d50b2a944 tempest-ServersAdminTestJSON-1231898707 tempest-ServersAdminTestJSON-1231898707-project] validate_networks() for None {{(pid=119155) validate_networks /opt/stack/nova/nova/network/neutron.py:2608}}
May 03 03:24:16.427959 n-d-840260-2 devstack@n-api.service[119156]: INFO nova.api.openstack.requestlog [None req-03f3314d-cf00-414f-ab30-c1be39d53d10 tempest-FlavorsAccessTestJSON-106182281 tempest-FlavorsAccessTestJSON-106182281-project-admin] 10.222.0.24 "POST /compute/v2.1/flavors/190501037/action" status: 200 len: 21 microversion: 2.1 time: 0.887465
May 03 03:24:16.432841 n-d-840260-2 devstack@n-api.service[119156]: [pid: 119156|app: 0|req: 151/353] 10.222.0.24 () {60 vars in 1196 bytes} [Tue May 3 03:24:15 2022] POST /compute/v2.1/flavors/190501037/action => generated 21 bytes in 893 msecs (HTTP/1.1 200) 9 headers in 356 bytes (1 switches on core 0)
May 03 03:24:16.439204 n-d-840260-2 devstack@n-api.service[119156]: DEBUG nova.api.openstack.wsgi [None req-93727699-c64c-4d9f-bb0e-10d017c960ce tempest-MigrationsAdminTest-1260554728 tempest-MigrationsAdminTest-1260554728-project] Calling method '>' {{(pid=119156) _process_stack /opt/stack/nova/nova/api/openstack/wsgi.py:513}}
May 03 03:24:16.439982 n-d-840260-2 devstack@n-api.service[119156]: DEBUG nova.compute.api [None req-93727699-c64c-4d9f-bb0e-10d017c960ce tempest-MigrationsAdminTest-1260554728 tempest-MigrationsAdminTest-1260554728-project] [instance: 5f9bf669-bab0-4a9f-aed1-abd7d83c3c75] Fetching instance by UUID {{(pid=119156) get /opt/stack/nova/nova/compute/api.py:2920}}
May 03 03:24:16.446509 n-d-840260-2 devstack@n-api.service[119156]: DEBUG oslo_concurrency.lockutils [None req-93727699-c64c-4d9f-bb0e-10d017c960ce tempest-MigrationsAdminTest-1260554728 tempest-MigrationsAdminTest-1260554728-project] Lock "d185ab06-b9a5-4bba-b6d9-af6a891763d3" acquired by "nova.context.set_target_cell..get_or_set_cached_cell_and_set_connections" :: waited 0.000s {{(pid=119156) inner /usr/local/lib/python3.8/dist-packages/oslo_concurrency/lockutils.py:386}}
May 03 03:24:16.447111 n-d-840260-2 devstack@n-api.service[119156]: DEBUG oslo_concurrency.lockutils [None req-93727699-c64c-4d9f-bb0e-10d017c960ce tempest-MigrationsAdminTest-1260554728 tempest-MigrationsAdminTest-1260554728-project] Lock "d185ab06-b9a5-4bba-b6d9-af6a891763d3" "released" by "nova.context.set_target_cell..get_or_set_cached_cell_and_set_connections" :: held 0.001s {{(pid=119156) inner /usr/local/lib/python3.8/dist-packages/oslo_concurrency/lockutils.py:400}}
May 03 03:24:16.448651 n-d-840260-2 devstack@n-api.service[119156]: DEBUG oslo_concurrency.lockutils [None req-93727699-c64c-4d9f-bb0e-10d017c960ce tempest-MigrationsAdminTest-1260554728 tempest-MigrationsAdminTest-1260554728-project] Lock "d185ab06-b9a5-4bba-b6d9-af6a891763d3" acquired by "nova.context.set_target_cell..get_or_set_cached_cell_and_set_connections" :: waited 0.000s {{(pid=119156) inner /usr/local/lib/python3.8/dist-packages/oslo_concurrency/lockutils.py:386}}
May 03 03:24:16.449253 n-d-840260-2 devstack@n-api.service[119156]: DEBUG oslo_concurrency.lockutils [None req-93727699-c64c-4d9f-bb0e-10d017c960ce tempest-MigrationsAdminTest-1260554728 tempest-MigrationsAdminTest-1260554728-project] Lock "d185ab06-b9a5-4bba-b6d9-af6a891763d3" "released" by "nova.context.set_target_cell..get_or_set_cached_cell_and_set_connections" :: held 0.001s {{(pid=119156) inner /usr/local/lib/python3.8/dist-packages/oslo_concurrency/lockutils.py:400}}
May 03 03:24:16.634358 n-d-840260-2 devstack@n-api.service[119156]: DEBUG nova.policy [None req-93727699-c64c-4d9f-bb0e-10d017c960ce tempest-MigrationsAdminTest-1260554728 tempest-MigrationsAdminTest-1260554728-project] Policy check for os_compute_api:os-extended-server-attributes failed with credentials {'is_admin': False, 'user_id': '30f7157270774136a4839ca5e08b409c', 'user_domain_id': 'default', 'system_scope': None, 'domain_id': None, 'project_id': '44b4ac37fe2e490ea924835f61805eda', 'project_domain_id': 'default', 'roles': ['member', 'reader'], 'is_admin_project': True, 'service_user_id': None, 'service_user_domain_id': None, 'service_project_id': None, 'service_project_domain_id': None, 'service_roles': []} {{(pid=119156) authorize /opt/stack/nova/nova/policy.py:199}}
May 03 03:24:16.672753 n-d-840260-2 devstack@n-api.service[119156]: INFO nova.api.openstack.requestlog [None req-93727699-c64c-4d9f-bb0e-10d017c960ce tempest-MigrationsAdminTest-1260554728 tempest-MigrationsAdminTest-1260554728-project] 10.222.0.24 "GET /compute/v2.1/servers/5f9bf669-bab0-4a9f-aed1-abd7d83c3c75" status: 200 len: 1470 microversion: 2.1 time: 0.238551
May 03 03:24:16.677384 n-d-840260-2 devstack@n-api.service[119156]: [pid: 119156|app: 0|req: 152/354] 10.222.0.24 () {58 vars in 1235 bytes} [Tue May 3 03:24:16 2022] GET /compute/v2.1/servers/5f9bf669-bab0-4a9f-aed1-abd7d83c3c75 => generated 1470 bytes in 244 msecs (HTTP/1.1 200) 9 headers in 358 bytes (1 switches on core 0)
May 03 03:24:16.687111 n-d-840260-2 devstack@n-api.service[119156]: DEBUG nova.api.openstack.wsgi [None req-1b9fcf13-f21c-46d7-b458-2b6b1abdafdd tempest-FlavorsAccessTestJSON-2091117026 tempest-FlavorsAccessTestJSON-2091117026-project] Calling method '>' {{(pid=119156) _process_stack /opt/stack/nova/nova/api/openstack/wsgi.py:513}}
May 03 03:24:16.777019 n-d-840260-2 devstack@n-api.service[119156]: INFO nova.api.openstack.requestlog [None req-1b9fcf13-f21c-46d7-b458-2b6b1abdafdd tempest-FlavorsAccessTestJSON-2091117026 tempest-FlavorsAccessTestJSON-2091117026-project] 10.222.0.24 "GET /compute/v2.1/flavors/detail" status: 200 len: 5815 microversion: 2.1 time: 0.091991
May 03 03:24:16.791867 n-d-840260-2 devstack@n-api.service[119156]: [pid: 119156|app: 0|req: 153/355] 10.222.0.24 () {58 vars in 1145 bytes} [Tue May 3 03:24:16 2022] GET /compute/v2.1/flavors/detail => generated 5815 bytes in 111 msecs (HTTP/1.1 200) 9 headers in 358 bytes (1 switches on core 0)
May 03 03:24:16.830946 n-d-840260-2 devstack@n-api.service[119155]: DEBUG nova.virt.hardware [None req-54543b37-8454-4f17-a310-db3d50b2a944 tempest-ServersAdminTestJSON-1231898707 tempest-ServersAdminTestJSON-1231898707-project] Flavor limits 0:0:0 {{(pid=119155) get_cpu_topology_constraints /opt/stack/nova/nova/virt/hardware.py:343}}
May 03 03:24:16.831505 n-d-840260-2 devstack@n-api.service[119155]: DEBUG nova.virt.hardware [None req-54543b37-8454-4f17-a310-db3d50b2a944 tempest-ServersAdminTestJSON-1231898707 tempest-ServersAdminTestJSON-1231898707-project] Image limits 0:0:0 {{(pid=119155) get_cpu_topology_constraints /opt/stack/nova/nova/virt/hardware.py:347}}
May 03 03:24:16.832696 n-d-840260-2 devstack@n-api.service[119155]: DEBUG nova.virt.hardware [None req-54543b37-8454-4f17-a310-db3d50b2a944 tempest-ServersAdminTestJSON-1231898707 tempest-ServersAdminTestJSON-1231898707-project] Flavor pref 0:0:0 {{(pid=119155) get_cpu_topology_constraints /opt/stack/nova/nova/virt/hardware.py:383}}
May 03 03:24:16.833227 n-d-840260-2 devstack@n-api.service[119155]: DEBUG nova.virt.hardware [None req-54543b37-8454-4f17-a310-db3d50b2a944 tempest-ServersAdminTestJSON-1231898707 tempest-ServersAdminTestJSON-1231898707-project] Image pref 0:0:0 {{(pid=119155) get_cpu_topology_constraints /opt/stack/nova/nova/virt/hardware.py:387}}
May 03 03:24:16.833743 n-d-840260-2 devstack@n-api.service[119155]: DEBUG nova.virt.hardware [None req-54543b37-8454-4f17-a310-db3d50b2a944 tempest-ServersAdminTestJSON-1231898707 tempest-ServersAdminTestJSON-1231898707-project] Chose sockets=0, cores=0, threads=0; limits were sockets=65536, cores=65536, threads=65536 {{(pid=119155) get_cpu_topology_constraints /opt/stack/nova/nova/virt/hardware.py:425}}
May 03 03:24:16.844995 n-d-840260-2 devstack@n-api.service[119155]: DEBUG oslo_concurrency.lockutils [None req-54543b37-8454-4f17-a310-db3d50b2a944 tempest-ServersAdminTestJSON-1231898707 tempest-ServersAdminTestJSON-1231898707-project] Lock "00000000-0000-0000-0000-000000000000" acquired by "nova.context.set_target_cell..get_or_set_cached_cell_and_set_connections" :: waited 0.000s {{(pid=119155) inner /usr/local/lib/python3.8/dist-packages/oslo_concurrency/lockutils.py:386}}
May 03 03:24:16.845980 n-d-840260-2 devstack@n-api.service[119155]: DEBUG oslo_concurrency.lockutils [None req-54543b37-8454-4f17-a310-db3d50b2a944 tempest-ServersAdminTestJSON-1231898707 tempest-ServersAdminTestJSON-1231898707-project] Lock "00000000-0000-0000-0000-000000000000" "released" by "nova.context.set_target_cell..get_or_set_cached_cell_and_set_connections" :: held 0.001s {{(pid=119155) inner /usr/local/lib/python3.8/dist-packages/oslo_concurrency/lockutils.py:400}}
May 03 03:24:16.847077 n-d-840260-2 devstack@n-api.service[119155]: DEBUG oslo_concurrency.lockutils [None req-54543b37-8454-4f17-a310-db3d50b2a944 tempest-ServersAdminTestJSON-1231898707 tempest-ServersAdminTestJSON-1231898707-project] Lock "d185ab06-b9a5-4bba-b6d9-af6a891763d3" acquired by "nova.context.set_target_cell..get_or_set_cached_cell_and_set_connections" :: waited 0.000s {{(pid=119155) inner /usr/local/lib/python3.8/dist-packages/oslo_concurrency/lockutils.py:386}}
May 03 03:24:16.847713 n-d-840260-2 devstack@n-api.service[119155]: DEBUG oslo_concurrency.lockutils [None req-54543b37-8454-4f17-a310-db3d50b2a944 tempest-ServersAdminTestJSON-1231898707 tempest-ServersAdminTestJSON-1231898707-project] Lock "d185ab06-b9a5-4bba-b6d9-af6a891763d3" "released" by "nova.context.set_target_cell..get_or_set_cached_cell_and_set_connections" :: held 0.001s {{(pid=119155) inner /usr/local/lib/python3.8/dist-packages/oslo_concurrency/lockutils.py:400}}
May 03 03:24:16.867763 n-d-840260-2 devstack@n-api.service[119155]: DEBUG nova.quota [None req-54543b37-8454-4f17-a310-db3d50b2a944 tempest-ServersAdminTestJSON-1231898707 tempest-ServersAdminTestJSON-1231898707-project] Getting quotas for project d0c123d2d2124496b6679b7201184b57. Resources: {'instances', 'cores', 'ram'} {{(pid=119155) _get_quotas /opt/stack/nova/nova/quota.py:393}}
May 03 03:24:16.874179 n-d-840260-2 devstack@n-api.service[119155]: DEBUG nova.quota [None req-54543b37-8454-4f17-a310-db3d50b2a944 tempest-ServersAdminTestJSON-1231898707 tempest-ServersAdminTestJSON-1231898707-project] Getting quotas for user c88ae5e0c3114f859fe4d7bee1593e0c and project d0c123d2d2124496b6679b7201184b57. Resources: {'instances', 'cores', 'ram'} {{(pid=119155) _get_quotas /opt/stack/nova/nova/quota.py:383}}
May 03 03:24:16.889354 n-d-840260-2 devstack@n-api.service[119155]: DEBUG nova.compute.api [None req-54543b37-8454-4f17-a310-db3d50b2a944 tempest-ServersAdminTestJSON-1231898707 tempest-ServersAdminTestJSON-1231898707-project] Going to run 1 instances... {{(pid=119155) _provision_instances /opt/stack/nova/nova/compute/api.py:1389}}
May 03 03:24:16.891835 n-d-840260-2 devstack@n-api.service[119155]: DEBUG nova.compute.api [None req-54543b37-8454-4f17-a310-db3d50b2a944 tempest-ServersAdminTestJSON-1231898707 tempest-ServersAdminTestJSON-1231898707-project] [instance: 9d5b2e26-fb9e-449f-8af7-61f6ed493edf] block_device_mapping [BlockDeviceMapping(attachment_id=,boot_index=0,connection_info=None,created_at=,delete_on_termination=True,deleted=,deleted_at=,destination_type='local',device_name=None,device_type='disk',disk_bus=None,guest_format=None,id=,image_id='a14f4e88-b59b-490e-97cd-54b3c05cbbc7',instance=,instance_uuid=,no_device=False,snapshot_id=None,source_type='image',tag=None,updated_at=,uuid=,volume_id=None,volume_size=None,volume_type=None)] {{(pid=119155) _bdm_validate_set_size_and_instance /opt/stack/nova/nova/compute/api.py:1807}}
May 03 03:24:16.999089 n-d-840260-2 devstack@n-api.service[119156]: DEBUG nova.api.openstack.wsgi [None req-f6969867-9e7d-49ef-8d1a-384e5eadcae7 tempest-AggregatesAdminTestV241-84893178 tempest-AggregatesAdminTestV241-84893178-project-admin] Calling method '.version_select at 0x7f247fff9e50>' {{(pid=119156) _process_stack /opt/stack/nova/nova/api/openstack/wsgi.py:513}}
May 03 03:24:17.000305 n-d-840260-2 devstack@n-api.service[119156]: /usr/local/lib/python3.8/dist-packages/oslo_policy/policy.py:1129: UserWarning: Policy "os_compute_api:os-hypervisors:list-detail": "rule:context_is_admin" failed scope check. The token used to make the request was project scoped but the policy requires ['system'] scope. This behavior may change in the future where using the intended scope is required
May 03 03:24:17.000305 n-d-840260-2 devstack@n-api.service[119156]: warnings.warn(msg)
May 03 03:24:17.003841 n-d-840260-2 devstack@n-api.service[119156]: DEBUG oslo_concurrency.lockutils [None req-f6969867-9e7d-49ef-8d1a-384e5eadcae7 tempest-AggregatesAdminTestV241-84893178 tempest-AggregatesAdminTestV241-84893178-project-admin] Lock "d185ab06-b9a5-4bba-b6d9-af6a891763d3" acquired by "nova.context.set_target_cell..get_or_set_cached_cell_and_set_connections" :: waited 0.000s {{(pid=119156) inner /usr/local/lib/python3.8/dist-packages/oslo_concurrency/lockutils.py:386}}
May 03 03:24:17.003841 n-d-840260-2 devstack@n-api.service[119156]: DEBUG oslo_concurrency.lockutils [None req-f6969867-9e7d-49ef-8d1a-384e5eadcae7 tempest-AggregatesAdminTestV241-84893178 tempest-AggregatesAdminTestV241-84893178-project-admin] Lock "d185ab06-b9a5-4bba-b6d9-af6a891763d3" "released" by "nova.context.set_target_cell..get_or_set_cached_cell_and_set_connections" :: held 0.000s {{(pid=119156) inner /usr/local/lib/python3.8/dist-packages/oslo_concurrency/lockutils.py:400}}
May 03 03:24:17.015572 n-d-840260-2 devstack@n-api.service[119156]: DEBUG oslo_concurrency.lockutils [None req-f6969867-9e7d-49ef-8d1a-384e5eadcae7 tempest-AggregatesAdminTestV241-84893178 tempest-AggregatesAdminTestV241-84893178-project-admin] Lock "d185ab06-b9a5-4bba-b6d9-af6a891763d3" acquired by "nova.context.set_target_cell..get_or_set_cached_cell_and_set_connections" :: waited 0.000s {{(pid=119156) inner /usr/local/lib/python3.8/dist-packages/oslo_concurrency/lockutils.py:386}}
May 03 03:24:17.016066 n-d-840260-2 devstack@n-api.service[119156]: DEBUG oslo_concurrency.lockutils [None req-f6969867-9e7d-49ef-8d1a-384e5eadcae7 tempest-AggregatesAdminTestV241-84893178 tempest-AggregatesAdminTestV241-84893178-project-admin] Lock "d185ab06-b9a5-4bba-b6d9-af6a891763d3" "released" by "nova.context.set_target_cell..get_or_set_cached_cell_and_set_connections" :: held 0.001s {{(pid=119156) inner /usr/local/lib/python3.8/dist-packages/oslo_concurrency/lockutils.py:400}}
May 03 03:24:17.026112 n-d-840260-2 devstack@n-api.service[119156]: DEBUG oslo_concurrency.lockutils [None req-f6969867-9e7d-49ef-8d1a-384e5eadcae7 tempest-AggregatesAdminTestV241-84893178 tempest-AggregatesAdminTestV241-84893178-project-admin] Lock "d185ab06-b9a5-4bba-b6d9-af6a891763d3" acquired by "nova.context.set_target_cell..get_or_set_cached_cell_and_set_connections" :: waited 0.000s {{(pid=119156) inner /usr/local/lib/python3.8/dist-packages/oslo_concurrency/lockutils.py:386}}
May 03 03:24:17.026488 n-d-840260-2 devstack@n-api.service[119156]: DEBUG oslo_concurrency.lockutils [None req-f6969867-9e7d-49ef-8d1a-384e5eadcae7 tempest-AggregatesAdminTestV241-84893178 tempest-AggregatesAdminTestV241-84893178-project-admin] Lock "d185ab06-b9a5-4bba-b6d9-af6a891763d3" "released" by "nova.context.set_target_cell..get_or_set_cached_cell_and_set_connections" :: held 0.001s {{(pid=119156) inner /usr/local/lib/python3.8/dist-packages/oslo_concurrency/lockutils.py:400}}
May 03 03:24:17.033417 n-d-840260-2 devstack@n-api.service[119156]: INFO nova.api.openstack.requestlog [None req-f6969867-9e7d-49ef-8d1a-384e5eadcae7 tempest-AggregatesAdminTestV241-84893178 tempest-AggregatesAdminTestV241-84893178-project-admin] 10.222.0.24 "GET /compute/v2.1/os-hypervisors/detail" status: 200 len: 1425 microversion: 2.41 time: 0.239904
May 03 03:24:17.034010 n-d-840260-2 devstack@n-api.service[119156]: [pid: 119156|app: 0|req: 154/356] 10.222.0.24 () {60 vars in 1207 bytes} [Tue May 3 03:24:16 2022] GET /compute/v2.1/os-hypervisors/detail => generated 1425 bytes in 241 msecs (HTTP/1.1 200) 9 headers in 360 bytes (1 switches on core 0)
May 03 03:24:17.039772 n-d-840260-2 devstack@n-api.service[119156]: DEBUG nova.api.openstack.wsgi [None req-6b2d1466-f22b-4843-b41e-e1aa791bc8cc tempest-ServersOnMultiNodesTest-50946082 tempest-ServersOnMultiNodesTest-50946082-project] Calling method '>' {{(pid=119156) _process_stack /opt/stack/nova/nova/api/openstack/wsgi.py:513}}
May 03 03:24:17.041075 n-d-840260-2 devstack@n-api.service[119156]: DEBUG nova.compute.api [None req-6b2d1466-f22b-4843-b41e-e1aa791bc8cc tempest-ServersOnMultiNodesTest-50946082 tempest-ServersOnMultiNodesTest-50946082-project] [instance: 32c1cf07-ba9f-4d7e-9a81-018a23c1d54a] Fetching instance by UUID {{(pid=119156) get /opt/stack/nova/nova/compute/api.py:2920}}
May 03 03:24:17.049102 n-d-840260-2 devstack@n-api.service[119156]: DEBUG oslo_concurrency.lockutils [None req-6b2d1466-f22b-4843-b41e-e1aa791bc8cc tempest-ServersOnMultiNodesTest-50946082 tempest-ServersOnMultiNodesTest-50946082-project] Lock "d185ab06-b9a5-4bba-b6d9-af6a891763d3" acquired by "nova.context.set_target_cell..get_or_set_cached_cell_and_set_connections" :: waited 0.000s {{(pid=119156) inner /usr/local/lib/python3.8/dist-packages/oslo_concurrency/lockutils.py:386}}
May 03 03:24:17.049615 n-d-840260-2 devstack@n-api.service[119156]: DEBUG oslo_concurrency.lockutils [None req-6b2d1466-f22b-4843-b41e-e1aa791bc8cc tempest-ServersOnMultiNodesTest-50946082 tempest-ServersOnMultiNodesTest-50946082-project] Lock "d185ab06-b9a5-4bba-b6d9-af6a891763d3" "released" by "nova.context.set_target_cell..get_or_set_cached_cell_and_set_connections" :: held 0.001s {{(pid=119156) inner /usr/local/lib/python3.8/dist-packages/oslo_concurrency/lockutils.py:400}}
May 03 03:24:17.050406 n-d-840260-2 devstack@n-api.service[119156]: DEBUG oslo_concurrency.lockutils [None req-6b2d1466-f22b-4843-b41e-e1aa791bc8cc tempest-ServersOnMultiNodesTest-50946082 tempest-ServersOnMultiNodesTest-50946082-project] Lock "d185ab06-b9a5-4bba-b6d9-af6a891763d3" acquired by "nova.context.set_target_cell..get_or_set_cached_cell_and_set_connections" :: waited 0.000s {{(pid=119156) inner /usr/local/lib/python3.8/dist-packages/oslo_concurrency/lockutils.py:386}}
May 03 03:24:17.050848 n-d-840260-2 devstack@n-api.service[119156]: DEBUG oslo_concurrency.lockutils [None req-6b2d1466-f22b-4843-b41e-e1aa791bc8cc tempest-ServersOnMultiNodesTest-50946082 tempest-ServersOnMultiNodesTest-50946082-project] Lock "d185ab06-b9a5-4bba-b6d9-af6a891763d3" "released" by "nova.context.set_target_cell..get_or_set_cached_cell_and_set_connections" :: held 0.000s {{(pid=119156) inner /usr/local/lib/python3.8/dist-packages/oslo_concurrency/lockutils.py:400}}
May 03 03:24:17.076741 n-d-840260-2 devstack@n-api.service[119155]: INFO nova.api.openstack.requestlog [None req-54543b37-8454-4f17-a310-db3d50b2a944 tempest-ServersAdminTestJSON-1231898707 tempest-ServersAdminTestJSON-1231898707-project] 10.222.0.24 "POST /compute/v2.1/servers" status: 202 len: 380 microversion: 2.1 time: 1.014639
May 03 03:24:17.089889 n-d-840260-2 devstack@n-api.service[119155]: [pid: 119155|app: 0|req: 203/357] 10.222.0.24 () {60 vars in 1146 bytes} [Tue May 3 03:24:16 2022] POST /compute/v2.1/servers => generated 380 bytes in 1029 msecs (HTTP/1.1 202) 10 headers in 451 bytes (2 switches on core 0)
May 03 03:24:17.095154 n-d-840260-2 devstack@n-api.service[119155]: DEBUG nova.api.openstack.wsgi [None req-bf92625a-2b4f-44df-a3cf-7665e56bda44 tempest-FlavorsAccessTestJSON-106182281 tempest-FlavorsAccessTestJSON-106182281-project-admin] Calling method '>' {{(pid=119155) _process_stack /opt/stack/nova/nova/api/openstack/wsgi.py:513}}
May 03 03:24:17.096092 n-d-840260-2 devstack@n-api.service[119155]: /usr/local/lib/python3.8/dist-packages/oslo_policy/policy.py:1129: UserWarning: Policy "os_compute_api:os-flavor-manage:delete": "rule:context_is_admin" failed scope check. The token used to make the request was project scoped but the policy requires ['system'] scope. This behavior may change in the future where using the intended scope is required
May 03 03:24:17.096092 n-d-840260-2 devstack@n-api.service[119155]: warnings.warn(msg)
May 03 03:24:17.163113 n-d-840260-2 devstack@n-api.service[119156]: DEBUG nova.policy [None req-6b2d1466-f22b-4843-b41e-e1aa791bc8cc tempest-ServersOnMultiNodesTest-50946082 tempest-ServersOnMultiNodesTest-50946082-project] Policy check for os_compute_api:os-extended-server-attributes failed with credentials {'is_admin': False, 'user_id': '2da3ab1217284b30a571e8f1df108502', 'user_domain_id': 'default', 'system_scope': None, 'domain_id': None, 'project_id': 'ee9085e5d93542f1bdd40c1c22a9644d', 'project_domain_id': 'default', 'roles': ['member', 'reader'], 'is_admin_project': True, 'service_user_id': None, 'service_user_domain_id': None, 'service_project_id': None, 'service_project_domain_id': None, 'service_roles': []} {{(pid=119156) authorize /opt/stack/nova/nova/policy.py:199}}
May 03 03:24:17.172020 n-d-840260-2 devstack@n-api.service[119156]: INFO nova.api.openstack.requestlog [None req-6b2d1466-f22b-4843-b41e-e1aa791bc8cc tempest-ServersOnMultiNodesTest-50946082 tempest-ServersOnMultiNodesTest-50946082-project] 10.222.0.24 "GET /compute/v2.1/servers/32c1cf07-ba9f-4d7e-9a81-018a23c1d54a" status: 200 len: 1271 microversion: 2.1 time: 0.136834
May 03 03:24:17.172654 n-d-840260-2 devstack@n-api.service[119156]: [pid: 119156|app: 0|req: 155/358] 10.222.0.24 () {58 vars in 1235 bytes} [Tue May 3 03:24:17 2022] GET /compute/v2.1/servers/32c1cf07-ba9f-4d7e-9a81-018a23c1d54a => generated 1271 bytes in 138 msecs (HTTP/1.1 200) 9 headers in 358 bytes (1 switches on core 0)
May 03 03:24:17.193273 n-d-840260-2 devstack@n-api.service[119155]: INFO nova.api.openstack.requestlog [None req-bf92625a-2b4f-44df-a3cf-7665e56bda44 tempest-FlavorsAccessTestJSON-106182281 tempest-FlavorsAccessTestJSON-106182281-project-admin] 10.222.0.24 "DELETE /compute/v2.1/flavors/190501037" status: 202 len: 0 microversion: 2.1 time: 0.093780
May 03 03:24:17.193273 n-d-840260-2 devstack@n-api.service[119155]: [pid: 119155|app: 0|req: 204/359] 10.222.0.24 () {58 vars in 1157 bytes} [Tue May 3 03:24:17 2022] DELETE /compute/v2.1/flavors/190501037 => generated 0 bytes in 95 msecs (HTTP/1.1 202) 9 headers in 361 bytes (1 switches on core 0)
May 03 03:24:17.193273 n-d-840260-2 devstack@n-api.service[119155]: DEBUG nova.api.openstack.wsgi [None req-454fd0bc-82f5-4947-a847-45c139c2985e tempest-AggregatesAdminTestV241-84893178 tempest-AggregatesAdminTestV241-84893178-project-admin] Action: 'create', calling method: >, body: {"aggregate": {"name": "tempest-test_aggregate-1300386760"}} {{(pid=119155) _process_stack /opt/stack/nova/nova/api/openstack/wsgi.py:511}}
May 03 03:24:17.197784 n-d-840260-2 devstack@n-api.service[119155]: /usr/local/lib/python3.8/dist-packages/oslo_policy/policy.py:1129: UserWarning: Policy "os_compute_api:os-aggregates:create": "rule:context_is_admin" failed scope check. The token used to make the request was project scoped but the policy requires ['system'] scope. This behavior may change in the future where using the intended scope is required
May 03 03:24:17.197784 n-d-840260-2 devstack@n-api.service[119155]: warnings.warn(msg)
May 03 03:24:17.198798 n-d-840260-2 devstack@n-api.service[119155]: DEBUG nova.objects.aggregate [None req-454fd0bc-82f5-4947-a847-45c139c2985e tempest-AggregatesAdminTestV241-84893178 tempest-AggregatesAdminTestV241-84893178-project-admin] Generated uuid c415c413-dbc1-465d-831d-0fe58ed4c3a3 for aggregate {{(pid=119155) create /opt/stack/nova/nova/objects/aggregate.py:298}}
May 03 03:24:17.308427 n-d-840260-2 devstack@n-api.service[119155]: INFO nova.api.openstack.requestlog [None req-454fd0bc-82f5-4947-a847-45c139c2985e tempest-AggregatesAdminTestV241-84893178 tempest-AggregatesAdminTestV241-84893178-project-admin] 10.222.0.24 "POST /compute/v2.1/os-aggregates" status: 200 len: 247 microversion: 2.41 time: 0.118822
May 03 03:24:17.309271 n-d-840260-2 devstack@n-api.service[119155]: [pid: 119155|app: 0|req: 205/360] 10.222.0.24 () {62 vars in 1204 bytes} [Tue May 3 03:24:17 2022] POST /compute/v2.1/os-aggregates => generated 247 bytes in 121 msecs (HTTP/1.1 200) 9 headers in 359 bytes (1 switches on core 0)
May 03 03:24:17.321654 n-d-840260-2 devstack@n-api.service[119155]: DEBUG nova.api.openstack.wsgi [None req-2fab864a-5a43-45ed-9ecf-da0c0c6ab61b tempest-FlavorsAccessTestJSON-106182281 tempest-FlavorsAccessTestJSON-106182281-project-admin] Calling method '>' {{(pid=119155) _process_stack /opt/stack/nova/nova/api/openstack/wsgi.py:513}}
May 03 03:24:17.359846 n-d-840260-2 devstack@n-api.service[119156]: DEBUG nova.api.openstack.wsgi [None req-f406d76c-a4d3-4b69-a055-03f856e22766 tempest-ServicesAdminNegativeTestJSON-256801694 tempest-ServicesAdminNegativeTestJSON-256801694-project-admin] Calling method '>' {{(pid=119156) _process_stack /opt/stack/nova/nova/api/openstack/wsgi.py:513}}
May 03 03:24:17.361326 n-d-840260-2 devstack@n-api.service[119156]: /usr/local/lib/python3.8/dist-packages/oslo_policy/policy.py:1129: UserWarning: Policy "os_compute_api:os-services:list": "rule:context_is_admin" failed scope check. The token used to make the request was project scoped but the policy requires ['system'] scope. This behavior may change in the future where using the intended scope is required
May 03 03:24:17.361326 n-d-840260-2 devstack@n-api.service[119156]: warnings.warn(msg)
May 03 03:24:17.365995 n-d-840260-2 devstack@n-api.service[119155]: INFO nova.api.openstack.requestlog [None req-2fab864a-5a43-45ed-9ecf-da0c0c6ab61b tempest-FlavorsAccessTestJSON-106182281 tempest-FlavorsAccessTestJSON-106182281-project-admin] 10.222.0.24 "GET /compute/v2.1/flavors/detail" status: 200 len: 5815 microversion: 2.1 time: 0.045365
May 03 03:24:17.366095 n-d-840260-2 devstack@n-api.service[119156]: DEBUG oslo_concurrency.lockutils [None req-f406d76c-a4d3-4b69-a055-03f856e22766 tempest-ServicesAdminNegativeTestJSON-256801694 tempest-ServicesAdminNegativeTestJSON-256801694-project-admin] Lock "00000000-0000-0000-0000-000000000000" acquired by "nova.context.set_target_cell..get_or_set_cached_cell_and_set_connections" :: waited 0.000s {{(pid=119156) inner /usr/local/lib/python3.8/dist-packages/oslo_concurrency/lockutils.py:386}}
May 03 03:24:17.366095 n-d-840260-2 devstack@n-api.service[119156]: DEBUG oslo_concurrency.lockutils [None req-f406d76c-a4d3-4b69-a055-03f856e22766 tempest-ServicesAdminNegativeTestJSON-256801694 tempest-ServicesAdminNegativeTestJSON-256801694-project-admin] Lock "00000000-0000-0000-0000-000000000000" "released" by "nova.context.set_target_cell..get_or_set_cached_cell_and_set_connections" :: held 0.000s {{(pid=119156) inner /usr/local/lib/python3.8/dist-packages/oslo_concurrency/lockutils.py:400}}
May 03 03:24:17.366283 n-d-840260-2 devstack@n-api.service[119155]: [pid: 119155|app: 0|req: 206/361] 10.222.0.24 () {58 vars in 1145 bytes} [Tue May 3 03:24:17 2022] GET /compute/v2.1/flavors/detail => generated 5815 bytes in 48 msecs (HTTP/1.1 200) 9 headers in 358 bytes (1 switches on core 0)
May 03 03:24:17.366381 n-d-840260-2 devstack@n-api.service[119156]: DEBUG oslo_concurrency.lockutils [None req-f406d76c-a4d3-4b69-a055-03f856e22766 tempest-ServicesAdminNegativeTestJSON-256801694 tempest-ServicesAdminNegativeTestJSON-256801694-project-admin] Lock "d185ab06-b9a5-4bba-b6d9-af6a891763d3" acquired by "nova.context.set_target_cell..get_or_set_cached_cell_and_set_connections" :: waited 0.000s {{(pid=119156) inner /usr/local/lib/python3.8/dist-packages/oslo_concurrency/lockutils.py:386}}
May 03 03:24:17.366381 n-d-840260-2 devstack@n-api.service[119156]: DEBUG oslo_concurrency.lockutils [None req-f406d76c-a4d3-4b69-a055-03f856e22766 tempest-ServicesAdminNegativeTestJSON-256801694 tempest-ServicesAdminNegativeTestJSON-256801694-project-admin] Lock "d185ab06-b9a5-4bba-b6d9-af6a891763d3" "released" by "nova.context.set_target_cell..get_or_set_cached_cell_and_set_connections" :: held 0.001s {{(pid=119156) inner /usr/local/lib/python3.8/dist-packages/oslo_concurrency/lockutils.py:400}}
May 03 03:24:17.370078 n-d-840260-2 devstack@n-api.service[119155]: DEBUG nova.api.openstack.wsgi [None req-267d9623-4a3a-4ff3-afe7-1d41b9aaa97b tempest-ServersAdminTestJSON-1231898707 tempest-ServersAdminTestJSON-1231898707-project] Action: 'create', calling method: >, body: {"server": {"name": "tempest-ServersAdminTestJSON-server-871480272", "imageRef": "a14f4e88-b59b-490e-97cd-54b3c05cbbc7", "flavorRef": "452"}} {{(pid=119155) _process_stack /opt/stack/nova/nova/api/openstack/wsgi.py:511}}
May 03 03:24:17.412641 n-d-840260-2 devstack@n-api.service[119156]: INFO nova.api.openstack.requestlog [None req-f406d76c-a4d3-4b69-a055-03f856e22766 tempest-ServicesAdminNegativeTestJSON-256801694 tempest-ServicesAdminNegativeTestJSON-256801694-project-admin] 10.222.0.24 "GET /compute/v2.1/os-services" status: 200 len: 944 microversion: 2.1 time: 0.223473
May 03 03:24:17.412641 n-d-840260-2 devstack@n-api.service[119156]: [pid: 119156|app: 0|req: 156/362] 10.222.0.24 () {58 vars in 1136 bytes} [Tue May 3 03:24:17 2022] GET /compute/v2.1/os-services => generated 944 bytes in 236 msecs (HTTP/1.1 200) 9 headers in 357 bytes (1 switches on core 0)
May 03 03:24:17.419455 n-d-840260-2 devstack@n-api.service[119156]: DEBUG nova.api.openstack.wsgi [None req-c4dc9088-ad3a-45e7-80b9-805d06b2b428 tempest-AggregatesAdminTestV241-84893178 tempest-AggregatesAdminTestV241-84893178-project-admin] Action: 'update', calling method: >, body: {"aggregate": {"name": "tempest-test_aggregate-1448057427"}} {{(pid=119156) _process_stack /opt/stack/nova/nova/api/openstack/wsgi.py:511}}
May 03 03:24:17.448232 n-d-840260-2 devstack@n-api.service[119155]: DEBUG nova.network.neutron [None req-267d9623-4a3a-4ff3-afe7-1d41b9aaa97b tempest-ServersAdminTestJSON-1231898707 tempest-ServersAdminTestJSON-1231898707-project] validate_networks() for None {{(pid=119155) validate_networks /opt/stack/nova/nova/network/neutron.py:2608}}
May 03 03:24:17.509660 n-d-840260-2 devstack@n-api.service[119156]: /usr/local/lib/python3.8/dist-packages/oslo_policy/policy.py:1129: UserWarning: Policy "os_compute_api:os-aggregates:update": "rule:context_is_admin" failed scope check. The token used to make the request was project scoped but the policy requires ['system'] scope. This behavior may change in the future where using the intended scope is required
May 03 03:24:17.509660 n-d-840260-2 devstack@n-api.service[119156]: warnings.warn(msg)
May 03 03:24:17.626602 n-d-840260-2 devstack@n-api.service[119156]: INFO nova.api.openstack.requestlog [None req-c4dc9088-ad3a-45e7-80b9-805d06b2b428 tempest-AggregatesAdminTestV241-84893178 tempest-AggregatesAdminTestV241-84893178-project-admin] 10.222.0.24 "PUT /compute/v2.1/os-aggregates/18" status: 200 len: 300 microversion: 2.41 time: 0.214900
May 03 03:24:17.627221 n-d-840260-2 devstack@n-api.service[119156]: [pid: 119156|app: 0|req: 157/363] 10.222.0.24 () {62 vars in 1212 bytes} [Tue May 3 03:24:17 2022] PUT /compute/v2.1/os-aggregates/18 => generated 300 bytes in 216 msecs (HTTP/1.1 200) 9 headers in 359 bytes (1 switches on core 0)
May 03 03:24:17.636311 n-d-840260-2 devstack@n-api.service[119156]: DEBUG nova.api.openstack.wsgi [None req-27f85aca-1a1b-4f8e-bf3b-2d1390447a28 tempest-FlavorsAccessTestJSON-106182281 tempest-FlavorsAccessTestJSON-106182281-project-admin] Action: 'create', calling method: >, body: {"flavor": {"ram": 512, "vcpus": 1, "disk": 10, "name": "tempest-FlavorsAccessTestJSON-flavor-1717778969", "id": 1038704181, "os-flavor-access:is_public": "False"}} {{(pid=119156) _process_stack /opt/stack/nova/nova/api/openstack/wsgi.py:511}}
May 03 03:24:17.638147 n-d-840260-2 devstack@n-api.service[119156]: /usr/local/lib/python3.8/dist-packages/oslo_policy/policy.py:1129: UserWarning: Policy "os_compute_api:os-flavor-manage:create": "rule:context_is_admin" failed scope check. The token used to make the request was project scoped but the policy requires ['system'] scope. This behavior may change in the future where using the intended scope is required
May 03 03:24:17.638147 n-d-840260-2 devstack@n-api.service[119156]: warnings.warn(msg)
May 03 03:24:17.779984 n-d-840260-2 devstack@n-api.service[119156]: INFO nova.api.openstack.requestlog [None req-27f85aca-1a1b-4f8e-bf3b-2d1390447a28 tempest-FlavorsAccessTestJSON-106182281 tempest-FlavorsAccessTestJSON-106182281-project-admin] 10.222.0.24 "POST /compute/v2.1/flavors" status: 200 len: 431 microversion: 2.1 time: 0.151515
May 03 03:24:17.780710 n-d-840260-2 devstack@n-api.service[119156]: [pid: 119156|app: 0|req: 158/364] 10.222.0.24 () {60 vars in 1146 bytes} [Tue May 3 03:24:17 2022] POST /compute/v2.1/flavors => generated 431 bytes in 153 msecs (HTTP/1.1 200) 9 headers in 357 bytes (1 switches on core 0)
May 03 03:24:17.784793 n-d-840260-2 devstack@n-api.service[119155]: DEBUG nova.virt.hardware [None req-267d9623-4a3a-4ff3-afe7-1d41b9aaa97b tempest-ServersAdminTestJSON-1231898707 tempest-ServersAdminTestJSON-1231898707-project] Flavor limits 0:0:0 {{(pid=119155) get_cpu_topology_constraints /opt/stack/nova/nova/virt/hardware.py:343}}
May 03 03:24:17.784793 n-d-840260-2 devstack@n-api.service[119155]: DEBUG nova.virt.hardware [None req-267d9623-4a3a-4ff3-afe7-1d41b9aaa97b tempest-ServersAdminTestJSON-1231898707 tempest-ServersAdminTestJSON-1231898707-project] Image limits 0:0:0 {{(pid=119155) get_cpu_topology_constraints /opt/stack/nova/nova/virt/hardware.py:347}}
May 03 03:24:17.785188 n-d-840260-2 devstack@n-api.service[119155]: DEBUG nova.virt.hardware [None req-267d9623-4a3a-4ff3-afe7-1d41b9aaa97b tempest-ServersAdminTestJSON-1231898707 tempest-ServersAdminTestJSON-1231898707-project] Flavor pref 0:0:0 {{(pid=119155) get_cpu_topology_constraints /opt/stack/nova/nova/virt/hardware.py:383}}
May 03 03:24:17.785985 n-d-840260-2 devstack@n-api.service[119155]: DEBUG nova.virt.hardware [None req-267d9623-4a3a-4ff3-afe7-1d41b9aaa97b tempest-ServersAdminTestJSON-1231898707 tempest-ServersAdminTestJSON-1231898707-project] Image pref 0:0:0 {{(pid=119155) get_cpu_topology_constraints /opt/stack/nova/nova/virt/hardware.py:387}}
May 03 03:24:17.786590 n-d-840260-2 devstack@n-api.service[119155]: DEBUG nova.virt.hardware [None req-267d9623-4a3a-4ff3-afe7-1d41b9aaa97b tempest-ServersAdminTestJSON-1231898707 tempest-ServersAdminTestJSON-1231898707-project] Chose sockets=0, cores=0, threads=0; limits were sockets=65536, cores=65536, threads=65536 {{(pid=119155) get_cpu_topology_constraints /opt/stack/nova/nova/virt/hardware.py:425}}
May 03 03:24:17.791082 n-d-840260-2 devstack@n-api.service[119156]: DEBUG nova.api.openstack.wsgi [None req-b2ba41f1-9a7e-4f91-8653-b77c3975ec50 tempest-ServicesAdminNegativeTestJSON-256801694 tempest-ServicesAdminNegativeTestJSON-256801694-project-admin] Calling method '>' {{(pid=119156) _process_stack /opt/stack/nova/nova/api/openstack/wsgi.py:513}}
May 03 03:24:17.792404 n-d-840260-2 devstack@n-api.service[119156]: /usr/local/lib/python3.8/dist-packages/oslo_policy/policy.py:1129: UserWarning: Policy "os_compute_api:os-services:list": "rule:context_is_admin" failed scope check. The token used to make the request was project scoped but the policy requires ['system'] scope. This behavior may change in the future where using the intended scope is required
May 03 03:24:17.792404 n-d-840260-2 devstack@n-api.service[119156]: warnings.warn(msg)
May 03 03:24:17.793908 n-d-840260-2 devstack@n-api.service[119156]: DEBUG oslo_concurrency.lockutils [None req-b2ba41f1-9a7e-4f91-8653-b77c3975ec50 tempest-ServicesAdminNegativeTestJSON-256801694 tempest-ServicesAdminNegativeTestJSON-256801694-project-admin] Lock "00000000-0000-0000-0000-000000000000" acquired by "nova.context.set_target_cell..get_or_set_cached_cell_and_set_connections" :: waited 0.000s {{(pid=119156) inner /usr/local/lib/python3.8/dist-packages/oslo_concurrency/lockutils.py:386}}
May 03 03:24:17.795099 n-d-840260-2 devstack@n-api.service[119156]: DEBUG oslo_concurrency.lockutils [None req-b2ba41f1-9a7e-4f91-8653-b77c3975ec50 tempest-ServicesAdminNegativeTestJSON-256801694 tempest-ServicesAdminNegativeTestJSON-256801694-project-admin] Lock "00000000-0000-0000-0000-000000000000" "released" by "nova.context.set_target_cell..get_or_set_cached_cell_and_set_connections" :: held 0.001s {{(pid=119156) inner /usr/local/lib/python3.8/dist-packages/oslo_concurrency/lockutils.py:400}}
May 03 03:24:17.796077 n-d-840260-2 devstack@n-api.service[119156]: DEBUG oslo_concurrency.lockutils [None req-b2ba41f1-9a7e-4f91-8653-b77c3975ec50 tempest-ServicesAdminNegativeTestJSON-256801694 tempest-ServicesAdminNegativeTestJSON-256801694-project-admin] Lock "d185ab06-b9a5-4bba-b6d9-af6a891763d3" acquired by "nova.context.set_target_cell..get_or_set_cached_cell_and_set_connections" :: waited 0.000s {{(pid=119156) inner /usr/local/lib/python3.8/dist-packages/oslo_concurrency/lockutils.py:386}}
May 03 03:24:17.796710 n-d-840260-2 devstack@n-api.service[119156]: DEBUG oslo_concurrency.lockutils [None req-b2ba41f1-9a7e-4f91-8653-b77c3975ec50 tempest-ServicesAdminNegativeTestJSON-256801694 tempest-ServicesAdminNegativeTestJSON-256801694-project-admin] Lock "d185ab06-b9a5-4bba-b6d9-af6a891763d3" "released" by "nova.context.set_target_cell..get_or_set_cached_cell_and_set_connections" :: held 0.001s {{(pid=119156) inner /usr/local/lib/python3.8/dist-packages/oslo_concurrency/lockutils.py:400}}
May 03 03:24:17.818321 n-d-840260-2 devstack@n-api.service[119155]: DEBUG oslo_concurrency.lockutils [None req-267d9623-4a3a-4ff3-afe7-1d41b9aaa97b tempest-ServersAdminTestJSON-1231898707 tempest-ServersAdminTestJSON-1231898707-project] Lock "00000000-0000-0000-0000-000000000000" acquired by "nova.context.set_target_cell..get_or_set_cached_cell_and_set_connections" :: waited 0.000s {{(pid=119155) inner /usr/local/lib/python3.8/dist-packages/oslo_concurrency/lockutils.py:386}}
May 03 03:24:17.818924 n-d-840260-2 devstack@n-api.service[119155]: DEBUG oslo_concurrency.lockutils [None req-267d9623-4a3a-4ff3-afe7-1d41b9aaa97b tempest-ServersAdminTestJSON-1231898707 tempest-ServersAdminTestJSON-1231898707-project] Lock "00000000-0000-0000-0000-000000000000" "released" by "nova.context.set_target_cell..get_or_set_cached_cell_and_set_connections" :: held 0.002s {{(pid=119155) inner /usr/local/lib/python3.8/dist-packages/oslo_concurrency/lockutils.py:400}}
May 03 03:24:17.823753 n-d-840260-2 devstack@n-api.service[119155]: DEBUG oslo_concurrency.lockutils [None req-267d9623-4a3a-4ff3-afe7-1d41b9aaa97b tempest-ServersAdminTestJSON-1231898707 tempest-ServersAdminTestJSON-1231898707-project] Lock "d185ab06-b9a5-4bba-b6d9-af6a891763d3" acquired by "nova.context.set_target_cell..get_or_set_cached_cell_and_set_connections" :: waited 0.000s {{(pid=119155) inner /usr/local/lib/python3.8/dist-packages/oslo_concurrency/lockutils.py:386}}
May 03 03:24:17.824374 n-d-840260-2 devstack@n-api.service[119155]: DEBUG oslo_concurrency.lockutils [None req-267d9623-4a3a-4ff3-afe7-1d41b9aaa97b tempest-ServersAdminTestJSON-1231898707 tempest-ServersAdminTestJSON-1231898707-project] Lock "d185ab06-b9a5-4bba-b6d9-af6a891763d3" "released" by "nova.context.set_target_cell..get_or_set_cached_cell_and_set_connections" :: held 0.001s {{(pid=119155) inner /usr/local/lib/python3.8/dist-packages/oslo_concurrency/lockutils.py:400}}
May 03 03:24:17.826171 n-d-840260-2 devstack@n-api.service[119156]: INFO nova.api.openstack.requestlog [None req-b2ba41f1-9a7e-4f91-8653-b77c3975ec50 tempest-ServicesAdminNegativeTestJSON-256801694 tempest-ServicesAdminNegativeTestJSON-256801694-project-admin] 10.222.0.24 "GET /compute/v2.1/os-services" status: 200 len: 944 microversion: 2.1 time: 0.038801
May 03 03:24:17.834596 n-d-840260-2 devstack@n-api.service[119156]: [pid: 119156|app: 0|req: 159/365] 10.222.0.24 () {58 vars in 1169 bytes} [Tue May 3 03:24:17 2022] GET /compute/v2.1/os-services?xxx=nova-compute => generated 944 bytes in 48 msecs (HTTP/1.1 200) 9 headers in 357 bytes (1 switches on core 0)
May 03 03:24:17.840370 n-d-840260-2 devstack@n-api.service[119156]: DEBUG nova.api.openstack.wsgi [None req-328c5852-ddad-4d31-bd27-c6a555f13155 tempest-AggregatesAdminTestV241-84893178 tempest-AggregatesAdminTestV241-84893178-project-admin] Calling method '>' {{(pid=119156) _process_stack /opt/stack/nova/nova/api/openstack/wsgi.py:513}}
May 03 03:24:17.841342 n-d-840260-2 devstack@n-api.service[119156]: /usr/local/lib/python3.8/dist-packages/oslo_policy/policy.py:1129: UserWarning: Policy "os_compute_api:os-aggregates:show": "rule:context_is_admin" failed scope check. The token used to make the request was project scoped but the policy requires ['system'] scope. This behavior may change in the future where using the intended scope is required
May 03 03:24:17.841342 n-d-840260-2 devstack@n-api.service[119156]: warnings.warn(msg)
