May 03 03:24:11.257664 n-d-840260-2 devstack@n-api.service[119155]: INFO nova.api.openstack.requestlog [None req-61ea5fcf-8653-4ba4-956e-3890518a433b tempest-MigrationsAdminTest-808937459 tempest-MigrationsAdminTest-808937459-project-admin] 10.222.0.24 "GET /compute/v2.1/servers/5f9bf669-bab0-4a9f-aed1-abd7d83c3c75" status: 200 len: 1612 microversion: 2.1 time: 1.019579
May 03 03:24:11.258545 n-d-840260-2 devstack@n-api.service[119155]: [pid: 119155|app: 0|req: 192/336] 10.222.0.24 () {58 vars in 1235 bytes} [Tue May 3 03:24:10 2022] GET /compute/v2.1/servers/5f9bf669-bab0-4a9f-aed1-abd7d83c3c75 => generated 1612 bytes in 1021 msecs (HTTP/1.1 200) 9 headers in 358 bytes (1 switches on core 0)
May 03 03:24:11.274369 n-d-840260-2 devstack@n-api.service[119156]: DEBUG nova.api.openstack.wsgi [None req-3d4ffbba-7c7a-4714-8a8b-889266c06f9d tempest-MigrationsAdminTest-808937459 tempest-MigrationsAdminTest-808937459-project-admin] Action: 'action', calling method: >, body: {"migrate": {}} {{(pid=119156) _process_stack /opt/stack/nova/nova/api/openstack/wsgi.py:511}}
May 03 03:24:11.274943 n-d-840260-2 devstack@n-api.service[119156]: DEBUG nova.compute.api [None req-3d4ffbba-7c7a-4714-8a8b-889266c06f9d tempest-MigrationsAdminTest-808937459 tempest-MigrationsAdminTest-808937459-project-admin] [instance: 5f9bf669-bab0-4a9f-aed1-abd7d83c3c75] Fetching instance by UUID {{(pid=119156) get /opt/stack/nova/nova/compute/api.py:2920}}
May 03 03:24:11.281355 n-d-840260-2 devstack@n-api.service[119156]: DEBUG oslo_concurrency.lockutils [None req-3d4ffbba-7c7a-4714-8a8b-889266c06f9d tempest-MigrationsAdminTest-808937459 tempest-MigrationsAdminTest-808937459-project-admin] Lock "d185ab06-b9a5-4bba-b6d9-af6a891763d3" acquired by "nova.context.set_target_cell..get_or_set_cached_cell_and_set_connections" :: waited 0.000s {{(pid=119156) inner /usr/local/lib/python3.8/dist-packages/oslo_concurrency/lockutils.py:386}}
May 03 03:24:11.281806 n-d-840260-2 devstack@n-api.service[119156]: DEBUG oslo_concurrency.lockutils [None req-3d4ffbba-7c7a-4714-8a8b-889266c06f9d tempest-MigrationsAdminTest-808937459 tempest-MigrationsAdminTest-808937459-project-admin] Lock "d185ab06-b9a5-4bba-b6d9-af6a891763d3" "released" by "nova.context.set_target_cell..get_or_set_cached_cell_and_set_connections" :: held 0.001s {{(pid=119156) inner /usr/local/lib/python3.8/dist-packages/oslo_concurrency/lockutils.py:400}}
May 03 03:24:11.282577 n-d-840260-2 devstack@n-api.service[119156]: DEBUG oslo_concurrency.lockutils [None req-3d4ffbba-7c7a-4714-8a8b-889266c06f9d tempest-MigrationsAdminTest-808937459 tempest-MigrationsAdminTest-808937459-project-admin] Lock "d185ab06-b9a5-4bba-b6d9-af6a891763d3" acquired by "nova.context.set_target_cell..get_or_set_cached_cell_and_set_connections" :: waited 0.000s {{(pid=119156) inner /usr/local/lib/python3.8/dist-packages/oslo_concurrency/lockutils.py:386}}
May 03 03:24:11.283011 n-d-840260-2 devstack@n-api.service[119156]: DEBUG oslo_concurrency.lockutils [None req-3d4ffbba-7c7a-4714-8a8b-889266c06f9d tempest-MigrationsAdminTest-808937459 tempest-MigrationsAdminTest-808937459-project-admin] Lock "d185ab06-b9a5-4bba-b6d9-af6a891763d3" "released" by "nova.context.set_target_cell..get_or_set_cached_cell_and_set_connections" :: held 0.000s {{(pid=119156) inner /usr/local/lib/python3.8/dist-packages/oslo_concurrency/lockutils.py:400}}
May 03 03:24:11.978882 n-d-840260-2 devstack@n-api.service[119155]: DEBUG nova.api.openstack.wsgi [None req-99f0bff8-7507-47ad-bdd4-cec18b27d08d tempest-ServersOnMultiNodesTest-50946082 tempest-ServersOnMultiNodesTest-50946082-project] Calling method '>' {{(pid=119155) _process_stack /opt/stack/nova/nova/api/openstack/wsgi.py:513}}
May 03 03:24:11.979649 n-d-840260-2 devstack@n-api.service[119155]: DEBUG nova.compute.api [None req-99f0bff8-7507-47ad-bdd4-cec18b27d08d tempest-ServersOnMultiNodesTest-50946082 tempest-ServersOnMultiNodesTest-50946082-project] [instance: 64f4772a-bc96-4ad5-a709-f9c8348ee201] Fetching instance by UUID {{(pid=119155) get /opt/stack/nova/nova/compute/api.py:2920}}
May 03 03:24:11.986227 n-d-840260-2 devstack@n-api.service[119155]: DEBUG oslo_concurrency.lockutils [None req-99f0bff8-7507-47ad-bdd4-cec18b27d08d tempest-ServersOnMultiNodesTest-50946082 tempest-ServersOnMultiNodesTest-50946082-project] Lock "d185ab06-b9a5-4bba-b6d9-af6a891763d3" acquired by "nova.context.set_target_cell..get_or_set_cached_cell_and_set_connections" :: waited 0.000s {{(pid=119155) inner /usr/local/lib/python3.8/dist-packages/oslo_concurrency/lockutils.py:386}}
May 03 03:24:11.986960 n-d-840260-2 devstack@n-api.service[119155]: DEBUG oslo_concurrency.lockutils [None req-99f0bff8-7507-47ad-bdd4-cec18b27d08d tempest-ServersOnMultiNodesTest-50946082 tempest-ServersOnMultiNodesTest-50946082-project] Lock "d185ab06-b9a5-4bba-b6d9-af6a891763d3" "released" by "nova.context.set_target_cell..get_or_set_cached_cell_and_set_connections" :: held 0.001s {{(pid=119155) inner /usr/local/lib/python3.8/dist-packages/oslo_concurrency/lockutils.py:400}}
May 03 03:24:11.987683 n-d-840260-2 devstack@n-api.service[119155]: DEBUG oslo_concurrency.lockutils [None req-99f0bff8-7507-47ad-bdd4-cec18b27d08d tempest-ServersOnMultiNodesTest-50946082 tempest-ServersOnMultiNodesTest-50946082-project] Lock "d185ab06-b9a5-4bba-b6d9-af6a891763d3" acquired by "nova.context.set_target_cell..get_or_set_cached_cell_and_set_connections" :: waited 0.000s {{(pid=119155) inner /usr/local/lib/python3.8/dist-packages/oslo_concurrency/lockutils.py:386}}
May 03 03:24:11.988910 n-d-840260-2 devstack@n-api.service[119155]: DEBUG oslo_concurrency.lockutils [None req-99f0bff8-7507-47ad-bdd4-cec18b27d08d tempest-ServersOnMultiNodesTest-50946082 tempest-ServersOnMultiNodesTest-50946082-project] Lock "d185ab06-b9a5-4bba-b6d9-af6a891763d3" "released" by "nova.context.set_target_cell..get_or_set_cached_cell_and_set_connections" :: held 0.001s {{(pid=119155) inner /usr/local/lib/python3.8/dist-packages/oslo_concurrency/lockutils.py:400}}
May 03 03:24:12.134208 n-d-840260-2 devstack@n-api.service[119155]: DEBUG nova.policy [None req-99f0bff8-7507-47ad-bdd4-cec18b27d08d tempest-ServersOnMultiNodesTest-50946082 tempest-ServersOnMultiNodesTest-50946082-project] Policy check for os_compute_api:os-extended-server-attributes failed with credentials {'is_admin': False, 'user_id': '2da3ab1217284b30a571e8f1df108502', 'user_domain_id': 'default', 'system_scope': None, 'domain_id': None, 'project_id': 'ee9085e5d93542f1bdd40c1c22a9644d', 'project_domain_id': 'default', 'roles': ['member', 'reader'], 'is_admin_project': True, 'service_user_id': None, 'service_user_domain_id': None, 'service_project_id': None, 'service_project_domain_id': None, 'service_roles': []} {{(pid=119155) authorize /opt/stack/nova/nova/policy.py:199}}
May 03 03:24:12.142311 n-d-840260-2 devstack@n-api.service[119155]: INFO nova.api.openstack.requestlog [None req-99f0bff8-7507-47ad-bdd4-cec18b27d08d tempest-ServersOnMultiNodesTest-50946082 tempest-ServersOnMultiNodesTest-50946082-project] 10.222.0.24 "GET /compute/v2.1/servers/64f4772a-bc96-4ad5-a709-f9c8348ee201" status: 200 len: 1467 microversion: 2.1 time: 0.167410
May 03 03:24:12.142875 n-d-840260-2 devstack@n-api.service[119155]: [pid: 119155|app: 0|req: 193/337] 10.222.0.24 () {58 vars in 1235 bytes} [Tue May 3 03:24:11 2022] GET /compute/v2.1/servers/64f4772a-bc96-4ad5-a709-f9c8348ee201 => generated 1467 bytes in 178 msecs (HTTP/1.1 200) 9 headers in 358 bytes (2 switches on core 0)
May 03 03:24:12.482291 n-d-840260-2 devstack@n-api.service[119155]: DEBUG nova.api.openstack.wsgi [None req-0337ce11-deae-4a6f-973f-765e9ba977d8 tempest-ServersOnMultiNodesTest-1822651983 tempest-ServersOnMultiNodesTest-1822651983-project-admin] Calling method '>' {{(pid=119155) _process_stack /opt/stack/nova/nova/api/openstack/wsgi.py:513}}
May 03 03:24:12.483027 n-d-840260-2 devstack@n-api.service[119155]: DEBUG nova.compute.api [None req-0337ce11-deae-4a6f-973f-765e9ba977d8 tempest-ServersOnMultiNodesTest-1822651983 tempest-ServersOnMultiNodesTest-1822651983-project-admin] [instance: 64f4772a-bc96-4ad5-a709-f9c8348ee201] Fetching instance by UUID {{(pid=119155) get /opt/stack/nova/nova/compute/api.py:2920}}
May 03 03:24:12.486015 n-d-840260-2 devstack@n-api.service[119156]: DEBUG nova.policy [None req-3d4ffbba-7c7a-4714-8a8b-889266c06f9d tempest-MigrationsAdminTest-808937459 tempest-MigrationsAdminTest-808937459-project-admin] Policy check for compute:servers:resize:cross_cell failed with credentials {'is_admin': True, 'user_id': '9b1c406a442f4a5c8cde8b88279ca664', 'user_domain_id': 'default', 'system_scope': None, 'domain_id': None, 'project_id': '47b7868193d345068592584c007f02a5', 'project_domain_id': 'default', 'roles': ['member', 'reader', 'admin'], 'is_admin_project': True, 'service_user_id': None, 'service_user_domain_id': None, 'service_project_id': None, 'service_project_domain_id': None, 'service_roles': []} {{(pid=119156) authorize /opt/stack/nova/nova/policy.py:199}}
May 03 03:24:12.487100 n-d-840260-2 devstack@n-api.service[119156]: DEBUG nova.compute.api [None req-3d4ffbba-7c7a-4714-8a8b-889266c06f9d tempest-MigrationsAdminTest-808937459 tempest-MigrationsAdminTest-808937459-project-admin] [instance: 5f9bf669-bab0-4a9f-aed1-abd7d83c3c75] flavor_id is None. Assuming migration. {{(pid=119156) resize /opt/stack/nova/nova/compute/api.py:4142}}
May 03 03:24:12.487872 n-d-840260-2 devstack@n-api.service[119156]: DEBUG nova.compute.api [None req-3d4ffbba-7c7a-4714-8a8b-889266c06f9d tempest-MigrationsAdminTest-808937459 tempest-MigrationsAdminTest-808937459-project-admin] [instance: 5f9bf669-bab0-4a9f-aed1-abd7d83c3c75] Old instance type m1.heat2, new instance type m1.heat2 {{(pid=119156) resize /opt/stack/nova/nova/compute/api.py:4166}}
May 03 03:24:12.491902 n-d-840260-2 devstack@n-api.service[119155]: DEBUG oslo_concurrency.lockutils [None req-0337ce11-deae-4a6f-973f-765e9ba977d8 tempest-ServersOnMultiNodesTest-1822651983 tempest-ServersOnMultiNodesTest-1822651983-project-admin] Lock "d185ab06-b9a5-4bba-b6d9-af6a891763d3" acquired by "nova.context.set_target_cell..get_or_set_cached_cell_and_set_connections" :: waited 0.000s {{(pid=119155) inner /usr/local/lib/python3.8/dist-packages/oslo_concurrency/lockutils.py:386}}
May 03 03:24:12.492494 n-d-840260-2 devstack@n-api.service[119155]: DEBUG oslo_concurrency.lockutils [None req-0337ce11-deae-4a6f-973f-765e9ba977d8 tempest-ServersOnMultiNodesTest-1822651983 tempest-ServersOnMultiNodesTest-1822651983-project-admin] Lock "d185ab06-b9a5-4bba-b6d9-af6a891763d3" "released" by "nova.context.set_target_cell..get_or_set_cached_cell_and_set_connections" :: held 0.001s {{(pid=119155) inner /usr/local/lib/python3.8/dist-packages/oslo_concurrency/lockutils.py:400}}
May 03 03:24:12.493417 n-d-840260-2 devstack@n-api.service[119155]: DEBUG oslo_concurrency.lockutils [None req-0337ce11-deae-4a6f-973f-765e9ba977d8 tempest-ServersOnMultiNodesTest-1822651983 tempest-ServersOnMultiNodesTest-1822651983-project-admin] Lock "d185ab06-b9a5-4bba-b6d9-af6a891763d3" acquired by "nova.context.set_target_cell..get_or_set_cached_cell_and_set_connections" :: waited 0.000s {{(pid=119155) inner /usr/local/lib/python3.8/dist-packages/oslo_concurrency/lockutils.py:386}}
May 03 03:24:12.494214 n-d-840260-2 devstack@n-api.service[119155]: DEBUG oslo_concurrency.lockutils [None req-0337ce11-deae-4a6f-973f-765e9ba977d8 tempest-ServersOnMultiNodesTest-1822651983 tempest-ServersOnMultiNodesTest-1822651983-project-admin] Lock "d185ab06-b9a5-4bba-b6d9-af6a891763d3" "released" by "nova.context.set_target_cell..get_or_set_cached_cell_and_set_connections" :: held 0.001s {{(pid=119155) inner /usr/local/lib/python3.8/dist-packages/oslo_concurrency/lockutils.py:400}}
May 03 03:24:12.779912 n-d-840260-2 devstack@n-api.service[119155]: INFO nova.api.openstack.requestlog [None req-0337ce11-deae-4a6f-973f-765e9ba977d8 tempest-ServersOnMultiNodesTest-1822651983 tempest-ServersOnMultiNodesTest-1822651983-project-admin] 10.222.0.24 "GET /compute/v2.1/servers/64f4772a-bc96-4ad5-a709-f9c8348ee201" status: 200 len: 1618 microversion: 2.1 time: 0.624537
May 03 03:24:12.780518 n-d-840260-2 devstack@n-api.service[119155]: [pid: 119155|app: 0|req: 194/338] 10.222.0.24 () {58 vars in 1235 bytes} [Tue May 3 03:24:12 2022] GET /compute/v2.1/servers/64f4772a-bc96-4ad5-a709-f9c8348ee201 => generated 1618 bytes in 626 msecs (HTTP/1.1 200) 9 headers in 358 bytes (2 switches on core 0)
May 03 03:24:12.798038 n-d-840260-2 devstack@n-api.service[119155]: DEBUG nova.api.openstack.wsgi [None req-8ba9201d-8357-4393-9b9d-95dcd8a2c2a1 tempest-ServersOnMultiNodesTest-50946082 tempest-ServersOnMultiNodesTest-50946082-project] Action: 'create', calling method: .version_select at 0x7f247fc6adc0>, body: {"server_group": {"name": "tempest-ServersOnMultiNodesTest-Server-Group-2084353243", "policies": ["affinity"]}} {{(pid=119155) _process_stack /opt/stack/nova/nova/api/openstack/wsgi.py:511}}
May 03 03:24:12.817570 n-d-840260-2 devstack@n-api.service[119155]: DEBUG nova.quota [None req-8ba9201d-8357-4393-9b9d-95dcd8a2c2a1 tempest-ServersOnMultiNodesTest-50946082 tempest-ServersOnMultiNodesTest-50946082-project] Getting quotas for project ee9085e5d93542f1bdd40c1c22a9644d. Resources: {'server_groups'} {{(pid=119155) _get_quotas /opt/stack/nova/nova/quota.py:393}}
May 03 03:24:12.823149 n-d-840260-2 devstack@n-api.service[119155]: DEBUG nova.quota [None req-8ba9201d-8357-4393-9b9d-95dcd8a2c2a1 tempest-ServersOnMultiNodesTest-50946082 tempest-ServersOnMultiNodesTest-50946082-project] Getting quotas for user 2da3ab1217284b30a571e8f1df108502 and project ee9085e5d93542f1bdd40c1c22a9644d. Resources: {'server_groups'} {{(pid=119155) _get_quotas /opt/stack/nova/nova/quota.py:383}}
May 03 03:24:12.931086 n-d-840260-2 devstack@n-api.service[119155]: DEBUG nova.quota [None req-8ba9201d-8357-4393-9b9d-95dcd8a2c2a1 tempest-ServersOnMultiNodesTest-50946082 tempest-ServersOnMultiNodesTest-50946082-project] Getting quotas for project ee9085e5d93542f1bdd40c1c22a9644d. Resources: {'server_groups'} {{(pid=119155) _get_quotas /opt/stack/nova/nova/quota.py:393}}
May 03 03:24:12.935991 n-d-840260-2 devstack@n-api.service[119155]: DEBUG nova.quota [None req-8ba9201d-8357-4393-9b9d-95dcd8a2c2a1 tempest-ServersOnMultiNodesTest-50946082 tempest-ServersOnMultiNodesTest-50946082-project] Getting quotas for user 2da3ab1217284b30a571e8f1df108502 and project ee9085e5d93542f1bdd40c1c22a9644d. Resources: {'server_groups'} {{(pid=119155) _get_quotas /opt/stack/nova/nova/quota.py:383}}
May 03 03:24:12.952709 n-d-840260-2 devstack@n-api.service[119155]: INFO nova.api.openstack.requestlog [None req-8ba9201d-8357-4393-9b9d-95dcd8a2c2a1 tempest-ServersOnMultiNodesTest-50946082 tempest-ServersOnMultiNodesTest-50946082-project] 10.222.0.24 "POST /compute/v2.1/os-server-groups" status: 200 len: 188 microversion: 2.1 time: 0.158594
May 03 03:24:12.953574 n-d-840260-2 devstack@n-api.service[119155]: [pid: 119155|app: 0|req: 195/339] 10.222.0.24 () {60 vars in 1173 bytes} [Tue May 3 03:24:12 2022] POST /compute/v2.1/os-server-groups => generated 188 bytes in 161 msecs (HTTP/1.1 200) 9 headers in 357 bytes (1 switches on core 0)
May 03 03:24:13.340054 n-d-840260-2 devstack@n-api.service[119155]: DEBUG nova.api.openstack.wsgi [None req-46607cbe-b64f-41ba-8713-da7cb37574c5 tempest-ServersOnMultiNodesTest-50946082 tempest-ServersOnMultiNodesTest-50946082-project] Action: 'create', calling method: >, body: {"server": {"name": "tempest-ServersOnMultiNodesTest-server-1945198665", "imageRef": "a14f4e88-b59b-490e-97cd-54b3c05cbbc7", "flavorRef": "452", "min_count": 2, "return_reservation_id": true}, "os:scheduler_hints": {"group": "f1b2d637-6bc6-4a7f-b807-f809ccb96c90"}} {{(pid=119155) _process_stack /opt/stack/nova/nova/api/openstack/wsgi.py:511}}
May 03 03:24:13.391157 n-d-840260-2 devstack@n-api.service[119155]: DEBUG nova.network.neutron [None req-46607cbe-b64f-41ba-8713-da7cb37574c5 tempest-ServersOnMultiNodesTest-50946082 tempest-ServersOnMultiNodesTest-50946082-project] validate_networks() for None {{(pid=119155) validate_networks /opt/stack/nova/nova/network/neutron.py:2608}}
May 03 03:24:13.619772 n-d-840260-2 devstack@n-api.service[119155]: DEBUG nova.virt.hardware [None req-46607cbe-b64f-41ba-8713-da7cb37574c5 tempest-ServersOnMultiNodesTest-50946082 tempest-ServersOnMultiNodesTest-50946082-project] Flavor limits 0:0:0 {{(pid=119155) get_cpu_topology_constraints /opt/stack/nova/nova/virt/hardware.py:343}}
May 03 03:24:13.620780 n-d-840260-2 devstack@n-api.service[119155]: DEBUG nova.virt.hardware [None req-46607cbe-b64f-41ba-8713-da7cb37574c5 tempest-ServersOnMultiNodesTest-50946082 tempest-ServersOnMultiNodesTest-50946082-project] Image limits 0:0:0 {{(pid=119155) get_cpu_topology_constraints /opt/stack/nova/nova/virt/hardware.py:347}}
May 03 03:24:13.621249 n-d-840260-2 devstack@n-api.service[119155]: DEBUG nova.virt.hardware [None req-46607cbe-b64f-41ba-8713-da7cb37574c5 tempest-ServersOnMultiNodesTest-50946082 tempest-ServersOnMultiNodesTest-50946082-project] Flavor pref 0:0:0 {{(pid=119155) get_cpu_topology_constraints /opt/stack/nova/nova/virt/hardware.py:383}}
May 03 03:24:13.621647 n-d-840260-2 devstack@n-api.service[119155]: DEBUG nova.virt.hardware [None req-46607cbe-b64f-41ba-8713-da7cb37574c5 tempest-ServersOnMultiNodesTest-50946082 tempest-ServersOnMultiNodesTest-50946082-project] Image pref 0:0:0 {{(pid=119155) get_cpu_topology_constraints /opt/stack/nova/nova/virt/hardware.py:387}}
May 03 03:24:13.622228 n-d-840260-2 devstack@n-api.service[119155]: DEBUG nova.virt.hardware [None req-46607cbe-b64f-41ba-8713-da7cb37574c5 tempest-ServersOnMultiNodesTest-50946082 tempest-ServersOnMultiNodesTest-50946082-project] Chose sockets=0, cores=0, threads=0; limits were sockets=65536, cores=65536, threads=65536 {{(pid=119155) get_cpu_topology_constraints /opt/stack/nova/nova/virt/hardware.py:425}}
May 03 03:24:13.649386 n-d-840260-2 devstack@n-api.service[119155]: DEBUG oslo_concurrency.lockutils [None req-46607cbe-b64f-41ba-8713-da7cb37574c5 tempest-ServersOnMultiNodesTest-50946082 tempest-ServersOnMultiNodesTest-50946082-project] Lock "00000000-0000-0000-0000-000000000000" acquired by "nova.context.set_target_cell..get_or_set_cached_cell_and_set_connections" :: waited 0.000s {{(pid=119155) inner /usr/local/lib/python3.8/dist-packages/oslo_concurrency/lockutils.py:386}}
May 03 03:24:13.651027 n-d-840260-2 devstack@n-api.service[119155]: DEBUG oslo_concurrency.lockutils [None req-46607cbe-b64f-41ba-8713-da7cb37574c5 tempest-ServersOnMultiNodesTest-50946082 tempest-ServersOnMultiNodesTest-50946082-project] Lock "00000000-0000-0000-0000-000000000000" "released" by "nova.context.set_target_cell..get_or_set_cached_cell_and_set_connections" :: held 0.001s {{(pid=119155) inner /usr/local/lib/python3.8/dist-packages/oslo_concurrency/lockutils.py:400}}
May 03 03:24:13.652224 n-d-840260-2 devstack@n-api.service[119155]: DEBUG oslo_concurrency.lockutils [None req-46607cbe-b64f-41ba-8713-da7cb37574c5 tempest-ServersOnMultiNodesTest-50946082 tempest-ServersOnMultiNodesTest-50946082-project] Lock "d185ab06-b9a5-4bba-b6d9-af6a891763d3" acquired by "nova.context.set_target_cell..get_or_set_cached_cell_and_set_connections" :: waited 0.000s {{(pid=119155) inner /usr/local/lib/python3.8/dist-packages/oslo_concurrency/lockutils.py:386}}
May 03 03:24:13.652694 n-d-840260-2 devstack@n-api.service[119155]: DEBUG oslo_concurrency.lockutils [None req-46607cbe-b64f-41ba-8713-da7cb37574c5 tempest-ServersOnMultiNodesTest-50946082 tempest-ServersOnMultiNodesTest-50946082-project] Lock "d185ab06-b9a5-4bba-b6d9-af6a891763d3" "released" by "nova.context.set_target_cell..get_or_set_cached_cell_and_set_connections" :: held 0.001s {{(pid=119155) inner /usr/local/lib/python3.8/dist-packages/oslo_concurrency/lockutils.py:400}}
May 03 03:24:13.670867 n-d-840260-2 devstack@n-api.service[119155]: DEBUG nova.quota [None req-46607cbe-b64f-41ba-8713-da7cb37574c5 tempest-ServersOnMultiNodesTest-50946082 tempest-ServersOnMultiNodesTest-50946082-project] Getting quotas for project ee9085e5d93542f1bdd40c1c22a9644d. Resources: {'instances', 'cores', 'ram'} {{(pid=119155) _get_quotas /opt/stack/nova/nova/quota.py:393}}
May 03 03:24:13.676456 n-d-840260-2 devstack@n-api.service[119155]: DEBUG nova.quota [None req-46607cbe-b64f-41ba-8713-da7cb37574c5 tempest-ServersOnMultiNodesTest-50946082 tempest-ServersOnMultiNodesTest-50946082-project] Getting quotas for user 2da3ab1217284b30a571e8f1df108502 and project ee9085e5d93542f1bdd40c1c22a9644d. Resources: {'instances', 'cores', 'ram'} {{(pid=119155) _get_quotas /opt/stack/nova/nova/quota.py:383}}
May 03 03:24:13.689820 n-d-840260-2 devstack@n-api.service[119155]: DEBUG nova.compute.api [None req-46607cbe-b64f-41ba-8713-da7cb37574c5 tempest-ServersOnMultiNodesTest-50946082 tempest-ServersOnMultiNodesTest-50946082-project] Going to run 2 instances... {{(pid=119155) _provision_instances /opt/stack/nova/nova/compute/api.py:1389}}
May 03 03:24:13.692144 n-d-840260-2 devstack@n-api.service[119155]: DEBUG nova.compute.api [None req-46607cbe-b64f-41ba-8713-da7cb37574c5 tempest-ServersOnMultiNodesTest-50946082 tempest-ServersOnMultiNodesTest-50946082-project] [instance: c5800ee5-0f98-4786-9a6e-2ad9a0837a43] block_device_mapping [BlockDeviceMapping(attachment_id=,boot_index=0,connection_info=None,created_at=,delete_on_termination=True,deleted=,deleted_at=,destination_type='local',device_name=None,device_type='disk',disk_bus=None,guest_format=None,id=,image_id='a14f4e88-b59b-490e-97cd-54b3c05cbbc7',instance=,instance_uuid=,no_device=False,snapshot_id=None,source_type='image',tag=None,updated_at=,uuid=,volume_id=None,volume_size=None,volume_type=None)] {{(pid=119155) _bdm_validate_set_size_and_instance /opt/stack/nova/nova/compute/api.py:1807}}
May 03 03:24:13.758720 n-d-840260-2 devstack@n-api.service[119156]: INFO nova.api.openstack.requestlog [None req-3d4ffbba-7c7a-4714-8a8b-889266c06f9d tempest-MigrationsAdminTest-808937459 tempest-MigrationsAdminTest-808937459-project-admin] 10.222.0.24 "POST /compute/v2.1/servers/5f9bf669-bab0-4a9f-aed1-abd7d83c3c75/action" status: 202 len: 0 microversion: 2.1 time: 2.487893
May 03 03:24:13.763029 n-d-840260-2 devstack@n-api.service[119156]: [pid: 119156|app: 0|req: 145/340] 10.222.0.24 () {60 vars in 1277 bytes} [Tue May 3 03:24:11 2022] POST /compute/v2.1/servers/5f9bf669-bab0-4a9f-aed1-abd7d83c3c75/action => generated 0 bytes in 2493 msecs (HTTP/1.1 202) 9 headers in 361 bytes (1 switches on core 0)
May 03 03:24:13.768153 n-d-840260-2 devstack@n-api.service[119156]: DEBUG nova.api.openstack.wsgi [None req-c9aed7cd-7802-471a-98e8-63a97018f413 tempest-MigrationsAdminTest-1260554728 tempest-MigrationsAdminTest-1260554728-project] Calling method '>' {{(pid=119156) _process_stack /opt/stack/nova/nova/api/openstack/wsgi.py:513}}
May 03 03:24:13.768953 n-d-840260-2 devstack@n-api.service[119156]: DEBUG nova.compute.api [None req-c9aed7cd-7802-471a-98e8-63a97018f413 tempest-MigrationsAdminTest-1260554728 tempest-MigrationsAdminTest-1260554728-project] [instance: 5f9bf669-bab0-4a9f-aed1-abd7d83c3c75] Fetching instance by UUID {{(pid=119156) get /opt/stack/nova/nova/compute/api.py:2920}}
May 03 03:24:13.775059 n-d-840260-2 devstack@n-api.service[119156]: DEBUG oslo_concurrency.lockutils [None req-c9aed7cd-7802-471a-98e8-63a97018f413 tempest-MigrationsAdminTest-1260554728 tempest-MigrationsAdminTest-1260554728-project] Lock "d185ab06-b9a5-4bba-b6d9-af6a891763d3" acquired by "nova.context.set_target_cell..get_or_set_cached_cell_and_set_connections" :: waited 0.000s {{(pid=119156) inner /usr/local/lib/python3.8/dist-packages/oslo_concurrency/lockutils.py:386}}
May 03 03:24:13.775554 n-d-840260-2 devstack@n-api.service[119156]: DEBUG oslo_concurrency.lockutils [None req-c9aed7cd-7802-471a-98e8-63a97018f413 tempest-MigrationsAdminTest-1260554728 tempest-MigrationsAdminTest-1260554728-project] Lock "d185ab06-b9a5-4bba-b6d9-af6a891763d3" "released" by "nova.context.set_target_cell..get_or_set_cached_cell_and_set_connections" :: held 0.001s {{(pid=119156) inner /usr/local/lib/python3.8/dist-packages/oslo_concurrency/lockutils.py:400}}
May 03 03:24:13.776410 n-d-840260-2 devstack@n-api.service[119156]: DEBUG oslo_concurrency.lockutils [None req-c9aed7cd-7802-471a-98e8-63a97018f413 tempest-MigrationsAdminTest-1260554728 tempest-MigrationsAdminTest-1260554728-project] Lock "d185ab06-b9a5-4bba-b6d9-af6a891763d3" acquired by "nova.context.set_target_cell..get_or_set_cached_cell_and_set_connections" :: waited 0.000s {{(pid=119156) inner /usr/local/lib/python3.8/dist-packages/oslo_concurrency/lockutils.py:386}}
May 03 03:24:13.777015 n-d-840260-2 devstack@n-api.service[119156]: DEBUG oslo_concurrency.lockutils [None req-c9aed7cd-7802-471a-98e8-63a97018f413 tempest-MigrationsAdminTest-1260554728 tempest-MigrationsAdminTest-1260554728-project] Lock "d185ab06-b9a5-4bba-b6d9-af6a891763d3" "released" by "nova.context.set_target_cell..get_or_set_cached_cell_and_set_connections" :: held 0.001s {{(pid=119156) inner /usr/local/lib/python3.8/dist-packages/oslo_concurrency/lockutils.py:400}}
May 03 03:24:13.828827 n-d-840260-2 devstack@n-api.service[119155]: DEBUG nova.quota [None req-46607cbe-b64f-41ba-8713-da7cb37574c5 tempest-ServersOnMultiNodesTest-50946082 tempest-ServersOnMultiNodesTest-50946082-project] Checking whether user_id and queued_for_delete are populated for all projects {{(pid=119155) is_qfd_populated /opt/stack/nova/nova/quota.py:1268}}
May 03 03:24:13.853513 n-d-840260-2 devstack@n-api.service[119155]: DEBUG nova.quota [None req-46607cbe-b64f-41ba-8713-da7cb37574c5 tempest-ServersOnMultiNodesTest-50946082 tempest-ServersOnMultiNodesTest-50946082-project] Getting quotas for project ee9085e5d93542f1bdd40c1c22a9644d. Resources: {'server_group_members'} {{(pid=119155) _get_quotas /opt/stack/nova/nova/quota.py:393}}
May 03 03:24:13.858880 n-d-840260-2 devstack@n-api.service[119155]: DEBUG nova.quota [None req-46607cbe-b64f-41ba-8713-da7cb37574c5 tempest-ServersOnMultiNodesTest-50946082 tempest-ServersOnMultiNodesTest-50946082-project] Getting quotas for user 2da3ab1217284b30a571e8f1df108502 and project ee9085e5d93542f1bdd40c1c22a9644d. Resources: {'server_group_members'} {{(pid=119155) _get_quotas /opt/stack/nova/nova/quota.py:383}}
May 03 03:24:13.924997 n-d-840260-2 devstack@n-api.service[119156]: DEBUG nova.policy [None req-c9aed7cd-7802-471a-98e8-63a97018f413 tempest-MigrationsAdminTest-1260554728 tempest-MigrationsAdminTest-1260554728-project] Policy check for os_compute_api:os-extended-server-attributes failed with credentials {'is_admin': False, 'user_id': '30f7157270774136a4839ca5e08b409c', 'user_domain_id': 'default', 'system_scope': None, 'domain_id': None, 'project_id': '44b4ac37fe2e490ea924835f61805eda', 'project_domain_id': 'default', 'roles': ['member', 'reader'], 'is_admin_project': True, 'service_user_id': None, 'service_user_domain_id': None, 'service_project_id': None, 'service_project_domain_id': None, 'service_roles': []} {{(pid=119156) authorize /opt/stack/nova/nova/policy.py:199}}
May 03 03:24:13.930424 n-d-840260-2 devstack@n-api.service[119156]: INFO nova.api.openstack.requestlog [None req-c9aed7cd-7802-471a-98e8-63a97018f413 tempest-MigrationsAdminTest-1260554728 tempest-MigrationsAdminTest-1260554728-project] 10.222.0.24 "GET /compute/v2.1/servers/5f9bf669-bab0-4a9f-aed1-abd7d83c3c75" status: 200 len: 1470 microversion: 2.1 time: 0.166160
May 03 03:24:13.931011 n-d-840260-2 devstack@n-api.service[119156]: [pid: 119156|app: 0|req: 146/341] 10.222.0.24 () {58 vars in 1235 bytes} [Tue May 3 03:24:13 2022] GET /compute/v2.1/servers/5f9bf669-bab0-4a9f-aed1-abd7d83c3c75 => generated 1470 bytes in 167 msecs (HTTP/1.1 200) 9 headers in 358 bytes (1 switches on core 0)
May 03 03:24:13.965013 n-d-840260-2 devstack@n-api.service[119155]: DEBUG nova.quota [None req-46607cbe-b64f-41ba-8713-da7cb37574c5 tempest-ServersOnMultiNodesTest-50946082 tempest-ServersOnMultiNodesTest-50946082-project] Getting quotas for project ee9085e5d93542f1bdd40c1c22a9644d. Resources: {'server_group_members'} {{(pid=119155) _get_quotas /opt/stack/nova/nova/quota.py:393}}
May 03 03:24:13.970059 n-d-840260-2 devstack@n-api.service[119155]: DEBUG nova.quota [None req-46607cbe-b64f-41ba-8713-da7cb37574c5 tempest-ServersOnMultiNodesTest-50946082 tempest-ServersOnMultiNodesTest-50946082-project] Getting quotas for user 2da3ab1217284b30a571e8f1df108502 and project ee9085e5d93542f1bdd40c1c22a9644d. Resources: {'server_group_members'} {{(pid=119155) _get_quotas /opt/stack/nova/nova/quota.py:383}}
May 03 03:24:13.984622 n-d-840260-2 devstack@n-api.service[119155]: DEBUG nova.compute.api [None req-46607cbe-b64f-41ba-8713-da7cb37574c5 tempest-ServersOnMultiNodesTest-50946082 tempest-ServersOnMultiNodesTest-50946082-project] [instance: 32c1cf07-ba9f-4d7e-9a81-018a23c1d54a] block_device_mapping [BlockDeviceMapping(attachment_id=,boot_index=0,connection_info=None,created_at=,delete_on_termination=True,deleted=,deleted_at=,destination_type='local',device_name=None,device_type='disk',disk_bus=None,guest_format=None,id=,image_id='a14f4e88-b59b-490e-97cd-54b3c05cbbc7',instance=,instance_uuid=c5800ee5-0f98-4786-9a6e-2ad9a0837a43,no_device=False,snapshot_id=None,source_type='image',tag=None,updated_at=,uuid=,volume_id=None,volume_size=None,volume_type=None)] {{(pid=119155) _bdm_validate_set_size_and_instance /opt/stack/nova/nova/compute/api.py:1807}}
May 03 03:24:14.131735 n-d-840260-2 devstack@n-api.service[119155]: DEBUG nova.quota [None req-46607cbe-b64f-41ba-8713-da7cb37574c5 tempest-ServersOnMultiNodesTest-50946082 tempest-ServersOnMultiNodesTest-50946082-project] Getting quotas for project ee9085e5d93542f1bdd40c1c22a9644d. Resources: {'server_group_members'} {{(pid=119155) _get_quotas /opt/stack/nova/nova/quota.py:393}}
May 03 03:24:14.136696 n-d-840260-2 devstack@n-api.service[119155]: DEBUG nova.quota [None req-46607cbe-b64f-41ba-8713-da7cb37574c5 tempest-ServersOnMultiNodesTest-50946082 tempest-ServersOnMultiNodesTest-50946082-project] Getting quotas for user 2da3ab1217284b30a571e8f1df108502 and project ee9085e5d93542f1bdd40c1c22a9644d. Resources: {'server_group_members'} {{(pid=119155) _get_quotas /opt/stack/nova/nova/quota.py:383}}
May 03 03:24:14.247832 n-d-840260-2 devstack@n-api.service[119155]: DEBUG nova.quota [None req-46607cbe-b64f-41ba-8713-da7cb37574c5 tempest-ServersOnMultiNodesTest-50946082 tempest-ServersOnMultiNodesTest-50946082-project] Getting quotas for project ee9085e5d93542f1bdd40c1c22a9644d. Resources: {'server_group_members'} {{(pid=119155) _get_quotas /opt/stack/nova/nova/quota.py:393}}
May 03 03:24:14.253830 n-d-840260-2 devstack@n-api.service[119155]: DEBUG nova.quota [None req-46607cbe-b64f-41ba-8713-da7cb37574c5 tempest-ServersOnMultiNodesTest-50946082 tempest-ServersOnMultiNodesTest-50946082-project] Getting quotas for user 2da3ab1217284b30a571e8f1df108502 and project ee9085e5d93542f1bdd40c1c22a9644d. Resources: {'server_group_members'} {{(pid=119155) _get_quotas /opt/stack/nova/nova/quota.py:383}}
May 03 03:24:14.273609 n-d-840260-2 devstack@n-api.service[119156]: DEBUG nova.api.openstack.wsgi [None req-0a5dfea8-1975-4766-9353-df744cf5992a tempest-FlavorsAccessTestJSON-106182281 tempest-FlavorsAccessTestJSON-106182281-project-admin] Action: 'create', calling method: >, body: {"flavor": {"ram": 512, "vcpus": 1, "disk": 10, "name": "tempest-FlavorsAccessTestJSON-flavor-1610586472", "id": 190501037, "os-flavor-access:is_public": "False"}} {{(pid=119156) _process_stack /opt/stack/nova/nova/api/openstack/wsgi.py:511}}
May 03 03:24:14.277339 n-d-840260-2 devstack@n-api.service[119156]: /usr/local/lib/python3.8/dist-packages/oslo_policy/policy.py:1129: UserWarning: Policy "os_compute_api:os-flavor-manage:create": "rule:context_is_admin" failed scope check. The token used to make the request was project scoped but the policy requires ['system'] scope. This behavior may change in the future where using the intended scope is required
May 03 03:24:14.277339 n-d-840260-2 devstack@n-api.service[119156]: warnings.warn(msg)
May 03 03:24:14.295196 n-d-840260-2 devstack@n-api.service[119155]: INFO nova.api.openstack.requestlog [None req-46607cbe-b64f-41ba-8713-da7cb37574c5 tempest-ServersOnMultiNodesTest-50946082 tempest-ServersOnMultiNodesTest-50946082-project] 10.222.0.24 "POST /compute/v2.1/servers" status: 202 len: 32 microversion: 2.1 time: 0.959251
May 03 03:24:14.295673 n-d-840260-2 devstack@n-api.service[119155]: [pid: 119155|app: 0|req: 196/342] 10.222.0.24 () {60 vars in 1146 bytes} [Tue May 3 03:24:13 2022] POST /compute/v2.1/servers => generated 32 bytes in 961 msecs (HTTP/1.1 202) 9 headers in 362 bytes (2 switches on core 0)
May 03 03:24:14.310484 n-d-840260-2 devstack@n-api.service[119155]: DEBUG nova.api.openstack.wsgi [None req-7145350f-2e5c-41c0-b186-58d6d1746cfa tempest-ServersOnMultiNodesTest-50946082 tempest-ServersOnMultiNodesTest-50946082-project] Calling method '>' {{(pid=119155) _process_stack /opt/stack/nova/nova/api/openstack/wsgi.py:513}}
May 03 03:24:14.320231 n-d-840260-2 devstack@n-api.service[119155]: DEBUG nova.policy [None req-7145350f-2e5c-41c0-b186-58d6d1746cfa tempest-ServersOnMultiNodesTest-50946082 tempest-ServersOnMultiNodesTest-50946082-project] Policy check for os_compute_api:servers:allow_all_filters failed with credentials {'is_admin': False, 'user_id': '2da3ab1217284b30a571e8f1df108502', 'user_domain_id': 'default', 'system_scope': None, 'domain_id': None, 'project_id': 'ee9085e5d93542f1bdd40c1c22a9644d', 'project_domain_id': 'default', 'roles': ['member', 'reader'], 'is_admin_project': True, 'service_user_id': None, 'service_user_domain_id': None, 'service_project_id': None, 'service_project_domain_id': None, 'service_roles': []} {{(pid=119155) authorize /opt/stack/nova/nova/policy.py:199}}
May 03 03:24:14.321790 n-d-840260-2 devstack@n-api.service[119155]: DEBUG nova.compute.api [None req-7145350f-2e5c-41c0-b186-58d6d1746cfa tempest-ServersOnMultiNodesTest-50946082 tempest-ServersOnMultiNodesTest-50946082-project] Searching by: {'deleted': False, 'project_id': 'ee9085e5d93542f1bdd40c1c22a9644d'} {{(pid=119155) get_all /opt/stack/nova/nova/compute/api.py:2962}}
May 03 03:24:14.346172 n-d-840260-2 devstack@n-api.service[119155]: DEBUG oslo_concurrency.lockutils [None req-7145350f-2e5c-41c0-b186-58d6d1746cfa tempest-ServersOnMultiNodesTest-50946082 tempest-ServersOnMultiNodesTest-50946082-project] Lock "00000000-0000-0000-0000-000000000000" acquired by "nova.context.set_target_cell..get_or_set_cached_cell_and_set_connections" :: waited 0.000s {{(pid=119155) inner /usr/local/lib/python3.8/dist-packages/oslo_concurrency/lockutils.py:386}}
May 03 03:24:14.351096 n-d-840260-2 devstack@n-api.service[119155]: DEBUG oslo_concurrency.lockutils [None req-7145350f-2e5c-41c0-b186-58d6d1746cfa tempest-ServersOnMultiNodesTest-50946082 tempest-ServersOnMultiNodesTest-50946082-project] Lock "00000000-0000-0000-0000-000000000000" "released" by "nova.context.set_target_cell..get_or_set_cached_cell_and_set_connections" :: held 0.001s {{(pid=119155) inner /usr/local/lib/python3.8/dist-packages/oslo_concurrency/lockutils.py:400}}
May 03 03:24:14.351235 n-d-840260-2 devstack@n-api.service[119156]: INFO nova.api.openstack.requestlog [None req-0a5dfea8-1975-4766-9353-df744cf5992a tempest-FlavorsAccessTestJSON-106182281 tempest-FlavorsAccessTestJSON-106182281-project-admin] 10.222.0.24 "POST /compute/v2.1/flavors" status: 200 len: 428 microversion: 2.1 time: 0.396091
May 03 03:24:14.351366 n-d-840260-2 devstack@n-api.service[119155]: DEBUG oslo_concurrency.lockutils [None req-7145350f-2e5c-41c0-b186-58d6d1746cfa tempest-ServersOnMultiNodesTest-50946082 tempest-ServersOnMultiNodesTest-50946082-project] Lock "d185ab06-b9a5-4bba-b6d9-af6a891763d3" acquired by "nova.context.set_target_cell..get_or_set_cached_cell_and_set_connections" :: waited 0.000s {{(pid=119155) inner /usr/local/lib/python3.8/dist-packages/oslo_concurrency/lockutils.py:386}}
May 03 03:24:14.351472 n-d-840260-2 devstack@n-api.service[119156]: [pid: 119156|app: 0|req: 147/343] 10.222.0.24 () {60 vars in 1146 bytes} [Tue May 3 03:24:13 2022] POST /compute/v2.1/flavors => generated 428 bytes in 399 msecs (HTTP/1.1 200) 9 headers in 357 bytes (2 switches on core 0)
May 03 03:24:14.351565 n-d-840260-2 devstack@n-api.service[119155]: DEBUG oslo_concurrency.lockutils [None req-7145350f-2e5c-41c0-b186-58d6d1746cfa tempest-ServersOnMultiNodesTest-50946082 tempest-ServersOnMultiNodesTest-50946082-project] Lock "d185ab06-b9a5-4bba-b6d9-af6a891763d3" "released" by "nova.context.set_target_cell..get_or_set_cached_cell_and_set_connections" :: held 0.001s {{(pid=119155) inner /usr/local/lib/python3.8/dist-packages/oslo_concurrency/lockutils.py:400}}
May 03 03:24:14.360962 n-d-840260-2 devstack@n-api.service[119156]: DEBUG nova.api.openstack.wsgi [None req-73c1e500-429a-4e74-a58e-176818cb7f0e tempest-FlavorsAccessTestJSON-106182281 tempest-FlavorsAccessTestJSON-106182281-project-admin] Action: 'action', calling method: >, body: {"addTenantAccess": {"tenant": "0409b3f5e1564367b1b801b3873f0ea4"}} {{(pid=119156) _process_stack /opt/stack/nova/nova/api/openstack/wsgi.py:511}}
May 03 03:24:14.371895 n-d-840260-2 devstack@n-api.service[119156]: /usr/local/lib/python3.8/dist-packages/oslo_policy/policy.py:1129: UserWarning: Policy "os_compute_api:os-flavor-access:add_tenant_access": "rule:context_is_admin" failed scope check. The token used to make the request was project scoped but the policy requires ['system'] scope. This behavior may change in the future where using the intended scope is required
May 03 03:24:14.371895 n-d-840260-2 devstack@n-api.service[119156]: warnings.warn(msg)
May 03 03:24:14.459782 n-d-840260-2 devstack@n-api.service[119155]: DEBUG nova.compute.multi_cell_list [None req-7145350f-2e5c-41c0-b186-58d6d1746cfa tempest-ServersOnMultiNodesTest-50946082 tempest-ServersOnMultiNodesTest-50946082-project] Listed batch of 1 results from cell out of 998 limit. Returned 1 total so far. {{(pid=119155) do_query /opt/stack/nova/nova/compute/multi_cell_list.py:373}}
May 03 03:24:14.564825 n-d-840260-2 devstack@n-api.service[119155]: INFO nova.api.openstack.requestlog [None req-7145350f-2e5c-41c0-b186-58d6d1746cfa tempest-ServersOnMultiNodesTest-50946082 tempest-ServersOnMultiNodesTest-50946082-project] 10.222.0.24 "GET /compute/v2.1/servers" status: 200 len: 1004 microversion: 2.1 time: 0.260027
May 03 03:24:14.565506 n-d-840260-2 devstack@n-api.service[119155]: [pid: 119155|app: 0|req: 197/344] 10.222.0.24 () {58 vars in 1124 bytes} [Tue May 3 03:24:14 2022] GET /compute/v2.1/servers => generated 1004 bytes in 261 msecs (HTTP/1.1 200) 9 headers in 358 bytes (1 switches on core 0)
May 03 03:24:14.578523 n-d-840260-2 devstack@n-api.service[119155]: DEBUG nova.api.openstack.wsgi [None req-e3d40c28-5ed6-4a37-b0ef-98ae98f49247 tempest-ServersOnMultiNodesTest-50946082 tempest-ServersOnMultiNodesTest-50946082-project] Calling method '>' {{(pid=119155) _process_stack /opt/stack/nova/nova/api/openstack/wsgi.py:513}}
May 03 03:24:14.579552 n-d-840260-2 devstack@n-api.service[119155]: DEBUG nova.compute.api [None req-e3d40c28-5ed6-4a37-b0ef-98ae98f49247 tempest-ServersOnMultiNodesTest-50946082 tempest-ServersOnMultiNodesTest-50946082-project] [instance: 32c1cf07-ba9f-4d7e-9a81-018a23c1d54a] Fetching instance by UUID {{(pid=119155) get /opt/stack/nova/nova/compute/api.py:2920}}
May 03 03:24:14.633195 n-d-840260-2 devstack@n-api.service[119155]: DEBUG nova.policy [None req-e3d40c28-5ed6-4a37-b0ef-98ae98f49247 tempest-ServersOnMultiNodesTest-50946082 tempest-ServersOnMultiNodesTest-50946082-project] Policy check for os_compute_api:os-extended-server-attributes failed with credentials {'is_admin': False, 'user_id': '2da3ab1217284b30a571e8f1df108502', 'user_domain_id': 'default', 'system_scope': None, 'domain_id': None, 'project_id': 'ee9085e5d93542f1bdd40c1c22a9644d', 'project_domain_id': 'default', 'roles': ['member', 'reader'], 'is_admin_project': True, 'service_user_id': None, 'service_user_domain_id': None, 'service_project_id': None, 'service_project_domain_id': None, 'service_roles': []} {{(pid=119155) authorize /opt/stack/nova/nova/policy.py:199}}
May 03 03:24:14.644552 n-d-840260-2 devstack@n-api.service[119155]: INFO nova.api.openstack.requestlog [None req-e3d40c28-5ed6-4a37-b0ef-98ae98f49247 tempest-ServersOnMultiNodesTest-50946082 tempest-ServersOnMultiNodesTest-50946082-project] 10.222.0.24 "GET /compute/v2.1/servers/32c1cf07-ba9f-4d7e-9a81-018a23c1d54a" status: 200 len: 1219 microversion: 2.1 time: 0.071758
May 03 03:24:14.654746 n-d-840260-2 devstack@n-api.service[119155]: [pid: 119155|app: 0|req: 198/345] 10.222.0.24 () {58 vars in 1235 bytes} [Tue May 3 03:24:14 2022] GET /compute/v2.1/servers/32c1cf07-ba9f-4d7e-9a81-018a23c1d54a => generated 1219 bytes in 73 msecs (HTTP/1.1 200) 9 headers in 358 bytes (1 switches on core 0)
May 03 03:24:14.964257 n-d-840260-2 devstack@n-api.service[119155]: DEBUG nova.api.openstack.wsgi [None req-55a91096-bae7-4dbd-8c27-6c1fb8238385 tempest-InstanceUsageAuditLogNegativeTestJSON-1050354564 tempest-InstanceUsageAuditLogNegativeTestJSON-1050354564-project-admin] Calling method '>' {{(pid=119155) _process_stack /opt/stack/nova/nova/api/openstack/wsgi.py:513}}
May 03 03:24:14.965377 n-d-840260-2 devstack@n-api.service[119155]: /usr/local/lib/python3.8/dist-packages/oslo_policy/policy.py:1129: UserWarning: Policy "os_compute_api:os-instance-usage-audit-log:show": "rule:context_is_admin" failed scope check. The token used to make the request was project scoped but the policy requires ['system'] scope. This behavior may change in the future where using the intended scope is required
May 03 03:24:14.965377 n-d-840260-2 devstack@n-api.service[119155]: warnings.warn(msg)
May 03 03:24:14.969318 n-d-840260-2 devstack@n-api.service[119155]: INFO nova.api.openstack.wsgi [None req-55a91096-bae7-4dbd-8c27-6c1fb8238385 tempest-InstanceUsageAuditLogNegativeTestJSON-1050354564 tempest-InstanceUsageAuditLogNegativeTestJSON-1050354564-project-admin] HTTP exception thrown: Invalid timestamp for date invalid_time
May 03 03:24:14.970964 n-d-840260-2 devstack@n-api.service[119155]: DEBUG nova.api.openstack.wsgi [None req-55a91096-bae7-4dbd-8c27-6c1fb8238385 tempest-InstanceUsageAuditLogNegativeTestJSON-1050354564 tempest-InstanceUsageAuditLogNegativeTestJSON-1050354564-project-admin] Returning 400 to user: Invalid timestamp for date invalid_time {{(pid=119155) __call__ /opt/stack/nova/nova/api/openstack/wsgi.py:936}}
May 03 03:24:14.973763 n-d-840260-2 devstack@n-api.service[119155]: INFO nova.api.openstack.requestlog [None req-55a91096-bae7-4dbd-8c27-6c1fb8238385 tempest-InstanceUsageAuditLogNegativeTestJSON-1050354564 tempest-InstanceUsageAuditLogNegativeTestJSON-1050354564-project-admin] 10.222.0.24 "GET /compute/v2.1/os-instance_usage_audit_log/invalid_time" status: 400 len: 83 microversion: 2.1 time: 0.327533
May 03 03:24:14.976563 n-d-840260-2 devstack@n-api.service[119155]: [pid: 119155|app: 0|req: 199/346] 10.222.0.24 () {58 vars in 1223 bytes} [Tue May 3 03:24:14 2022] GET /compute/v2.1/os-instance_usage_audit_log/invalid_time => generated 83 bytes in 329 msecs (HTTP/1.1 400) 9 headers in 380 bytes (1 switches on core 0)
May 03 03:24:14.980332 n-d-840260-2 devstack@n-api.service[119155]: DEBUG nova.api.openstack.wsgi [None req-b9a4f30e-a405-4b81-a821-9d6860a848e2 tempest-MigrationsAdminTest-1260554728 tempest-MigrationsAdminTest-1260554728-project] Calling method '>' {{(pid=119155) _process_stack /opt/stack/nova/nova/api/openstack/wsgi.py:513}}
May 03 03:24:14.981430 n-d-840260-2 devstack@n-api.service[119155]: DEBUG nova.compute.api [None req-b9a4f30e-a405-4b81-a821-9d6860a848e2 tempest-MigrationsAdminTest-1260554728 tempest-MigrationsAdminTest-1260554728-project] [instance: 5f9bf669-bab0-4a9f-aed1-abd7d83c3c75] Fetching instance by UUID {{(pid=119155) get /opt/stack/nova/nova/compute/api.py:2920}}
May 03 03:24:14.989391 n-d-840260-2 devstack@n-api.service[119155]: DEBUG oslo_concurrency.lockutils [None req-b9a4f30e-a405-4b81-a821-9d6860a848e2 tempest-MigrationsAdminTest-1260554728 tempest-MigrationsAdminTest-1260554728-project] Lock "d185ab06-b9a5-4bba-b6d9-af6a891763d3" acquired by "nova.context.set_target_cell..get_or_set_cached_cell_and_set_connections" :: waited 0.000s {{(pid=119155) inner /usr/local/lib/python3.8/dist-packages/oslo_concurrency/lockutils.py:386}}
May 03 03:24:14.989878 n-d-840260-2 devstack@n-api.service[119155]: DEBUG oslo_concurrency.lockutils [None req-b9a4f30e-a405-4b81-a821-9d6860a848e2 tempest-MigrationsAdminTest-1260554728 tempest-MigrationsAdminTest-1260554728-project] Lock "d185ab06-b9a5-4bba-b6d9-af6a891763d3" "released" by "nova.context.set_target_cell..get_or_set_cached_cell_and_set_connections" :: held 0.001s {{(pid=119155) inner /usr/local/lib/python3.8/dist-packages/oslo_concurrency/lockutils.py:400}}
May 03 03:24:14.990659 n-d-840260-2 devstack@n-api.service[119155]: DEBUG oslo_concurrency.lockutils [None req-b9a4f30e-a405-4b81-a821-9d6860a848e2 tempest-MigrationsAdminTest-1260554728 tempest-MigrationsAdminTest-1260554728-project] Lock "d185ab06-b9a5-4bba-b6d9-af6a891763d3" acquired by "nova.context.set_target_cell..get_or_set_cached_cell_and_set_connections" :: waited 0.000s {{(pid=119155) inner /usr/local/lib/python3.8/dist-packages/oslo_concurrency/lockutils.py:386}}
May 03 03:24:14.991088 n-d-840260-2 devstack@n-api.service[119155]: DEBUG oslo_concurrency.lockutils [None req-b9a4f30e-a405-4b81-a821-9d6860a848e2 tempest-MigrationsAdminTest-1260554728 tempest-MigrationsAdminTest-1260554728-project] Lock "d185ab06-b9a5-4bba-b6d9-af6a891763d3" "released" by "nova.context.set_target_cell..get_or_set_cached_cell_and_set_connections" :: held 0.000s {{(pid=119155) inner /usr/local/lib/python3.8/dist-packages/oslo_concurrency/lockutils.py:400}}
May 03 03:24:15.046058 n-d-840260-2 devstack@n-api.service[119156]: INFO nova.api.openstack.requestlog [None req-73c1e500-429a-4e74-a58e-176818cb7f0e tempest-FlavorsAccessTestJSON-106182281 tempest-FlavorsAccessTestJSON-106182281-project-admin] 10.222.0.24 "POST /compute/v2.1/flavors/190501037/action" status: 200 len: 96 microversion: 2.1 time: 0.688839
May 03 03:24:15.046803 n-d-840260-2 devstack@n-api.service[119156]: [pid: 119156|app: 0|req: 148/347] 10.222.0.24 () {60 vars in 1196 bytes} [Tue May 3 03:24:14 2022] POST /compute/v2.1/flavors/190501037/action => generated 96 bytes in 690 msecs (HTTP/1.1 200) 9 headers in 356 bytes (1 switches on core 0)
May 03 03:24:15.150061 n-d-840260-2 devstack@n-api.service[119155]: DEBUG nova.policy [None req-b9a4f30e-a405-4b81-a821-9d6860a848e2 tempest-MigrationsAdminTest-1260554728 tempest-MigrationsAdminTest-1260554728-project] Policy check for os_compute_api:os-extended-server-attributes failed with credentials {'is_admin': False, 'user_id': '30f7157270774136a4839ca5e08b409c', 'user_domain_id': 'default', 'system_scope': None, 'domain_id': None, 'project_id': '44b4ac37fe2e490ea924835f61805eda', 'project_domain_id': 'default', 'roles': ['member', 'reader'], 'is_admin_project': True, 'service_user_id': None, 'service_user_domain_id': None, 'service_project_id': None, 'service_project_domain_id': None, 'service_roles': []} {{(pid=119155) authorize /opt/stack/nova/nova/policy.py:199}}
May 03 03:24:15.158811 n-d-840260-2 devstack@n-api.service[119155]: INFO nova.api.openstack.requestlog [None req-b9a4f30e-a405-4b81-a821-9d6860a848e2 tempest-MigrationsAdminTest-1260554728 tempest-MigrationsAdminTest-1260554728-project] 10.222.0.24 "GET /compute/v2.1/servers/5f9bf669-bab0-4a9f-aed1-abd7d83c3c75" status: 200 len: 1470 microversion: 2.1 time: 0.182940
May 03 03:24:15.160320 n-d-840260-2 devstack@n-api.service[119155]: [pid: 119155|app: 0|req: 200/348] 10.222.0.24 () {58 vars in 1235 bytes} [Tue May 3 03:24:14 2022] GET /compute/v2.1/servers/5f9bf669-bab0-4a9f-aed1-abd7d83c3c75 => generated 1470 bytes in 185 msecs (HTTP/1.1 200) 9 headers in 358 bytes (1 switches on core 0)
May 03 03:24:15.254182 n-d-840260-2 devstack@n-api.service[119156]: DEBUG nova.api.openstack.wsgi [None req-4d5749c5-7571-4225-8fb7-c1d28b63a1f0 tempest-InstanceUsageAuditLogNegativeTestJSON-1815572764 tempest-InstanceUsageAuditLogNegativeTestJSON-1815572764-project] Calling method '>' {{(pid=119156) _process_stack /opt/stack/nova/nova/api/openstack/wsgi.py:513}}
May 03 03:24:15.255044 n-d-840260-2 devstack@n-api.service[119156]: /usr/local/lib/python3.8/dist-packages/oslo_policy/policy.py:1129: UserWarning: Policy "os_compute_api:os-instance-usage-audit-log:list": "rule:context_is_admin" failed scope check. The token used to make the request was project scoped but the policy requires ['system'] scope. This behavior may change in the future where using the intended scope is required
May 03 03:24:15.255044 n-d-840260-2 devstack@n-api.service[119156]: warnings.warn(msg)
May 03 03:24:15.256258 n-d-840260-2 devstack@n-api.service[119156]: DEBUG nova.policy [None req-4d5749c5-7571-4225-8fb7-c1d28b63a1f0 tempest-InstanceUsageAuditLogNegativeTestJSON-1815572764 tempest-InstanceUsageAuditLogNegativeTestJSON-1815572764-project] Policy check for os_compute_api:os-instance-usage-audit-log:list failed with credentials {'is_admin': False, 'user_id': '49b0aa3f2e53410cbf61d2fccc413aa1', 'user_domain_id': 'default', 'system_scope': None, 'domain_id': None, 'project_id': '9f7e628ed47548fdba3b5383b8a40ea3', 'project_domain_id': 'default', 'roles': ['member', 'reader'], 'is_admin_project': True, 'service_user_id': None, 'service_user_domain_id': None, 'service_project_id': None, 'service_project_domain_id': None, 'service_roles': []} {{(pid=119156) authorize /opt/stack/nova/nova/policy.py:199}}
