May 26 16:13:44.742792 n-d-839922-1 devstack@placement-api.service[117348]: DEBUG placement.requestlog [req-9f08b9a2-98cf-458e-b4be-67c0a7a5f3db req-7c8ab90c-643d-4ee6-965b-921ea1c07785 None None] Starting request: 10.222.0.79 "GET /placement/allocations/18f70505-9cd0-458a-acb8-6d45dc3b9a52" {{(pid=117348) __call__ /opt/stack/placement/placement/requestlog.py:55}}
May 26 16:13:44.764157 n-d-839922-1 devstack@placement-api.service[117348]: INFO placement.requestlog [req-9f08b9a2-98cf-458e-b4be-67c0a7a5f3db req-7c8ab90c-643d-4ee6-965b-921ea1c07785 service placement] 10.222.0.79 "GET /placement/allocations/18f70505-9cd0-458a-acb8-6d45dc3b9a52" status: 200 len: 259 microversion: 1.28
May 26 16:13:44.764529 n-d-839922-1 devstack@placement-api.service[117348]: [pid: 117348|app: 0|req: 253/502] 10.222.0.79 () {60 vars in 1377 bytes} [Thu May 26 16:13:44 2022] GET /placement/allocations/18f70505-9cd0-458a-acb8-6d45dc3b9a52 => generated 259 bytes in 22 msecs (HTTP/1.1 200) 8 headers in 296 bytes (1 switches on core 0)
May 26 16:13:45.326675 n-d-839922-1 devstack@placement-api.service[117349]: DEBUG placement.requestlog [None req-2e0425bb-fe24-422e-9542-09c943aba3cb None None] Starting request: 10.222.0.15 "GET /placement/resource_providers/45917196-97af-406e-a5bc-b8db7f24b2f3/aggregates" {{(pid=117349) __call__ /opt/stack/placement/placement/requestlog.py:55}}
May 26 16:13:45.340105 n-d-839922-1 devstack@placement-api.service[117349]: INFO placement.requestlog [None req-2e0425bb-fe24-422e-9542-09c943aba3cb service placement] 10.222.0.15 "GET /placement/resource_providers/45917196-97af-406e-a5bc-b8db7f24b2f3/aggregates" status: 404 len: 235 microversion: 1.1
May 26 16:13:45.340488 n-d-839922-1 devstack@placement-api.service[117349]: [pid: 117349|app: 0|req: 250/503] 10.222.0.15 () {58 vars in 1362 bytes} [Thu May 26 16:13:45 2022] GET /placement/resource_providers/45917196-97af-406e-a5bc-b8db7f24b2f3/aggregates => generated 235 bytes in 15 msecs (HTTP/1.1 404) 5 headers in 202 bytes (1 switches on core 0)
May 26 16:13:45.357921 n-d-839922-1 devstack@placement-api.service[117348]: DEBUG placement.requestlog [None req-5a26da16-f7a7-40b9-be3b-66c28ffe6a8c None None] Starting request: 10.222.0.15 "DELETE /placement/resource_providers/45917196-97af-406e-a5bc-b8db7f24b2f3" {{(pid=117348) __call__ /opt/stack/placement/placement/requestlog.py:55}}
May 26 16:13:45.372181 n-d-839922-1 devstack@placement-api.service[117348]: DEBUG placement.wsgi_wrapper [None req-5a26da16-f7a7-40b9-be3b-66c28ffe6a8c service placement] Placement API returning an error response: No resource provider with uuid 45917196-97af-406e-a5bc-b8db7f24b2f3 found for delete {{(pid=117348) call_func /opt/stack/placement/placement/wsgi_wrapper.py:31}}
May 26 16:13:45.373328 n-d-839922-1 devstack@placement-api.service[117348]: INFO placement.requestlog [None req-5a26da16-f7a7-40b9-be3b-66c28ffe6a8c service placement] 10.222.0.15 "DELETE /placement/resource_providers/45917196-97af-406e-a5bc-b8db7f24b2f3" status: 404 len: 246 microversion: 1.1
May 26 16:13:45.374396 n-d-839922-1 devstack@placement-api.service[117348]: [pid: 117348|app: 0|req: 254/504] 10.222.0.15 () {60 vars in 1351 bytes} [Thu May 26 16:13:45 2022] DELETE /placement/resource_providers/45917196-97af-406e-a5bc-b8db7f24b2f3 => generated 246 bytes in 17 msecs (HTTP/1.1 404) 6 headers in 231 bytes (2 switches on core 0)
May 26 16:13:45.596261 n-d-839922-1 devstack@placement-api.service[117349]: DEBUG placement.requestlog [req-ab4e4af9-6cb0-4380-8219-399eab82c115 req-1aa85992-b9a6-4075-97af-b104362dec66 None None] Starting request: 10.222.0.79 "GET /placement/allocations/f5ed34e3-131e-4a6b-af29-d6fccad5b3cf" {{(pid=117349) __call__ /opt/stack/placement/placement/requestlog.py:55}}
May 26 16:13:45.617270 n-d-839922-1 devstack@placement-api.service[117349]: INFO placement.requestlog [req-ab4e4af9-6cb0-4380-8219-399eab82c115 req-1aa85992-b9a6-4075-97af-b104362dec66 service placement] 10.222.0.79 "GET /placement/allocations/f5ed34e3-131e-4a6b-af29-d6fccad5b3cf" status: 200 len: 259 microversion: 1.28
May 26 16:13:45.617858 n-d-839922-1 devstack@placement-api.service[117349]: [pid: 117349|app: 0|req: 251/505] 10.222.0.79 () {60 vars in 1377 bytes} [Thu May 26 16:13:45 2022] GET /placement/allocations/f5ed34e3-131e-4a6b-af29-d6fccad5b3cf => generated 259 bytes in 22 msecs (HTTP/1.1 200) 8 headers in 296 bytes (1 switches on core 0)
May 26 16:13:46.799335 n-d-839922-1 devstack@placement-api.service[117348]: DEBUG placement.requestlog [None req-35663ba7-5749-488b-a26e-e5757fe36732 None None] Starting request: 10.222.0.15 "GET /placement/resource_providers/0474ed91-50ac-496a-94b7-a7f3888f4436/aggregates" {{(pid=117348) __call__ /opt/stack/placement/placement/requestlog.py:55}}
May 26 16:13:46.817907 n-d-839922-1 devstack@placement-api.service[117348]: INFO placement.requestlog [None req-35663ba7-5749-488b-a26e-e5757fe36732 service placement] 10.222.0.15 "GET /placement/resource_providers/0474ed91-50ac-496a-94b7-a7f3888f4436/aggregates" status: 404 len: 235 microversion: 1.1
May 26 16:13:46.818252 n-d-839922-1 devstack@placement-api.service[117348]: [pid: 117348|app: 0|req: 255/506] 10.222.0.15 () {58 vars in 1362 bytes} [Thu May 26 16:13:46 2022] GET /placement/resource_providers/0474ed91-50ac-496a-94b7-a7f3888f4436/aggregates => generated 235 bytes in 19 msecs (HTTP/1.1 404) 5 headers in 202 bytes (2 switches on core 0)
May 26 16:13:46.846107 n-d-839922-1 devstack@placement-api.service[117349]: DEBUG placement.requestlog [None req-c63218de-ca21-4ab1-8e02-77f4628635f4 None None] Starting request: 10.222.0.15 "DELETE /placement/resource_providers/0474ed91-50ac-496a-94b7-a7f3888f4436" {{(pid=117349) __call__ /opt/stack/placement/placement/requestlog.py:55}}
May 26 16:13:46.864517 n-d-839922-1 devstack@placement-api.service[117349]: DEBUG placement.wsgi_wrapper [None req-c63218de-ca21-4ab1-8e02-77f4628635f4 service placement] Placement API returning an error response: No resource provider with uuid 0474ed91-50ac-496a-94b7-a7f3888f4436 found for delete {{(pid=117349) call_func /opt/stack/placement/placement/wsgi_wrapper.py:31}}
May 26 16:13:46.865359 n-d-839922-1 devstack@placement-api.service[117349]: INFO placement.requestlog [None req-c63218de-ca21-4ab1-8e02-77f4628635f4 service placement] 10.222.0.15 "DELETE /placement/resource_providers/0474ed91-50ac-496a-94b7-a7f3888f4436" status: 404 len: 246 microversion: 1.1
May 26 16:13:46.865907 n-d-839922-1 devstack@placement-api.service[117349]: [pid: 117349|app: 0|req: 252/507] 10.222.0.15 () {60 vars in 1351 bytes} [Thu May 26 16:13:46 2022] DELETE /placement/resource_providers/0474ed91-50ac-496a-94b7-a7f3888f4436 => generated 246 bytes in 20 msecs (HTTP/1.1 404) 6 headers in 231 bytes (1 switches on core 0)
May 26 16:14:04.199279 n-d-839922-1 devstack@placement-api.service[117348]: DEBUG placement.requestlog [req-4d99f03e-501a-4950-9681-65400abc3b78 req-3b31073b-6ea8-4dec-b712-ffdb57d662f0 None None] Starting request: 10.222.0.79 "GET /placement/allocations/0d16c42a-d59b-49c0-bbea-57aa23500d91" {{(pid=117348) __call__ /opt/stack/placement/placement/requestlog.py:55}}
May 26 16:14:04.216853 n-d-839922-1 devstack@placement-api.service[117348]: INFO placement.requestlog [req-4d99f03e-501a-4950-9681-65400abc3b78 req-3b31073b-6ea8-4dec-b712-ffdb57d662f0 service placement] 10.222.0.79 "GET /placement/allocations/0d16c42a-d59b-49c0-bbea-57aa23500d91" status: 200 len: 259 microversion: 1.28
May 26 16:14:04.217561 n-d-839922-1 devstack@placement-api.service[117348]: [pid: 117348|app: 0|req: 256/508] 10.222.0.79 () {60 vars in 1377 bytes} [Thu May 26 16:14:04 2022] GET /placement/allocations/0d16c42a-d59b-49c0-bbea-57aa23500d91 => generated 259 bytes in 18 msecs (HTTP/1.1 200) 8 headers in 296 bytes (1 switches on core 0)
May 26 16:14:05.092896 n-d-839922-1 devstack@placement-api.service[117349]: DEBUG placement.requestlog [req-bd565645-1ae2-4d19-b127-844d9eddcecb req-7672f0e4-c27a-4428-b65d-548836747f66 None None] Starting request: 10.222.0.15 "GET /placement/allocation_candidates?limit=1000&resources=DISK_GB%3A1%2CMEMORY_MB%3A1024%2CVCPU%3A1&root_required=%21COMPUTE_STATUS_DISABLED" {{(pid=117349) __call__ /opt/stack/placement/placement/requestlog.py:55}}
May 26 16:14:05.164079 n-d-839922-1 devstack@placement-api.service[117349]: DEBUG placement.objects.research_context [req-bd565645-1ae2-4d19-b127-844d9eddcecb req-7672f0e4-c27a-4428-b65d-548836747f66 service placement] getting providers with 1 DISK_GB {{(pid=117349) __init__ /opt/stack/placement/placement/objects/research_context.py:136}}
May 26 16:14:05.173673 n-d-839922-1 devstack@placement-api.service[117349]: DEBUG placement.objects.research_context [req-bd565645-1ae2-4d19-b127-844d9eddcecb req-7672f0e4-c27a-4428-b65d-548836747f66 service placement] getting providers with 1024 MEMORY_MB {{(pid=117349) __init__ /opt/stack/placement/placement/objects/research_context.py:136}}
May 26 16:14:05.180703 n-d-839922-1 devstack@placement-api.service[117349]: DEBUG placement.objects.research_context [req-bd565645-1ae2-4d19-b127-844d9eddcecb req-7672f0e4-c27a-4428-b65d-548836747f66 service placement] getting providers with 1 VCPU {{(pid=117349) __init__ /opt/stack/placement/placement/objects/research_context.py:136}}
May 26 16:14:05.300358 n-d-839922-1 devstack@placement-api.service[117349]: DEBUG placement.objects.research_context [req-bd565645-1ae2-4d19-b127-844d9eddcecb req-7672f0e4-c27a-4428-b65d-548836747f66 service placement] found 2 providers with available 1 DISK_GB {{(pid=117349) get_provider_ids_matching /opt/stack/placement/placement/objects/research_context.py:559}}
May 26 16:14:05.301035 n-d-839922-1 devstack@placement-api.service[117349]: DEBUG placement.objects.research_context [req-bd565645-1ae2-4d19-b127-844d9eddcecb req-7672f0e4-c27a-4428-b65d-548836747f66 service placement] found 2 providers with available 1024 MEMORY_MB {{(pid=117349) get_provider_ids_matching /opt/stack/placement/placement/objects/research_context.py:559}}
May 26 16:14:05.301719 n-d-839922-1 devstack@placement-api.service[117349]: DEBUG placement.objects.research_context [req-bd565645-1ae2-4d19-b127-844d9eddcecb req-7672f0e4-c27a-4428-b65d-548836747f66 service placement] found 2 providers after filtering by previous result {{(pid=117349) get_provider_ids_matching /opt/stack/placement/placement/objects/research_context.py:590}}
May 26 16:14:05.302622 n-d-839922-1 devstack@placement-api.service[117349]: DEBUG placement.objects.research_context [req-bd565645-1ae2-4d19-b127-844d9eddcecb req-7672f0e4-c27a-4428-b65d-548836747f66 service placement] found 2 providers with available 1 VCPU {{(pid=117349) get_provider_ids_matching /opt/stack/placement/placement/objects/research_context.py:559}}
May 26 16:14:05.303489 n-d-839922-1 devstack@placement-api.service[117349]: DEBUG placement.objects.research_context [req-bd565645-1ae2-4d19-b127-844d9eddcecb req-7672f0e4-c27a-4428-b65d-548836747f66 service placement] found 2 providers after filtering by previous result {{(pid=117349) get_provider_ids_matching /opt/stack/placement/placement/objects/research_context.py:590}}
May 26 16:14:05.338334 n-d-839922-1 devstack@placement-api.service[117349]: DEBUG placement.objects.allocation_candidate [req-bd565645-1ae2-4d19-b127-844d9eddcecb req-7672f0e4-c27a-4428-b65d-548836747f66 service placement] RequestGroup(use_same_provider=False, resources={DISK_GB:1, MEMORY_MB:1024, VCPU:1}, traits=(), aggregates=[]) (suffix '') returned 2 matches {{(pid=117349) _get_by_requests /opt/stack/placement/placement/objects/allocation_candidate.py:156}}
May 26 16:14:05.339866 n-d-839922-1 devstack@placement-api.service[117349]: DEBUG placement.objects.allocation_candidate [req-bd565645-1ae2-4d19-b127-844d9eddcecb req-7672f0e4-c27a-4428-b65d-548836747f66 service placement] Merging candidates yields 2 allocation requests and 2 provider summaries {{(pid=117349) _merge_candidates /opt/stack/placement/placement/objects/allocation_candidate.py:809}}
May 26 16:14:05.344441 n-d-839922-1 devstack@placement-api.service[117349]: INFO placement.requestlog [req-bd565645-1ae2-4d19-b127-844d9eddcecb req-7672f0e4-c27a-4428-b65d-548836747f66 service placement] 10.222.0.15 "GET /placement/allocation_candidates?limit=1000&resources=DISK_GB%3A1%2CMEMORY_MB%3A1024%2CVCPU%3A1&root_required=%21COMPUTE_STATUS_DISABLED" status: 200 len: 1309 microversion: 1.36
May 26 16:14:05.350121 n-d-839922-1 devstack@placement-api.service[117349]: [pid: 117349|app: 0|req: 253/509] 10.222.0.15 () {60 vars in 1506 bytes} [Thu May 26 16:14:05 2022] GET /placement/allocation_candidates?limit=1000&resources=DISK_GB%3A1%2CMEMORY_MB%3A1024%2CVCPU%3A1&root_required=%21COMPUTE_STATUS_DISABLED => generated 1309 bytes in 257 msecs (HTTP/1.1 200) 8 headers in 297 bytes (1 switches on core 0)
May 26 16:14:05.425335 n-d-839922-1 devstack@placement-api.service[117348]: DEBUG placement.requestlog [req-bd565645-1ae2-4d19-b127-844d9eddcecb req-e300277e-32c8-418a-bd8e-3039d980b2ea None None] Starting request: 10.222.0.15 "GET /placement/allocations/6b176f4a-1119-4aa3-a53b-98c7e7b49b50" {{(pid=117348) __call__ /opt/stack/placement/placement/requestlog.py:55}}
May 26 16:14:05.438593 n-d-839922-1 devstack@placement-api.service[117348]: INFO placement.requestlog [req-bd565645-1ae2-4d19-b127-844d9eddcecb req-e300277e-32c8-418a-bd8e-3039d980b2ea service placement] 10.222.0.15 "GET /placement/allocations/6b176f4a-1119-4aa3-a53b-98c7e7b49b50" status: 200 len: 19 microversion: 1.28
May 26 16:14:05.443001 n-d-839922-1 devstack@placement-api.service[117348]: [pid: 117348|app: 0|req: 257/510] 10.222.0.15 () {60 vars in 1380 bytes} [Thu May 26 16:14:05 2022] GET /placement/allocations/6b176f4a-1119-4aa3-a53b-98c7e7b49b50 => generated 19 bytes in 19 msecs (HTTP/1.1 200) 8 headers in 295 bytes (1 switches on core 0)
May 26 16:14:05.447140 n-d-839922-1 devstack@placement-api.service[117349]: DEBUG placement.requestlog [req-bd565645-1ae2-4d19-b127-844d9eddcecb req-457e6b32-0034-4dfe-a34b-e6d761a1e002 None None] Starting request: 10.222.0.15 "PUT /placement/allocations/6b176f4a-1119-4aa3-a53b-98c7e7b49b50" {{(pid=117349) __call__ /opt/stack/placement/placement/requestlog.py:55}}
May 26 16:14:05.819502 n-d-839922-1 devstack@placement-api.service[117349]: DEBUG placement.handlers.allocation [req-bd565645-1ae2-4d19-b127-844d9eddcecb req-457e6b32-0034-4dfe-a34b-e6d761a1e002 service placement] Successfully wrote allocations [, , ] {{(pid=117349) _update_consumers_and_create_allocations /opt/stack/placement/placement/handlers/allocation.py:462}}
May 26 16:14:05.916340 n-d-839922-1 devstack@placement-api.service[117349]: INFO placement.requestlog [req-bd565645-1ae2-4d19-b127-844d9eddcecb req-457e6b32-0034-4dfe-a34b-e6d761a1e002 service placement] 10.222.0.15 "PUT /placement/allocations/6b176f4a-1119-4aa3-a53b-98c7e7b49b50" status: 204 len: 0 microversion: 1.36
May 26 16:14:05.916340 n-d-839922-1 devstack@placement-api.service[117349]: [pid: 117349|app: 0|req: 254/511] 10.222.0.15 () {64 vars in 1433 bytes} [Thu May 26 16:14:05 2022] PUT /placement/allocations/6b176f4a-1119-4aa3-a53b-98c7e7b49b50 => generated 0 bytes in 462 msecs (HTTP/1.1 204) 5 headers in 199 bytes (1 switches on core 0)
May 26 16:14:07.333106 n-d-839922-1 devstack@placement-api.service[117348]: DEBUG placement.requestlog [req-bd565645-1ae2-4d19-b127-844d9eddcecb req-97992afd-76c3-4af0-966f-e053816b5e6a None None] Starting request: 10.222.0.44 "GET /placement/allocations/6b176f4a-1119-4aa3-a53b-98c7e7b49b50" {{(pid=117348) __call__ /opt/stack/placement/placement/requestlog.py:55}}
May 26 16:14:07.365004 n-d-839922-1 devstack@placement-api.service[117348]: INFO placement.requestlog [req-bd565645-1ae2-4d19-b127-844d9eddcecb req-97992afd-76c3-4af0-966f-e053816b5e6a service placement] 10.222.0.44 "GET /placement/allocations/6b176f4a-1119-4aa3-a53b-98c7e7b49b50" status: 200 len: 259 microversion: 1.28
May 26 16:14:07.365391 n-d-839922-1 devstack@placement-api.service[117348]: [pid: 117348|app: 0|req: 258/512] 10.222.0.44 () {60 vars in 1377 bytes} [Thu May 26 16:14:07 2022] GET /placement/allocations/6b176f4a-1119-4aa3-a53b-98c7e7b49b50 => generated 259 bytes in 33 msecs (HTTP/1.1 200) 8 headers in 296 bytes (1 switches on core 0)
May 26 16:14:10.501369 n-d-839922-1 devstack@placement-api.service[117349]: DEBUG placement.requestlog [req-078535e5-2951-45fd-8742-78a79424979f req-f33088ad-5aa6-4516-bd43-cd90ae27548c None None] Starting request: 10.222.0.44 "GET /placement/allocations/50062c31-1a84-4720-9189-29fc5ea3d724" {{(pid=117349) __call__ /opt/stack/placement/placement/requestlog.py:55}}
May 26 16:14:10.530680 n-d-839922-1 devstack@placement-api.service[117349]: INFO placement.requestlog [req-078535e5-2951-45fd-8742-78a79424979f req-f33088ad-5aa6-4516-bd43-cd90ae27548c service placement] 10.222.0.44 "GET /placement/allocations/50062c31-1a84-4720-9189-29fc5ea3d724" status: 200 len: 259 microversion: 1.28
May 26 16:14:10.532047 n-d-839922-1 devstack@placement-api.service[117349]: [pid: 117349|app: 0|req: 255/513] 10.222.0.44 () {60 vars in 1377 bytes} [Thu May 26 16:14:10 2022] GET /placement/allocations/50062c31-1a84-4720-9189-29fc5ea3d724 => generated 259 bytes in 31 msecs (HTTP/1.1 200) 8 headers in 296 bytes (1 switches on core 0)
May 26 16:14:10.539291 n-d-839922-1 devstack@placement-api.service[117348]: DEBUG placement.requestlog [req-078535e5-2951-45fd-8742-78a79424979f req-5046aceb-a515-4e77-81bc-f43998e9f292 None None] Starting request: 10.222.0.44 "PUT /placement/allocations/50062c31-1a84-4720-9189-29fc5ea3d724" {{(pid=117348) __call__ /opt/stack/placement/placement/requestlog.py:55}}
May 26 16:14:10.646351 n-d-839922-1 devstack@placement-api.service[117348]: DEBUG placement.handlers.allocation [req-078535e5-2951-45fd-8742-78a79424979f req-5046aceb-a515-4e77-81bc-f43998e9f292 service placement] Successfully wrote allocations [, , ] {{(pid=117348) _update_consumers_and_create_allocations /opt/stack/placement/placement/handlers/allocation.py:462}}
May 26 16:14:10.746313 n-d-839922-1 devstack@placement-api.service[117348]: INFO placement.requestlog [req-078535e5-2951-45fd-8742-78a79424979f req-5046aceb-a515-4e77-81bc-f43998e9f292 service placement] 10.222.0.44 "PUT /placement/allocations/50062c31-1a84-4720-9189-29fc5ea3d724" status: 204 len: 0 microversion: 1.28
May 26 16:14:10.746313 n-d-839922-1 devstack@placement-api.service[117348]: [pid: 117348|app: 0|req: 259/514] 10.222.0.44 () {64 vars in 1430 bytes} [Thu May 26 16:14:10 2022] PUT /placement/allocations/50062c31-1a84-4720-9189-29fc5ea3d724 => generated 0 bytes in 203 msecs (HTTP/1.1 204) 5 headers in 199 bytes (1 switches on core 0)
May 26 16:14:14.080647 n-d-839922-1 devstack@placement-api.service[117349]: DEBUG placement.requestlog [req-91e141a6-d350-4269-9452-28488a8566ac req-d439bee9-ab9f-4ede-a443-e8839d2b2272 None None] Starting request: 10.222.0.15 "GET /placement/allocation_candidates?limit=1000&resources=DISK_GB%3A1%2CMEMORY_MB%3A1024%2CVCPU%3A1&root_required=%21COMPUTE_STATUS_DISABLED" {{(pid=117349) __call__ /opt/stack/placement/placement/requestlog.py:55}}
May 26 16:14:14.162806 n-d-839922-1 devstack@placement-api.service[117349]: DEBUG placement.objects.research_context [req-91e141a6-d350-4269-9452-28488a8566ac req-d439bee9-ab9f-4ede-a443-e8839d2b2272 service placement] getting providers with 1 DISK_GB {{(pid=117349) __init__ /opt/stack/placement/placement/objects/research_context.py:136}}
May 26 16:14:14.174732 n-d-839922-1 devstack@placement-api.service[117349]: DEBUG placement.objects.research_context [req-91e141a6-d350-4269-9452-28488a8566ac req-d439bee9-ab9f-4ede-a443-e8839d2b2272 service placement] getting providers with 1024 MEMORY_MB {{(pid=117349) __init__ /opt/stack/placement/placement/objects/research_context.py:136}}
May 26 16:14:14.189399 n-d-839922-1 devstack@placement-api.service[117349]: DEBUG placement.objects.research_context [req-91e141a6-d350-4269-9452-28488a8566ac req-d439bee9-ab9f-4ede-a443-e8839d2b2272 service placement] getting providers with 1 VCPU {{(pid=117349) __init__ /opt/stack/placement/placement/objects/research_context.py:136}}
May 26 16:14:14.211430 n-d-839922-1 devstack@placement-api.service[117349]: DEBUG placement.objects.research_context [req-91e141a6-d350-4269-9452-28488a8566ac req-d439bee9-ab9f-4ede-a443-e8839d2b2272 service placement] found 2 providers with available 1 DISK_GB {{(pid=117349) get_provider_ids_matching /opt/stack/placement/placement/objects/research_context.py:559}}
May 26 16:14:14.211753 n-d-839922-1 devstack@placement-api.service[117349]: DEBUG placement.objects.research_context [req-91e141a6-d350-4269-9452-28488a8566ac req-d439bee9-ab9f-4ede-a443-e8839d2b2272 service placement] found 2 providers with available 1024 MEMORY_MB {{(pid=117349) get_provider_ids_matching /opt/stack/placement/placement/objects/research_context.py:559}}
May 26 16:14:14.212034 n-d-839922-1 devstack@placement-api.service[117349]: DEBUG placement.objects.research_context [req-91e141a6-d350-4269-9452-28488a8566ac req-d439bee9-ab9f-4ede-a443-e8839d2b2272 service placement] found 2 providers after filtering by previous result {{(pid=117349) get_provider_ids_matching /opt/stack/placement/placement/objects/research_context.py:590}}
May 26 16:14:14.212295 n-d-839922-1 devstack@placement-api.service[117349]: DEBUG placement.objects.research_context [req-91e141a6-d350-4269-9452-28488a8566ac req-d439bee9-ab9f-4ede-a443-e8839d2b2272 service placement] found 2 providers with available 1 VCPU {{(pid=117349) get_provider_ids_matching /opt/stack/placement/placement/objects/research_context.py:559}}
May 26 16:14:14.212558 n-d-839922-1 devstack@placement-api.service[117349]: DEBUG placement.objects.research_context [req-91e141a6-d350-4269-9452-28488a8566ac req-d439bee9-ab9f-4ede-a443-e8839d2b2272 service placement] found 2 providers after filtering by previous result {{(pid=117349) get_provider_ids_matching /opt/stack/placement/placement/objects/research_context.py:590}}
May 26 16:14:14.238435 n-d-839922-1 devstack@placement-api.service[117349]: DEBUG placement.objects.allocation_candidate [req-91e141a6-d350-4269-9452-28488a8566ac req-d439bee9-ab9f-4ede-a443-e8839d2b2272 service placement] RequestGroup(use_same_provider=False, resources={DISK_GB:1, MEMORY_MB:1024, VCPU:1}, traits=(), aggregates=[]) (suffix '') returned 2 matches {{(pid=117349) _get_by_requests /opt/stack/placement/placement/objects/allocation_candidate.py:156}}
May 26 16:14:14.239646 n-d-839922-1 devstack@placement-api.service[117349]: DEBUG placement.objects.allocation_candidate [req-91e141a6-d350-4269-9452-28488a8566ac req-d439bee9-ab9f-4ede-a443-e8839d2b2272 service placement] Merging candidates yields 2 allocation requests and 2 provider summaries {{(pid=117349) _merge_candidates /opt/stack/placement/placement/objects/allocation_candidate.py:809}}
May 26 16:14:14.243050 n-d-839922-1 devstack@placement-api.service[117349]: INFO placement.requestlog [req-91e141a6-d350-4269-9452-28488a8566ac req-d439bee9-ab9f-4ede-a443-e8839d2b2272 service placement] 10.222.0.15 "GET /placement/allocation_candidates?limit=1000&resources=DISK_GB%3A1%2CMEMORY_MB%3A1024%2CVCPU%3A1&root_required=%21COMPUTE_STATUS_DISABLED" status: 200 len: 1309 microversion: 1.36
May 26 16:14:14.243437 n-d-839922-1 devstack@placement-api.service[117349]: [pid: 117349|app: 0|req: 256/515] 10.222.0.15 () {60 vars in 1506 bytes} [Thu May 26 16:14:14 2022] GET /placement/allocation_candidates?limit=1000&resources=DISK_GB%3A1%2CMEMORY_MB%3A1024%2CVCPU%3A1&root_required=%21COMPUTE_STATUS_DISABLED => generated 1309 bytes in 163 msecs (HTTP/1.1 200) 8 headers in 297 bytes (2 switches on core 0)
May 26 16:14:14.334954 n-d-839922-1 devstack@placement-api.service[117348]: DEBUG placement.requestlog [req-91e141a6-d350-4269-9452-28488a8566ac req-7a746458-aa44-4eff-ad49-d48486ccbaed None None] Starting request: 10.222.0.15 "GET /placement/allocations/76890a6c-7cce-4896-930d-e2682b8d102f" {{(pid=117348) __call__ /opt/stack/placement/placement/requestlog.py:55}}
May 26 16:14:14.347613 n-d-839922-1 devstack@placement-api.service[117348]: INFO placement.requestlog [req-91e141a6-d350-4269-9452-28488a8566ac req-7a746458-aa44-4eff-ad49-d48486ccbaed service placement] 10.222.0.15 "GET /placement/allocations/76890a6c-7cce-4896-930d-e2682b8d102f" status: 200 len: 19 microversion: 1.28
May 26 16:14:14.349071 n-d-839922-1 devstack@placement-api.service[117348]: [pid: 117348|app: 0|req: 260/516] 10.222.0.15 () {60 vars in 1380 bytes} [Thu May 26 16:14:14 2022] GET /placement/allocations/76890a6c-7cce-4896-930d-e2682b8d102f => generated 19 bytes in 14 msecs (HTTP/1.1 200) 8 headers in 295 bytes (1 switches on core 0)
May 26 16:14:14.371147 n-d-839922-1 devstack@placement-api.service[117349]: DEBUG placement.requestlog [req-91e141a6-d350-4269-9452-28488a8566ac req-65f0c337-2fc0-4948-a4db-ef756c6e551f None None] Starting request: 10.222.0.15 "PUT /placement/allocations/76890a6c-7cce-4896-930d-e2682b8d102f" {{(pid=117349) __call__ /opt/stack/placement/placement/requestlog.py:55}}
May 26 16:14:14.579443 n-d-839922-1 devstack@placement-api.service[117349]: DEBUG placement.handlers.allocation [req-91e141a6-d350-4269-9452-28488a8566ac req-65f0c337-2fc0-4948-a4db-ef756c6e551f service placement] Successfully wrote allocations [, , ] {{(pid=117349) _update_consumers_and_create_allocations /opt/stack/placement/placement/handlers/allocation.py:462}}
May 26 16:14:14.688520 n-d-839922-1 devstack@placement-api.service[117349]: INFO placement.requestlog [req-91e141a6-d350-4269-9452-28488a8566ac req-65f0c337-2fc0-4948-a4db-ef756c6e551f service placement] 10.222.0.15 "PUT /placement/allocations/76890a6c-7cce-4896-930d-e2682b8d102f" status: 204 len: 0 microversion: 1.36
May 26 16:14:14.689524 n-d-839922-1 devstack@placement-api.service[117349]: [pid: 117349|app: 0|req: 257/517] 10.222.0.15 () {64 vars in 1433 bytes} [Thu May 26 16:14:14 2022] PUT /placement/allocations/76890a6c-7cce-4896-930d-e2682b8d102f => generated 0 bytes in 318 msecs (HTTP/1.1 204) 5 headers in 199 bytes (1 switches on core 0)
May 26 16:14:15.497757 n-d-839922-1 devstack@placement-api.service[117348]: DEBUG placement.requestlog [req-836fbf93-93ab-40e6-92c6-4b40932a7bec req-3385cc87-9e48-4d35-b70e-f19307d8c51c None None] Starting request: 10.222.0.15 "GET /placement/allocation_candidates?limit=1000&resources=DISK_GB%3A1%2CMEMORY_MB%3A1024%2CVCPU%3A1&root_required=%21COMPUTE_STATUS_DISABLED" {{(pid=117348) __call__ /opt/stack/placement/placement/requestlog.py:55}}
May 26 16:14:15.556398 n-d-839922-1 devstack@placement-api.service[117348]: DEBUG placement.objects.research_context [req-836fbf93-93ab-40e6-92c6-4b40932a7bec req-3385cc87-9e48-4d35-b70e-f19307d8c51c service placement] getting providers with 1 DISK_GB {{(pid=117348) __init__ /opt/stack/placement/placement/objects/research_context.py:136}}
May 26 16:14:15.573476 n-d-839922-1 devstack@placement-api.service[117348]: DEBUG placement.objects.research_context [req-836fbf93-93ab-40e6-92c6-4b40932a7bec req-3385cc87-9e48-4d35-b70e-f19307d8c51c service placement] getting providers with 1024 MEMORY_MB {{(pid=117348) __init__ /opt/stack/placement/placement/objects/research_context.py:136}}
May 26 16:14:15.580794 n-d-839922-1 devstack@placement-api.service[117348]: DEBUG placement.objects.research_context [req-836fbf93-93ab-40e6-92c6-4b40932a7bec req-3385cc87-9e48-4d35-b70e-f19307d8c51c service placement] getting providers with 1 VCPU {{(pid=117348) __init__ /opt/stack/placement/placement/objects/research_context.py:136}}
May 26 16:14:15.589138 n-d-839922-1 devstack@placement-api.service[117348]: DEBUG placement.objects.research_context [req-836fbf93-93ab-40e6-92c6-4b40932a7bec req-3385cc87-9e48-4d35-b70e-f19307d8c51c service placement] found 2 providers with available 1 DISK_GB {{(pid=117348) get_provider_ids_matching /opt/stack/placement/placement/objects/research_context.py:559}}
May 26 16:14:15.589717 n-d-839922-1 devstack@placement-api.service[117348]: DEBUG placement.objects.research_context [req-836fbf93-93ab-40e6-92c6-4b40932a7bec req-3385cc87-9e48-4d35-b70e-f19307d8c51c service placement] found 2 providers with available 1024 MEMORY_MB {{(pid=117348) get_provider_ids_matching /opt/stack/placement/placement/objects/research_context.py:559}}
May 26 16:14:15.590171 n-d-839922-1 devstack@placement-api.service[117348]: DEBUG placement.objects.research_context [req-836fbf93-93ab-40e6-92c6-4b40932a7bec req-3385cc87-9e48-4d35-b70e-f19307d8c51c service placement] found 2 providers after filtering by previous result {{(pid=117348) get_provider_ids_matching /opt/stack/placement/placement/objects/research_context.py:590}}
May 26 16:14:15.590616 n-d-839922-1 devstack@placement-api.service[117348]: DEBUG placement.objects.research_context [req-836fbf93-93ab-40e6-92c6-4b40932a7bec req-3385cc87-9e48-4d35-b70e-f19307d8c51c service placement] found 2 providers with available 1 VCPU {{(pid=117348) get_provider_ids_matching /opt/stack/placement/placement/objects/research_context.py:559}}
May 26 16:14:15.591055 n-d-839922-1 devstack@placement-api.service[117348]: DEBUG placement.objects.research_context [req-836fbf93-93ab-40e6-92c6-4b40932a7bec req-3385cc87-9e48-4d35-b70e-f19307d8c51c service placement] found 2 providers after filtering by previous result {{(pid=117348) get_provider_ids_matching /opt/stack/placement/placement/objects/research_context.py:590}}
May 26 16:14:15.611209 n-d-839922-1 devstack@placement-api.service[117348]: DEBUG placement.objects.allocation_candidate [req-836fbf93-93ab-40e6-92c6-4b40932a7bec req-3385cc87-9e48-4d35-b70e-f19307d8c51c service placement] RequestGroup(use_same_provider=False, resources={DISK_GB:1, MEMORY_MB:1024, VCPU:1}, traits=(), aggregates=[]) (suffix '') returned 2 matches {{(pid=117348) _get_by_requests /opt/stack/placement/placement/objects/allocation_candidate.py:156}}
May 26 16:14:15.611855 n-d-839922-1 devstack@placement-api.service[117348]: DEBUG placement.objects.allocation_candidate [req-836fbf93-93ab-40e6-92c6-4b40932a7bec req-3385cc87-9e48-4d35-b70e-f19307d8c51c service placement] Merging candidates yields 2 allocation requests and 2 provider summaries {{(pid=117348) _merge_candidates /opt/stack/placement/placement/objects/allocation_candidate.py:809}}
May 26 16:14:15.614020 n-d-839922-1 devstack@placement-api.service[117348]: INFO placement.requestlog [req-836fbf93-93ab-40e6-92c6-4b40932a7bec req-3385cc87-9e48-4d35-b70e-f19307d8c51c service placement] 10.222.0.15 "GET /placement/allocation_candidates?limit=1000&resources=DISK_GB%3A1%2CMEMORY_MB%3A1024%2CVCPU%3A1&root_required=%21COMPUTE_STATUS_DISABLED" status: 200 len: 1309 microversion: 1.36
May 26 16:14:15.614989 n-d-839922-1 devstack@placement-api.service[117348]: [pid: 117348|app: 0|req: 261/518] 10.222.0.15 () {60 vars in 1506 bytes} [Thu May 26 16:14:15 2022] GET /placement/allocation_candidates?limit=1000&resources=DISK_GB%3A1%2CMEMORY_MB%3A1024%2CVCPU%3A1&root_required=%21COMPUTE_STATUS_DISABLED => generated 1309 bytes in 118 msecs (HTTP/1.1 200) 8 headers in 297 bytes (1 switches on core 0)
May 26 16:14:15.690226 n-d-839922-1 devstack@placement-api.service[117349]: DEBUG placement.requestlog [req-836fbf93-93ab-40e6-92c6-4b40932a7bec req-9ad92c77-1118-4b42-8dab-657b153b2626 None None] Starting request: 10.222.0.15 "GET /placement/allocations/7c063b43-2318-4895-ba35-da23f8fdcc88" {{(pid=117349) __call__ /opt/stack/placement/placement/requestlog.py:55}}
May 26 16:14:15.707605 n-d-839922-1 devstack@placement-api.service[117349]: INFO placement.requestlog [req-836fbf93-93ab-40e6-92c6-4b40932a7bec req-9ad92c77-1118-4b42-8dab-657b153b2626 service placement] 10.222.0.15 "GET /placement/allocations/7c063b43-2318-4895-ba35-da23f8fdcc88" status: 200 len: 19 microversion: 1.28
May 26 16:14:15.708434 n-d-839922-1 devstack@placement-api.service[117349]: [pid: 117349|app: 0|req: 258/519] 10.222.0.15 () {60 vars in 1380 bytes} [Thu May 26 16:14:15 2022] GET /placement/allocations/7c063b43-2318-4895-ba35-da23f8fdcc88 => generated 19 bytes in 19 msecs (HTTP/1.1 200) 8 headers in 295 bytes (1 switches on core 0)
May 26 16:14:15.715513 n-d-839922-1 devstack@placement-api.service[117348]: DEBUG placement.requestlog [req-836fbf93-93ab-40e6-92c6-4b40932a7bec req-cd4873f4-54f1-4cf7-8d23-9de8dd64559a None None] Starting request: 10.222.0.15 "PUT /placement/allocations/7c063b43-2318-4895-ba35-da23f8fdcc88" {{(pid=117348) __call__ /opt/stack/placement/placement/requestlog.py:55}}
May 26 16:14:15.900632 n-d-839922-1 devstack@placement-api.service[117348]: DEBUG placement.handlers.allocation [req-836fbf93-93ab-40e6-92c6-4b40932a7bec req-cd4873f4-54f1-4cf7-8d23-9de8dd64559a service placement] Successfully wrote allocations [, , ] {{(pid=117348) _update_consumers_and_create_allocations /opt/stack/placement/placement/handlers/allocation.py:462}}
May 26 16:14:16.050737 n-d-839922-1 devstack@placement-api.service[117349]: DEBUG placement.requestlog [req-91e141a6-d350-4269-9452-28488a8566ac req-36a8d205-0e86-4810-ae6c-e5b973daa8d4 None None] Starting request: 10.222.0.44 "GET /placement/allocations/76890a6c-7cce-4896-930d-e2682b8d102f" {{(pid=117349) __call__ /opt/stack/placement/placement/requestlog.py:55}}
May 26 16:14:16.068039 n-d-839922-1 devstack@placement-api.service[117348]: INFO placement.requestlog [req-836fbf93-93ab-40e6-92c6-4b40932a7bec req-cd4873f4-54f1-4cf7-8d23-9de8dd64559a service placement] 10.222.0.15 "PUT /placement/allocations/7c063b43-2318-4895-ba35-da23f8fdcc88" status: 204 len: 0 microversion: 1.36
May 26 16:14:16.082482 n-d-839922-1 devstack@placement-api.service[117348]: [pid: 117348|app: 0|req: 262/520] 10.222.0.15 () {64 vars in 1433 bytes} [Thu May 26 16:14:15 2022] PUT /placement/allocations/7c063b43-2318-4895-ba35-da23f8fdcc88 => generated 0 bytes in 354 msecs (HTTP/1.1 204) 5 headers in 199 bytes (1 switches on core 0)
May 26 16:14:16.105921 n-d-839922-1 devstack@placement-api.service[117349]: INFO placement.requestlog [req-91e141a6-d350-4269-9452-28488a8566ac req-36a8d205-0e86-4810-ae6c-e5b973daa8d4 service placement] 10.222.0.44 "GET /placement/allocations/76890a6c-7cce-4896-930d-e2682b8d102f" status: 200 len: 259 microversion: 1.28
May 26 16:14:16.108417 n-d-839922-1 devstack@placement-api.service[117349]: [pid: 117349|app: 0|req: 259/521] 10.222.0.44 () {60 vars in 1377 bytes} [Thu May 26 16:14:16 2022] GET /placement/allocations/76890a6c-7cce-4896-930d-e2682b8d102f => generated 259 bytes in 58 msecs (HTTP/1.1 200) 8 headers in 296 bytes (2 switches on core 0)
May 26 16:14:16.877772 n-d-839922-1 devstack@placement-api.service[117348]: DEBUG placement.requestlog [req-3ecee803-4d62-4c9e-b45d-76b66e8a8605 req-e6860a67-aedc-44c7-bb5a-34d60c4dd5c7 None None] Starting request: 10.222.0.15 "GET /placement/allocation_candidates?limit=1000&resources=DISK_GB%3A1%2CMEMORY_MB%3A1024%2CVCPU%3A1&root_required=%21COMPUTE_STATUS_DISABLED" {{(pid=117348) __call__ /opt/stack/placement/placement/requestlog.py:55}}
May 26 16:14:16.943516 n-d-839922-1 devstack@placement-api.service[117348]: DEBUG placement.objects.research_context [req-3ecee803-4d62-4c9e-b45d-76b66e8a8605 req-e6860a67-aedc-44c7-bb5a-34d60c4dd5c7 service placement] getting providers with 1 DISK_GB {{(pid=117348) __init__ /opt/stack/placement/placement/objects/research_context.py:136}}
May 26 16:14:16.976006 n-d-839922-1 devstack@placement-api.service[117348]: DEBUG placement.objects.research_context [req-3ecee803-4d62-4c9e-b45d-76b66e8a8605 req-e6860a67-aedc-44c7-bb5a-34d60c4dd5c7 service placement] getting providers with 1024 MEMORY_MB {{(pid=117348) __init__ /opt/stack/placement/placement/objects/research_context.py:136}}
May 26 16:14:16.980688 n-d-839922-1 devstack@placement-api.service[117348]: DEBUG placement.objects.research_context [req-3ecee803-4d62-4c9e-b45d-76b66e8a8605 req-e6860a67-aedc-44c7-bb5a-34d60c4dd5c7 service placement] getting providers with 1 VCPU {{(pid=117348) __init__ /opt/stack/placement/placement/objects/research_context.py:136}}
May 26 16:14:16.992230 n-d-839922-1 devstack@placement-api.service[117348]: DEBUG placement.objects.research_context [req-3ecee803-4d62-4c9e-b45d-76b66e8a8605 req-e6860a67-aedc-44c7-bb5a-34d60c4dd5c7 service placement] found 2 providers with available 1 DISK_GB {{(pid=117348) get_provider_ids_matching /opt/stack/placement/placement/objects/research_context.py:559}}
May 26 16:14:16.994674 n-d-839922-1 devstack@placement-api.service[117348]: DEBUG placement.objects.research_context [req-3ecee803-4d62-4c9e-b45d-76b66e8a8605 req-e6860a67-aedc-44c7-bb5a-34d60c4dd5c7 service placement] found 2 providers with available 1024 MEMORY_MB {{(pid=117348) get_provider_ids_matching /opt/stack/placement/placement/objects/research_context.py:559}}
May 26 16:14:16.995123 n-d-839922-1 devstack@placement-api.service[117348]: DEBUG placement.objects.research_context [req-3ecee803-4d62-4c9e-b45d-76b66e8a8605 req-e6860a67-aedc-44c7-bb5a-34d60c4dd5c7 service placement] found 2 providers after filtering by previous result {{(pid=117348) get_provider_ids_matching /opt/stack/placement/placement/objects/research_context.py:590}}
May 26 16:14:16.995545 n-d-839922-1 devstack@placement-api.service[117348]: DEBUG placement.objects.research_context [req-3ecee803-4d62-4c9e-b45d-76b66e8a8605 req-e6860a67-aedc-44c7-bb5a-34d60c4dd5c7 service placement] found 2 providers with available 1 VCPU {{(pid=117348) get_provider_ids_matching /opt/stack/placement/placement/objects/research_context.py:559}}
May 26 16:14:16.996930 n-d-839922-1 devstack@placement-api.service[117348]: DEBUG placement.objects.research_context [req-3ecee803-4d62-4c9e-b45d-76b66e8a8605 req-e6860a67-aedc-44c7-bb5a-34d60c4dd5c7 service placement] found 2 providers after filtering by previous result {{(pid=117348) get_provider_ids_matching /opt/stack/placement/placement/objects/research_context.py:590}}
May 26 16:14:17.028468 n-d-839922-1 devstack@placement-api.service[117348]: DEBUG placement.objects.allocation_candidate [req-3ecee803-4d62-4c9e-b45d-76b66e8a8605 req-e6860a67-aedc-44c7-bb5a-34d60c4dd5c7 service placement] RequestGroup(use_same_provider=False, resources={DISK_GB:1, MEMORY_MB:1024, VCPU:1}, traits=(), aggregates=[]) (suffix '') returned 2 matches {{(pid=117348) _get_by_requests /opt/stack/placement/placement/objects/allocation_candidate.py:156}}
May 26 16:14:17.029109 n-d-839922-1 devstack@placement-api.service[117348]: DEBUG placement.objects.allocation_candidate [req-3ecee803-4d62-4c9e-b45d-76b66e8a8605 req-e6860a67-aedc-44c7-bb5a-34d60c4dd5c7 service placement] Merging candidates yields 2 allocation requests and 2 provider summaries {{(pid=117348) _merge_candidates /opt/stack/placement/placement/objects/allocation_candidate.py:809}}
May 26 16:14:17.030926 n-d-839922-1 devstack@placement-api.service[117348]: INFO placement.requestlog [req-3ecee803-4d62-4c9e-b45d-76b66e8a8605 req-e6860a67-aedc-44c7-bb5a-34d60c4dd5c7 service placement] 10.222.0.15 "GET /placement/allocation_candidates?limit=1000&resources=DISK_GB%3A1%2CMEMORY_MB%3A1024%2CVCPU%3A1&root_required=%21COMPUTE_STATUS_DISABLED" status: 200 len: 1309 microversion: 1.36
May 26 16:14:17.031841 n-d-839922-1 devstack@placement-api.service[117348]: [pid: 117348|app: 0|req: 263/522] 10.222.0.15 () {60 vars in 1506 bytes} [Thu May 26 16:14:16 2022] GET /placement/allocation_candidates?limit=1000&resources=DISK_GB%3A1%2CMEMORY_MB%3A1024%2CVCPU%3A1&root_required=%21COMPUTE_STATUS_DISABLED => generated 1309 bytes in 154 msecs (HTTP/1.1 200) 8 headers in 297 bytes (1 switches on core 0)
May 26 16:14:17.170843 n-d-839922-1 devstack@placement-api.service[117349]: DEBUG placement.requestlog [req-3ecee803-4d62-4c9e-b45d-76b66e8a8605 req-596933e9-e7b7-4539-90c3-9b68a2c6eac0 None None] Starting request: 10.222.0.15 "GET /placement/allocations/7b6bc1c3-5ef9-4329-b27b-f45aa358bf2b" {{(pid=117349) __call__ /opt/stack/placement/placement/requestlog.py:55}}
May 26 16:14:17.191315 n-d-839922-1 devstack@placement-api.service[117349]: INFO placement.requestlog [req-3ecee803-4d62-4c9e-b45d-76b66e8a8605 req-596933e9-e7b7-4539-90c3-9b68a2c6eac0 service placement] 10.222.0.15 "GET /placement/allocations/7b6bc1c3-5ef9-4329-b27b-f45aa358bf2b" status: 200 len: 19 microversion: 1.28
May 26 16:14:17.192451 n-d-839922-1 devstack@placement-api.service[117349]: [pid: 117349|app: 0|req: 260/523] 10.222.0.15 () {60 vars in 1380 bytes} [Thu May 26 16:14:17 2022] GET /placement/allocations/7b6bc1c3-5ef9-4329-b27b-f45aa358bf2b => generated 19 bytes in 23 msecs (HTTP/1.1 200) 8 headers in 295 bytes (1 switches on core 0)
May 26 16:14:17.198624 n-d-839922-1 devstack@placement-api.service[117348]: DEBUG placement.requestlog [req-3ecee803-4d62-4c9e-b45d-76b66e8a8605 req-ea8dfe17-ff7a-4e05-bf9c-0a205066cb22 None None] Starting request: 10.222.0.15 "PUT /placement/allocations/7b6bc1c3-5ef9-4329-b27b-f45aa358bf2b" {{(pid=117348) __call__ /opt/stack/placement/placement/requestlog.py:55}}
May 26 16:14:17.477614 n-d-839922-1 devstack@placement-api.service[117348]: DEBUG placement.handlers.allocation [req-3ecee803-4d62-4c9e-b45d-76b66e8a8605 req-ea8dfe17-ff7a-4e05-bf9c-0a205066cb22 service placement] Successfully wrote allocations [, , ] {{(pid=117348) _update_consumers_and_create_allocations /opt/stack/placement/placement/handlers/allocation.py:462}}
May 26 16:14:17.562478 n-d-839922-1 devstack@placement-api.service[117349]: DEBUG placement.requestlog [req-836fbf93-93ab-40e6-92c6-4b40932a7bec req-d9cf5e30-2aa1-4a41-8ab5-1d1986f0e3ca None None] Starting request: 10.222.0.44 "GET /placement/allocations/7c063b43-2318-4895-ba35-da23f8fdcc88" {{(pid=117349) __call__ /opt/stack/placement/placement/requestlog.py:55}}
May 26 16:14:17.583913 n-d-839922-1 devstack@placement-api.service[117348]: INFO placement.requestlog [req-3ecee803-4d62-4c9e-b45d-76b66e8a8605 req-ea8dfe17-ff7a-4e05-bf9c-0a205066cb22 service placement] 10.222.0.15 "PUT /placement/allocations/7b6bc1c3-5ef9-4329-b27b-f45aa358bf2b" status: 204 len: 0 microversion: 1.36
May 26 16:14:17.584670 n-d-839922-1 devstack@placement-api.service[117348]: [pid: 117348|app: 0|req: 264/524] 10.222.0.15 () {64 vars in 1433 bytes} [Thu May 26 16:14:17 2022] PUT /placement/allocations/7b6bc1c3-5ef9-4329-b27b-f45aa358bf2b => generated 0 bytes in 386 msecs (HTTP/1.1 204) 5 headers in 199 bytes (1 switches on core 0)
May 26 16:14:17.591761 n-d-839922-1 devstack@placement-api.service[117349]: INFO placement.requestlog [req-836fbf93-93ab-40e6-92c6-4b40932a7bec req-d9cf5e30-2aa1-4a41-8ab5-1d1986f0e3ca service placement] 10.222.0.44 "GET /placement/allocations/7c063b43-2318-4895-ba35-da23f8fdcc88" status: 200 len: 259 microversion: 1.28
May 26 16:14:17.607324 n-d-839922-1 devstack@placement-api.service[117349]: [pid: 117349|app: 0|req: 261/525] 10.222.0.44 () {60 vars in 1377 bytes} [Thu May 26 16:14:17 2022] GET /placement/allocations/7c063b43-2318-4895-ba35-da23f8fdcc88 => generated 259 bytes in 45 msecs (HTTP/1.1 200) 8 headers in 296 bytes (2 switches on core 0)
May 26 16:14:19.077241 n-d-839922-1 devstack@placement-api.service[117348]: DEBUG placement.requestlog [req-3ecee803-4d62-4c9e-b45d-76b66e8a8605 req-850b9668-f9ca-430c-a579-e81c217c2b09 None None] Starting request: 10.222.0.44 "GET /placement/allocations/7b6bc1c3-5ef9-4329-b27b-f45aa358bf2b" {{(pid=117348) __call__ /opt/stack/placement/placement/requestlog.py:55}}
May 26 16:14:19.106977 n-d-839922-1 devstack@placement-api.service[117348]: INFO placement.requestlog [req-3ecee803-4d62-4c9e-b45d-76b66e8a8605 req-850b9668-f9ca-430c-a579-e81c217c2b09 service placement] 10.222.0.44 "GET /placement/allocations/7b6bc1c3-5ef9-4329-b27b-f45aa358bf2b" status: 200 len: 259 microversion: 1.28
May 26 16:14:19.110020 n-d-839922-1 devstack@placement-api.service[117348]: [pid: 117348|app: 0|req: 265/526] 10.222.0.44 () {60 vars in 1377 bytes} [Thu May 26 16:14:19 2022] GET /placement/allocations/7b6bc1c3-5ef9-4329-b27b-f45aa358bf2b => generated 259 bytes in 33 msecs (HTTP/1.1 200) 8 headers in 296 bytes (1 switches on core 0)
May 26 16:14:19.898045 n-d-839922-1 devstack@placement-api.service[117349]: DEBUG placement.requestlog [req-7a12e4ba-b946-4a64-9a29-df267db55b6b req-e86911ba-1a02-4ccb-bb22-cd9b8d972011 None None] Starting request: 10.222.0.44 "DELETE /placement/allocations/0050efe7-1df5-41ed-9612-5fb92a6a857d" {{(pid=117349) __call__ /opt/stack/placement/placement/requestlog.py:55}}
May 26 16:14:20.153251 n-d-839922-1 devstack@placement-api.service[117349]: DEBUG placement.handlers.allocation [req-7a12e4ba-b946-4a64-9a29-df267db55b6b req-e86911ba-1a02-4ccb-bb22-cd9b8d972011 service placement] Successfully deleted allocations [, , ] {{(pid=117349) delete_allocations /opt/stack/placement/placement/handlers/allocation.py:627}}
May 26 16:14:20.153821 n-d-839922-1 devstack@placement-api.service[117349]: INFO placement.requestlog [req-7a12e4ba-b946-4a64-9a29-df267db55b6b req-e86911ba-1a02-4ccb-bb22-cd9b8d972011 service placement] 10.222.0.44 "DELETE /placement/allocations/0050efe7-1df5-41ed-9612-5fb92a6a857d" status: 204 len: 0 microversion: 1.0
May 26 16:14:20.154552 n-d-839922-1 devstack@placement-api.service[117349]: [pid: 117349|app: 0|req: 262/527] 10.222.0.44 () {60 vars in 1355 bytes} [Thu May 26 16:14:19 2022] DELETE /placement/allocations/0050efe7-1df5-41ed-9612-5fb92a6a857d => generated 0 bytes in 257 msecs (HTTP/1.1 204) 5 headers in 198 bytes (1 switches on core 0)
May 26 16:14:22.254139 n-d-839922-1 devstack@placement-api.service[117348]: DEBUG placement.requestlog [req-9275b364-6b4a-4832-af72-ff36686f0967 req-4a80ee0f-b68c-4070-a4dc-6cc2816ca9f9 None None] Starting request: 10.222.0.79 "GET /placement/resource_providers/8bafbcae-1ad0-429f-afc4-eb01d10244c3/allocations" {{(pid=117348) __call__ /opt/stack/placement/placement/requestlog.py:55}}
May 26 16:14:22.298420 n-d-839922-1 devstack@placement-api.service[117348]: INFO placement.requestlog [req-9275b364-6b4a-4832-af72-ff36686f0967 req-4a80ee0f-b68c-4070-a4dc-6cc2816ca9f9 service placement] 10.222.0.79 "GET /placement/resource_providers/8bafbcae-1ad0-429f-afc4-eb01d10244c3/allocations" status: 200 len: 861 microversion: 1.0
May 26 16:14:22.301975 n-d-839922-1 devstack@placement-api.service[117348]: [pid: 117348|app: 0|req: 266/528] 10.222.0.79 () {58 vars in 1390 bytes} [Thu May 26 16:14:22 2022] GET /placement/resource_providers/8bafbcae-1ad0-429f-afc4-eb01d10244c3/allocations => generated 861 bytes in 46 msecs (HTTP/1.1 200) 6 headers in 224 bytes (1 switches on core 0)
May 26 16:14:28.800391 n-d-839922-1 devstack@placement-api.service[117349]: DEBUG placement.requestlog [req-1f1dab1d-742e-4d7a-9e77-bf6126befd18 req-87505550-93d7-40b8-b2ff-ee6d1e330b07 None None] Starting request: 10.222.0.15 "GET /placement/allocation_candidates?resources=DISK_GB%3A1%2CMEMORY_MB%3A1024%2CVCPU%3A1&root_required=%21COMPUTE_STATUS_DISABLED" {{(pid=117349) __call__ /opt/stack/placement/placement/requestlog.py:55}}
May 26 16:14:28.880041 n-d-839922-1 devstack@placement-api.service[117349]: DEBUG placement.objects.research_context [req-1f1dab1d-742e-4d7a-9e77-bf6126befd18 req-87505550-93d7-40b8-b2ff-ee6d1e330b07 service placement] getting providers with 1 DISK_GB {{(pid=117349) __init__ /opt/stack/placement/placement/objects/research_context.py:136}}
May 26 16:14:28.894395 n-d-839922-1 devstack@placement-api.service[117349]: DEBUG placement.objects.research_context [req-1f1dab1d-742e-4d7a-9e77-bf6126befd18 req-87505550-93d7-40b8-b2ff-ee6d1e330b07 service placement] getting providers with 1024 MEMORY_MB {{(pid=117349) __init__ /opt/stack/placement/placement/objects/research_context.py:136}}
May 26 16:14:28.905690 n-d-839922-1 devstack@placement-api.service[117349]: DEBUG placement.objects.research_context [req-1f1dab1d-742e-4d7a-9e77-bf6126befd18 req-87505550-93d7-40b8-b2ff-ee6d1e330b07 service placement] getting providers with 1 VCPU {{(pid=117349) __init__ /opt/stack/placement/placement/objects/research_context.py:136}}
May 26 16:14:28.918621 n-d-839922-1 devstack@placement-api.service[117349]: DEBUG placement.objects.research_context [req-1f1dab1d-742e-4d7a-9e77-bf6126befd18 req-87505550-93d7-40b8-b2ff-ee6d1e330b07 service placement] found 2 providers with available 1 DISK_GB {{(pid=117349) get_provider_ids_matching /opt/stack/placement/placement/objects/research_context.py:559}}
May 26 16:14:28.919196 n-d-839922-1 devstack@placement-api.service[117349]: DEBUG placement.objects.research_context [req-1f1dab1d-742e-4d7a-9e77-bf6126befd18 req-87505550-93d7-40b8-b2ff-ee6d1e330b07 service placement] found 2 providers with available 1024 MEMORY_MB {{(pid=117349) get_provider_ids_matching /opt/stack/placement/placement/objects/research_context.py:559}}
May 26 16:14:28.919870 n-d-839922-1 devstack@placement-api.service[117349]: DEBUG placement.objects.research_context [req-1f1dab1d-742e-4d7a-9e77-bf6126befd18 req-87505550-93d7-40b8-b2ff-ee6d1e330b07 service placement] found 2 providers after filtering by previous result {{(pid=117349) get_provider_ids_matching /opt/stack/placement/placement/objects/research_context.py:590}}
May 26 16:14:28.920362 n-d-839922-1 devstack@placement-api.service[117349]: DEBUG placement.objects.research_context [req-1f1dab1d-742e-4d7a-9e77-bf6126befd18 req-87505550-93d7-40b8-b2ff-ee6d1e330b07 service placement] found 2 providers with available 1 VCPU {{(pid=117349) get_provider_ids_matching /opt/stack/placement/placement/objects/research_context.py:559}}
May 26 16:14:28.921399 n-d-839922-1 devstack@placement-api.service[117349]: DEBUG placement.objects.research_context [req-1f1dab1d-742e-4d7a-9e77-bf6126befd18 req-87505550-93d7-40b8-b2ff-ee6d1e330b07 service placement] found 2 providers after filtering by previous result {{(pid=117349) get_provider_ids_matching /opt/stack/placement/placement/objects/research_context.py:590}}
