May 26 16:02:49.955529 n-d-839922-1 devstack@n-api.service[131810]: DEBUG nova.api.openstack.wsgi [None req-dfafd10a-414a-4e69-9b81-ea8fe873fda4 tempest-FlavorsAccessTestJSON-119496118 tempest-FlavorsAccessTestJSON-119496118-project-admin] Calling method '>' {{(pid=131810) _process_stack /opt/stack/nova/nova/api/openstack/wsgi.py:513}}
May 26 16:02:49.981681 n-d-839922-1 devstack@n-api.service[131809]: INFO nova.api.openstack.requestlog [None req-e65dcfd0-095c-4e33-b009-01ef034f9d52 tempest-FlavorsAdminTestJSON-1978903209 tempest-FlavorsAdminTestJSON-1978903209-project-admin] 10.222.0.15 "POST /compute/v2.1/flavors" status: 200 len: 425 microversion: 2.1 time: 0.159174
May 26 16:02:49.982864 n-d-839922-1 devstack@n-api.service[131809]: [pid: 131809|app: 0|req: 22/37] 10.222.0.15 () {60 vars in 1146 bytes} [Thu May 26 16:02:49 2022] POST /compute/v2.1/flavors => generated 425 bytes in 161 msecs (HTTP/1.1 200) 9 headers in 357 bytes (1 switches on core 0)
May 26 16:02:49.990464 n-d-839922-1 devstack@n-api.service[131809]: DEBUG nova.api.openstack.wsgi [None req-3149aaba-5e85-4c12-a398-792d61d1ccfc tempest-QuotasAdminTestJSON-2106640229 tempest-QuotasAdminTestJSON-2106640229-project-admin] Action: 'update', calling method: .version_select at 0x7fa4aea6da60>, body: {"quota_set": {"ram": "5120"}} {{(pid=131809) _process_stack /opt/stack/nova/nova/api/openstack/wsgi.py:511}}
May 26 16:02:50.007059 n-d-839922-1 devstack@n-api.service[131810]: INFO nova.api.openstack.requestlog [None req-dfafd10a-414a-4e69-9b81-ea8fe873fda4 tempest-FlavorsAccessTestJSON-119496118 tempest-FlavorsAccessTestJSON-119496118-project-admin] 10.222.0.15 "GET /compute/v2.1/flavors/detail" status: 200 len: 5406 microversion: 2.1 time: 0.087540
May 26 16:02:50.008300 n-d-839922-1 devstack@n-api.service[131810]: [pid: 131810|app: 0|req: 16/38] 10.222.0.15 () {58 vars in 1145 bytes} [Thu May 26 16:02:49 2022] GET /compute/v2.1/flavors/detail => generated 5406 bytes in 90 msecs (HTTP/1.1 200) 9 headers in 358 bytes (1 switches on core 0)
May 26 16:02:50.015562 n-d-839922-1 devstack@n-api.service[131810]: DEBUG nova.api.openstack.wsgi [None req-71e5c987-90f1-4237-8f57-c66c1f236843 tempest-AggregatesAdminTestJSON-440055063 tempest-AggregatesAdminTestJSON-440055063-project] Calling method '>' {{(pid=131810) _process_stack /opt/stack/nova/nova/api/openstack/wsgi.py:513}}
May 26 16:02:50.019583 n-d-839922-1 devstack@n-api.service[131810]: DEBUG nova.compute.api [None req-71e5c987-90f1-4237-8f57-c66c1f236843 tempest-AggregatesAdminTestJSON-440055063 tempest-AggregatesAdminTestJSON-440055063-project] [instance: b7d2b12e-f1be-48ae-bcb8-640cf5d9be56] Fetching instance by UUID {{(pid=131810) get /opt/stack/nova/nova/compute/api.py:2918}}
May 26 16:02:50.120206 n-d-839922-1 devstack@n-api.service[131810]: DEBUG nova.policy [None req-71e5c987-90f1-4237-8f57-c66c1f236843 tempest-AggregatesAdminTestJSON-440055063 tempest-AggregatesAdminTestJSON-440055063-project] Policy check for os_compute_api:os-extended-server-attributes failed with credentials {'is_admin': False, 'user_id': 'b92d13d586f544b0851ee1e93f17d881', 'user_domain_id': 'default', 'system_scope': None, 'domain_id': None, 'project_id': 'af0d45cd6a4b46a59667ab9e02900cb2', 'project_domain_id': 'default', 'roles': ['member', 'reader'], 'is_admin_project': True, 'service_user_id': None, 'service_user_domain_id': None, 'service_project_id': None, 'service_project_domain_id': None, 'service_roles': []} {{(pid=131810) authorize /opt/stack/nova/nova/policy.py:199}}
May 26 16:02:50.135695 n-d-839922-1 devstack@n-api.service[131810]: INFO nova.api.openstack.requestlog [None req-71e5c987-90f1-4237-8f57-c66c1f236843 tempest-AggregatesAdminTestJSON-440055063 tempest-AggregatesAdminTestJSON-440055063-project] 10.222.0.15 "GET /compute/v2.1/servers/b7d2b12e-f1be-48ae-bcb8-640cf5d9be56" status: 200 len: 1243 microversion: 2.1 time: 0.126085
May 26 16:02:50.136534 n-d-839922-1 devstack@n-api.service[131810]: [pid: 131810|app: 0|req: 17/39] 10.222.0.15 () {58 vars in 1235 bytes} [Thu May 26 16:02:50 2022] GET /compute/v2.1/servers/b7d2b12e-f1be-48ae-bcb8-640cf5d9be56 => generated 1243 bytes in 128 msecs (HTTP/1.1 200) 9 headers in 358 bytes (1 switches on core 0)
May 26 16:02:50.141644 n-d-839922-1 devstack@n-api.service[131810]: DEBUG nova.api.openstack.wsgi [None req-7a7ce0f0-fc15-4fde-a3f7-63057d3097b8 tempest-FlavorsAdminTestJSON-1978903209 tempest-FlavorsAdminTestJSON-1978903209-project-admin] Calling method '>' {{(pid=131810) _process_stack /opt/stack/nova/nova/api/openstack/wsgi.py:513}}
May 26 16:02:50.142777 n-d-839922-1 devstack@n-api.service[131810]: /usr/local/lib/python3.8/dist-packages/oslo_policy/policy.py:1119: UserWarning: Policy "os_compute_api:os-flavor-manage:delete": "rule:context_is_admin" failed scope check. The token used to make the request was project scoped but the policy requires ['system'] scope. This behavior may change in the future where using the intended scope is required
May 26 16:02:50.142777 n-d-839922-1 devstack@n-api.service[131810]: warnings.warn(msg)
May 26 16:02:50.255002 n-d-839922-1 devstack@n-api.service[131810]: INFO nova.api.openstack.requestlog [None req-7a7ce0f0-fc15-4fde-a3f7-63057d3097b8 tempest-FlavorsAdminTestJSON-1978903209 tempest-FlavorsAdminTestJSON-1978903209-project-admin] 10.222.0.15 "DELETE /compute/v2.1/flavors/402948889" status: 202 len: 0 microversion: 2.1 time: 0.117323
May 26 16:02:50.256493 n-d-839922-1 devstack@n-api.service[131810]: [pid: 131810|app: 0|req: 18/40] 10.222.0.15 () {58 vars in 1157 bytes} [Thu May 26 16:02:50 2022] DELETE /compute/v2.1/flavors/402948889 => generated 0 bytes in 119 msecs (HTTP/1.1 202) 9 headers in 361 bytes (1 switches on core 0)
May 26 16:02:50.261353 n-d-839922-1 devstack@n-api.service[131810]: DEBUG nova.api.openstack.wsgi [None req-21e8346c-3a58-4c0b-83ad-246b539055f5 tempest-FlavorsAccessTestJSON-119496118 tempest-FlavorsAccessTestJSON-119496118-project-admin] Action: 'create', calling method: >, body: {"flavor": {"ram": 512, "vcpus": 1, "disk": 10, "name": "tempest-FlavorsAccessTestJSON-flavor-1148160421", "id": 871978432, "os-flavor-access:is_public": "False"}} {{(pid=131810) _process_stack /opt/stack/nova/nova/api/openstack/wsgi.py:511}}
May 26 16:02:50.263566 n-d-839922-1 devstack@n-api.service[131810]: /usr/local/lib/python3.8/dist-packages/oslo_policy/policy.py:1119: UserWarning: Policy "os_compute_api:os-flavor-manage:create": "rule:context_is_admin" failed scope check. The token used to make the request was project scoped but the policy requires ['system'] scope. This behavior may change in the future where using the intended scope is required
May 26 16:02:50.263566 n-d-839922-1 devstack@n-api.service[131810]: warnings.warn(msg)
May 26 16:02:50.364382 n-d-839922-1 devstack@n-api.service[131810]: INFO nova.api.openstack.requestlog [None req-21e8346c-3a58-4c0b-83ad-246b539055f5 tempest-FlavorsAccessTestJSON-119496118 tempest-FlavorsAccessTestJSON-119496118-project-admin] 10.222.0.15 "POST /compute/v2.1/flavors" status: 200 len: 428 microversion: 2.1 time: 0.106755
May 26 16:02:50.365315 n-d-839922-1 devstack@n-api.service[131810]: [pid: 131810|app: 0|req: 19/41] 10.222.0.15 () {60 vars in 1146 bytes} [Thu May 26 16:02:50 2022] POST /compute/v2.1/flavors => generated 428 bytes in 108 msecs (HTTP/1.1 200) 9 headers in 357 bytes (1 switches on core 0)
May 26 16:02:50.370485 n-d-839922-1 devstack@n-api.service[131810]: DEBUG nova.api.openstack.wsgi [None req-03a095bd-3a0f-443a-9bce-e42ecef0be9a tempest-FlavorsAdminTestJSON-1978903209 tempest-FlavorsAdminTestJSON-1978903209-project-admin] Calling method '>' {{(pid=131810) _process_stack /opt/stack/nova/nova/api/openstack/wsgi.py:513}}
May 26 16:02:50.558417 n-d-839922-1 devstack@n-api.service[131810]: INFO nova.api.openstack.requestlog [None req-03a095bd-3a0f-443a-9bce-e42ecef0be9a tempest-FlavorsAdminTestJSON-1978903209 tempest-FlavorsAdminTestJSON-1978903209-project-admin] 10.222.0.15 "GET /compute/v2.1/flavors/detail" status: 200 len: 4991 microversion: 2.1 time: 0.191728
May 26 16:02:50.564338 n-d-839922-1 devstack@n-api.service[131810]: [pid: 131810|app: 0|req: 20/42] 10.222.0.15 () {58 vars in 1145 bytes} [Thu May 26 16:02:50 2022] GET /compute/v2.1/flavors/detail => generated 4991 bytes in 198 msecs (HTTP/1.1 200) 9 headers in 358 bytes (1 switches on core 0)
May 26 16:02:50.585017 n-d-839922-1 devstack@n-api.service[131810]: DEBUG nova.api.openstack.wsgi [None req-774083bf-dd3d-41c3-af2e-17e447c99ebf tempest-FlavorsAccessTestJSON-119496118 tempest-FlavorsAccessTestJSON-119496118-project-admin] Calling method '>' {{(pid=131810) _process_stack /opt/stack/nova/nova/api/openstack/wsgi.py:513}}
May 26 16:02:50.589739 n-d-839922-1 devstack@n-api.service[131810]: /usr/local/lib/python3.8/dist-packages/oslo_policy/policy.py:1119: UserWarning: Policy "os_compute_api:os-flavor-access": "rule:context_is_admin" failed scope check. The token used to make the request was project scoped but the policy requires ['system'] scope. This behavior may change in the future where using the intended scope is required
May 26 16:02:50.589739 n-d-839922-1 devstack@n-api.service[131810]: warnings.warn(msg)
May 26 16:02:50.611041 n-d-839922-1 devstack@n-api.service[131810]: INFO nova.api.openstack.requestlog [None req-774083bf-dd3d-41c3-af2e-17e447c99ebf tempest-FlavorsAccessTestJSON-119496118 tempest-FlavorsAccessTestJSON-119496118-project-admin] 10.222.0.15 "GET /compute/v2.1/flavors/871978432/os-flavor-access" status: 200 len: 21 microversion: 2.1 time: 0.045501
May 26 16:02:50.626299 n-d-839922-1 devstack@n-api.service[131810]: [pid: 131810|app: 0|req: 21/43] 10.222.0.15 () {58 vars in 1205 bytes} [Thu May 26 16:02:50 2022] GET /compute/v2.1/flavors/871978432/os-flavor-access => generated 21 bytes in 51 msecs (HTTP/1.1 200) 9 headers in 356 bytes (1 switches on core 0)
May 26 16:02:50.631200 n-d-839922-1 devstack@n-api.service[131810]: DEBUG nova.api.openstack.wsgi [None req-d78f249a-b22c-4277-af5a-a390d8d278f3 tempest-FlavorsAdminTestJSON-1978903209 tempest-FlavorsAdminTestJSON-1978903209-project-admin] Action: 'create', calling method: >, body: {"flavor": {"ram": 512, "vcpus": 1, "disk": 10, "name": "tempest-FlavorsAdminTestJSON-flavor-815106622", "id": null, "os-flavor-access:is_public": "True"}} {{(pid=131810) _process_stack /opt/stack/nova/nova/api/openstack/wsgi.py:511}}
May 26 16:02:50.765837 n-d-839922-1 devstack@n-api.service[131810]: INFO nova.api.openstack.requestlog [None req-d78f249a-b22c-4277-af5a-a390d8d278f3 tempest-FlavorsAdminTestJSON-1978903209 tempest-FlavorsAdminTestJSON-1978903209-project-admin] 10.222.0.15 "POST /compute/v2.1/flavors" status: 200 len: 506 microversion: 2.1 time: 0.137896
May 26 16:02:50.767314 n-d-839922-1 devstack@n-api.service[131810]: [pid: 131810|app: 0|req: 22/44] 10.222.0.15 () {60 vars in 1146 bytes} [Thu May 26 16:02:50 2022] POST /compute/v2.1/flavors => generated 506 bytes in 140 msecs (HTTP/1.1 200) 9 headers in 357 bytes (1 switches on core 0)
May 26 16:02:50.772380 n-d-839922-1 devstack@n-api.service[131810]: DEBUG nova.api.openstack.wsgi [None req-3251a6f1-ece8-42b2-8859-621a9b0b0803 tempest-FlavorsAccessTestJSON-119496118 tempest-FlavorsAccessTestJSON-119496118-project-admin] Calling method '>' {{(pid=131810) _process_stack /opt/stack/nova/nova/api/openstack/wsgi.py:513}}
May 26 16:02:50.825324 n-d-839922-1 devstack@n-api.service[131809]: DEBUG oslo_concurrency.lockutils [None req-3149aaba-5e85-4c12-a398-792d61d1ccfc tempest-QuotasAdminTestJSON-2106640229 tempest-QuotasAdminTestJSON-2106640229-project-admin] Lock "00000000-0000-0000-0000-000000000000" acquired by "nova.context.set_target_cell..get_or_set_cached_cell_and_set_connections" :: waited 0.000s {{(pid=131809) inner /usr/local/lib/python3.8/dist-packages/oslo_concurrency/lockutils.py:386}}
May 26 16:02:50.826046 n-d-839922-1 devstack@n-api.service[131809]: DEBUG oslo_concurrency.lockutils [None req-3149aaba-5e85-4c12-a398-792d61d1ccfc tempest-QuotasAdminTestJSON-2106640229 tempest-QuotasAdminTestJSON-2106640229-project-admin] Lock "00000000-0000-0000-0000-000000000000" "released" by "nova.context.set_target_cell..get_or_set_cached_cell_and_set_connections" :: held 0.001s {{(pid=131809) inner /usr/local/lib/python3.8/dist-packages/oslo_concurrency/lockutils.py:400}}
May 26 16:02:50.827524 n-d-839922-1 devstack@n-api.service[131809]: DEBUG oslo_concurrency.lockutils [None req-3149aaba-5e85-4c12-a398-792d61d1ccfc tempest-QuotasAdminTestJSON-2106640229 tempest-QuotasAdminTestJSON-2106640229-project-admin] Lock "2862464f-70d9-4903-9a72-99ad68873b16" acquired by "nova.context.set_target_cell..get_or_set_cached_cell_and_set_connections" :: waited 0.000s {{(pid=131809) inner /usr/local/lib/python3.8/dist-packages/oslo_concurrency/lockutils.py:386}}
May 26 16:02:50.828301 n-d-839922-1 devstack@n-api.service[131809]: DEBUG oslo_concurrency.lockutils [None req-3149aaba-5e85-4c12-a398-792d61d1ccfc tempest-QuotasAdminTestJSON-2106640229 tempest-QuotasAdminTestJSON-2106640229-project-admin] Lock "2862464f-70d9-4903-9a72-99ad68873b16" "released" by "nova.context.set_target_cell..get_or_set_cached_cell_and_set_connections" :: held 0.001s {{(pid=131809) inner /usr/local/lib/python3.8/dist-packages/oslo_concurrency/lockutils.py:400}}
May 26 16:02:50.885625 n-d-839922-1 devstack@n-api.service[131810]: INFO nova.api.openstack.requestlog [None req-3251a6f1-ece8-42b2-8859-621a9b0b0803 tempest-FlavorsAccessTestJSON-119496118 tempest-FlavorsAccessTestJSON-119496118-project-admin] 10.222.0.15 "DELETE /compute/v2.1/flavors/871978432" status: 202 len: 0 microversion: 2.1 time: 0.114086
May 26 16:02:50.887226 n-d-839922-1 devstack@n-api.service[131810]: [pid: 131810|app: 0|req: 23/45] 10.222.0.15 () {58 vars in 1157 bytes} [Thu May 26 16:02:50 2022] DELETE /compute/v2.1/flavors/871978432 => generated 0 bytes in 119 msecs (HTTP/1.1 202) 9 headers in 361 bytes (1 switches on core 0)
May 26 16:02:50.907130 n-d-839922-1 devstack@n-api.service[131810]: DEBUG nova.api.openstack.wsgi [None req-a56adb26-2f05-484a-b246-9506357fb474 tempest-FlavorsAdminTestJSON-1978903209 tempest-FlavorsAdminTestJSON-1978903209-project-admin] Calling method '>' {{(pid=131810) _process_stack /opt/stack/nova/nova/api/openstack/wsgi.py:513}}
May 26 16:02:51.022696 n-d-839922-1 devstack@n-api.service[131810]: INFO nova.api.openstack.requestlog [None req-a56adb26-2f05-484a-b246-9506357fb474 tempest-FlavorsAdminTestJSON-1978903209 tempest-FlavorsAdminTestJSON-1978903209-project-admin] 10.222.0.15 "DELETE /compute/v2.1/flavors/1d4e785f-6b42-4362-8986-8573621cae95" status: 202 len: 0 microversion: 2.1 time: 0.128841
May 26 16:02:51.025666 n-d-839922-1 devstack@n-api.service[131810]: [pid: 131810|app: 0|req: 24/46] 10.222.0.15 () {58 vars in 1238 bytes} [Thu May 26 16:02:50 2022] DELETE /compute/v2.1/flavors/1d4e785f-6b42-4362-8986-8573621cae95 => generated 0 bytes in 136 msecs (HTTP/1.1 202) 9 headers in 361 bytes (1 switches on core 0)
May 26 16:02:51.030148 n-d-839922-1 devstack@n-api.service[131810]: DEBUG nova.api.openstack.wsgi [None req-ec097053-435f-4071-b188-7eb994d6e1bc tempest-FlavorsAccessTestJSON-119496118 tempest-FlavorsAccessTestJSON-119496118-project-admin] Calling method '>' {{(pid=131810) _process_stack /opt/stack/nova/nova/api/openstack/wsgi.py:513}}
May 26 16:02:51.043609 n-d-839922-1 devstack@n-api.service[131809]: INFO nova.api.openstack.requestlog [None req-3149aaba-5e85-4c12-a398-792d61d1ccfc tempest-QuotasAdminTestJSON-2106640229 tempest-QuotasAdminTestJSON-2106640229-project-admin] 10.222.0.15 "PUT /compute/v2.1/os-quota-sets/a6c0af3b52864fdba2a07f586e4b8206" status: 200 len: 328 microversion: 2.1 time: 1.058180
May 26 16:02:51.052519 n-d-839922-1 devstack@n-api.service[131809]: [pid: 131809|app: 0|req: 23/47] 10.222.0.15 () {60 vars in 1261 bytes} [Thu May 26 16:02:49 2022] PUT /compute/v2.1/os-quota-sets/a6c0af3b52864fdba2a07f586e4b8206 => generated 328 bytes in 1069 msecs (HTTP/1.1 200) 9 headers in 357 bytes (1 switches on core 0)
May 26 16:02:51.063728 n-d-839922-1 devstack@n-api.service[131809]: DEBUG nova.api.openstack.wsgi [None req-27c77ace-c3da-4a68-b75f-96edf1a97e2d tempest-FlavorsAdminTestJSON-1978903209 tempest-FlavorsAdminTestJSON-1978903209-project-admin] Calling method '>' {{(pid=131809) _process_stack /opt/stack/nova/nova/api/openstack/wsgi.py:513}}
May 26 16:02:51.066306 n-d-839922-1 devstack@n-api.service[131810]: INFO nova.api.openstack.requestlog [None req-ec097053-435f-4071-b188-7eb994d6e1bc tempest-FlavorsAccessTestJSON-119496118 tempest-FlavorsAccessTestJSON-119496118-project-admin] 10.222.0.15 "GET /compute/v2.1/flavors/detail" status: 200 len: 4991 microversion: 2.1 time: 0.039695
May 26 16:02:51.068847 n-d-839922-1 devstack@n-api.service[131810]: [pid: 131810|app: 0|req: 25/48] 10.222.0.15 () {58 vars in 1145 bytes} [Thu May 26 16:02:51 2022] GET /compute/v2.1/flavors/detail => generated 4991 bytes in 44 msecs (HTTP/1.1 200) 9 headers in 358 bytes (1 switches on core 0)
May 26 16:02:51.095934 n-d-839922-1 devstack@n-api.service[131809]: INFO nova.api.openstack.requestlog [None req-27c77ace-c3da-4a68-b75f-96edf1a97e2d tempest-FlavorsAdminTestJSON-1978903209 tempest-FlavorsAdminTestJSON-1978903209-project-admin] 10.222.0.15 "GET /compute/v2.1/flavors/detail" status: 200 len: 4991 microversion: 2.1 time: 0.041033
May 26 16:02:51.097606 n-d-839922-1 devstack@n-api.service[131809]: [pid: 131809|app: 0|req: 24/49] 10.222.0.15 () {58 vars in 1145 bytes} [Thu May 26 16:02:51 2022] GET /compute/v2.1/flavors/detail => generated 4991 bytes in 44 msecs (HTTP/1.1 200) 9 headers in 358 bytes (1 switches on core 0)
May 26 16:02:51.097861 n-d-839922-1 devstack@n-api.service[131810]: DEBUG nova.api.openstack.wsgi [None req-08ab6850-c317-4ff9-bcff-1cfcae135249 tempest-QuotasAdminTestJSON-2106640229 tempest-QuotasAdminTestJSON-2106640229-project-admin] Calling method '.version_select at 0x7fa4ad14d040>' {{(pid=131810) _process_stack /opt/stack/nova/nova/api/openstack/wsgi.py:513}}
May 26 16:02:51.136776 n-d-839922-1 devstack@n-api.service[131809]: DEBUG nova.api.openstack.wsgi [None req-a556986c-577d-4fe3-bff9-296cb66e5cc6 tempest-FlavorsAdminTestJSON-1978903209 tempest-FlavorsAdminTestJSON-1978903209-project-admin] Action: 'create', calling method: >, body: {"flavor": {"ram": 512, "vcpus": 1, "disk": 10, "name": "tempest-FlavorsAdminTestJSON-flavor-1707347005", "id": "fa5e266a-8919-449b-9ef8-bd4e24ff42a3", "os-flavor-access:is_public": "True"}} {{(pid=131809) _process_stack /opt/stack/nova/nova/api/openstack/wsgi.py:511}}
May 26 16:02:51.239649 n-d-839922-1 devstack@n-api.service[131809]: INFO nova.api.openstack.requestlog [None req-a556986c-577d-4fe3-bff9-296cb66e5cc6 tempest-FlavorsAdminTestJSON-1978903209 tempest-FlavorsAdminTestJSON-1978903209-project-admin] 10.222.0.15 "POST /compute/v2.1/flavors" status: 200 len: 507 microversion: 2.1 time: 0.118656
May 26 16:02:51.243316 n-d-839922-1 devstack@n-api.service[131809]: [pid: 131809|app: 0|req: 25/50] 10.222.0.15 () {60 vars in 1146 bytes} [Thu May 26 16:02:51 2022] POST /compute/v2.1/flavors => generated 507 bytes in 123 msecs (HTTP/1.1 200) 9 headers in 357 bytes (2 switches on core 0)
May 26 16:02:51.254342 n-d-839922-1 devstack@n-api.service[131809]: DEBUG nova.api.openstack.wsgi [None req-e27508fb-9690-40cf-b54d-ee9f39f6f54d tempest-AggregatesAdminTestJSON-440055063 tempest-AggregatesAdminTestJSON-440055063-project] Calling method '>' {{(pid=131809) _process_stack /opt/stack/nova/nova/api/openstack/wsgi.py:513}}
May 26 16:02:51.255772 n-d-839922-1 devstack@n-api.service[131809]: DEBUG nova.compute.api [None req-e27508fb-9690-40cf-b54d-ee9f39f6f54d tempest-AggregatesAdminTestJSON-440055063 tempest-AggregatesAdminTestJSON-440055063-project] [instance: b7d2b12e-f1be-48ae-bcb8-640cf5d9be56] Fetching instance by UUID {{(pid=131809) get /opt/stack/nova/nova/compute/api.py:2918}}
May 26 16:02:51.502354 n-d-839922-1 devstack@n-api.service[131810]: DEBUG oslo_concurrency.lockutils [None req-08ab6850-c317-4ff9-bcff-1cfcae135249 tempest-QuotasAdminTestJSON-2106640229 tempest-QuotasAdminTestJSON-2106640229-project-admin] Lock "00000000-0000-0000-0000-000000000000" acquired by "nova.context.set_target_cell..get_or_set_cached_cell_and_set_connections" :: waited 0.000s {{(pid=131810) inner /usr/local/lib/python3.8/dist-packages/oslo_concurrency/lockutils.py:386}}
May 26 16:02:51.504418 n-d-839922-1 devstack@n-api.service[131810]: DEBUG oslo_concurrency.lockutils [None req-08ab6850-c317-4ff9-bcff-1cfcae135249 tempest-QuotasAdminTestJSON-2106640229 tempest-QuotasAdminTestJSON-2106640229-project-admin] Lock "00000000-0000-0000-0000-000000000000" "released" by "nova.context.set_target_cell..get_or_set_cached_cell_and_set_connections" :: held 0.001s {{(pid=131810) inner /usr/local/lib/python3.8/dist-packages/oslo_concurrency/lockutils.py:400}}
May 26 16:02:51.505728 n-d-839922-1 devstack@n-api.service[131810]: DEBUG oslo_concurrency.lockutils [None req-08ab6850-c317-4ff9-bcff-1cfcae135249 tempest-QuotasAdminTestJSON-2106640229 tempest-QuotasAdminTestJSON-2106640229-project-admin] Lock "2862464f-70d9-4903-9a72-99ad68873b16" acquired by "nova.context.set_target_cell..get_or_set_cached_cell_and_set_connections" :: waited 0.000s {{(pid=131810) inner /usr/local/lib/python3.8/dist-packages/oslo_concurrency/lockutils.py:386}}
May 26 16:02:51.506398 n-d-839922-1 devstack@n-api.service[131810]: DEBUG oslo_concurrency.lockutils [None req-08ab6850-c317-4ff9-bcff-1cfcae135249 tempest-QuotasAdminTestJSON-2106640229 tempest-QuotasAdminTestJSON-2106640229-project-admin] Lock "2862464f-70d9-4903-9a72-99ad68873b16" "released" by "nova.context.set_target_cell..get_or_set_cached_cell_and_set_connections" :: held 0.001s {{(pid=131810) inner /usr/local/lib/python3.8/dist-packages/oslo_concurrency/lockutils.py:400}}
May 26 16:02:51.537714 n-d-839922-1 devstack@n-api.service[131810]: INFO nova.api.openstack.requestlog [None req-08ab6850-c317-4ff9-bcff-1cfcae135249 tempest-QuotasAdminTestJSON-2106640229 tempest-QuotasAdminTestJSON-2106640229-project-admin] 10.222.0.15 "GET /compute/v2.1/os-quota-sets/a6c0af3b52864fdba2a07f586e4b8206/detail" status: 200 len: 916 microversion: 2.1 time: 0.467159
May 26 16:02:51.551249 n-d-839922-1 devstack@n-api.service[131810]: [pid: 131810|app: 0|req: 26/51] 10.222.0.15 () {58 vars in 1262 bytes} [Thu May 26 16:02:51 2022] GET /compute/v2.1/os-quota-sets/a6c0af3b52864fdba2a07f586e4b8206/detail => generated 916 bytes in 481 msecs (HTTP/1.1 200) 9 headers in 357 bytes (1 switches on core 0)
May 26 16:02:51.565156 n-d-839922-1 devstack@n-api.service[131810]: DEBUG nova.api.openstack.wsgi [None req-2554155b-cbbe-40c7-b8d1-33b1220b7c9a tempest-FlavorsAdminTestJSON-1978903209 tempest-FlavorsAdminTestJSON-1978903209-project-admin] Calling method '>' {{(pid=131810) _process_stack /opt/stack/nova/nova/api/openstack/wsgi.py:513}}
May 26 16:02:51.709320 n-d-839922-1 devstack@n-api.service[131810]: INFO nova.api.openstack.requestlog [None req-2554155b-cbbe-40c7-b8d1-33b1220b7c9a tempest-FlavorsAdminTestJSON-1978903209 tempest-FlavorsAdminTestJSON-1978903209-project-admin] 10.222.0.15 "DELETE /compute/v2.1/flavors/fa5e266a-8919-449b-9ef8-bd4e24ff42a3" status: 202 len: 0 microversion: 2.1 time: 0.155698
May 26 16:02:51.710299 n-d-839922-1 devstack@n-api.service[131810]: [pid: 131810|app: 0|req: 27/52] 10.222.0.15 () {58 vars in 1238 bytes} [Thu May 26 16:02:51 2022] DELETE /compute/v2.1/flavors/fa5e266a-8919-449b-9ef8-bd4e24ff42a3 => generated 0 bytes in 158 msecs (HTTP/1.1 202) 9 headers in 361 bytes (1 switches on core 0)
May 26 16:02:51.721057 n-d-839922-1 devstack@n-api.service[131810]: DEBUG nova.api.openstack.wsgi [None req-11746494-a103-43e6-b03c-013f07334c6f tempest-FlavorsAdminTestJSON-1978903209 tempest-FlavorsAdminTestJSON-1978903209-project-admin] Calling method '>' {{(pid=131810) _process_stack /opt/stack/nova/nova/api/openstack/wsgi.py:513}}
May 26 16:02:51.743224 n-d-839922-1 devstack@n-api.service[131810]: INFO nova.api.openstack.requestlog [None req-11746494-a103-43e6-b03c-013f07334c6f tempest-FlavorsAdminTestJSON-1978903209 tempest-FlavorsAdminTestJSON-1978903209-project-admin] 10.222.0.15 "GET /compute/v2.1/flavors/detail" status: 200 len: 4991 microversion: 2.1 time: 0.027707
May 26 16:02:51.756310 n-d-839922-1 devstack@n-api.service[131810]: [pid: 131810|app: 0|req: 28/53] 10.222.0.15 () {58 vars in 1145 bytes} [Thu May 26 16:02:51 2022] GET /compute/v2.1/flavors/detail => generated 4991 bytes in 41 msecs (HTTP/1.1 200) 9 headers in 358 bytes (1 switches on core 0)
May 26 16:02:51.768351 n-d-839922-1 devstack@n-api.service[131810]: DEBUG nova.api.openstack.wsgi [None req-3cd7f981-76c0-4807-b61f-4cd16e89b71b tempest-FlavorsAdminTestJSON-1978903209 tempest-FlavorsAdminTestJSON-1978903209-project-admin] Action: 'create', calling method: >, body: {"flavor": {"ram": 512, "vcpus": 1, "disk": 10, "name": "tempest-test_flavor_-1493707102", "id": 1374151354, "os-flavor-access:is_public": "True"}} {{(pid=131810) _process_stack /opt/stack/nova/nova/api/openstack/wsgi.py:511}}
May 26 16:02:51.911053 n-d-839922-1 devstack@n-api.service[131810]: INFO nova.api.openstack.requestlog [None req-3cd7f981-76c0-4807-b61f-4cd16e89b71b tempest-FlavorsAdminTestJSON-1978903209 tempest-FlavorsAdminTestJSON-1978903209-project-admin] 10.222.0.15 "POST /compute/v2.1/flavors" status: 200 len: 414 microversion: 2.1 time: 0.150083
May 26 16:02:51.919857 n-d-839922-1 devstack@n-api.service[131810]: [pid: 131810|app: 0|req: 29/54] 10.222.0.15 () {60 vars in 1146 bytes} [Thu May 26 16:02:51 2022] POST /compute/v2.1/flavors => generated 414 bytes in 161 msecs (HTTP/1.1 200) 9 headers in 357 bytes (1 switches on core 0)
May 26 16:02:51.926970 n-d-839922-1 devstack@n-api.service[131810]: DEBUG nova.api.openstack.wsgi [None req-21b8343f-010f-4a76-8b56-58d09c2924dd tempest-FlavorsAdminTestJSON-1978903209 tempest-FlavorsAdminTestJSON-1978903209-project-admin] Calling method '>' {{(pid=131810) _process_stack /opt/stack/nova/nova/api/openstack/wsgi.py:513}}
May 26 16:02:51.936299 n-d-839922-1 devstack@n-api.service[131810]: INFO nova.api.openstack.requestlog [None req-21b8343f-010f-4a76-8b56-58d09c2924dd tempest-FlavorsAdminTestJSON-1978903209 tempest-FlavorsAdminTestJSON-1978903209-project-admin] 10.222.0.15 "GET /compute/v2.1/flavors/1374151354" status: 200 len: 414 microversion: 2.1 time: 0.012711
May 26 16:02:51.938435 n-d-839922-1 devstack@n-api.service[131810]: [pid: 131810|app: 0|req: 30/55] 10.222.0.15 () {58 vars in 1157 bytes} [Thu May 26 16:02:51 2022] GET /compute/v2.1/flavors/1374151354 => generated 414 bytes in 16 msecs (HTTP/1.1 200) 9 headers in 357 bytes (1 switches on core 0)
May 26 16:02:52.137279 n-d-839922-1 devstack@n-api.service[131809]: DEBUG nova.policy [None req-e27508fb-9690-40cf-b54d-ee9f39f6f54d tempest-AggregatesAdminTestJSON-440055063 tempest-AggregatesAdminTestJSON-440055063-project] Policy check for os_compute_api:os-extended-server-attributes failed with credentials {'is_admin': False, 'user_id': 'b92d13d586f544b0851ee1e93f17d881', 'user_domain_id': 'default', 'system_scope': None, 'domain_id': None, 'project_id': 'af0d45cd6a4b46a59667ab9e02900cb2', 'project_domain_id': 'default', 'roles': ['member', 'reader'], 'is_admin_project': True, 'service_user_id': None, 'service_user_domain_id': None, 'service_project_id': None, 'service_project_domain_id': None, 'service_roles': []} {{(pid=131809) authorize /opt/stack/nova/nova/policy.py:199}}
May 26 16:02:52.376670 n-d-839922-1 devstack@n-api.service[131809]: INFO nova.api.openstack.requestlog [None req-e27508fb-9690-40cf-b54d-ee9f39f6f54d tempest-AggregatesAdminTestJSON-440055063 tempest-AggregatesAdminTestJSON-440055063-project] 10.222.0.15 "GET /compute/v2.1/servers/b7d2b12e-f1be-48ae-bcb8-640cf5d9be56" status: 200 len: 1243 microversion: 2.1 time: 1.131112
May 26 16:02:52.378157 n-d-839922-1 devstack@n-api.service[131809]: [pid: 131809|app: 0|req: 26/56] 10.222.0.15 () {58 vars in 1235 bytes} [Thu May 26 16:02:51 2022] GET /compute/v2.1/servers/b7d2b12e-f1be-48ae-bcb8-640cf5d9be56 => generated 1243 bytes in 1134 msecs (HTTP/1.1 200) 9 headers in 358 bytes (1 switches on core 0)
May 26 16:02:52.424214 n-d-839922-1 devstack@n-api.service[131810]: DEBUG nova.api.openstack.wsgi [None req-67c8809c-0f5b-46c5-adc4-979b474fba37 tempest-FlavorsAdminTestJSON-1121420551 tempest-FlavorsAdminTestJSON-1121420551-project] Calling method '>' {{(pid=131810) _process_stack /opt/stack/nova/nova/api/openstack/wsgi.py:513}}
May 26 16:02:52.463420 n-d-839922-1 devstack@n-api.service[131810]: INFO nova.api.openstack.requestlog [None req-67c8809c-0f5b-46c5-adc4-979b474fba37 tempest-FlavorsAdminTestJSON-1121420551 tempest-FlavorsAdminTestJSON-1121420551-project] 10.222.0.15 "GET /compute/v2.1/flavors/detail" status: 200 len: 5395 microversion: 2.1 time: 0.511817
May 26 16:02:52.463847 n-d-839922-1 devstack@n-api.service[131810]: [pid: 131810|app: 0|req: 31/57] 10.222.0.15 () {58 vars in 1145 bytes} [Thu May 26 16:02:51 2022] GET /compute/v2.1/flavors/detail => generated 5395 bytes in 513 msecs (HTTP/1.1 200) 9 headers in 358 bytes (1 switches on core 0)
May 26 16:02:52.493436 n-d-839922-1 devstack@n-api.service[131809]: DEBUG nova.api.openstack.wsgi [None req-f0abe1f4-acf9-4710-88f9-0a14d1f54dd9 tempest-FlavorsAdminTestJSON-1978903209 tempest-FlavorsAdminTestJSON-1978903209-project-admin] Calling method '>' {{(pid=131809) _process_stack /opt/stack/nova/nova/api/openstack/wsgi.py:513}}
May 26 16:02:52.495479 n-d-839922-1 devstack@n-api.service[131809]: /usr/local/lib/python3.8/dist-packages/oslo_policy/policy.py:1119: UserWarning: Policy "os_compute_api:os-flavor-manage:delete": "rule:context_is_admin" failed scope check. The token used to make the request was project scoped but the policy requires ['system'] scope. This behavior may change in the future where using the intended scope is required
May 26 16:02:52.495479 n-d-839922-1 devstack@n-api.service[131809]: warnings.warn(msg)
May 26 16:02:52.658573 n-d-839922-1 devstack@n-api.service[131809]: INFO nova.api.openstack.requestlog [None req-f0abe1f4-acf9-4710-88f9-0a14d1f54dd9 tempest-FlavorsAdminTestJSON-1978903209 tempest-FlavorsAdminTestJSON-1978903209-project-admin] 10.222.0.15 "DELETE /compute/v2.1/flavors/1374151354" status: 202 len: 0 microversion: 2.1 time: 0.174317
May 26 16:02:52.659239 n-d-839922-1 devstack@n-api.service[131809]: [pid: 131809|app: 0|req: 27/58] 10.222.0.15 () {58 vars in 1160 bytes} [Thu May 26 16:02:52 2022] DELETE /compute/v2.1/flavors/1374151354 => generated 0 bytes in 177 msecs (HTTP/1.1 202) 9 headers in 361 bytes (1 switches on core 0)
May 26 16:02:52.669815 n-d-839922-1 devstack@n-api.service[131810]: DEBUG nova.api.openstack.wsgi [None req-04cd31c6-a67d-458a-b56f-5f33badfa213 tempest-FlavorsAdminTestJSON-1978903209 tempest-FlavorsAdminTestJSON-1978903209-project-admin] Calling method '>' {{(pid=131810) _process_stack /opt/stack/nova/nova/api/openstack/wsgi.py:513}}
May 26 16:02:52.698676 n-d-839922-1 devstack@n-api.service[131810]: INFO nova.api.openstack.requestlog [None req-04cd31c6-a67d-458a-b56f-5f33badfa213 tempest-FlavorsAdminTestJSON-1978903209 tempest-FlavorsAdminTestJSON-1978903209-project-admin] 10.222.0.15 "GET /compute/v2.1/flavors/detail" status: 200 len: 4991 microversion: 2.1 time: 0.034431
May 26 16:02:52.699826 n-d-839922-1 devstack@n-api.service[131810]: [pid: 131810|app: 0|req: 32/59] 10.222.0.15 () {58 vars in 1145 bytes} [Thu May 26 16:02:52 2022] GET /compute/v2.1/flavors/detail => generated 4991 bytes in 37 msecs (HTTP/1.1 200) 9 headers in 358 bytes (1 switches on core 0)
May 26 16:02:52.720300 n-d-839922-1 devstack@n-api.service[131809]: DEBUG nova.api.openstack.wsgi [None req-3df2c204-af31-4af3-8add-d4578fbebd02 tempest-FlavorsAdminTestJSON-1978903209 tempest-FlavorsAdminTestJSON-1978903209-project-admin] Action: 'create', calling method: >, body: {"flavor": {"ram": 512, "vcpus": 1, "disk": 10, "name": "tempest-FlavorsAdminTestJSON-flavor-1975461380", "id": 1058320494, "os-flavor-access:is_public": "False"}} {{(pid=131809) _process_stack /opt/stack/nova/nova/api/openstack/wsgi.py:511}}
May 26 16:02:52.722691 n-d-839922-1 devstack@n-api.service[131809]: /usr/local/lib/python3.8/dist-packages/oslo_policy/policy.py:1119: UserWarning: Policy "os_compute_api:os-flavor-manage:create": "rule:context_is_admin" failed scope check. The token used to make the request was project scoped but the policy requires ['system'] scope. This behavior may change in the future where using the intended scope is required
May 26 16:02:52.722691 n-d-839922-1 devstack@n-api.service[131809]: warnings.warn(msg)
May 26 16:02:52.835424 n-d-839922-1 devstack@n-api.service[131809]: INFO nova.api.openstack.requestlog [None req-3df2c204-af31-4af3-8add-d4578fbebd02 tempest-FlavorsAdminTestJSON-1978903209 tempest-FlavorsAdminTestJSON-1978903209-project-admin] 10.222.0.15 "POST /compute/v2.1/flavors" status: 200 len: 430 microversion: 2.1 time: 0.119862
May 26 16:02:52.836813 n-d-839922-1 devstack@n-api.service[131809]: [pid: 131809|app: 0|req: 28/60] 10.222.0.15 () {60 vars in 1146 bytes} [Thu May 26 16:02:52 2022] POST /compute/v2.1/flavors => generated 430 bytes in 122 msecs (HTTP/1.1 200) 9 headers in 357 bytes (1 switches on core 0)
May 26 16:02:52.847719 n-d-839922-1 devstack@n-api.service[131810]: DEBUG nova.api.openstack.wsgi [None req-ff9bba99-d5c9-4986-80d6-84c1ea8f7144 tempest-FlavorsAdminTestJSON-1121420551 tempest-FlavorsAdminTestJSON-1121420551-project] Action: 'create', calling method: >, body: {"server": {"name": "test", "imageRef": "a2a89d98-13b6-4113-9de4-5a3dbb605932", "flavorRef": "1058320494"}} {{(pid=131810) _process_stack /opt/stack/nova/nova/api/openstack/wsgi.py:511}}
May 26 16:02:52.869229 n-d-839922-1 devstack@n-api.service[131810]: INFO nova.api.openstack.wsgi [None req-ff9bba99-d5c9-4986-80d6-84c1ea8f7144 tempest-FlavorsAdminTestJSON-1121420551 tempest-FlavorsAdminTestJSON-1121420551-project] HTTP exception thrown: Flavor 1058320494 could not be found.
May 26 16:02:52.869904 n-d-839922-1 devstack@n-api.service[131810]: DEBUG nova.api.openstack.wsgi [None req-ff9bba99-d5c9-4986-80d6-84c1ea8f7144 tempest-FlavorsAdminTestJSON-1121420551 tempest-FlavorsAdminTestJSON-1121420551-project] Returning 400 to user: Flavor 1058320494 could not be found. {{(pid=131810) __call__ /opt/stack/nova/nova/api/openstack/wsgi.py:936}}
May 26 16:02:52.876518 n-d-839922-1 devstack@n-api.service[131810]: INFO nova.api.openstack.requestlog [None req-ff9bba99-d5c9-4986-80d6-84c1ea8f7144 tempest-FlavorsAdminTestJSON-1121420551 tempest-FlavorsAdminTestJSON-1121420551-project] 10.222.0.15 "POST /compute/v2.1/servers" status: 400 len: 81 microversion: 2.1 time: 0.027588
May 26 16:02:52.876518 n-d-839922-1 devstack@n-api.service[131810]: [pid: 131810|app: 0|req: 33/61] 10.222.0.15 () {60 vars in 1146 bytes} [Thu May 26 16:02:52 2022] POST /compute/v2.1/servers => generated 81 bytes in 29 msecs (HTTP/1.1 400) 9 headers in 380 bytes (1 switches on core 0)
May 26 16:02:52.884987 n-d-839922-1 devstack@n-api.service[131809]: DEBUG nova.api.openstack.wsgi [None req-b808bd5c-b9ba-4267-a135-bebbea0d6b18 tempest-FlavorsAdminTestJSON-1978903209 tempest-FlavorsAdminTestJSON-1978903209-project-admin] Calling method '>' {{(pid=131809) _process_stack /opt/stack/nova/nova/api/openstack/wsgi.py:513}}
May 26 16:02:52.986639 n-d-839922-1 devstack@n-api.service[131809]: INFO nova.api.openstack.requestlog [None req-b808bd5c-b9ba-4267-a135-bebbea0d6b18 tempest-FlavorsAdminTestJSON-1978903209 tempest-FlavorsAdminTestJSON-1978903209-project-admin] 10.222.0.15 "DELETE /compute/v2.1/flavors/1058320494" status: 202 len: 0 microversion: 2.1 time: 0.105064
May 26 16:02:52.987932 n-d-839922-1 devstack@n-api.service[131809]: [pid: 131809|app: 0|req: 29/62] 10.222.0.15 () {58 vars in 1160 bytes} [Thu May 26 16:02:52 2022] DELETE /compute/v2.1/flavors/1058320494 => generated 0 bytes in 107 msecs (HTTP/1.1 202) 9 headers in 361 bytes (1 switches on core 0)
May 26 16:02:53.003354 n-d-839922-1 devstack@n-api.service[131810]: DEBUG nova.api.openstack.wsgi [None req-05131671-6e01-452a-a470-94d3ebde729d tempest-FlavorsAdminTestJSON-1978903209 tempest-FlavorsAdminTestJSON-1978903209-project-admin] Calling method '>' {{(pid=131810) _process_stack /opt/stack/nova/nova/api/openstack/wsgi.py:513}}
May 26 16:02:53.038556 n-d-839922-1 devstack@n-api.service[131809]: DEBUG nova.api.openstack.wsgi [None req-49bbb775-e00a-4310-a2fe-44bfc7d7c3a9 tempest-QuotasAdminTestJSON-2106640229 tempest-QuotasAdminTestJSON-2106640229-project-admin] Action: 'update', calling method: .version_select at 0x7fa4af51dc10>, body: {"quota_set": {"ram": "2048"}} {{(pid=131809) _process_stack /opt/stack/nova/nova/api/openstack/wsgi.py:511}}
May 26 16:02:53.084116 n-d-839922-1 devstack@n-api.service[131810]: INFO nova.api.openstack.requestlog [None req-05131671-6e01-452a-a470-94d3ebde729d tempest-FlavorsAdminTestJSON-1978903209 tempest-FlavorsAdminTestJSON-1978903209-project-admin] 10.222.0.15 "GET /compute/v2.1/flavors/detail" status: 200 len: 4991 microversion: 2.1 time: 0.089807
May 26 16:02:53.096112 n-d-839922-1 devstack@n-api.service[131810]: [pid: 131810|app: 0|req: 34/63] 10.222.0.15 () {58 vars in 1145 bytes} [Thu May 26 16:02:52 2022] GET /compute/v2.1/flavors/detail => generated 4991 bytes in 92 msecs (HTTP/1.1 200) 9 headers in 358 bytes (1 switches on core 0)
May 26 16:02:53.114197 n-d-839922-1 devstack@n-api.service[131810]: DEBUG nova.api.openstack.wsgi [None req-f3f1da75-4469-47cb-91b5-6c87533a63fc tempest-FlavorsAdminTestJSON-1978903209 tempest-FlavorsAdminTestJSON-1978903209-project-admin] Action: 'create', calling method: >, body: {"flavor": {"ram": 512, "vcpus": 1, "disk": 10, "name": "tempest-test_flavor_-1526760099", "id": 1084470010, "os-flavor-access:is_public": "False"}} {{(pid=131810) _process_stack /opt/stack/nova/nova/api/openstack/wsgi.py:511}}
May 26 16:02:53.218026 n-d-839922-1 devstack@n-api.service[131810]: INFO nova.api.openstack.requestlog [None req-f3f1da75-4469-47cb-91b5-6c87533a63fc tempest-FlavorsAdminTestJSON-1978903209 tempest-FlavorsAdminTestJSON-1978903209-project-admin] 10.222.0.15 "POST /compute/v2.1/flavors" status: 200 len: 415 microversion: 2.1 time: 0.112767
May 26 16:02:53.219038 n-d-839922-1 devstack@n-api.service[131810]: [pid: 131810|app: 0|req: 35/64] 10.222.0.15 () {60 vars in 1146 bytes} [Thu May 26 16:02:53 2022] POST /compute/v2.1/flavors => generated 415 bytes in 115 msecs (HTTP/1.1 200) 9 headers in 357 bytes (1 switches on core 0)
May 26 16:02:53.230513 n-d-839922-1 devstack@n-api.service[131810]: DEBUG nova.api.openstack.wsgi [None req-b53ac68f-ba85-4029-b8f5-d0e2b3af3155 tempest-FlavorsAdminTestJSON-1978903209 tempest-FlavorsAdminTestJSON-1978903209-project-admin] Action: 'create', calling method: >, body: {"flavor": {"ram": 512, "vcpus": 1, "disk": 10, "name": "tempest-test_flavor_-1012953785", "id": 232554087, "os-flavor-access:is_public": "True"}} {{(pid=131810) _process_stack /opt/stack/nova/nova/api/openstack/wsgi.py:511}}
May 26 16:02:53.370508 n-d-839922-1 devstack@n-api.service[131809]: DEBUG oslo_concurrency.lockutils [None req-49bbb775-e00a-4310-a2fe-44bfc7d7c3a9 tempest-QuotasAdminTestJSON-2106640229 tempest-QuotasAdminTestJSON-2106640229-project-admin] Lock "00000000-0000-0000-0000-000000000000" acquired by "nova.context.set_target_cell..get_or_set_cached_cell_and_set_connections" :: waited 0.000s {{(pid=131809) inner /usr/local/lib/python3.8/dist-packages/oslo_concurrency/lockutils.py:386}}
May 26 16:02:53.372576 n-d-839922-1 devstack@n-api.service[131809]: DEBUG oslo_concurrency.lockutils [None req-49bbb775-e00a-4310-a2fe-44bfc7d7c3a9 tempest-QuotasAdminTestJSON-2106640229 tempest-QuotasAdminTestJSON-2106640229-project-admin] Lock "00000000-0000-0000-0000-000000000000" "released" by "nova.context.set_target_cell..get_or_set_cached_cell_and_set_connections" :: held 0.004s {{(pid=131809) inner /usr/local/lib/python3.8/dist-packages/oslo_concurrency/lockutils.py:400}}
May 26 16:02:53.377911 n-d-839922-1 devstack@n-api.service[131809]: DEBUG oslo_concurrency.lockutils [None req-49bbb775-e00a-4310-a2fe-44bfc7d7c3a9 tempest-QuotasAdminTestJSON-2106640229 tempest-QuotasAdminTestJSON-2106640229-project-admin] Lock "2862464f-70d9-4903-9a72-99ad68873b16" acquired by "nova.context.set_target_cell..get_or_set_cached_cell_and_set_connections" :: waited 0.000s {{(pid=131809) inner /usr/local/lib/python3.8/dist-packages/oslo_concurrency/lockutils.py:386}}
May 26 16:02:53.385327 n-d-839922-1 devstack@n-api.service[131809]: DEBUG oslo_concurrency.lockutils [None req-49bbb775-e00a-4310-a2fe-44bfc7d7c3a9 tempest-QuotasAdminTestJSON-2106640229 tempest-QuotasAdminTestJSON-2106640229-project-admin] Lock "2862464f-70d9-4903-9a72-99ad68873b16" "released" by "nova.context.set_target_cell..get_or_set_cached_cell_and_set_connections" :: held 0.005s {{(pid=131809) inner /usr/local/lib/python3.8/dist-packages/oslo_concurrency/lockutils.py:400}}
May 26 16:02:53.390740 n-d-839922-1 devstack@n-api.service[131810]: INFO nova.api.openstack.requestlog [None req-b53ac68f-ba85-4029-b8f5-d0e2b3af3155 tempest-FlavorsAdminTestJSON-1978903209 tempest-FlavorsAdminTestJSON-1978903209-project-admin] 10.222.0.15 "POST /compute/v2.1/flavors" status: 200 len: 411 microversion: 2.1 time: 0.156272
May 26 16:02:53.411894 n-d-839922-1 devstack@n-api.service[131810]: [pid: 131810|app: 0|req: 36/65] 10.222.0.15 () {60 vars in 1146 bytes} [Thu May 26 16:02:53 2022] POST /compute/v2.1/flavors => generated 411 bytes in 175 msecs (HTTP/1.1 200) 9 headers in 357 bytes (2 switches on core 0)
May 26 16:02:53.423338 n-d-839922-1 devstack@n-api.service[131810]: DEBUG nova.api.openstack.wsgi [None req-efd326d1-1668-4bf6-8e3c-66cdd7e6439d tempest-AggregatesAdminTestJSON-440055063 tempest-AggregatesAdminTestJSON-440055063-project] Calling method '>' {{(pid=131810) _process_stack /opt/stack/nova/nova/api/openstack/wsgi.py:513}}
May 26 16:02:53.423479 n-d-839922-1 devstack@n-api.service[131810]: DEBUG nova.compute.api [None req-efd326d1-1668-4bf6-8e3c-66cdd7e6439d tempest-AggregatesAdminTestJSON-440055063 tempest-AggregatesAdminTestJSON-440055063-project] [instance: b7d2b12e-f1be-48ae-bcb8-640cf5d9be56] Fetching instance by UUID {{(pid=131810) get /opt/stack/nova/nova/compute/api.py:2918}}
May 26 16:02:53.446456 n-d-839922-1 devstack@n-api.service[131810]: DEBUG oslo_concurrency.lockutils [None req-efd326d1-1668-4bf6-8e3c-66cdd7e6439d tempest-AggregatesAdminTestJSON-440055063 tempest-AggregatesAdminTestJSON-440055063-project] Lock "2862464f-70d9-4903-9a72-99ad68873b16" acquired by "nova.context.set_target_cell..get_or_set_cached_cell_and_set_connections" :: waited 0.000s {{(pid=131810) inner /usr/local/lib/python3.8/dist-packages/oslo_concurrency/lockutils.py:386}}
May 26 16:02:53.453237 n-d-839922-1 devstack@n-api.service[131810]: DEBUG oslo_concurrency.lockutils [None req-efd326d1-1668-4bf6-8e3c-66cdd7e6439d tempest-AggregatesAdminTestJSON-440055063 tempest-AggregatesAdminTestJSON-440055063-project] Lock "2862464f-70d9-4903-9a72-99ad68873b16" "released" by "nova.context.set_target_cell..get_or_set_cached_cell_and_set_connections" :: held 0.006s {{(pid=131810) inner /usr/local/lib/python3.8/dist-packages/oslo_concurrency/lockutils.py:400}}
May 26 16:02:53.455423 n-d-839922-1 devstack@n-api.service[131810]: DEBUG oslo_concurrency.lockutils [None req-efd326d1-1668-4bf6-8e3c-66cdd7e6439d tempest-AggregatesAdminTestJSON-440055063 tempest-AggregatesAdminTestJSON-440055063-project] Lock "2862464f-70d9-4903-9a72-99ad68873b16" acquired by "nova.context.set_target_cell..get_or_set_cached_cell_and_set_connections" :: waited 0.000s {{(pid=131810) inner /usr/local/lib/python3.8/dist-packages/oslo_concurrency/lockutils.py:386}}
May 26 16:02:53.457314 n-d-839922-1 devstack@n-api.service[131810]: DEBUG oslo_concurrency.lockutils [None req-efd326d1-1668-4bf6-8e3c-66cdd7e6439d tempest-AggregatesAdminTestJSON-440055063 tempest-AggregatesAdminTestJSON-440055063-project] Lock "2862464f-70d9-4903-9a72-99ad68873b16" "released" by "nova.context.set_target_cell..get_or_set_cached_cell_and_set_connections" :: held 0.001s {{(pid=131810) inner /usr/local/lib/python3.8/dist-packages/oslo_concurrency/lockutils.py:400}}
May 26 16:02:53.468395 n-d-839922-1 devstack@n-api.service[131809]: DEBUG oslo_concurrency.lockutils [None req-49bbb775-e00a-4310-a2fe-44bfc7d7c3a9 tempest-QuotasAdminTestJSON-2106640229 tempest-QuotasAdminTestJSON-2106640229-project-admin] Lock "00000000-0000-0000-0000-000000000000" acquired by "nova.context.set_target_cell..get_or_set_cached_cell_and_set_connections" :: waited 0.000s {{(pid=131809) inner /usr/local/lib/python3.8/dist-packages/oslo_concurrency/lockutils.py:386}}
May 26 16:02:53.469230 n-d-839922-1 devstack@n-api.service[131809]: DEBUG oslo_concurrency.lockutils [None req-49bbb775-e00a-4310-a2fe-44bfc7d7c3a9 tempest-QuotasAdminTestJSON-2106640229 tempest-QuotasAdminTestJSON-2106640229-project-admin] Lock "00000000-0000-0000-0000-000000000000" "released" by "nova.context.set_target_cell..get_or_set_cached_cell_and_set_connections" :: held 0.001s {{(pid=131809) inner /usr/local/lib/python3.8/dist-packages/oslo_concurrency/lockutils.py:400}}
May 26 16:02:53.472485 n-d-839922-1 devstack@n-api.service[131809]: DEBUG oslo_concurrency.lockutils [None req-49bbb775-e00a-4310-a2fe-44bfc7d7c3a9 tempest-QuotasAdminTestJSON-2106640229 tempest-QuotasAdminTestJSON-2106640229-project-admin] Lock "2862464f-70d9-4903-9a72-99ad68873b16" acquired by "nova.context.set_target_cell..get_or_set_cached_cell_and_set_connections" :: waited 0.001s {{(pid=131809) inner /usr/local/lib/python3.8/dist-packages/oslo_concurrency/lockutils.py:386}}
May 26 16:02:53.473502 n-d-839922-1 devstack@n-api.service[131809]: DEBUG oslo_concurrency.lockutils [None req-49bbb775-e00a-4310-a2fe-44bfc7d7c3a9 tempest-QuotasAdminTestJSON-2106640229 tempest-QuotasAdminTestJSON-2106640229-project-admin] Lock "2862464f-70d9-4903-9a72-99ad68873b16" "released" by "nova.context.set_target_cell..get_or_set_cached_cell_and_set_connections" :: held 0.002s {{(pid=131809) inner /usr/local/lib/python3.8/dist-packages/oslo_concurrency/lockutils.py:400}}
May 26 16:02:53.699387 n-d-839922-1 devstack@n-api.service[131810]: DEBUG nova.policy [None req-efd326d1-1668-4bf6-8e3c-66cdd7e6439d tempest-AggregatesAdminTestJSON-440055063 tempest-AggregatesAdminTestJSON-440055063-project] Policy check for os_compute_api:os-extended-server-attributes failed with credentials {'is_admin': False, 'user_id': 'b92d13d586f544b0851ee1e93f17d881', 'user_domain_id': 'default', 'system_scope': None, 'domain_id': None, 'project_id': 'af0d45cd6a4b46a59667ab9e02900cb2', 'project_domain_id': 'default', 'roles': ['member', 'reader'], 'is_admin_project': True, 'service_user_id': None, 'service_user_domain_id': None, 'service_project_id': None, 'service_project_domain_id': None, 'service_roles': []} {{(pid=131810) authorize /opt/stack/nova/nova/policy.py:199}}
May 26 16:02:53.702112 n-d-839922-1 devstack@n-api.service[131809]: INFO nova.api.openstack.requestlog [None req-49bbb775-e00a-4310-a2fe-44bfc7d7c3a9 tempest-QuotasAdminTestJSON-2106640229 tempest-QuotasAdminTestJSON-2106640229-project-admin] 10.222.0.15 "PUT /compute/v2.1/os-quota-sets/a6c0af3b52864fdba2a07f586e4b8206?user_id=983ab6f297ba4f529114f1ef6fca946d" status: 200 len: 328 microversion: 2.1 time: 0.670270
May 26 16:02:53.709421 n-d-839922-1 devstack@n-api.service[131809]: [pid: 131809|app: 0|req: 30/66] 10.222.0.15 () {60 vars in 1342 bytes} [Thu May 26 16:02:53 2022] PUT /compute/v2.1/os-quota-sets/a6c0af3b52864fdba2a07f586e4b8206?user_id=983ab6f297ba4f529114f1ef6fca946d => generated 328 bytes in 679 msecs (HTTP/1.1 200) 9 headers in 357 bytes (2 switches on core 0)
May 26 16:02:53.714643 n-d-839922-1 devstack@n-api.service[131809]: DEBUG nova.api.openstack.wsgi [None req-7076ed89-20f7-4f94-9486-ea6612dc2455 tempest-FlavorsAdminTestJSON-1978903209 tempest-FlavorsAdminTestJSON-1978903209-project-admin] Calling method '>' {{(pid=131809) _process_stack /opt/stack/nova/nova/api/openstack/wsgi.py:513}}
May 26 16:02:53.725112 n-d-839922-1 devstack@n-api.service[131810]: INFO nova.api.openstack.requestlog [None req-efd326d1-1668-4bf6-8e3c-66cdd7e6439d tempest-AggregatesAdminTestJSON-440055063 tempest-AggregatesAdminTestJSON-440055063-project] 10.222.0.15 "GET /compute/v2.1/servers/b7d2b12e-f1be-48ae-bcb8-640cf5d9be56" status: 200 len: 1243 microversion: 2.1 time: 0.311192
May 26 16:02:53.725702 n-d-839922-1 devstack@n-api.service[131810]: [pid: 131810|app: 0|req: 37/67] 10.222.0.15 () {58 vars in 1235 bytes} [Thu May 26 16:02:53 2022] GET /compute/v2.1/servers/b7d2b12e-f1be-48ae-bcb8-640cf5d9be56 => generated 1243 bytes in 313 msecs (HTTP/1.1 200) 9 headers in 358 bytes (1 switches on core 0)
May 26 16:02:53.730983 n-d-839922-1 devstack@n-api.service[131810]: DEBUG nova.api.openstack.wsgi [None req-0a4b4f5f-1b28-4c60-b4a7-4c9cf8c41f90 tempest-QuotasAdminTestJSON-2106640229 tempest-QuotasAdminTestJSON-2106640229-project-admin] Calling method '.version_select at 0x7fa4ad088e50>' {{(pid=131810) _process_stack /opt/stack/nova/nova/api/openstack/wsgi.py:513}}
May 26 16:02:53.743518 n-d-839922-1 devstack@n-api.service[131809]: INFO nova.api.openstack.requestlog [None req-7076ed89-20f7-4f94-9486-ea6612dc2455 tempest-FlavorsAdminTestJSON-1978903209 tempest-FlavorsAdminTestJSON-1978903209-project-admin] 10.222.0.15 "GET /compute/v2.1/flavors/detail?is_public=f" status: 200 len: 418 microversion: 2.1 time: 0.032789
May 26 16:02:53.744253 n-d-839922-1 devstack@n-api.service[131809]: [pid: 131809|app: 0|req: 31/68] 10.222.0.15 () {58 vars in 1168 bytes} [Thu May 26 16:02:53 2022] GET /compute/v2.1/flavors/detail?is_public=f => generated 418 bytes in 34 msecs (HTTP/1.1 200) 9 headers in 357 bytes (1 switches on core 0)
