May 26 16:03:58.775788 n-d-839922-1 devstack@n-api.service[131810]: INFO nova.api.openstack.requestlog [None req-265285ca-d68f-4709-a284-019819f89341 tempest-SecurityGroupRulesTestJSON-1465843443 tempest-SecurityGroupRulesTestJSON-1465843443-project] 10.222.0.15 "POST /compute/v2.1/os-security-groups" status: 200 len: 247 microversion: 2.1 time: 1.343131
May 26 16:03:58.776650 n-d-839922-1 devstack@n-api.service[131810]: [pid: 131810|app: 0|req: 178/341] 10.222.0.15 () {60 vars in 1179 bytes} [Thu May 26 16:03:57 2022] POST /compute/v2.1/os-security-groups => generated 247 bytes in 1345 msecs (HTTP/1.1 200) 9 headers in 357 bytes (1 switches on core 0)
May 26 16:03:58.791298 n-d-839922-1 devstack@n-api.service[131810]: DEBUG nova.api.openstack.wsgi [None req-765d45af-6b1f-4037-b768-4f38ee1febb0 tempest-SecurityGroupRulesTestJSON-1465843443 tempest-SecurityGroupRulesTestJSON-1465843443-project] Action: 'create', calling method: .version_select at 0x7fa4acea6790>, body: {"security_group_rule": {"parent_group_id": "08ae3c63-2509-45cc-8186-113cca6b7040", "ip_protocol": "tcp", "from_port": 22, "to_port": 22}} {{(pid=131810) _process_stack /opt/stack/nova/nova/api/openstack/wsgi.py:511}}
May 26 16:03:58.948532 n-d-839922-1 devstack@n-api.service[131809]: DEBUG nova.policy [None req-77a49b3d-9ca5-41bc-8afc-140f60e5c00e tempest-ServersAdminNegativeTestJSON-771958376 tempest-ServersAdminNegativeTestJSON-771958376-project] Policy check for os_compute_api:os-extended-server-attributes failed with credentials {'is_admin': False, 'user_id': '5f38dc04d52045a0bb797bac974cb8a0', 'user_domain_id': 'default', 'system_scope': None, 'domain_id': None, 'project_id': 'cf680c1be1de4fdeb9d09c2f63fbff51', 'project_domain_id': 'default', 'roles': ['member', 'reader'], 'is_admin_project': True, 'service_user_id': None, 'service_user_domain_id': None, 'service_project_id': None, 'service_project_domain_id': None, 'service_roles': []} {{(pid=131809) authorize /opt/stack/nova/nova/policy.py:199}}
May 26 16:03:58.971518 n-d-839922-1 devstack@n-api.service[131809]: INFO nova.api.openstack.requestlog [None req-77a49b3d-9ca5-41bc-8afc-140f60e5c00e tempest-ServersAdminNegativeTestJSON-771958376 tempest-ServersAdminNegativeTestJSON-771958376-project] 10.222.0.15 "GET /compute/v2.1/servers/8c1960b0-4b69-4b99-99f9-edd75a8b1532" status: 200 len: 1322 microversion: 2.1 time: 0.287575
May 26 16:03:58.972268 n-d-839922-1 devstack@n-api.service[131809]: [pid: 131809|app: 0|req: 164/342] 10.222.0.15 () {58 vars in 1235 bytes} [Thu May 26 16:03:58 2022] GET /compute/v2.1/servers/8c1960b0-4b69-4b99-99f9-edd75a8b1532 => generated 1322 bytes in 290 msecs (HTTP/1.1 200) 9 headers in 358 bytes (2 switches on core 0)
May 26 16:03:59.368861 n-d-839922-1 devstack@n-api.service[131810]: INFO nova.api.openstack.requestlog [None req-765d45af-6b1f-4037-b768-4f38ee1febb0 tempest-SecurityGroupRulesTestJSON-1465843443 tempest-SecurityGroupRulesTestJSON-1465843443-project] 10.222.0.15 "POST /compute/v2.1/os-security-group-rules" status: 200 len: 232 microversion: 2.1 time: 0.581671
May 26 16:03:59.369571 n-d-839922-1 devstack@n-api.service[131810]: [pid: 131810|app: 0|req: 179/343] 10.222.0.15 () {60 vars in 1194 bytes} [Thu May 26 16:03:58 2022] POST /compute/v2.1/os-security-group-rules => generated 232 bytes in 583 msecs (HTTP/1.1 200) 9 headers in 357 bytes (1 switches on core 0)
May 26 16:03:59.384382 n-d-839922-1 devstack@n-api.service[131809]: DEBUG nova.api.openstack.wsgi [None req-751282b9-5e52-42ce-b1ae-4f1edadda1a2 tempest-SecurityGroupRulesTestJSON-1465843443 tempest-SecurityGroupRulesTestJSON-1465843443-project] Action: 'create', calling method: .version_select at 0x7fa4ace76160>, body: {"security_group": {"name": "tempest-SecurityGroupRulesTestJSON-securitygroup-1161222874", "description": "tempest-description-638389388"}} {{(pid=131809) _process_stack /opt/stack/nova/nova/api/openstack/wsgi.py:511}}
May 26 16:03:59.908542 n-d-839922-1 devstack@n-api.service[131809]: INFO nova.api.openstack.requestlog [None req-751282b9-5e52-42ce-b1ae-4f1edadda1a2 tempest-SecurityGroupRulesTestJSON-1465843443 tempest-SecurityGroupRulesTestJSON-1465843443-project] 10.222.0.15 "POST /compute/v2.1/os-security-groups" status: 200 len: 247 microversion: 2.1 time: 0.529371
May 26 16:03:59.917200 n-d-839922-1 devstack@n-api.service[131809]: [pid: 131809|app: 0|req: 165/344] 10.222.0.15 () {60 vars in 1179 bytes} [Thu May 26 16:03:59 2022] POST /compute/v2.1/os-security-groups => generated 247 bytes in 532 msecs (HTTP/1.1 200) 9 headers in 357 bytes (1 switches on core 0)
May 26 16:03:59.923862 n-d-839922-1 devstack@n-api.service[131810]: DEBUG nova.api.openstack.wsgi [None req-843e6ef3-9229-40a1-8bd0-c8f375741c5d tempest-SecurityGroupRulesTestJSON-1465843443 tempest-SecurityGroupRulesTestJSON-1465843443-project] Action: 'create', calling method: .version_select at 0x7fa4ace4edc0>, body: {"security_group_rule": {"parent_group_id": "d094a9b6-c0d2-4341-8413-2938e227bbee", "ip_protocol": "tcp", "from_port": 22, "to_port": 22, "cidr": "10.2.3.124/24"}} {{(pid=131810) _process_stack /opt/stack/nova/nova/api/openstack/wsgi.py:511}}
May 26 16:04:00.515529 n-d-839922-1 devstack@n-api.service[131809]: DEBUG nova.api.openstack.wsgi [None req-938c3064-843f-4142-b77a-6ced21aabb7a tempest-AZAdminV2TestJSON-1949333712 tempest-AZAdminV2TestJSON-1949333712-project-admin] Calling method '>' {{(pid=131809) _process_stack /opt/stack/nova/nova/api/openstack/wsgi.py:513}}
May 26 16:04:00.517723 n-d-839922-1 devstack@n-api.service[131809]: DEBUG oslo_concurrency.lockutils [None req-938c3064-843f-4142-b77a-6ced21aabb7a tempest-AZAdminV2TestJSON-1949333712 tempest-AZAdminV2TestJSON-1949333712-project-admin] Lock "00000000-0000-0000-0000-000000000000" acquired by "nova.context.set_target_cell..get_or_set_cached_cell_and_set_connections" :: waited 0.000s {{(pid=131809) inner /usr/local/lib/python3.8/dist-packages/oslo_concurrency/lockutils.py:386}}
May 26 16:04:00.518401 n-d-839922-1 devstack@n-api.service[131809]: DEBUG oslo_concurrency.lockutils [None req-938c3064-843f-4142-b77a-6ced21aabb7a tempest-AZAdminV2TestJSON-1949333712 tempest-AZAdminV2TestJSON-1949333712-project-admin] Lock "00000000-0000-0000-0000-000000000000" "released" by "nova.context.set_target_cell..get_or_set_cached_cell_and_set_connections" :: held 0.001s {{(pid=131809) inner /usr/local/lib/python3.8/dist-packages/oslo_concurrency/lockutils.py:400}}
May 26 16:04:00.520386 n-d-839922-1 devstack@n-api.service[131809]: DEBUG oslo_concurrency.lockutils [None req-938c3064-843f-4142-b77a-6ced21aabb7a tempest-AZAdminV2TestJSON-1949333712 tempest-AZAdminV2TestJSON-1949333712-project-admin] Lock "2862464f-70d9-4903-9a72-99ad68873b16" acquired by "nova.context.set_target_cell..get_or_set_cached_cell_and_set_connections" :: waited 0.000s {{(pid=131809) inner /usr/local/lib/python3.8/dist-packages/oslo_concurrency/lockutils.py:386}}
May 26 16:04:00.521065 n-d-839922-1 devstack@n-api.service[131809]: DEBUG oslo_concurrency.lockutils [None req-938c3064-843f-4142-b77a-6ced21aabb7a tempest-AZAdminV2TestJSON-1949333712 tempest-AZAdminV2TestJSON-1949333712-project-admin] Lock "2862464f-70d9-4903-9a72-99ad68873b16" "released" by "nova.context.set_target_cell..get_or_set_cached_cell_and_set_connections" :: held 0.001s {{(pid=131809) inner /usr/local/lib/python3.8/dist-packages/oslo_concurrency/lockutils.py:400}}
May 26 16:04:00.526249 n-d-839922-1 devstack@n-api.service[131810]: INFO nova.api.openstack.requestlog [None req-843e6ef3-9229-40a1-8bd0-c8f375741c5d tempest-SecurityGroupRulesTestJSON-1465843443 tempest-SecurityGroupRulesTestJSON-1465843443-project] 10.222.0.15 "POST /compute/v2.1/os-security-group-rules" status: 200 len: 236 microversion: 2.1 time: 0.606368
May 26 16:04:00.536316 n-d-839922-1 devstack@n-api.service[131810]: [pid: 131810|app: 0|req: 180/345] 10.222.0.15 () {60 vars in 1194 bytes} [Thu May 26 16:03:59 2022] POST /compute/v2.1/os-security-group-rules => generated 236 bytes in 617 msecs (HTTP/1.1 200) 9 headers in 357 bytes (1 switches on core 0)
May 26 16:04:00.548744 n-d-839922-1 devstack@n-api.service[131810]: DEBUG nova.api.openstack.wsgi [None req-c8dbb89c-cfd5-406b-b091-835ce81f2055 tempest-ServersAdminNegativeTestJSON-771958376 tempest-ServersAdminNegativeTestJSON-771958376-project] Calling method '>' {{(pid=131810) _process_stack /opt/stack/nova/nova/api/openstack/wsgi.py:513}}
May 26 16:04:00.549878 n-d-839922-1 devstack@n-api.service[131810]: DEBUG nova.compute.api [None req-c8dbb89c-cfd5-406b-b091-835ce81f2055 tempest-ServersAdminNegativeTestJSON-771958376 tempest-ServersAdminNegativeTestJSON-771958376-project] [instance: 8c1960b0-4b69-4b99-99f9-edd75a8b1532] Fetching instance by UUID {{(pid=131810) get /opt/stack/nova/nova/compute/api.py:2918}}
May 26 16:04:00.564582 n-d-839922-1 devstack@n-api.service[131809]: INFO nova.api.openstack.requestlog [None req-938c3064-843f-4142-b77a-6ced21aabb7a tempest-AZAdminV2TestJSON-1949333712 tempest-AZAdminV2TestJSON-1949333712-project-admin] 10.222.0.15 "GET /compute/v2.1/os-availability-zone" status: 200 len: 97 microversion: 2.1 time: 0.604745
May 26 16:04:00.565806 n-d-839922-1 devstack@n-api.service[131809]: [pid: 131809|app: 0|req: 166/346] 10.222.0.15 () {58 vars in 1163 bytes} [Thu May 26 16:03:59 2022] GET /compute/v2.1/os-availability-zone => generated 97 bytes in 607 msecs (HTTP/1.1 200) 9 headers in 356 bytes (1 switches on core 0)
May 26 16:04:00.572582 n-d-839922-1 devstack@n-api.service[131809]: DEBUG nova.api.openstack.wsgi [None req-7b9f99f8-908c-451a-8da1-99ee6ea8353f tempest-SecurityGroupRulesTestJSON-1465843443 tempest-SecurityGroupRulesTestJSON-1465843443-project] Action: 'create', calling method: .version_select at 0x7fa4ad08eca0>, body: {"security_group": {"name": "tempest-SecurityGroupRulesTestJSON-securitygroup-47790679", "description": "tempest-description-2002995198"}} {{(pid=131809) _process_stack /opt/stack/nova/nova/api/openstack/wsgi.py:511}}
May 26 16:04:00.582964 n-d-839922-1 devstack@n-api.service[131810]: DEBUG oslo_concurrency.lockutils [None req-c8dbb89c-cfd5-406b-b091-835ce81f2055 tempest-ServersAdminNegativeTestJSON-771958376 tempest-ServersAdminNegativeTestJSON-771958376-project] Lock "2862464f-70d9-4903-9a72-99ad68873b16" acquired by "nova.context.set_target_cell..get_or_set_cached_cell_and_set_connections" :: waited 0.000s {{(pid=131810) inner /usr/local/lib/python3.8/dist-packages/oslo_concurrency/lockutils.py:386}}
May 26 16:04:00.586926 n-d-839922-1 devstack@n-api.service[131810]: DEBUG oslo_concurrency.lockutils [None req-c8dbb89c-cfd5-406b-b091-835ce81f2055 tempest-ServersAdminNegativeTestJSON-771958376 tempest-ServersAdminNegativeTestJSON-771958376-project] Lock "2862464f-70d9-4903-9a72-99ad68873b16" "released" by "nova.context.set_target_cell..get_or_set_cached_cell_and_set_connections" :: held 0.004s {{(pid=131810) inner /usr/local/lib/python3.8/dist-packages/oslo_concurrency/lockutils.py:400}}
May 26 16:04:00.589156 n-d-839922-1 devstack@n-api.service[131810]: DEBUG oslo_concurrency.lockutils [None req-c8dbb89c-cfd5-406b-b091-835ce81f2055 tempest-ServersAdminNegativeTestJSON-771958376 tempest-ServersAdminNegativeTestJSON-771958376-project] Lock "2862464f-70d9-4903-9a72-99ad68873b16" acquired by "nova.context.set_target_cell..get_or_set_cached_cell_and_set_connections" :: waited 0.000s {{(pid=131810) inner /usr/local/lib/python3.8/dist-packages/oslo_concurrency/lockutils.py:386}}
May 26 16:04:00.590043 n-d-839922-1 devstack@n-api.service[131810]: DEBUG oslo_concurrency.lockutils [None req-c8dbb89c-cfd5-406b-b091-835ce81f2055 tempest-ServersAdminNegativeTestJSON-771958376 tempest-ServersAdminNegativeTestJSON-771958376-project] Lock "2862464f-70d9-4903-9a72-99ad68873b16" "released" by "nova.context.set_target_cell..get_or_set_cached_cell_and_set_connections" :: held 0.001s {{(pid=131810) inner /usr/local/lib/python3.8/dist-packages/oslo_concurrency/lockutils.py:400}}
May 26 16:04:00.944672 n-d-839922-1 devstack@n-api.service[131810]: DEBUG nova.policy [None req-c8dbb89c-cfd5-406b-b091-835ce81f2055 tempest-ServersAdminNegativeTestJSON-771958376 tempest-ServersAdminNegativeTestJSON-771958376-project] Policy check for os_compute_api:os-extended-server-attributes failed with credentials {'is_admin': False, 'user_id': '5f38dc04d52045a0bb797bac974cb8a0', 'user_domain_id': 'default', 'system_scope': None, 'domain_id': None, 'project_id': 'cf680c1be1de4fdeb9d09c2f63fbff51', 'project_domain_id': 'default', 'roles': ['member', 'reader'], 'is_admin_project': True, 'service_user_id': None, 'service_user_domain_id': None, 'service_project_id': None, 'service_project_domain_id': None, 'service_roles': []} {{(pid=131810) authorize /opt/stack/nova/nova/policy.py:199}}
May 26 16:04:00.968089 n-d-839922-1 devstack@n-api.service[131810]: INFO nova.api.openstack.requestlog [None req-c8dbb89c-cfd5-406b-b091-835ce81f2055 tempest-ServersAdminNegativeTestJSON-771958376 tempest-ServersAdminNegativeTestJSON-771958376-project] 10.222.0.15 "GET /compute/v2.1/servers/8c1960b0-4b69-4b99-99f9-edd75a8b1532" status: 200 len: 1322 microversion: 2.1 time: 0.429642
May 26 16:04:00.983842 n-d-839922-1 devstack@n-api.service[131810]: [pid: 131810|app: 0|req: 181/347] 10.222.0.15 () {58 vars in 1235 bytes} [Thu May 26 16:04:00 2022] GET /compute/v2.1/servers/8c1960b0-4b69-4b99-99f9-edd75a8b1532 => generated 1322 bytes in 433 msecs (HTTP/1.1 200) 9 headers in 358 bytes (1 switches on core 0)
May 26 16:04:00.983842 n-d-839922-1 devstack@n-api.service[131810]: DEBUG nova.api.openstack.wsgi [None req-b39f87a2-e48a-4cc4-bc40-4c3a21e85455 tempest-AZAdminV2TestJSON-1949333712 tempest-AZAdminV2TestJSON-1949333712-project-admin] Calling method '>' {{(pid=131810) _process_stack /opt/stack/nova/nova/api/openstack/wsgi.py:513}}
May 26 16:04:00.983842 n-d-839922-1 devstack@n-api.service[131810]: /usr/local/lib/python3.8/dist-packages/oslo_policy/policy.py:1119: UserWarning: Policy "os_compute_api:os-availability-zone:detail": "rule:context_is_admin" failed scope check. The token used to make the request was project scoped but the policy requires ['system'] scope. This behavior may change in the future where using the intended scope is required
May 26 16:04:00.983842 n-d-839922-1 devstack@n-api.service[131810]: warnings.warn(msg)
May 26 16:04:00.985234 n-d-839922-1 devstack@n-api.service[131810]: DEBUG oslo_concurrency.lockutils [None req-b39f87a2-e48a-4cc4-bc40-4c3a21e85455 tempest-AZAdminV2TestJSON-1949333712 tempest-AZAdminV2TestJSON-1949333712-project-admin] Lock "00000000-0000-0000-0000-000000000000" acquired by "nova.context.set_target_cell..get_or_set_cached_cell_and_set_connections" :: waited 0.001s {{(pid=131810) inner /usr/local/lib/python3.8/dist-packages/oslo_concurrency/lockutils.py:386}}
May 26 16:04:00.985900 n-d-839922-1 devstack@n-api.service[131810]: DEBUG oslo_concurrency.lockutils [None req-b39f87a2-e48a-4cc4-bc40-4c3a21e85455 tempest-AZAdminV2TestJSON-1949333712 tempest-AZAdminV2TestJSON-1949333712-project-admin] Lock "00000000-0000-0000-0000-000000000000" "released" by "nova.context.set_target_cell..get_or_set_cached_cell_and_set_connections" :: held 0.002s {{(pid=131810) inner /usr/local/lib/python3.8/dist-packages/oslo_concurrency/lockutils.py:400}}
May 26 16:04:00.987186 n-d-839922-1 devstack@n-api.service[131810]: DEBUG oslo_concurrency.lockutils [None req-b39f87a2-e48a-4cc4-bc40-4c3a21e85455 tempest-AZAdminV2TestJSON-1949333712 tempest-AZAdminV2TestJSON-1949333712-project-admin] Lock "2862464f-70d9-4903-9a72-99ad68873b16" acquired by "nova.context.set_target_cell..get_or_set_cached_cell_and_set_connections" :: waited 0.000s {{(pid=131810) inner /usr/local/lib/python3.8/dist-packages/oslo_concurrency/lockutils.py:386}}
May 26 16:04:00.987776 n-d-839922-1 devstack@n-api.service[131810]: DEBUG oslo_concurrency.lockutils [None req-b39f87a2-e48a-4cc4-bc40-4c3a21e85455 tempest-AZAdminV2TestJSON-1949333712 tempest-AZAdminV2TestJSON-1949333712-project-admin] Lock "2862464f-70d9-4903-9a72-99ad68873b16" "released" by "nova.context.set_target_cell..get_or_set_cached_cell_and_set_connections" :: held 0.001s {{(pid=131810) inner /usr/local/lib/python3.8/dist-packages/oslo_concurrency/lockutils.py:400}}
May 26 16:04:01.031451 n-d-839922-1 devstack@n-api.service[131810]: INFO nova.api.openstack.requestlog [None req-b39f87a2-e48a-4cc4-bc40-4c3a21e85455 tempest-AZAdminV2TestJSON-1949333712 tempest-AZAdminV2TestJSON-1949333712-project-admin] 10.222.0.15 "GET /compute/v2.1/os-availability-zone/detail" status: 200 len: 612 microversion: 2.1 time: 0.059683
May 26 16:04:01.032346 n-d-839922-1 devstack@n-api.service[131810]: [pid: 131810|app: 0|req: 182/348] 10.222.0.15 () {58 vars in 1184 bytes} [Thu May 26 16:04:00 2022] GET /compute/v2.1/os-availability-zone/detail => generated 612 bytes in 62 msecs (HTTP/1.1 200) 9 headers in 357 bytes (1 switches on core 0)
May 26 16:04:01.034424 n-d-839922-1 devstack@n-api.service[131810]: DEBUG nova.api.openstack.wsgi [None req-b39f87a2-e48a-4cc4-bc40-4c3a21e85455 tempest-AZAdminV2TestJSON-1949333712 tempest-AZAdminV2TestJSON-1949333712-project-admin] Calling method '>' {{(pid=131810) _process_stack /opt/stack/nova/nova/api/openstack/wsgi.py:513}}
May 26 16:04:01.036575 n-d-839922-1 devstack@n-api.service[131810]: INFO nova.api.openstack.requestlog [None req-b39f87a2-e48a-4cc4-bc40-4c3a21e85455 tempest-AZAdminV2TestJSON-1949333712 tempest-AZAdminV2TestJSON-1949333712-project-admin] 10.222.0.15 "GET /compute//" status: 200 len: 377 microversion: - time: 0.002618
May 26 16:04:01.049395 n-d-839922-1 devstack@n-api.service[131810]: [pid: 131810|app: 0|req: 183/349] 10.222.0.15 () {56 vars in 885 bytes} [Thu May 26 16:04:01 2022] GET /compute/ => generated 377 bytes in 16 msecs (HTTP/1.1 200) 3 headers in 91 bytes (1 switches on core 0)
May 26 16:04:01.421660 n-d-839922-1 devstack@n-api.service[131809]: INFO nova.api.openstack.requestlog [None req-7b9f99f8-908c-451a-8da1-99ee6ea8353f tempest-SecurityGroupRulesTestJSON-1465843443 tempest-SecurityGroupRulesTestJSON-1465843443-project] 10.222.0.15 "POST /compute/v2.1/os-security-groups" status: 200 len: 246 microversion: 2.1 time: 0.853184
May 26 16:04:01.423014 n-d-839922-1 devstack@n-api.service[131809]: [pid: 131809|app: 0|req: 167/350] 10.222.0.15 () {60 vars in 1179 bytes} [Thu May 26 16:04:00 2022] POST /compute/v2.1/os-security-groups => generated 246 bytes in 856 msecs (HTTP/1.1 200) 9 headers in 357 bytes (1 switches on core 0)
May 26 16:04:01.434571 n-d-839922-1 devstack@n-api.service[131810]: DEBUG nova.api.openstack.wsgi [None req-22b2a2a7-da22-49c5-aa90-be3bf7cc01cf tempest-SecurityGroupRulesTestJSON-1465843443 tempest-SecurityGroupRulesTestJSON-1465843443-project] Action: 'create', calling method: .version_select at 0x7fa4ad126160>, body: {"security_group": {"name": "tempest-SecurityGroupRulesTestJSON-securitygroup-999039645", "description": "tempest-description-387436481"}} {{(pid=131810) _process_stack /opt/stack/nova/nova/api/openstack/wsgi.py:511}}
May 26 16:04:01.993027 n-d-839922-1 devstack@n-api.service[131809]: DEBUG nova.api.openstack.wsgi [None req-c7165ad6-c1c5-4fe4-876a-f965e5bdae4e tempest-ServersAdminNegativeTestJSON-771958376 tempest-ServersAdminNegativeTestJSON-771958376-project] Calling method '>' {{(pid=131809) _process_stack /opt/stack/nova/nova/api/openstack/wsgi.py:513}}
May 26 16:04:01.994276 n-d-839922-1 devstack@n-api.service[131809]: DEBUG nova.compute.api [None req-c7165ad6-c1c5-4fe4-876a-f965e5bdae4e tempest-ServersAdminNegativeTestJSON-771958376 tempest-ServersAdminNegativeTestJSON-771958376-project] [instance: 8c1960b0-4b69-4b99-99f9-edd75a8b1532] Fetching instance by UUID {{(pid=131809) get /opt/stack/nova/nova/compute/api.py:2918}}
May 26 16:04:02.002942 n-d-839922-1 devstack@n-api.service[131809]: DEBUG oslo_concurrency.lockutils [None req-c7165ad6-c1c5-4fe4-876a-f965e5bdae4e tempest-ServersAdminNegativeTestJSON-771958376 tempest-ServersAdminNegativeTestJSON-771958376-project] Lock "2862464f-70d9-4903-9a72-99ad68873b16" acquired by "nova.context.set_target_cell..get_or_set_cached_cell_and_set_connections" :: waited 0.000s {{(pid=131809) inner /usr/local/lib/python3.8/dist-packages/oslo_concurrency/lockutils.py:386}}
May 26 16:04:02.003751 n-d-839922-1 devstack@n-api.service[131809]: DEBUG oslo_concurrency.lockutils [None req-c7165ad6-c1c5-4fe4-876a-f965e5bdae4e tempest-ServersAdminNegativeTestJSON-771958376 tempest-ServersAdminNegativeTestJSON-771958376-project] Lock "2862464f-70d9-4903-9a72-99ad68873b16" "released" by "nova.context.set_target_cell..get_or_set_cached_cell_and_set_connections" :: held 0.001s {{(pid=131809) inner /usr/local/lib/python3.8/dist-packages/oslo_concurrency/lockutils.py:400}}
May 26 16:04:02.005151 n-d-839922-1 devstack@n-api.service[131809]: DEBUG oslo_concurrency.lockutils [None req-c7165ad6-c1c5-4fe4-876a-f965e5bdae4e tempest-ServersAdminNegativeTestJSON-771958376 tempest-ServersAdminNegativeTestJSON-771958376-project] Lock "2862464f-70d9-4903-9a72-99ad68873b16" acquired by "nova.context.set_target_cell..get_or_set_cached_cell_and_set_connections" :: waited 0.000s {{(pid=131809) inner /usr/local/lib/python3.8/dist-packages/oslo_concurrency/lockutils.py:386}}
May 26 16:04:02.006020 n-d-839922-1 devstack@n-api.service[131809]: DEBUG oslo_concurrency.lockutils [None req-c7165ad6-c1c5-4fe4-876a-f965e5bdae4e tempest-ServersAdminNegativeTestJSON-771958376 tempest-ServersAdminNegativeTestJSON-771958376-project] Lock "2862464f-70d9-4903-9a72-99ad68873b16" "released" by "nova.context.set_target_cell..get_or_set_cached_cell_and_set_connections" :: held 0.001s {{(pid=131809) inner /usr/local/lib/python3.8/dist-packages/oslo_concurrency/lockutils.py:400}}
May 26 16:04:02.267137 n-d-839922-1 devstack@n-api.service[131809]: DEBUG nova.policy [None req-c7165ad6-c1c5-4fe4-876a-f965e5bdae4e tempest-ServersAdminNegativeTestJSON-771958376 tempest-ServersAdminNegativeTestJSON-771958376-project] Policy check for os_compute_api:os-extended-server-attributes failed with credentials {'is_admin': False, 'user_id': '5f38dc04d52045a0bb797bac974cb8a0', 'user_domain_id': 'default', 'system_scope': None, 'domain_id': None, 'project_id': 'cf680c1be1de4fdeb9d09c2f63fbff51', 'project_domain_id': 'default', 'roles': ['member', 'reader'], 'is_admin_project': True, 'service_user_id': None, 'service_user_domain_id': None, 'service_project_id': None, 'service_project_domain_id': None, 'service_roles': []} {{(pid=131809) authorize /opt/stack/nova/nova/policy.py:199}}
May 26 16:04:02.272076 n-d-839922-1 devstack@n-api.service[131810]: INFO nova.api.openstack.requestlog [None req-22b2a2a7-da22-49c5-aa90-be3bf7cc01cf tempest-SecurityGroupRulesTestJSON-1465843443 tempest-SecurityGroupRulesTestJSON-1465843443-project] 10.222.0.15 "POST /compute/v2.1/os-security-groups" status: 200 len: 246 microversion: 2.1 time: 0.841547
May 26 16:04:02.279350 n-d-839922-1 devstack@n-api.service[131810]: [pid: 131810|app: 0|req: 184/351] 10.222.0.15 () {60 vars in 1179 bytes} [Thu May 26 16:04:01 2022] POST /compute/v2.1/os-security-groups => generated 246 bytes in 849 msecs (HTTP/1.1 200) 9 headers in 357 bytes (2 switches on core 0)
May 26 16:04:02.281364 n-d-839922-1 devstack@n-api.service[131809]: INFO nova.api.openstack.requestlog [None req-c7165ad6-c1c5-4fe4-876a-f965e5bdae4e tempest-ServersAdminNegativeTestJSON-771958376 tempest-ServersAdminNegativeTestJSON-771958376-project] 10.222.0.15 "GET /compute/v2.1/servers/8c1960b0-4b69-4b99-99f9-edd75a8b1532" status: 200 len: 1322 microversion: 2.1 time: 0.294124
May 26 16:04:02.285869 n-d-839922-1 devstack@n-api.service[131809]: [pid: 131809|app: 0|req: 168/352] 10.222.0.15 () {58 vars in 1235 bytes} [Thu May 26 16:04:01 2022] GET /compute/v2.1/servers/8c1960b0-4b69-4b99-99f9-edd75a8b1532 => generated 1322 bytes in 299 msecs (HTTP/1.1 200) 9 headers in 358 bytes (1 switches on core 0)
May 26 16:04:02.286126 n-d-839922-1 devstack@n-api.service[131810]: DEBUG nova.api.openstack.wsgi [None req-2fc85c4b-8f35-47d8-a579-f9f94ee5bc42 tempest-SecurityGroupRulesTestJSON-1465843443 tempest-SecurityGroupRulesTestJSON-1465843443-project] Action: 'create', calling method: .version_select at 0x7fa4ace3dee0>, body: {"security_group_rule": {"parent_group_id": "c436fb9a-3429-46d7-add3-c9b1b4a73551", "ip_protocol": "tcp", "from_port": 22, "to_port": 22, "group_id": "ac84d2d6-16a5-416e-878f-43f70bc9d236"}} {{(pid=131810) _process_stack /opt/stack/nova/nova/api/openstack/wsgi.py:511}}
May 26 16:04:03.248655 n-d-839922-1 devstack@n-api.service[131809]: DEBUG nova.api.openstack.wsgi [None req-3631e43e-968e-49ed-9d53-3772f6cc8307 tempest-LiveMigrationTest-1299526144 tempest-LiveMigrationTest-1299526144-project] Action: 'create', calling method: >, body: {"server": {"name": "tempest-LiveMigrationTest-server-150014235", "imageRef": "a2a89d98-13b6-4113-9de4-5a3dbb605932", "flavorRef": "452", "networks": [{"uuid": "b57e9be4-daf1-4696-8105-51b97aff19ed"}]}} {{(pid=131809) _process_stack /opt/stack/nova/nova/api/openstack/wsgi.py:511}}
May 26 16:04:03.339332 n-d-839922-1 devstack@n-api.service[131809]: DEBUG nova.network.neutron [None req-3631e43e-968e-49ed-9d53-3772f6cc8307 tempest-LiveMigrationTest-1299526144 tempest-LiveMigrationTest-1299526144-project] validate_networks() for [('b57e9be4-daf1-4696-8105-51b97aff19ed', None, None, None, None, None)] {{(pid=131809) validate_networks /opt/stack/nova/nova/network/neutron.py:2632}}
May 26 16:04:03.356605 n-d-839922-1 devstack@n-api.service[131810]: INFO nova.api.openstack.requestlog [None req-2fc85c4b-8f35-47d8-a579-f9f94ee5bc42 tempest-SecurityGroupRulesTestJSON-1465843443 tempest-SecurityGroupRulesTestJSON-1465843443-project] 10.222.0.15 "POST /compute/v2.1/os-security-group-rules" status: 200 len: 330 microversion: 2.1 time: 1.071122
May 26 16:04:03.356605 n-d-839922-1 devstack@n-api.service[131810]: [pid: 131810|app: 0|req: 185/353] 10.222.0.15 () {60 vars in 1194 bytes} [Thu May 26 16:04:02 2022] POST /compute/v2.1/os-security-group-rules => generated 330 bytes in 1073 msecs (HTTP/1.1 200) 9 headers in 357 bytes (1 switches on core 0)
May 26 16:04:03.365435 n-d-839922-1 devstack@n-api.service[131810]: DEBUG nova.api.openstack.wsgi [None req-16c92e57-dc3d-475d-bb02-483f71754ec7 tempest-ServersAdminNegativeTestJSON-771958376 tempest-ServersAdminNegativeTestJSON-771958376-project] Calling method '>' {{(pid=131810) _process_stack /opt/stack/nova/nova/api/openstack/wsgi.py:513}}
May 26 16:04:03.367261 n-d-839922-1 devstack@n-api.service[131810]: DEBUG nova.compute.api [None req-16c92e57-dc3d-475d-bb02-483f71754ec7 tempest-ServersAdminNegativeTestJSON-771958376 tempest-ServersAdminNegativeTestJSON-771958376-project] [instance: 8c1960b0-4b69-4b99-99f9-edd75a8b1532] Fetching instance by UUID {{(pid=131810) get /opt/stack/nova/nova/compute/api.py:2918}}
May 26 16:04:03.386442 n-d-839922-1 devstack@n-api.service[131810]: DEBUG oslo_concurrency.lockutils [None req-16c92e57-dc3d-475d-bb02-483f71754ec7 tempest-ServersAdminNegativeTestJSON-771958376 tempest-ServersAdminNegativeTestJSON-771958376-project] Lock "2862464f-70d9-4903-9a72-99ad68873b16" acquired by "nova.context.set_target_cell..get_or_set_cached_cell_and_set_connections" :: waited 0.000s {{(pid=131810) inner /usr/local/lib/python3.8/dist-packages/oslo_concurrency/lockutils.py:386}}
May 26 16:04:03.386904 n-d-839922-1 devstack@n-api.service[131810]: DEBUG oslo_concurrency.lockutils [None req-16c92e57-dc3d-475d-bb02-483f71754ec7 tempest-ServersAdminNegativeTestJSON-771958376 tempest-ServersAdminNegativeTestJSON-771958376-project] Lock "2862464f-70d9-4903-9a72-99ad68873b16" "released" by "nova.context.set_target_cell..get_or_set_cached_cell_and_set_connections" :: held 0.001s {{(pid=131810) inner /usr/local/lib/python3.8/dist-packages/oslo_concurrency/lockutils.py:400}}
May 26 16:04:03.387736 n-d-839922-1 devstack@n-api.service[131810]: DEBUG oslo_concurrency.lockutils [None req-16c92e57-dc3d-475d-bb02-483f71754ec7 tempest-ServersAdminNegativeTestJSON-771958376 tempest-ServersAdminNegativeTestJSON-771958376-project] Lock "2862464f-70d9-4903-9a72-99ad68873b16" acquired by "nova.context.set_target_cell..get_or_set_cached_cell_and_set_connections" :: waited 0.000s {{(pid=131810) inner /usr/local/lib/python3.8/dist-packages/oslo_concurrency/lockutils.py:386}}
May 26 16:04:03.388193 n-d-839922-1 devstack@n-api.service[131810]: DEBUG oslo_concurrency.lockutils [None req-16c92e57-dc3d-475d-bb02-483f71754ec7 tempest-ServersAdminNegativeTestJSON-771958376 tempest-ServersAdminNegativeTestJSON-771958376-project] Lock "2862464f-70d9-4903-9a72-99ad68873b16" "released" by "nova.context.set_target_cell..get_or_set_cached_cell_and_set_connections" :: held 0.000s {{(pid=131810) inner /usr/local/lib/python3.8/dist-packages/oslo_concurrency/lockutils.py:400}}
May 26 16:04:03.729354 n-d-839922-1 devstack@n-api.service[131810]: DEBUG nova.policy [None req-16c92e57-dc3d-475d-bb02-483f71754ec7 tempest-ServersAdminNegativeTestJSON-771958376 tempest-ServersAdminNegativeTestJSON-771958376-project] Policy check for os_compute_api:os-extended-server-attributes failed with credentials {'is_admin': False, 'user_id': '5f38dc04d52045a0bb797bac974cb8a0', 'user_domain_id': 'default', 'system_scope': None, 'domain_id': None, 'project_id': 'cf680c1be1de4fdeb9d09c2f63fbff51', 'project_domain_id': 'default', 'roles': ['member', 'reader'], 'is_admin_project': True, 'service_user_id': None, 'service_user_domain_id': None, 'service_project_id': None, 'service_project_domain_id': None, 'service_roles': []} {{(pid=131810) authorize /opt/stack/nova/nova/policy.py:199}}
May 26 16:04:03.742928 n-d-839922-1 devstack@n-api.service[131810]: INFO nova.api.openstack.requestlog [None req-16c92e57-dc3d-475d-bb02-483f71754ec7 tempest-ServersAdminNegativeTestJSON-771958376 tempest-ServersAdminNegativeTestJSON-771958376-project] 10.222.0.15 "GET /compute/v2.1/servers/8c1960b0-4b69-4b99-99f9-edd75a8b1532" status: 200 len: 1322 microversion: 2.1 time: 0.388429
May 26 16:04:03.743513 n-d-839922-1 devstack@n-api.service[131810]: [pid: 131810|app: 0|req: 186/354] 10.222.0.15 () {58 vars in 1235 bytes} [Thu May 26 16:04:03 2022] GET /compute/v2.1/servers/8c1960b0-4b69-4b99-99f9-edd75a8b1532 => generated 1322 bytes in 390 msecs (HTTP/1.1 200) 9 headers in 358 bytes (1 switches on core 0)
May 26 16:04:03.758976 n-d-839922-1 devstack@n-api.service[131810]: DEBUG nova.api.openstack.wsgi [None req-20e89355-22ce-4e2d-822b-622cdf99df8a tempest-SecurityGroupRulesTestJSON-1465843443 tempest-SecurityGroupRulesTestJSON-1465843443-project] Action: 'create', calling method: .version_select at 0x7fa4acea6160>, body: {"security_group": {"name": "tempest-SecurityGroupRulesTestJSON-securitygroup-112438489", "description": "tempest-description-1237524504"}} {{(pid=131810) _process_stack /opt/stack/nova/nova/api/openstack/wsgi.py:511}}
May 26 16:04:04.417334 n-d-839922-1 devstack@n-api.service[131810]: INFO nova.api.openstack.requestlog [None req-20e89355-22ce-4e2d-822b-622cdf99df8a tempest-SecurityGroupRulesTestJSON-1465843443 tempest-SecurityGroupRulesTestJSON-1465843443-project] 10.222.0.15 "POST /compute/v2.1/os-security-groups" status: 200 len: 247 microversion: 2.1 time: 0.671524
May 26 16:04:04.418627 n-d-839922-1 devstack@n-api.service[131810]: [pid: 131810|app: 0|req: 187/355] 10.222.0.15 () {60 vars in 1179 bytes} [Thu May 26 16:04:03 2022] POST /compute/v2.1/os-security-groups => generated 247 bytes in 674 msecs (HTTP/1.1 200) 9 headers in 357 bytes (1 switches on core 0)
May 26 16:04:04.893155 n-d-839922-1 devstack@n-api.service[131810]: DEBUG nova.api.openstack.wsgi [None req-325a4c68-596a-4929-a2e6-e4951411ecfd tempest-VolumesAdminNegativeTest-1673017409 tempest-VolumesAdminNegativeTest-1673017409-project] Action: 'create', calling method: >, body: {"server": {"name": "tempest-VolumesAdminNegativeTest-server-82202520", "imageRef": "a2a89d98-13b6-4113-9de4-5a3dbb605932", "flavorRef": "452", "networks": [{"uuid": "7896e8d9-6e66-4936-9802-c5e8d6203d8f"}]}} {{(pid=131810) _process_stack /opt/stack/nova/nova/api/openstack/wsgi.py:511}}
May 26 16:04:04.976084 n-d-839922-1 devstack@n-api.service[131809]: DEBUG nova.virt.hardware [None req-3631e43e-968e-49ed-9d53-3772f6cc8307 tempest-LiveMigrationTest-1299526144 tempest-LiveMigrationTest-1299526144-project] Flavor limits 0:0:0 {{(pid=131809) get_cpu_topology_constraints /opt/stack/nova/nova/virt/hardware.py:343}}
May 26 16:04:04.976989 n-d-839922-1 devstack@n-api.service[131809]: DEBUG nova.virt.hardware [None req-3631e43e-968e-49ed-9d53-3772f6cc8307 tempest-LiveMigrationTest-1299526144 tempest-LiveMigrationTest-1299526144-project] Image limits 0:0:0 {{(pid=131809) get_cpu_topology_constraints /opt/stack/nova/nova/virt/hardware.py:347}}
May 26 16:04:04.977594 n-d-839922-1 devstack@n-api.service[131809]: DEBUG nova.virt.hardware [None req-3631e43e-968e-49ed-9d53-3772f6cc8307 tempest-LiveMigrationTest-1299526144 tempest-LiveMigrationTest-1299526144-project] Flavor pref 0:0:0 {{(pid=131809) get_cpu_topology_constraints /opt/stack/nova/nova/virt/hardware.py:383}}
May 26 16:04:04.978006 n-d-839922-1 devstack@n-api.service[131809]: DEBUG nova.virt.hardware [None req-3631e43e-968e-49ed-9d53-3772f6cc8307 tempest-LiveMigrationTest-1299526144 tempest-LiveMigrationTest-1299526144-project] Image pref 0:0:0 {{(pid=131809) get_cpu_topology_constraints /opt/stack/nova/nova/virt/hardware.py:387}}
May 26 16:04:04.978427 n-d-839922-1 devstack@n-api.service[131809]: DEBUG nova.virt.hardware [None req-3631e43e-968e-49ed-9d53-3772f6cc8307 tempest-LiveMigrationTest-1299526144 tempest-LiveMigrationTest-1299526144-project] Chose sockets=0, cores=0, threads=0; limits were sockets=65536, cores=65536, threads=65536 {{(pid=131809) get_cpu_topology_constraints /opt/stack/nova/nova/virt/hardware.py:425}}
May 26 16:04:04.995265 n-d-839922-1 devstack@n-api.service[131809]: DEBUG oslo_concurrency.lockutils [None req-3631e43e-968e-49ed-9d53-3772f6cc8307 tempest-LiveMigrationTest-1299526144 tempest-LiveMigrationTest-1299526144-project] Lock "00000000-0000-0000-0000-000000000000" acquired by "nova.context.set_target_cell..get_or_set_cached_cell_and_set_connections" :: waited 0.000s {{(pid=131809) inner /usr/local/lib/python3.8/dist-packages/oslo_concurrency/lockutils.py:386}}
May 26 16:04:04.995774 n-d-839922-1 devstack@n-api.service[131809]: DEBUG oslo_concurrency.lockutils [None req-3631e43e-968e-49ed-9d53-3772f6cc8307 tempest-LiveMigrationTest-1299526144 tempest-LiveMigrationTest-1299526144-project] Lock "00000000-0000-0000-0000-000000000000" "released" by "nova.context.set_target_cell..get_or_set_cached_cell_and_set_connections" :: held 0.001s {{(pid=131809) inner /usr/local/lib/python3.8/dist-packages/oslo_concurrency/lockutils.py:400}}
May 26 16:04:04.997357 n-d-839922-1 devstack@n-api.service[131809]: DEBUG oslo_concurrency.lockutils [None req-3631e43e-968e-49ed-9d53-3772f6cc8307 tempest-LiveMigrationTest-1299526144 tempest-LiveMigrationTest-1299526144-project] Lock "2862464f-70d9-4903-9a72-99ad68873b16" acquired by "nova.context.set_target_cell..get_or_set_cached_cell_and_set_connections" :: waited 0.000s {{(pid=131809) inner /usr/local/lib/python3.8/dist-packages/oslo_concurrency/lockutils.py:386}}
May 26 16:04:04.998121 n-d-839922-1 devstack@n-api.service[131809]: DEBUG oslo_concurrency.lockutils [None req-3631e43e-968e-49ed-9d53-3772f6cc8307 tempest-LiveMigrationTest-1299526144 tempest-LiveMigrationTest-1299526144-project] Lock "2862464f-70d9-4903-9a72-99ad68873b16" "released" by "nova.context.set_target_cell..get_or_set_cached_cell_and_set_connections" :: held 0.001s {{(pid=131809) inner /usr/local/lib/python3.8/dist-packages/oslo_concurrency/lockutils.py:400}}
May 26 16:04:05.010584 n-d-839922-1 devstack@n-api.service[131810]: DEBUG nova.network.neutron [None req-325a4c68-596a-4929-a2e6-e4951411ecfd tempest-VolumesAdminNegativeTest-1673017409 tempest-VolumesAdminNegativeTest-1673017409-project] validate_networks() for [('7896e8d9-6e66-4936-9802-c5e8d6203d8f', None, None, None, None, None)] {{(pid=131810) validate_networks /opt/stack/nova/nova/network/neutron.py:2632}}
May 26 16:04:05.039739 n-d-839922-1 devstack@n-api.service[131809]: DEBUG nova.quota [None req-3631e43e-968e-49ed-9d53-3772f6cc8307 tempest-LiveMigrationTest-1299526144 tempest-LiveMigrationTest-1299526144-project] Getting quotas for project 340f1f70dc004969851f2506ed20ad9b. Resources: {'instances', 'ram', 'cores'} {{(pid=131809) _get_quotas /opt/stack/nova/nova/quota.py:393}}
May 26 16:04:05.045852 n-d-839922-1 devstack@n-api.service[131809]: DEBUG nova.quota [None req-3631e43e-968e-49ed-9d53-3772f6cc8307 tempest-LiveMigrationTest-1299526144 tempest-LiveMigrationTest-1299526144-project] Getting quotas for user de8e45a73eaf400eb743ed0f68b106e1 and project 340f1f70dc004969851f2506ed20ad9b. Resources: {'instances', 'ram', 'cores'} {{(pid=131809) _get_quotas /opt/stack/nova/nova/quota.py:383}}
May 26 16:04:05.072224 n-d-839922-1 devstack@n-api.service[131809]: DEBUG nova.compute.api [None req-3631e43e-968e-49ed-9d53-3772f6cc8307 tempest-LiveMigrationTest-1299526144 tempest-LiveMigrationTest-1299526144-project] Going to run 1 instances... {{(pid=131809) _provision_instances /opt/stack/nova/nova/compute/api.py:1389}}
May 26 16:04:05.078690 n-d-839922-1 devstack@n-api.service[131809]: DEBUG nova.compute.api [None req-3631e43e-968e-49ed-9d53-3772f6cc8307 tempest-LiveMigrationTest-1299526144 tempest-LiveMigrationTest-1299526144-project] [instance: 0ed8375c-6e86-4469-92e8-12ae32b802b5] block_device_mapping [BlockDeviceMapping(attachment_id=,boot_index=0,connection_info=None,created_at=,delete_on_termination=True,deleted=,deleted_at=,destination_type='local',device_name=None,device_type='disk',disk_bus=None,guest_format=None,id=,image_id='a2a89d98-13b6-4113-9de4-5a3dbb605932',instance=,instance_uuid=,no_device=False,snapshot_id=None,source_type='image',tag=None,updated_at=,uuid=,volume_id=None,volume_size=None,volume_type=None)] {{(pid=131809) _bdm_validate_set_size_and_instance /opt/stack/nova/nova/compute/api.py:1807}}
May 26 16:04:05.387304 n-d-839922-1 devstack@n-api.service[131809]: INFO nova.api.openstack.requestlog [None req-3631e43e-968e-49ed-9d53-3772f6cc8307 tempest-LiveMigrationTest-1299526144 tempest-LiveMigrationTest-1299526144-project] 10.222.0.15 "POST /compute/v2.1/servers" status: 202 len: 380 microversion: 2.1 time: 2.809124
May 26 16:04:05.388581 n-d-839922-1 devstack@n-api.service[131809]: [pid: 131809|app: 0|req: 169/356] 10.222.0.15 () {60 vars in 1146 bytes} [Thu May 26 16:04:02 2022] POST /compute/v2.1/servers => generated 380 bytes in 2812 msecs (HTTP/1.1 202) 10 headers in 451 bytes (1 switches on core 0)
May 26 16:04:05.415018 n-d-839922-1 devstack@n-api.service[131809]: DEBUG nova.api.openstack.wsgi [req-5fee72b6-af66-4fae-9c56-27aadb0e8b04 req-86e08d38-08eb-492c-83fe-48bee535889d service nova] Action: 'create', calling method: >, body: {"events": [{"server_uuid": "8c1960b0-4b69-4b99-99f9-edd75a8b1532", "name": "network-vif-plugged", "status": "completed", "tag": "199f1bc6-6fe6-4c99-9640-1cfd9fda9791"}]} {{(pid=131809) _process_stack /opt/stack/nova/nova/api/openstack/wsgi.py:511}}
May 26 16:04:05.430040 n-d-839922-1 devstack@n-api.service[131809]: DEBUG oslo_concurrency.lockutils [req-5fee72b6-af66-4fae-9c56-27aadb0e8b04 req-86e08d38-08eb-492c-83fe-48bee535889d service nova] Lock "2862464f-70d9-4903-9a72-99ad68873b16" acquired by "nova.context.set_target_cell..get_or_set_cached_cell_and_set_connections" :: waited 0.000s {{(pid=131809) inner /usr/local/lib/python3.8/dist-packages/oslo_concurrency/lockutils.py:386}}
May 26 16:04:05.431416 n-d-839922-1 devstack@n-api.service[131809]: DEBUG oslo_concurrency.lockutils [req-5fee72b6-af66-4fae-9c56-27aadb0e8b04 req-86e08d38-08eb-492c-83fe-48bee535889d service nova] Lock "2862464f-70d9-4903-9a72-99ad68873b16" "released" by "nova.context.set_target_cell..get_or_set_cached_cell_and_set_connections" :: held 0.001s {{(pid=131809) inner /usr/local/lib/python3.8/dist-packages/oslo_concurrency/lockutils.py:400}}
May 26 16:04:05.452258 n-d-839922-1 devstack@n-api.service[131809]: INFO nova.api.openstack.compute.server_external_events [req-5fee72b6-af66-4fae-9c56-27aadb0e8b04 req-86e08d38-08eb-492c-83fe-48bee535889d service nova] Creating event network-vif-plugged:199f1bc6-6fe6-4c99-9640-1cfd9fda9791 for instance 8c1960b0-4b69-4b99-99f9-edd75a8b1532 on n-h2-839922-1
May 26 16:04:05.464243 n-d-839922-1 devstack@n-api.service[131809]: INFO nova.api.openstack.requestlog [req-5fee72b6-af66-4fae-9c56-27aadb0e8b04 req-86e08d38-08eb-492c-83fe-48bee535889d service nova] 10.222.0.15 "POST /compute/v2.1/os-server-external-events" status: 200 len: 183 microversion: 2.1 time: 0.061158
May 26 16:04:05.464243 n-d-839922-1 devstack@n-api.service[131809]: [pid: 131809|app: 0|req: 170/357] 10.222.0.15 () {64 vars in 1317 bytes} [Thu May 26 16:04:05 2022] POST /compute/v2.1/os-server-external-events => generated 183 bytes in 73 msecs (HTTP/1.1 200) 9 headers in 357 bytes (1 switches on core 0)
May 26 16:04:05.476029 n-d-839922-1 devstack@n-api.service[131809]: DEBUG nova.api.openstack.wsgi [None req-68a6260f-7249-4e93-ac11-3b48ee6983bc tempest-SecurityGroupRulesTestJSON-1465843443 tempest-SecurityGroupRulesTestJSON-1465843443-project] Action: 'create', calling method: .version_select at 0x7fa4acc25790>, body: {"security_group": {"name": "tempest-SecurityGroupRulesTestJSON-securitygroup-653760740", "description": "tempest-description-1285150969"}} {{(pid=131809) _process_stack /opt/stack/nova/nova/api/openstack/wsgi.py:511}}
May 26 16:04:06.492435 n-d-839922-1 devstack@n-api.service[131810]: DEBUG nova.virt.hardware [None req-325a4c68-596a-4929-a2e6-e4951411ecfd tempest-VolumesAdminNegativeTest-1673017409 tempest-VolumesAdminNegativeTest-1673017409-project] Flavor limits 0:0:0 {{(pid=131810) get_cpu_topology_constraints /opt/stack/nova/nova/virt/hardware.py:343}}
May 26 16:04:06.492435 n-d-839922-1 devstack@n-api.service[131810]: DEBUG nova.virt.hardware [None req-325a4c68-596a-4929-a2e6-e4951411ecfd tempest-VolumesAdminNegativeTest-1673017409 tempest-VolumesAdminNegativeTest-1673017409-project] Image limits 0:0:0 {{(pid=131810) get_cpu_topology_constraints /opt/stack/nova/nova/virt/hardware.py:347}}
May 26 16:04:06.505607 n-d-839922-1 devstack@n-api.service[131810]: DEBUG nova.virt.hardware [None req-325a4c68-596a-4929-a2e6-e4951411ecfd tempest-VolumesAdminNegativeTest-1673017409 tempest-VolumesAdminNegativeTest-1673017409-project] Flavor pref 0:0:0 {{(pid=131810) get_cpu_topology_constraints /opt/stack/nova/nova/virt/hardware.py:383}}
May 26 16:04:06.506847 n-d-839922-1 devstack@n-api.service[131810]: DEBUG nova.virt.hardware [None req-325a4c68-596a-4929-a2e6-e4951411ecfd tempest-VolumesAdminNegativeTest-1673017409 tempest-VolumesAdminNegativeTest-1673017409-project] Image pref 0:0:0 {{(pid=131810) get_cpu_topology_constraints /opt/stack/nova/nova/virt/hardware.py:387}}
May 26 16:04:06.507529 n-d-839922-1 devstack@n-api.service[131810]: DEBUG nova.virt.hardware [None req-325a4c68-596a-4929-a2e6-e4951411ecfd tempest-VolumesAdminNegativeTest-1673017409 tempest-VolumesAdminNegativeTest-1673017409-project] Chose sockets=0, cores=0, threads=0; limits were sockets=65536, cores=65536, threads=65536 {{(pid=131810) get_cpu_topology_constraints /opt/stack/nova/nova/virt/hardware.py:425}}
May 26 16:04:06.559587 n-d-839922-1 devstack@n-api.service[131810]: DEBUG oslo_concurrency.lockutils [None req-325a4c68-596a-4929-a2e6-e4951411ecfd tempest-VolumesAdminNegativeTest-1673017409 tempest-VolumesAdminNegativeTest-1673017409-project] Lock "00000000-0000-0000-0000-000000000000" acquired by "nova.context.set_target_cell..get_or_set_cached_cell_and_set_connections" :: waited 0.001s {{(pid=131810) inner /usr/local/lib/python3.8/dist-packages/oslo_concurrency/lockutils.py:386}}
May 26 16:04:06.560462 n-d-839922-1 devstack@n-api.service[131810]: DEBUG oslo_concurrency.lockutils [None req-325a4c68-596a-4929-a2e6-e4951411ecfd tempest-VolumesAdminNegativeTest-1673017409 tempest-VolumesAdminNegativeTest-1673017409-project] Lock "00000000-0000-0000-0000-000000000000" "released" by "nova.context.set_target_cell..get_or_set_cached_cell_and_set_connections" :: held 0.001s {{(pid=131810) inner /usr/local/lib/python3.8/dist-packages/oslo_concurrency/lockutils.py:400}}
May 26 16:04:06.564904 n-d-839922-1 devstack@n-api.service[131810]: DEBUG oslo_concurrency.lockutils [None req-325a4c68-596a-4929-a2e6-e4951411ecfd tempest-VolumesAdminNegativeTest-1673017409 tempest-VolumesAdminNegativeTest-1673017409-project] Lock "2862464f-70d9-4903-9a72-99ad68873b16" acquired by "nova.context.set_target_cell..get_or_set_cached_cell_and_set_connections" :: waited 0.000s {{(pid=131810) inner /usr/local/lib/python3.8/dist-packages/oslo_concurrency/lockutils.py:386}}
May 26 16:04:06.565442 n-d-839922-1 devstack@n-api.service[131810]: DEBUG oslo_concurrency.lockutils [None req-325a4c68-596a-4929-a2e6-e4951411ecfd tempest-VolumesAdminNegativeTest-1673017409 tempest-VolumesAdminNegativeTest-1673017409-project] Lock "2862464f-70d9-4903-9a72-99ad68873b16" "released" by "nova.context.set_target_cell..get_or_set_cached_cell_and_set_connections" :: held 0.001s {{(pid=131810) inner /usr/local/lib/python3.8/dist-packages/oslo_concurrency/lockutils.py:400}}
May 26 16:04:06.591465 n-d-839922-1 devstack@n-api.service[131810]: DEBUG nova.quota [None req-325a4c68-596a-4929-a2e6-e4951411ecfd tempest-VolumesAdminNegativeTest-1673017409 tempest-VolumesAdminNegativeTest-1673017409-project] Getting quotas for project 9616bf404fad41edb33a3739bb93a40e. Resources: {'instances', 'ram', 'cores'} {{(pid=131810) _get_quotas /opt/stack/nova/nova/quota.py:393}}
May 26 16:04:06.600813 n-d-839922-1 devstack@n-api.service[131809]: INFO nova.api.openstack.requestlog [None req-68a6260f-7249-4e93-ac11-3b48ee6983bc tempest-SecurityGroupRulesTestJSON-1465843443 tempest-SecurityGroupRulesTestJSON-1465843443-project] 10.222.0.15 "POST /compute/v2.1/os-security-groups" status: 200 len: 247 microversion: 2.1 time: 1.136425
May 26 16:04:06.601538 n-d-839922-1 devstack@n-api.service[131810]: DEBUG nova.quota [None req-325a4c68-596a-4929-a2e6-e4951411ecfd tempest-VolumesAdminNegativeTest-1673017409 tempest-VolumesAdminNegativeTest-1673017409-project] Getting quotas for user be6cfe10b9124900948a1360ff9ff736 and project 9616bf404fad41edb33a3739bb93a40e. Resources: {'instances', 'ram', 'cores'} {{(pid=131810) _get_quotas /opt/stack/nova/nova/quota.py:383}}
May 26 16:04:06.608337 n-d-839922-1 devstack@n-api.service[131809]: [pid: 131809|app: 0|req: 171/358] 10.222.0.15 () {60 vars in 1179 bytes} [Thu May 26 16:04:05 2022] POST /compute/v2.1/os-security-groups => generated 247 bytes in 1145 msecs (HTTP/1.1 200) 9 headers in 357 bytes (1 switches on core 0)
May 26 16:04:06.614823 n-d-839922-1 devstack@n-api.service[131809]: DEBUG nova.api.openstack.wsgi [None req-169a11e7-6d89-456e-af96-90e028348bde tempest-ServersAdminNegativeTestJSON-771958376 tempest-ServersAdminNegativeTestJSON-771958376-project] Calling method '>' {{(pid=131809) _process_stack /opt/stack/nova/nova/api/openstack/wsgi.py:513}}
May 26 16:04:06.621686 n-d-839922-1 devstack@n-api.service[131809]: DEBUG nova.compute.api [None req-169a11e7-6d89-456e-af96-90e028348bde tempest-ServersAdminNegativeTestJSON-771958376 tempest-ServersAdminNegativeTestJSON-771958376-project] [instance: 8c1960b0-4b69-4b99-99f9-edd75a8b1532] Fetching instance by UUID {{(pid=131809) get /opt/stack/nova/nova/compute/api.py:2918}}
May 26 16:04:06.624632 n-d-839922-1 devstack@n-api.service[131809]: DEBUG oslo_concurrency.lockutils [None req-169a11e7-6d89-456e-af96-90e028348bde tempest-ServersAdminNegativeTestJSON-771958376 tempest-ServersAdminNegativeTestJSON-771958376-project] Lock "2862464f-70d9-4903-9a72-99ad68873b16" acquired by "nova.context.set_target_cell..get_or_set_cached_cell_and_set_connections" :: waited 0.001s {{(pid=131809) inner /usr/local/lib/python3.8/dist-packages/oslo_concurrency/lockutils.py:386}}
May 26 16:04:06.625162 n-d-839922-1 devstack@n-api.service[131809]: DEBUG oslo_concurrency.lockutils [None req-169a11e7-6d89-456e-af96-90e028348bde tempest-ServersAdminNegativeTestJSON-771958376 tempest-ServersAdminNegativeTestJSON-771958376-project] Lock "2862464f-70d9-4903-9a72-99ad68873b16" "released" by "nova.context.set_target_cell..get_or_set_cached_cell_and_set_connections" :: held 0.001s {{(pid=131809) inner /usr/local/lib/python3.8/dist-packages/oslo_concurrency/lockutils.py:400}}
May 26 16:04:06.625956 n-d-839922-1 devstack@n-api.service[131809]: DEBUG oslo_concurrency.lockutils [None req-169a11e7-6d89-456e-af96-90e028348bde tempest-ServersAdminNegativeTestJSON-771958376 tempest-ServersAdminNegativeTestJSON-771958376-project] Lock "2862464f-70d9-4903-9a72-99ad68873b16" acquired by "nova.context.set_target_cell..get_or_set_cached_cell_and_set_connections" :: waited 0.000s {{(pid=131809) inner /usr/local/lib/python3.8/dist-packages/oslo_concurrency/lockutils.py:386}}
May 26 16:04:06.626658 n-d-839922-1 devstack@n-api.service[131809]: DEBUG oslo_concurrency.lockutils [None req-169a11e7-6d89-456e-af96-90e028348bde tempest-ServersAdminNegativeTestJSON-771958376 tempest-ServersAdminNegativeTestJSON-771958376-project] Lock "2862464f-70d9-4903-9a72-99ad68873b16" "released" by "nova.context.set_target_cell..get_or_set_cached_cell_and_set_connections" :: held 0.001s {{(pid=131809) inner /usr/local/lib/python3.8/dist-packages/oslo_concurrency/lockutils.py:400}}
May 26 16:04:06.636096 n-d-839922-1 devstack@n-api.service[131810]: DEBUG nova.compute.api [None req-325a4c68-596a-4929-a2e6-e4951411ecfd tempest-VolumesAdminNegativeTest-1673017409 tempest-VolumesAdminNegativeTest-1673017409-project] Going to run 1 instances... {{(pid=131810) _provision_instances /opt/stack/nova/nova/compute/api.py:1389}}
