Apr 28 16:30:21.192287 n-d-839781-1 devstack@placement-api.service[104759]: DEBUG placement.objects.research_context [req-1b300c2e-7bca-456c-ba64-b12e228f25b8 req-09a453ae-6fb6-4bb9-bea7-602b5192d673 service placement] found 2 providers after filtering by previous result {{(pid=104759) get_provider_ids_matching /opt/stack/placement/placement/objects/research_context.py:594}}
Apr 28 16:30:21.203831 n-d-839781-1 devstack@placement-api.service[104759]: DEBUG placement.objects.allocation_candidate [req-1b300c2e-7bca-456c-ba64-b12e228f25b8 req-09a453ae-6fb6-4bb9-bea7-602b5192d673 service placement] RequestGroup(use_same_provider=False, resources={DISK_GB:1, MEMORY_MB:1024, VCPU:1}, traits=(), aggregates=[]) (suffix '') returned 2 matches {{(pid=104759) _get_by_requests /opt/stack/placement/placement/objects/allocation_candidate.py:156}}
Apr 28 16:30:21.204348 n-d-839781-1 devstack@placement-api.service[104759]: DEBUG placement.objects.allocation_candidate [req-1b300c2e-7bca-456c-ba64-b12e228f25b8 req-09a453ae-6fb6-4bb9-bea7-602b5192d673 service placement] Merging candidates yields 2 allocation requests and 2 provider summaries {{(pid=104759) _merge_candidates /opt/stack/placement/placement/objects/allocation_candidate.py:809}}
Apr 28 16:30:21.206053 n-d-839781-1 devstack@placement-api.service[104759]: INFO placement.requestlog [req-1b300c2e-7bca-456c-ba64-b12e228f25b8 req-09a453ae-6fb6-4bb9-bea7-602b5192d673 service placement] 10.222.0.24 "GET /placement/allocation_candidates?limit=1000&resources=DISK_GB%3A1%2CMEMORY_MB%3A1024%2CVCPU%3A1&root_required=%21COMPUTE_STATUS_DISABLED" status: 200 len: 1309 microversion: 1.36
Apr 28 16:30:21.206630 n-d-839781-1 devstack@placement-api.service[104759]: [pid: 104759|app: 0|req: 444/888] 10.222.0.24 () {60 vars in 1506 bytes} [Thu Apr 28 16:30:21 2022] GET /placement/allocation_candidates?limit=1000&resources=DISK_GB%3A1%2CMEMORY_MB%3A1024%2CVCPU%3A1&root_required=%21COMPUTE_STATUS_DISABLED => generated 1309 bytes in 78 msecs (HTTP/1.1 200) 8 headers in 297 bytes (1 switches on core 0)
Apr 28 16:30:21.286064 n-d-839781-1 devstack@placement-api.service[104758]: DEBUG placement.requestlog [req-1b300c2e-7bca-456c-ba64-b12e228f25b8 req-26cad935-8d7c-4a37-949e-78435709032b None None] Starting request: 10.222.0.24 "GET /placement/allocations/31295fd4-b467-47dc-b17f-c16a7819a478" {{(pid=104758) __call__ /opt/stack/placement/placement/requestlog.py:55}}
Apr 28 16:30:21.301287 n-d-839781-1 devstack@placement-api.service[104758]: INFO placement.requestlog [req-1b300c2e-7bca-456c-ba64-b12e228f25b8 req-26cad935-8d7c-4a37-949e-78435709032b service placement] 10.222.0.24 "GET /placement/allocations/31295fd4-b467-47dc-b17f-c16a7819a478" status: 200 len: 19 microversion: 1.28
Apr 28 16:30:21.302208 n-d-839781-1 devstack@placement-api.service[104758]: [pid: 104758|app: 0|req: 445/889] 10.222.0.24 () {60 vars in 1380 bytes} [Thu Apr 28 16:30:21 2022] GET /placement/allocations/31295fd4-b467-47dc-b17f-c16a7819a478 => generated 19 bytes in 16 msecs (HTTP/1.1 200) 8 headers in 295 bytes (1 switches on core 0)
Apr 28 16:30:21.311438 n-d-839781-1 devstack@placement-api.service[104759]: DEBUG placement.requestlog [req-1b300c2e-7bca-456c-ba64-b12e228f25b8 req-409512e7-faf4-41a2-a724-169baf17eebf None None] Starting request: 10.222.0.24 "PUT /placement/allocations/31295fd4-b467-47dc-b17f-c16a7819a478" {{(pid=104759) __call__ /opt/stack/placement/placement/requestlog.py:55}}
Apr 28 16:30:21.374042 n-d-839781-1 devstack@placement-api.service[104759]: DEBUG placement.handlers.allocation [req-1b300c2e-7bca-456c-ba64-b12e228f25b8 req-409512e7-faf4-41a2-a724-169baf17eebf service placement] Successfully wrote allocations [, , ] {{(pid=104759) _update_consumers_and_create_allocations /opt/stack/placement/placement/handlers/allocation.py:462}}
Apr 28 16:30:21.379743 n-d-839781-1 devstack@placement-api.service[104759]: INFO placement.requestlog [req-1b300c2e-7bca-456c-ba64-b12e228f25b8 req-409512e7-faf4-41a2-a724-169baf17eebf service placement] 10.222.0.24 "PUT /placement/allocations/31295fd4-b467-47dc-b17f-c16a7819a478" status: 204 len: 0 microversion: 1.36
Apr 28 16:30:21.380940 n-d-839781-1 devstack@placement-api.service[104759]: [pid: 104759|app: 0|req: 445/890] 10.222.0.24 () {64 vars in 1433 bytes} [Thu Apr 28 16:30:21 2022] PUT /placement/allocations/31295fd4-b467-47dc-b17f-c16a7819a478 => generated 0 bytes in 70 msecs (HTTP/1.1 204) 5 headers in 199 bytes (1 switches on core 0)
Apr 28 16:30:21.599347 n-d-839781-1 devstack@placement-api.service[104758]: DEBUG placement.requestlog [req-1b300c2e-7bca-456c-ba64-b12e228f25b8 req-e9ade686-8cf2-4b06-8eed-e987fe98247c None None] Starting request: 10.222.0.35 "GET /placement/allocations/31295fd4-b467-47dc-b17f-c16a7819a478" {{(pid=104758) __call__ /opt/stack/placement/placement/requestlog.py:55}}
Apr 28 16:30:21.623598 n-d-839781-1 devstack@placement-api.service[104758]: INFO placement.requestlog [req-1b300c2e-7bca-456c-ba64-b12e228f25b8 req-e9ade686-8cf2-4b06-8eed-e987fe98247c service placement] 10.222.0.35 "GET /placement/allocations/31295fd4-b467-47dc-b17f-c16a7819a478" status: 200 len: 259 microversion: 1.28
Apr 28 16:30:21.624789 n-d-839781-1 devstack@placement-api.service[104758]: [pid: 104758|app: 0|req: 446/891] 10.222.0.35 () {60 vars in 1377 bytes} [Thu Apr 28 16:30:21 2022] GET /placement/allocations/31295fd4-b467-47dc-b17f-c16a7819a478 => generated 259 bytes in 25 msecs (HTTP/1.1 200) 8 headers in 296 bytes (1 switches on core 0)
Apr 28 16:30:28.623875 n-d-839781-1 devstack@placement-api.service[104759]: DEBUG placement.requestlog [req-64df39c0-112a-4051-ae3e-97f35011b2ba req-5be43666-5fef-4495-a797-d7a333115c59 None None] Starting request: 10.222.0.24 "GET /placement/allocation_candidates?limit=1000&resources=DISK_GB%3A1%2CMEMORY_MB%3A1024%2CVCPU%3A1&root_required=%21COMPUTE_STATUS_DISABLED" {{(pid=104759) __call__ /opt/stack/placement/placement/requestlog.py:55}}
Apr 28 16:30:28.671091 n-d-839781-1 devstack@placement-api.service[104759]: DEBUG placement.objects.research_context [req-64df39c0-112a-4051-ae3e-97f35011b2ba req-5be43666-5fef-4495-a797-d7a333115c59 service placement] getting providers with 1 DISK_GB {{(pid=104759) __init__ /opt/stack/placement/placement/objects/research_context.py:136}}
Apr 28 16:30:28.682994 n-d-839781-1 devstack@placement-api.service[104759]: DEBUG placement.objects.research_context [req-64df39c0-112a-4051-ae3e-97f35011b2ba req-5be43666-5fef-4495-a797-d7a333115c59 service placement] getting providers with 1024 MEMORY_MB {{(pid=104759) __init__ /opt/stack/placement/placement/objects/research_context.py:136}}
Apr 28 16:30:28.690396 n-d-839781-1 devstack@placement-api.service[104759]: DEBUG placement.objects.research_context [req-64df39c0-112a-4051-ae3e-97f35011b2ba req-5be43666-5fef-4495-a797-d7a333115c59 service placement] getting providers with 1 VCPU {{(pid=104759) __init__ /opt/stack/placement/placement/objects/research_context.py:136}}
Apr 28 16:30:28.697907 n-d-839781-1 devstack@placement-api.service[104759]: DEBUG placement.objects.research_context [req-64df39c0-112a-4051-ae3e-97f35011b2ba req-5be43666-5fef-4495-a797-d7a333115c59 service placement] found 2 providers with available 1 DISK_GB {{(pid=104759) get_provider_ids_matching /opt/stack/placement/placement/objects/research_context.py:563}}
Apr 28 16:30:28.698537 n-d-839781-1 devstack@placement-api.service[104759]: DEBUG placement.objects.research_context [req-64df39c0-112a-4051-ae3e-97f35011b2ba req-5be43666-5fef-4495-a797-d7a333115c59 service placement] found 2 providers with available 1024 MEMORY_MB {{(pid=104759) get_provider_ids_matching /opt/stack/placement/placement/objects/research_context.py:563}}
Apr 28 16:30:28.699224 n-d-839781-1 devstack@placement-api.service[104759]: DEBUG placement.objects.research_context [req-64df39c0-112a-4051-ae3e-97f35011b2ba req-5be43666-5fef-4495-a797-d7a333115c59 service placement] found 2 providers after filtering by previous result {{(pid=104759) get_provider_ids_matching /opt/stack/placement/placement/objects/research_context.py:594}}
Apr 28 16:30:28.700163 n-d-839781-1 devstack@placement-api.service[104759]: DEBUG placement.objects.research_context [req-64df39c0-112a-4051-ae3e-97f35011b2ba req-5be43666-5fef-4495-a797-d7a333115c59 service placement] found 2 providers with available 1 VCPU {{(pid=104759) get_provider_ids_matching /opt/stack/placement/placement/objects/research_context.py:563}}
Apr 28 16:30:28.701673 n-d-839781-1 devstack@placement-api.service[104759]: DEBUG placement.objects.research_context [req-64df39c0-112a-4051-ae3e-97f35011b2ba req-5be43666-5fef-4495-a797-d7a333115c59 service placement] found 2 providers after filtering by previous result {{(pid=104759) get_provider_ids_matching /opt/stack/placement/placement/objects/research_context.py:594}}
Apr 28 16:30:28.722623 n-d-839781-1 devstack@placement-api.service[104759]: DEBUG placement.objects.allocation_candidate [req-64df39c0-112a-4051-ae3e-97f35011b2ba req-5be43666-5fef-4495-a797-d7a333115c59 service placement] RequestGroup(use_same_provider=False, resources={DISK_GB:1, MEMORY_MB:1024, VCPU:1}, traits=(), aggregates=[]) (suffix '') returned 2 matches {{(pid=104759) _get_by_requests /opt/stack/placement/placement/objects/allocation_candidate.py:156}}
Apr 28 16:30:28.723150 n-d-839781-1 devstack@placement-api.service[104759]: DEBUG placement.objects.allocation_candidate [req-64df39c0-112a-4051-ae3e-97f35011b2ba req-5be43666-5fef-4495-a797-d7a333115c59 service placement] Merging candidates yields 2 allocation requests and 2 provider summaries {{(pid=104759) _merge_candidates /opt/stack/placement/placement/objects/allocation_candidate.py:809}}
Apr 28 16:30:28.725324 n-d-839781-1 devstack@placement-api.service[104759]: INFO placement.requestlog [req-64df39c0-112a-4051-ae3e-97f35011b2ba req-5be43666-5fef-4495-a797-d7a333115c59 service placement] 10.222.0.24 "GET /placement/allocation_candidates?limit=1000&resources=DISK_GB%3A1%2CMEMORY_MB%3A1024%2CVCPU%3A1&root_required=%21COMPUTE_STATUS_DISABLED" status: 200 len: 1309 microversion: 1.36
Apr 28 16:30:28.726221 n-d-839781-1 devstack@placement-api.service[104759]: [pid: 104759|app: 0|req: 446/892] 10.222.0.24 () {60 vars in 1506 bytes} [Thu Apr 28 16:30:28 2022] GET /placement/allocation_candidates?limit=1000&resources=DISK_GB%3A1%2CMEMORY_MB%3A1024%2CVCPU%3A1&root_required=%21COMPUTE_STATUS_DISABLED => generated 1309 bytes in 102 msecs (HTTP/1.1 200) 8 headers in 297 bytes (1 switches on core 0)
Apr 28 16:30:28.882883 n-d-839781-1 devstack@placement-api.service[104758]: DEBUG placement.requestlog [req-64df39c0-112a-4051-ae3e-97f35011b2ba req-748974ab-ac8a-4b29-a755-e5499d31c878 None None] Starting request: 10.222.0.24 "GET /placement/allocations/69049853-1781-47f4-a8a0-9251cebaec5e" {{(pid=104758) __call__ /opt/stack/placement/placement/requestlog.py:55}}
Apr 28 16:30:28.898764 n-d-839781-1 devstack@placement-api.service[104758]: INFO placement.requestlog [req-64df39c0-112a-4051-ae3e-97f35011b2ba req-748974ab-ac8a-4b29-a755-e5499d31c878 service placement] 10.222.0.24 "GET /placement/allocations/69049853-1781-47f4-a8a0-9251cebaec5e" status: 200 len: 19 microversion: 1.28
Apr 28 16:30:28.901108 n-d-839781-1 devstack@placement-api.service[104758]: [pid: 104758|app: 0|req: 447/893] 10.222.0.24 () {60 vars in 1380 bytes} [Thu Apr 28 16:30:28 2022] GET /placement/allocations/69049853-1781-47f4-a8a0-9251cebaec5e => generated 19 bytes in 18 msecs (HTTP/1.1 200) 8 headers in 295 bytes (1 switches on core 0)
Apr 28 16:30:28.908313 n-d-839781-1 devstack@placement-api.service[104759]: DEBUG placement.requestlog [req-64df39c0-112a-4051-ae3e-97f35011b2ba req-b433d6fc-a278-451c-973e-b50efeaddc6d None None] Starting request: 10.222.0.24 "PUT /placement/allocations/69049853-1781-47f4-a8a0-9251cebaec5e" {{(pid=104759) __call__ /opt/stack/placement/placement/requestlog.py:55}}
Apr 28 16:30:29.023762 n-d-839781-1 devstack@placement-api.service[104759]: DEBUG placement.handlers.allocation [req-64df39c0-112a-4051-ae3e-97f35011b2ba req-b433d6fc-a278-451c-973e-b50efeaddc6d service placement] Successfully wrote allocations [, , ] {{(pid=104759) _update_consumers_and_create_allocations /opt/stack/placement/placement/handlers/allocation.py:462}}
Apr 28 16:30:29.027804 n-d-839781-1 devstack@placement-api.service[104759]: INFO placement.requestlog [req-64df39c0-112a-4051-ae3e-97f35011b2ba req-b433d6fc-a278-451c-973e-b50efeaddc6d service placement] 10.222.0.24 "PUT /placement/allocations/69049853-1781-47f4-a8a0-9251cebaec5e" status: 204 len: 0 microversion: 1.36
Apr 28 16:30:29.028478 n-d-839781-1 devstack@placement-api.service[104759]: [pid: 104759|app: 0|req: 447/894] 10.222.0.24 () {64 vars in 1433 bytes} [Thu Apr 28 16:30:28 2022] PUT /placement/allocations/69049853-1781-47f4-a8a0-9251cebaec5e => generated 0 bytes in 121 msecs (HTTP/1.1 204) 5 headers in 199 bytes (1 switches on core 0)
Apr 28 16:30:29.588556 n-d-839781-1 devstack@placement-api.service[104758]: DEBUG placement.requestlog [req-64df39c0-112a-4051-ae3e-97f35011b2ba req-f15d7177-720d-434b-8152-430295d93b0e None None] Starting request: 10.222.0.15 "GET /placement/allocations/69049853-1781-47f4-a8a0-9251cebaec5e" {{(pid=104758) __call__ /opt/stack/placement/placement/requestlog.py:55}}
Apr 28 16:30:29.604183 n-d-839781-1 devstack@placement-api.service[104758]: INFO placement.requestlog [req-64df39c0-112a-4051-ae3e-97f35011b2ba req-f15d7177-720d-434b-8152-430295d93b0e service placement] 10.222.0.15 "GET /placement/allocations/69049853-1781-47f4-a8a0-9251cebaec5e" status: 200 len: 259 microversion: 1.28
Apr 28 16:30:29.604989 n-d-839781-1 devstack@placement-api.service[104758]: [pid: 104758|app: 0|req: 448/895] 10.222.0.15 () {60 vars in 1377 bytes} [Thu Apr 28 16:30:29 2022] GET /placement/allocations/69049853-1781-47f4-a8a0-9251cebaec5e => generated 259 bytes in 19 msecs (HTTP/1.1 200) 8 headers in 296 bytes (1 switches on core 0)
Apr 28 16:30:31.231459 n-d-839781-1 devstack@placement-api.service[104759]: DEBUG placement.requestlog [req-f88cd2f2-e05a-469f-9bd3-95b891ee9504 req-686106b0-7b1a-431e-8101-e711eaddfe86 None None] Starting request: 10.222.0.35 "GET /placement/resource_providers/d187735c-bf06-4133-a8cb-91ed5a6036b3/allocations" {{(pid=104759) __call__ /opt/stack/placement/placement/requestlog.py:55}}
Apr 28 16:30:31.267573 n-d-839781-1 devstack@placement-api.service[104759]: INFO placement.requestlog [req-f88cd2f2-e05a-469f-9bd3-95b891ee9504 req-686106b0-7b1a-431e-8101-e711eaddfe86 service placement] 10.222.0.35 "GET /placement/resource_providers/d187735c-bf06-4133-a8cb-91ed5a6036b3/allocations" status: 200 len: 558 microversion: 1.0
Apr 28 16:30:31.276162 n-d-839781-1 devstack@placement-api.service[104759]: [pid: 104759|app: 0|req: 448/896] 10.222.0.35 () {58 vars in 1390 bytes} [Thu Apr 28 16:30:31 2022] GET /placement/resource_providers/d187735c-bf06-4133-a8cb-91ed5a6036b3/allocations => generated 558 bytes in 42 msecs (HTTP/1.1 200) 6 headers in 224 bytes (2 switches on core 0)
Apr 28 16:30:39.534113 n-d-839781-1 devstack@placement-api.service[104758]: DEBUG placement.requestlog [req-9dcf46f0-7d1d-4e19-8468-71f99f317706 req-2ed4c014-37b4-4491-86e5-ffebd34676c7 None None] Starting request: 10.222.0.15 "DELETE /placement/allocations/8ec5c02f-3169-4454-a710-f8098036c5ee" {{(pid=104758) __call__ /opt/stack/placement/placement/requestlog.py:55}}
Apr 28 16:30:39.567886 n-d-839781-1 devstack@placement-api.service[104758]: DEBUG placement.handlers.allocation [req-9dcf46f0-7d1d-4e19-8468-71f99f317706 req-2ed4c014-37b4-4491-86e5-ffebd34676c7 service placement] Successfully deleted allocations [, , ] {{(pid=104758) delete_allocations /opt/stack/placement/placement/handlers/allocation.py:627}}
Apr 28 16:30:39.568502 n-d-839781-1 devstack@placement-api.service[104758]: INFO placement.requestlog [req-9dcf46f0-7d1d-4e19-8468-71f99f317706 req-2ed4c014-37b4-4491-86e5-ffebd34676c7 service placement] 10.222.0.15 "DELETE /placement/allocations/8ec5c02f-3169-4454-a710-f8098036c5ee" status: 204 len: 0 microversion: 1.0
Apr 28 16:30:39.569108 n-d-839781-1 devstack@placement-api.service[104758]: [pid: 104758|app: 0|req: 449/897] 10.222.0.15 () {60 vars in 1355 bytes} [Thu Apr 28 16:30:39 2022] DELETE /placement/allocations/8ec5c02f-3169-4454-a710-f8098036c5ee => generated 0 bytes in 35 msecs (HTTP/1.1 204) 5 headers in 198 bytes (2 switches on core 0)
Apr 28 16:30:45.443207 n-d-839781-1 devstack@placement-api.service[104759]: DEBUG placement.requestlog [req-1b300c2e-7bca-456c-ba64-b12e228f25b8 req-f0d86f77-1b5f-4328-9c5a-e759227e8360 None None] Starting request: 10.222.0.35 "GET /placement/allocations/31295fd4-b467-47dc-b17f-c16a7819a478" {{(pid=104759) __call__ /opt/stack/placement/placement/requestlog.py:55}}
Apr 28 16:30:45.466172 n-d-839781-1 devstack@placement-api.service[104759]: INFO placement.requestlog [req-1b300c2e-7bca-456c-ba64-b12e228f25b8 req-f0d86f77-1b5f-4328-9c5a-e759227e8360 service placement] 10.222.0.35 "GET /placement/allocations/31295fd4-b467-47dc-b17f-c16a7819a478" status: 200 len: 259 microversion: 1.28
Apr 28 16:30:45.466964 n-d-839781-1 devstack@placement-api.service[104759]: [pid: 104759|app: 0|req: 449/898] 10.222.0.35 () {60 vars in 1377 bytes} [Thu Apr 28 16:30:45 2022] GET /placement/allocations/31295fd4-b467-47dc-b17f-c16a7819a478 => generated 259 bytes in 25 msecs (HTTP/1.1 200) 8 headers in 296 bytes (1 switches on core 0)
Apr 28 16:30:51.178507 n-d-839781-1 devstack@placement-api.service[104758]: DEBUG placement.requestlog [req-6bb46e9c-7170-4c7f-9f8d-70ee255c4fe2 req-93620a7e-ed03-44e7-aff1-a5ab6bc6281f None None] Starting request: 10.222.0.15 "GET /placement/allocations/74df5d73-cf08-4da9-ab43-e495772bd4e0" {{(pid=104758) __call__ /opt/stack/placement/placement/requestlog.py:55}}
Apr 28 16:30:51.208163 n-d-839781-1 devstack@placement-api.service[104758]: INFO placement.requestlog [req-6bb46e9c-7170-4c7f-9f8d-70ee255c4fe2 req-93620a7e-ed03-44e7-aff1-a5ab6bc6281f service placement] 10.222.0.15 "GET /placement/allocations/74df5d73-cf08-4da9-ab43-e495772bd4e0" status: 200 len: 259 microversion: 1.28
Apr 28 16:30:51.209115 n-d-839781-1 devstack@placement-api.service[104758]: [pid: 104758|app: 0|req: 450/899] 10.222.0.15 () {60 vars in 1377 bytes} [Thu Apr 28 16:30:51 2022] GET /placement/allocations/74df5d73-cf08-4da9-ab43-e495772bd4e0 => generated 259 bytes in 32 msecs (HTTP/1.1 200) 8 headers in 296 bytes (2 switches on core 0)
Apr 28 16:30:51.243380 n-d-839781-1 devstack@placement-api.service[104759]: DEBUG placement.requestlog [req-6bb46e9c-7170-4c7f-9f8d-70ee255c4fe2 req-7e4a5888-a5b1-4078-bf75-b52e7dee6acc None None] Starting request: 10.222.0.15 "PUT /placement/allocations/74df5d73-cf08-4da9-ab43-e495772bd4e0" {{(pid=104759) __call__ /opt/stack/placement/placement/requestlog.py:55}}
Apr 28 16:30:51.300449 n-d-839781-1 devstack@placement-api.service[104759]: DEBUG placement.handlers.allocation [req-6bb46e9c-7170-4c7f-9f8d-70ee255c4fe2 req-7e4a5888-a5b1-4078-bf75-b52e7dee6acc service placement] Successfully wrote allocations [, , ] {{(pid=104759) _update_consumers_and_create_allocations /opt/stack/placement/placement/handlers/allocation.py:462}}
Apr 28 16:30:51.308832 n-d-839781-1 devstack@placement-api.service[104759]: INFO placement.requestlog [req-6bb46e9c-7170-4c7f-9f8d-70ee255c4fe2 req-7e4a5888-a5b1-4078-bf75-b52e7dee6acc service placement] 10.222.0.15 "PUT /placement/allocations/74df5d73-cf08-4da9-ab43-e495772bd4e0" status: 204 len: 0 microversion: 1.28
Apr 28 16:30:51.311113 n-d-839781-1 devstack@placement-api.service[104759]: [pid: 104759|app: 0|req: 450/900] 10.222.0.15 () {64 vars in 1430 bytes} [Thu Apr 28 16:30:51 2022] PUT /placement/allocations/74df5d73-cf08-4da9-ab43-e495772bd4e0 => generated 0 bytes in 68 msecs (HTTP/1.1 204) 5 headers in 199 bytes (2 switches on core 0)
Apr 28 16:30:58.397800 n-d-839781-1 devstack@placement-api.service[104758]: DEBUG placement.requestlog [req-cc3b26f4-6926-41ab-b45e-8c0e90dca317 req-4d9c4746-ff23-47bd-afca-eb13785a2319 None None] Starting request: 10.222.0.24 "GET /placement/allocation_candidates?limit=1000&resources=DISK_GB%3A1%2CMEMORY_MB%3A1024%2CVCPU%3A1&root_required=%21COMPUTE_STATUS_DISABLED" {{(pid=104758) __call__ /opt/stack/placement/placement/requestlog.py:55}}
Apr 28 16:30:58.474639 n-d-839781-1 devstack@placement-api.service[104758]: DEBUG placement.objects.research_context [req-cc3b26f4-6926-41ab-b45e-8c0e90dca317 req-4d9c4746-ff23-47bd-afca-eb13785a2319 service placement] getting providers with 1 DISK_GB {{(pid=104758) __init__ /opt/stack/placement/placement/objects/research_context.py:136}}
Apr 28 16:30:58.483587 n-d-839781-1 devstack@placement-api.service[104758]: DEBUG placement.objects.research_context [req-cc3b26f4-6926-41ab-b45e-8c0e90dca317 req-4d9c4746-ff23-47bd-afca-eb13785a2319 service placement] getting providers with 1024 MEMORY_MB {{(pid=104758) __init__ /opt/stack/placement/placement/objects/research_context.py:136}}
Apr 28 16:30:58.495230 n-d-839781-1 devstack@placement-api.service[104758]: DEBUG placement.objects.research_context [req-cc3b26f4-6926-41ab-b45e-8c0e90dca317 req-4d9c4746-ff23-47bd-afca-eb13785a2319 service placement] getting providers with 1 VCPU {{(pid=104758) __init__ /opt/stack/placement/placement/objects/research_context.py:136}}
Apr 28 16:30:58.505569 n-d-839781-1 devstack@placement-api.service[104758]: DEBUG placement.objects.research_context [req-cc3b26f4-6926-41ab-b45e-8c0e90dca317 req-4d9c4746-ff23-47bd-afca-eb13785a2319 service placement] found 2 providers with available 1 DISK_GB {{(pid=104758) get_provider_ids_matching /opt/stack/placement/placement/objects/research_context.py:563}}
Apr 28 16:30:58.506097 n-d-839781-1 devstack@placement-api.service[104758]: DEBUG placement.objects.research_context [req-cc3b26f4-6926-41ab-b45e-8c0e90dca317 req-4d9c4746-ff23-47bd-afca-eb13785a2319 service placement] found 2 providers with available 1024 MEMORY_MB {{(pid=104758) get_provider_ids_matching /opt/stack/placement/placement/objects/research_context.py:563}}
Apr 28 16:30:58.507894 n-d-839781-1 devstack@placement-api.service[104758]: DEBUG placement.objects.research_context [req-cc3b26f4-6926-41ab-b45e-8c0e90dca317 req-4d9c4746-ff23-47bd-afca-eb13785a2319 service placement] found 2 providers after filtering by previous result {{(pid=104758) get_provider_ids_matching /opt/stack/placement/placement/objects/research_context.py:594}}
Apr 28 16:30:58.508384 n-d-839781-1 devstack@placement-api.service[104758]: DEBUG placement.objects.research_context [req-cc3b26f4-6926-41ab-b45e-8c0e90dca317 req-4d9c4746-ff23-47bd-afca-eb13785a2319 service placement] found 2 providers with available 1 VCPU {{(pid=104758) get_provider_ids_matching /opt/stack/placement/placement/objects/research_context.py:563}}
Apr 28 16:30:58.508906 n-d-839781-1 devstack@placement-api.service[104758]: DEBUG placement.objects.research_context [req-cc3b26f4-6926-41ab-b45e-8c0e90dca317 req-4d9c4746-ff23-47bd-afca-eb13785a2319 service placement] found 2 providers after filtering by previous result {{(pid=104758) get_provider_ids_matching /opt/stack/placement/placement/objects/research_context.py:594}}
Apr 28 16:30:58.537893 n-d-839781-1 devstack@placement-api.service[104758]: DEBUG placement.objects.allocation_candidate [req-cc3b26f4-6926-41ab-b45e-8c0e90dca317 req-4d9c4746-ff23-47bd-afca-eb13785a2319 service placement] RequestGroup(use_same_provider=False, resources={DISK_GB:1, MEMORY_MB:1024, VCPU:1}, traits=(), aggregates=[]) (suffix '') returned 2 matches {{(pid=104758) _get_by_requests /opt/stack/placement/placement/objects/allocation_candidate.py:156}}
Apr 28 16:30:58.538579 n-d-839781-1 devstack@placement-api.service[104758]: DEBUG placement.objects.allocation_candidate [req-cc3b26f4-6926-41ab-b45e-8c0e90dca317 req-4d9c4746-ff23-47bd-afca-eb13785a2319 service placement] Merging candidates yields 2 allocation requests and 2 provider summaries {{(pid=104758) _merge_candidates /opt/stack/placement/placement/objects/allocation_candidate.py:809}}
Apr 28 16:30:58.540741 n-d-839781-1 devstack@placement-api.service[104758]: INFO placement.requestlog [req-cc3b26f4-6926-41ab-b45e-8c0e90dca317 req-4d9c4746-ff23-47bd-afca-eb13785a2319 service placement] 10.222.0.24 "GET /placement/allocation_candidates?limit=1000&resources=DISK_GB%3A1%2CMEMORY_MB%3A1024%2CVCPU%3A1&root_required=%21COMPUTE_STATUS_DISABLED" status: 200 len: 1309 microversion: 1.36
Apr 28 16:30:58.541742 n-d-839781-1 devstack@placement-api.service[104758]: [pid: 104758|app: 0|req: 451/901] 10.222.0.24 () {60 vars in 1506 bytes} [Thu Apr 28 16:30:58 2022] GET /placement/allocation_candidates?limit=1000&resources=DISK_GB%3A1%2CMEMORY_MB%3A1024%2CVCPU%3A1&root_required=%21COMPUTE_STATUS_DISABLED => generated 1309 bytes in 144 msecs (HTTP/1.1 200) 8 headers in 297 bytes (1 switches on core 0)
Apr 28 16:30:58.703206 n-d-839781-1 devstack@placement-api.service[104759]: DEBUG placement.requestlog [req-cc3b26f4-6926-41ab-b45e-8c0e90dca317 req-31217bb1-c934-437f-9cec-a3383b4ae04b None None] Starting request: 10.222.0.24 "GET /placement/allocations/2c032f6d-b781-4183-97cd-7ceefb9b0ae1" {{(pid=104759) __call__ /opt/stack/placement/placement/requestlog.py:55}}
Apr 28 16:30:58.734528 n-d-839781-1 devstack@placement-api.service[104759]: INFO placement.requestlog [req-cc3b26f4-6926-41ab-b45e-8c0e90dca317 req-31217bb1-c934-437f-9cec-a3383b4ae04b service placement] 10.222.0.24 "GET /placement/allocations/2c032f6d-b781-4183-97cd-7ceefb9b0ae1" status: 200 len: 19 microversion: 1.28
Apr 28 16:30:58.735695 n-d-839781-1 devstack@placement-api.service[104759]: [pid: 104759|app: 0|req: 451/902] 10.222.0.24 () {60 vars in 1380 bytes} [Thu Apr 28 16:30:58 2022] GET /placement/allocations/2c032f6d-b781-4183-97cd-7ceefb9b0ae1 => generated 19 bytes in 33 msecs (HTTP/1.1 200) 8 headers in 295 bytes (1 switches on core 0)
Apr 28 16:30:58.742273 n-d-839781-1 devstack@placement-api.service[104758]: DEBUG placement.requestlog [req-cc3b26f4-6926-41ab-b45e-8c0e90dca317 req-c871a9c3-ba3b-4cb1-baee-149b8ef6fa79 None None] Starting request: 10.222.0.24 "PUT /placement/allocations/2c032f6d-b781-4183-97cd-7ceefb9b0ae1" {{(pid=104758) __call__ /opt/stack/placement/placement/requestlog.py:55}}
Apr 28 16:30:58.848121 n-d-839781-1 devstack@placement-api.service[104758]: DEBUG placement.handlers.allocation [req-cc3b26f4-6926-41ab-b45e-8c0e90dca317 req-c871a9c3-ba3b-4cb1-baee-149b8ef6fa79 service placement] Successfully wrote allocations [, , ] {{(pid=104758) _update_consumers_and_create_allocations /opt/stack/placement/placement/handlers/allocation.py:462}}
Apr 28 16:30:58.855921 n-d-839781-1 devstack@placement-api.service[104758]: INFO placement.requestlog [req-cc3b26f4-6926-41ab-b45e-8c0e90dca317 req-c871a9c3-ba3b-4cb1-baee-149b8ef6fa79 service placement] 10.222.0.24 "PUT /placement/allocations/2c032f6d-b781-4183-97cd-7ceefb9b0ae1" status: 204 len: 0 microversion: 1.36
Apr 28 16:30:58.865339 n-d-839781-1 devstack@placement-api.service[104758]: [pid: 104758|app: 0|req: 452/903] 10.222.0.24 () {64 vars in 1433 bytes} [Thu Apr 28 16:30:58 2022] PUT /placement/allocations/2c032f6d-b781-4183-97cd-7ceefb9b0ae1 => generated 0 bytes in 115 msecs (HTTP/1.1 204) 5 headers in 199 bytes (1 switches on core 0)
Apr 28 16:30:59.644140 n-d-839781-1 devstack@placement-api.service[104759]: DEBUG placement.requestlog [req-cc3b26f4-6926-41ab-b45e-8c0e90dca317 req-614f39dc-bd15-443b-bddb-e406b748dae6 None None] Starting request: 10.222.0.35 "GET /placement/allocations/2c032f6d-b781-4183-97cd-7ceefb9b0ae1" {{(pid=104759) __call__ /opt/stack/placement/placement/requestlog.py:55}}
Apr 28 16:30:59.673518 n-d-839781-1 devstack@placement-api.service[104759]: INFO placement.requestlog [req-cc3b26f4-6926-41ab-b45e-8c0e90dca317 req-614f39dc-bd15-443b-bddb-e406b748dae6 service placement] 10.222.0.35 "GET /placement/allocations/2c032f6d-b781-4183-97cd-7ceefb9b0ae1" status: 200 len: 259 microversion: 1.28
Apr 28 16:30:59.679716 n-d-839781-1 devstack@placement-api.service[104759]: [pid: 104759|app: 0|req: 452/904] 10.222.0.35 () {60 vars in 1377 bytes} [Thu Apr 28 16:30:59 2022] GET /placement/allocations/2c032f6d-b781-4183-97cd-7ceefb9b0ae1 => generated 259 bytes in 36 msecs (HTTP/1.1 200) 8 headers in 296 bytes (1 switches on core 0)
Apr 28 16:31:14.704095 n-d-839781-1 devstack@placement-api.service[104758]: DEBUG placement.requestlog [req-5a742f11-14be-4792-a176-cc5b162cc9f4 req-91084132-3a38-4c6a-9b64-6fb1d71d9686 None None] Starting request: 10.222.0.15 "DELETE /placement/allocations/69049853-1781-47f4-a8a0-9251cebaec5e" {{(pid=104758) __call__ /opt/stack/placement/placement/requestlog.py:55}}
Apr 28 16:31:14.751569 n-d-839781-1 devstack@placement-api.service[104758]: DEBUG placement.handlers.allocation [req-5a742f11-14be-4792-a176-cc5b162cc9f4 req-91084132-3a38-4c6a-9b64-6fb1d71d9686 service placement] Successfully deleted allocations [, , ] {{(pid=104758) delete_allocations /opt/stack/placement/placement/handlers/allocation.py:627}}
Apr 28 16:31:14.752384 n-d-839781-1 devstack@placement-api.service[104758]: INFO placement.requestlog [req-5a742f11-14be-4792-a176-cc5b162cc9f4 req-91084132-3a38-4c6a-9b64-6fb1d71d9686 service placement] 10.222.0.15 "DELETE /placement/allocations/69049853-1781-47f4-a8a0-9251cebaec5e" status: 204 len: 0 microversion: 1.0
Apr 28 16:31:14.753432 n-d-839781-1 devstack@placement-api.service[104758]: [pid: 104758|app: 0|req: 453/905] 10.222.0.15 () {60 vars in 1355 bytes} [Thu Apr 28 16:31:14 2022] DELETE /placement/allocations/69049853-1781-47f4-a8a0-9251cebaec5e => generated 0 bytes in 50 msecs (HTTP/1.1 204) 5 headers in 198 bytes (1 switches on core 0)
Apr 28 16:31:16.057514 n-d-839781-1 devstack@placement-api.service[104759]: DEBUG placement.requestlog [req-e1830a2a-7038-477b-96e7-eaf5ed9fc325 req-981badc0-809a-4ef1-8b35-309a1270fea1 None None] Starting request: 10.222.0.15 "GET /placement/resource_providers/6be7af9d-4c49-4443-8676-81b84f8bbc91/allocations" {{(pid=104759) __call__ /opt/stack/placement/placement/requestlog.py:55}}
Apr 28 16:31:16.089313 n-d-839781-1 devstack@placement-api.service[104759]: INFO placement.requestlog [req-e1830a2a-7038-477b-96e7-eaf5ed9fc325 req-981badc0-809a-4ef1-8b35-309a1270fea1 service placement] 10.222.0.15 "GET /placement/resource_providers/6be7af9d-4c49-4443-8676-81b84f8bbc91/allocations" status: 200 len: 342 microversion: 1.0
Apr 28 16:31:16.090289 n-d-839781-1 devstack@placement-api.service[104759]: [pid: 104759|app: 0|req: 453/906] 10.222.0.15 () {58 vars in 1390 bytes} [Thu Apr 28 16:31:16 2022] GET /placement/resource_providers/6be7af9d-4c49-4443-8676-81b84f8bbc91/allocations => generated 342 bytes in 33 msecs (HTTP/1.1 200) 6 headers in 224 bytes (1 switches on core 0)
Apr 28 16:31:16.393951 n-d-839781-1 devstack@placement-api.service[104758]: DEBUG placement.requestlog [req-f2203bca-2242-49a6-bbe1-64e6d60cdcfe req-feaed957-bd1a-4d66-8a8d-948ad9be3cbb None None] Starting request: 10.222.0.35 "DELETE /placement/allocations/2c032f6d-b781-4183-97cd-7ceefb9b0ae1" {{(pid=104758) __call__ /opt/stack/placement/placement/requestlog.py:55}}
Apr 28 16:31:16.432513 n-d-839781-1 devstack@placement-api.service[104758]: DEBUG placement.handlers.allocation [req-f2203bca-2242-49a6-bbe1-64e6d60cdcfe req-feaed957-bd1a-4d66-8a8d-948ad9be3cbb service placement] Successfully deleted allocations [, , ] {{(pid=104758) delete_allocations /opt/stack/placement/placement/handlers/allocation.py:627}}
Apr 28 16:31:16.433027 n-d-839781-1 devstack@placement-api.service[104758]: INFO placement.requestlog [req-f2203bca-2242-49a6-bbe1-64e6d60cdcfe req-feaed957-bd1a-4d66-8a8d-948ad9be3cbb service placement] 10.222.0.35 "DELETE /placement/allocations/2c032f6d-b781-4183-97cd-7ceefb9b0ae1" status: 204 len: 0 microversion: 1.0
Apr 28 16:31:16.433579 n-d-839781-1 devstack@placement-api.service[104758]: [pid: 104758|app: 0|req: 454/907] 10.222.0.35 () {60 vars in 1355 bytes} [Thu Apr 28 16:31:16 2022] DELETE /placement/allocations/2c032f6d-b781-4183-97cd-7ceefb9b0ae1 => generated 0 bytes in 40 msecs (HTTP/1.1 204) 5 headers in 198 bytes (1 switches on core 0)
Apr 28 16:31:27.080362 n-d-839781-1 devstack@placement-api.service[104759]: DEBUG placement.requestlog [req-4f485cb5-b1ee-4570-a69c-c4a2b4f73528 req-1143f9a0-e9a2-49e0-96cf-48e6ae6a5b29 None None] Starting request: 10.222.0.35 "DELETE /placement/allocations/31295fd4-b467-47dc-b17f-c16a7819a478" {{(pid=104759) __call__ /opt/stack/placement/placement/requestlog.py:55}}
Apr 28 16:31:27.147007 n-d-839781-1 devstack@placement-api.service[104759]: DEBUG placement.handlers.allocation [req-4f485cb5-b1ee-4570-a69c-c4a2b4f73528 req-1143f9a0-e9a2-49e0-96cf-48e6ae6a5b29 service placement] Successfully deleted allocations [, , ] {{(pid=104759) delete_allocations /opt/stack/placement/placement/handlers/allocation.py:627}}
Apr 28 16:31:27.147426 n-d-839781-1 devstack@placement-api.service[104759]: INFO placement.requestlog [req-4f485cb5-b1ee-4570-a69c-c4a2b4f73528 req-1143f9a0-e9a2-49e0-96cf-48e6ae6a5b29 service placement] 10.222.0.35 "DELETE /placement/allocations/31295fd4-b467-47dc-b17f-c16a7819a478" status: 204 len: 0 microversion: 1.0
Apr 28 16:31:27.148122 n-d-839781-1 devstack@placement-api.service[104759]: [pid: 104759|app: 0|req: 454/908] 10.222.0.35 () {60 vars in 1355 bytes} [Thu Apr 28 16:31:27 2022] DELETE /placement/allocations/31295fd4-b467-47dc-b17f-c16a7819a478 => generated 0 bytes in 68 msecs (HTTP/1.1 204) 5 headers in 198 bytes (1 switches on core 0)
Apr 28 16:31:32.188883 n-d-839781-1 devstack@placement-api.service[104758]: DEBUG placement.requestlog [req-56a83cd1-c803-45df-b8a8-b8f85c2dd571 req-2630de57-1734-4901-848f-73047494e12b None None] Starting request: 10.222.0.35 "GET /placement/resource_providers/d187735c-bf06-4133-a8cb-91ed5a6036b3/allocations" {{(pid=104758) __call__ /opt/stack/placement/placement/requestlog.py:55}}
Apr 28 16:31:32.223102 n-d-839781-1 devstack@placement-api.service[104758]: INFO placement.requestlog [req-56a83cd1-c803-45df-b8a8-b8f85c2dd571 req-2630de57-1734-4901-848f-73047494e12b service placement] 10.222.0.35 "GET /placement/resource_providers/d187735c-bf06-4133-a8cb-91ed5a6036b3/allocations" status: 200 len: 457 microversion: 1.0
Apr 28 16:31:32.224978 n-d-839781-1 devstack@placement-api.service[104758]: [pid: 104758|app: 0|req: 455/909] 10.222.0.35 () {58 vars in 1390 bytes} [Thu Apr 28 16:31:32 2022] GET /placement/resource_providers/d187735c-bf06-4133-a8cb-91ed5a6036b3/allocations => generated 457 bytes in 36 msecs (HTTP/1.1 200) 6 headers in 224 bytes (1 switches on core 0)
Apr 28 16:31:42.864894 n-d-839781-1 devstack@placement-api.service[104759]: DEBUG placement.requestlog [req-0f74afb6-a7e1-4e98-a9ae-13778c7c078e req-0af6fec1-a9ce-4d52-9356-b53730b6c8b4 None None] Starting request: 10.222.0.24 "GET /placement/allocation_candidates?limit=1000&resources=DISK_GB%3A1%2CMEMORY_MB%3A1024%2CVCPU%3A1&root_required=%21COMPUTE_STATUS_DISABLED" {{(pid=104759) __call__ /opt/stack/placement/placement/requestlog.py:55}}
Apr 28 16:31:42.953004 n-d-839781-1 devstack@placement-api.service[104759]: DEBUG placement.objects.research_context [req-0f74afb6-a7e1-4e98-a9ae-13778c7c078e req-0af6fec1-a9ce-4d52-9356-b53730b6c8b4 service placement] getting providers with 1 DISK_GB {{(pid=104759) __init__ /opt/stack/placement/placement/objects/research_context.py:136}}
Apr 28 16:31:42.974278 n-d-839781-1 devstack@placement-api.service[104759]: DEBUG placement.objects.research_context [req-0f74afb6-a7e1-4e98-a9ae-13778c7c078e req-0af6fec1-a9ce-4d52-9356-b53730b6c8b4 service placement] getting providers with 1024 MEMORY_MB {{(pid=104759) __init__ /opt/stack/placement/placement/objects/research_context.py:136}}
Apr 28 16:31:42.993764 n-d-839781-1 devstack@placement-api.service[104759]: DEBUG placement.objects.research_context [req-0f74afb6-a7e1-4e98-a9ae-13778c7c078e req-0af6fec1-a9ce-4d52-9356-b53730b6c8b4 service placement] getting providers with 1 VCPU {{(pid=104759) __init__ /opt/stack/placement/placement/objects/research_context.py:136}}
Apr 28 16:31:43.003671 n-d-839781-1 devstack@placement-api.service[104759]: DEBUG placement.objects.research_context [req-0f74afb6-a7e1-4e98-a9ae-13778c7c078e req-0af6fec1-a9ce-4d52-9356-b53730b6c8b4 service placement] found 2 providers with available 1 DISK_GB {{(pid=104759) get_provider_ids_matching /opt/stack/placement/placement/objects/research_context.py:563}}
Apr 28 16:31:43.003955 n-d-839781-1 devstack@placement-api.service[104759]: DEBUG placement.objects.research_context [req-0f74afb6-a7e1-4e98-a9ae-13778c7c078e req-0af6fec1-a9ce-4d52-9356-b53730b6c8b4 service placement] found 2 providers with available 1024 MEMORY_MB {{(pid=104759) get_provider_ids_matching /opt/stack/placement/placement/objects/research_context.py:563}}
Apr 28 16:31:43.004230 n-d-839781-1 devstack@placement-api.service[104759]: DEBUG placement.objects.research_context [req-0f74afb6-a7e1-4e98-a9ae-13778c7c078e req-0af6fec1-a9ce-4d52-9356-b53730b6c8b4 service placement] found 2 providers after filtering by previous result {{(pid=104759) get_provider_ids_matching /opt/stack/placement/placement/objects/research_context.py:594}}
Apr 28 16:31:43.004491 n-d-839781-1 devstack@placement-api.service[104759]: DEBUG placement.objects.research_context [req-0f74afb6-a7e1-4e98-a9ae-13778c7c078e req-0af6fec1-a9ce-4d52-9356-b53730b6c8b4 service placement] found 2 providers with available 1 VCPU {{(pid=104759) get_provider_ids_matching /opt/stack/placement/placement/objects/research_context.py:563}}
Apr 28 16:31:43.004754 n-d-839781-1 devstack@placement-api.service[104759]: DEBUG placement.objects.research_context [req-0f74afb6-a7e1-4e98-a9ae-13778c7c078e req-0af6fec1-a9ce-4d52-9356-b53730b6c8b4 service placement] found 2 providers after filtering by previous result {{(pid=104759) get_provider_ids_matching /opt/stack/placement/placement/objects/research_context.py:594}}
Apr 28 16:31:43.026842 n-d-839781-1 devstack@placement-api.service[104759]: DEBUG placement.objects.allocation_candidate [req-0f74afb6-a7e1-4e98-a9ae-13778c7c078e req-0af6fec1-a9ce-4d52-9356-b53730b6c8b4 service placement] RequestGroup(use_same_provider=False, resources={DISK_GB:1, MEMORY_MB:1024, VCPU:1}, traits=(), aggregates=[]) (suffix '') returned 2 matches {{(pid=104759) _get_by_requests /opt/stack/placement/placement/objects/allocation_candidate.py:156}}
Apr 28 16:31:43.027211 n-d-839781-1 devstack@placement-api.service[104759]: DEBUG placement.objects.allocation_candidate [req-0f74afb6-a7e1-4e98-a9ae-13778c7c078e req-0af6fec1-a9ce-4d52-9356-b53730b6c8b4 service placement] Merging candidates yields 2 allocation requests and 2 provider summaries {{(pid=104759) _merge_candidates /opt/stack/placement/placement/objects/allocation_candidate.py:809}}
Apr 28 16:31:43.031236 n-d-839781-1 devstack@placement-api.service[104759]: INFO placement.requestlog [req-0f74afb6-a7e1-4e98-a9ae-13778c7c078e req-0af6fec1-a9ce-4d52-9356-b53730b6c8b4 service placement] 10.222.0.24 "GET /placement/allocation_candidates?limit=1000&resources=DISK_GB%3A1%2CMEMORY_MB%3A1024%2CVCPU%3A1&root_required=%21COMPUTE_STATUS_DISABLED" status: 200 len: 1309 microversion: 1.36
Apr 28 16:31:43.038135 n-d-839781-1 devstack@placement-api.service[104759]: [pid: 104759|app: 0|req: 455/910] 10.222.0.24 () {60 vars in 1506 bytes} [Thu Apr 28 16:31:42 2022] GET /placement/allocation_candidates?limit=1000&resources=DISK_GB%3A1%2CMEMORY_MB%3A1024%2CVCPU%3A1&root_required=%21COMPUTE_STATUS_DISABLED => generated 1309 bytes in 174 msecs (HTTP/1.1 200) 8 headers in 297 bytes (2 switches on core 0)
Apr 28 16:31:43.192895 n-d-839781-1 devstack@placement-api.service[104758]: DEBUG placement.requestlog [req-0f74afb6-a7e1-4e98-a9ae-13778c7c078e req-fca4f351-b84d-407b-8b63-af80e8df22f2 None None] Starting request: 10.222.0.24 "GET /placement/allocations/b539c2b7-3c45-4b6e-9096-6cafa91f0ad1" {{(pid=104758) __call__ /opt/stack/placement/placement/requestlog.py:55}}
Apr 28 16:31:43.208317 n-d-839781-1 devstack@placement-api.service[104758]: INFO placement.requestlog [req-0f74afb6-a7e1-4e98-a9ae-13778c7c078e req-fca4f351-b84d-407b-8b63-af80e8df22f2 service placement] 10.222.0.24 "GET /placement/allocations/b539c2b7-3c45-4b6e-9096-6cafa91f0ad1" status: 200 len: 19 microversion: 1.28
Apr 28 16:31:43.209152 n-d-839781-1 devstack@placement-api.service[104758]: [pid: 104758|app: 0|req: 456/911] 10.222.0.24 () {60 vars in 1380 bytes} [Thu Apr 28 16:31:43 2022] GET /placement/allocations/b539c2b7-3c45-4b6e-9096-6cafa91f0ad1 => generated 19 bytes in 16 msecs (HTTP/1.1 200) 8 headers in 295 bytes (1 switches on core 0)
Apr 28 16:31:43.214944 n-d-839781-1 devstack@placement-api.service[104759]: DEBUG placement.requestlog [req-0f74afb6-a7e1-4e98-a9ae-13778c7c078e req-284a1570-a7cc-48fa-a119-779a9a279f8c None None] Starting request: 10.222.0.24 "PUT /placement/allocations/b539c2b7-3c45-4b6e-9096-6cafa91f0ad1" {{(pid=104759) __call__ /opt/stack/placement/placement/requestlog.py:55}}
Apr 28 16:31:43.343462 n-d-839781-1 devstack@placement-api.service[104759]: DEBUG placement.handlers.allocation [req-0f74afb6-a7e1-4e98-a9ae-13778c7c078e req-284a1570-a7cc-48fa-a119-779a9a279f8c service placement] Successfully wrote allocations [, , ] {{(pid=104759) _update_consumers_and_create_allocations /opt/stack/placement/placement/handlers/allocation.py:462}}
Apr 28 16:31:43.349176 n-d-839781-1 devstack@placement-api.service[104759]: INFO placement.requestlog [req-0f74afb6-a7e1-4e98-a9ae-13778c7c078e req-284a1570-a7cc-48fa-a119-779a9a279f8c service placement] 10.222.0.24 "PUT /placement/allocations/b539c2b7-3c45-4b6e-9096-6cafa91f0ad1" status: 204 len: 0 microversion: 1.36
Apr 28 16:31:43.356507 n-d-839781-1 devstack@placement-api.service[104759]: [pid: 104759|app: 0|req: 456/912] 10.222.0.24 () {64 vars in 1433 bytes} [Thu Apr 28 16:31:43 2022] PUT /placement/allocations/b539c2b7-3c45-4b6e-9096-6cafa91f0ad1 => generated 0 bytes in 135 msecs (HTTP/1.1 204) 5 headers in 199 bytes (1 switches on core 0)
Apr 28 16:31:43.823416 n-d-839781-1 devstack@placement-api.service[104758]: DEBUG placement.requestlog [req-0f74afb6-a7e1-4e98-a9ae-13778c7c078e req-2356b33a-c382-48fe-87e8-68cbb7617019 None None] Starting request: 10.222.0.15 "GET /placement/allocations/b539c2b7-3c45-4b6e-9096-6cafa91f0ad1" {{(pid=104758) __call__ /opt/stack/placement/placement/requestlog.py:55}}
Apr 28 16:31:43.855960 n-d-839781-1 devstack@placement-api.service[104758]: INFO placement.requestlog [req-0f74afb6-a7e1-4e98-a9ae-13778c7c078e req-2356b33a-c382-48fe-87e8-68cbb7617019 service placement] 10.222.0.15 "GET /placement/allocations/b539c2b7-3c45-4b6e-9096-6cafa91f0ad1" status: 200 len: 259 microversion: 1.28
Apr 28 16:31:43.856337 n-d-839781-1 devstack@placement-api.service[104758]: [pid: 104758|app: 0|req: 457/913] 10.222.0.15 () {60 vars in 1377 bytes} [Thu Apr 28 16:31:43 2022] GET /placement/allocations/b539c2b7-3c45-4b6e-9096-6cafa91f0ad1 => generated 259 bytes in 33 msecs (HTTP/1.1 200) 8 headers in 296 bytes (1 switches on core 0)
Apr 28 16:31:45.003454 n-d-839781-1 devstack@placement-api.service[104759]: DEBUG placement.requestlog [req-76b0acce-e09b-4b4e-9a47-cfa994eb990b req-1af2acd0-20c2-4f4e-aea5-90b19cc81194 None None] Starting request: 10.222.0.24 "DELETE /placement/allocations/69049853-1781-47f4-a8a0-9251cebaec5e" {{(pid=104759) __call__ /opt/stack/placement/placement/requestlog.py:55}}
Apr 28 16:31:45.017993 n-d-839781-1 devstack@placement-api.service[104759]: DEBUG placement.wsgi_wrapper [req-76b0acce-e09b-4b4e-9a47-cfa994eb990b req-1af2acd0-20c2-4f4e-aea5-90b19cc81194 service placement] Placement API returning an error response: No allocations for consumer '69049853-1781-47f4-a8a0-9251cebaec5e' {{(pid=104759) call_func /opt/stack/placement/placement/wsgi_wrapper.py:31}}
Apr 28 16:31:45.018867 n-d-839781-1 devstack@placement-api.service[104759]: INFO placement.requestlog [req-76b0acce-e09b-4b4e-9a47-cfa994eb990b req-1af2acd0-20c2-4f4e-aea5-90b19cc81194 service placement] 10.222.0.24 "DELETE /placement/allocations/69049853-1781-47f4-a8a0-9251cebaec5e" status: 404 len: 228 microversion: 1.0
Apr 28 16:31:45.023631 n-d-839781-1 devstack@placement-api.service[104759]: [pid: 104759|app: 0|req: 457/914] 10.222.0.24 () {60 vars in 1349 bytes} [Thu Apr 28 16:31:45 2022] DELETE /placement/allocations/69049853-1781-47f4-a8a0-9251cebaec5e => generated 228 bytes in 21 msecs (HTTP/1.1 404) 6 headers in 231 bytes (1 switches on core 0)
Apr 28 16:31:49.519263 n-d-839781-1 devstack@placement-api.service[104758]: DEBUG placement.requestlog [req-f90d19e0-44ff-4672-8671-f0bc21463ee4 req-2a852bdb-364d-492e-9ecd-c1495436f4cc None None] Starting request: 10.222.0.35 "DELETE /placement/allocations/a6db5bde-c97a-4f43-8339-4156a55ae951" {{(pid=104758) __call__ /opt/stack/placement/placement/requestlog.py:55}}
Apr 28 16:31:49.570571 n-d-839781-1 devstack@placement-api.service[104758]: DEBUG placement.handlers.allocation [req-f90d19e0-44ff-4672-8671-f0bc21463ee4 req-2a852bdb-364d-492e-9ecd-c1495436f4cc service placement] Successfully deleted allocations [, , ] {{(pid=104758) delete_allocations /opt/stack/placement/placement/handlers/allocation.py:627}}
Apr 28 16:31:49.571104 n-d-839781-1 devstack@placement-api.service[104758]: INFO placement.requestlog [req-f90d19e0-44ff-4672-8671-f0bc21463ee4 req-2a852bdb-364d-492e-9ecd-c1495436f4cc service placement] 10.222.0.35 "DELETE /placement/allocations/a6db5bde-c97a-4f43-8339-4156a55ae951" status: 204 len: 0 microversion: 1.0
Apr 28 16:31:49.571899 n-d-839781-1 devstack@placement-api.service[104758]: [pid: 104758|app: 0|req: 458/915] 10.222.0.35 () {60 vars in 1355 bytes} [Thu Apr 28 16:31:49 2022] DELETE /placement/allocations/a6db5bde-c97a-4f43-8339-4156a55ae951 => generated 0 bytes in 53 msecs (HTTP/1.1 204) 5 headers in 198 bytes (1 switches on core 0)
Apr 28 16:31:52.167426 n-d-839781-1 devstack@placement-api.service[104759]: DEBUG placement.requestlog [req-8181bbfc-b4b2-43e6-8a30-3c5d2d4c8bf2 req-fa68d91a-b9d2-469b-8b0f-8ca8e4eb122d None None] Starting request: 10.222.0.15 "DELETE /placement/allocations/26ffba92-29a3-4ab8-ad7f-4137dd9f4b7a" {{(pid=104759) __call__ /opt/stack/placement/placement/requestlog.py:55}}
Apr 28 16:31:52.227493 n-d-839781-1 devstack@placement-api.service[104759]: DEBUG placement.handlers.allocation [req-8181bbfc-b4b2-43e6-8a30-3c5d2d4c8bf2 req-fa68d91a-b9d2-469b-8b0f-8ca8e4eb122d service placement] Successfully deleted allocations [, ] {{(pid=104759) delete_allocations /opt/stack/placement/placement/handlers/allocation.py:627}}
Apr 28 16:31:52.228043 n-d-839781-1 devstack@placement-api.service[104759]: INFO placement.requestlog [req-8181bbfc-b4b2-43e6-8a30-3c5d2d4c8bf2 req-fa68d91a-b9d2-469b-8b0f-8ca8e4eb122d service placement] 10.222.0.15 "DELETE /placement/allocations/26ffba92-29a3-4ab8-ad7f-4137dd9f4b7a" status: 204 len: 0 microversion: 1.0
Apr 28 16:31:52.228702 n-d-839781-1 devstack@placement-api.service[104759]: [pid: 104759|app: 0|req: 458/916] 10.222.0.15 () {60 vars in 1355 bytes} [Thu Apr 28 16:31:52 2022] DELETE /placement/allocations/26ffba92-29a3-4ab8-ad7f-4137dd9f4b7a => generated 0 bytes in 61 msecs (HTTP/1.1 204) 5 headers in 198 bytes (1 switches on core 0)
Apr 28 16:31:55.386607 n-d-839781-1 devstack@placement-api.service[104758]: DEBUG placement.requestlog [req-5e69fdc3-f5b5-42d8-8b9c-6c3c6b912b81 req-8a88cc34-c662-456d-b369-f53e3e891b40 None None] Starting request: 10.222.0.35 "DELETE /placement/allocations/b17bab3a-d9f3-4d4f-8d2a-bb504a178733" {{(pid=104758) __call__ /opt/stack/placement/placement/requestlog.py:55}}
Apr 28 16:31:55.482578 n-d-839781-1 devstack@placement-api.service[104758]: DEBUG placement.handlers.allocation [req-5e69fdc3-f5b5-42d8-8b9c-6c3c6b912b81 req-8a88cc34-c662-456d-b369-f53e3e891b40 service placement] Successfully deleted allocations [, , ] {{(pid=104758) delete_allocations /opt/stack/placement/placement/handlers/allocation.py:627}}
Apr 28 16:31:55.483273 n-d-839781-1 devstack@placement-api.service[104758]: INFO placement.requestlog [req-5e69fdc3-f5b5-42d8-8b9c-6c3c6b912b81 req-8a88cc34-c662-456d-b369-f53e3e891b40 service placement] 10.222.0.35 "DELETE /placement/allocations/b17bab3a-d9f3-4d4f-8d2a-bb504a178733" status: 204 len: 0 microversion: 1.0
Apr 28 16:31:55.484645 n-d-839781-1 devstack@placement-api.service[104758]: [pid: 104758|app: 0|req: 459/917] 10.222.0.35 () {60 vars in 1355 bytes} [Thu Apr 28 16:31:55 2022] DELETE /placement/allocations/b17bab3a-d9f3-4d4f-8d2a-bb504a178733 => generated 0 bytes in 98 msecs (HTTP/1.1 204) 5 headers in 198 bytes (1 switches on core 0)
Apr 28 16:31:55.564499 n-d-839781-1 devstack@placement-api.service[104759]: DEBUG placement.requestlog [req-265f5cf8-2584-413e-bb47-52b0b9ebaccc req-a03cf2b6-f4f2-47aa-a142-ec08d4d37a5e None None] Starting request: 10.222.0.24 "GET /placement/allocation_candidates?limit=1000&resources=DISK_GB%3A1%2CMEMORY_MB%3A1024%2CVCPU%3A1&root_required=%21COMPUTE_STATUS_DISABLED" {{(pid=104759) __call__ /opt/stack/placement/placement/requestlog.py:55}}
Apr 28 16:31:55.660539 n-d-839781-1 devstack@placement-api.service[104759]: DEBUG placement.objects.research_context [req-265f5cf8-2584-413e-bb47-52b0b9ebaccc req-a03cf2b6-f4f2-47aa-a142-ec08d4d37a5e service placement] getting providers with 1 DISK_GB {{(pid=104759) __init__ /opt/stack/placement/placement/objects/research_context.py:136}}
Apr 28 16:31:55.685964 n-d-839781-1 devstack@placement-api.service[104759]: DEBUG placement.objects.research_context [req-265f5cf8-2584-413e-bb47-52b0b9ebaccc req-a03cf2b6-f4f2-47aa-a142-ec08d4d37a5e service placement] getting providers with 1024 MEMORY_MB {{(pid=104759) __init__ /opt/stack/placement/placement/objects/research_context.py:136}}
