Aug 05 17:29:24.694430 n-d-839401-7 devstack@placement-api.service[105340]: DEBUG placement.objects.research_context [req-ac0a2d0f-3ddd-4f64-b8b1-569fa81dd637 req-b76ff430-5d19-4363-bc40-eaebccd6a7a9 service placement] found 2 providers after filtering by previous result {{(pid=105340) get_provider_ids_matching /opt/stack/placement/placement/objects/research_context.py:594}}
Aug 05 17:29:24.744849 n-d-839401-7 devstack@placement-api.service[105340]: DEBUG placement.objects.allocation_candidate [req-ac0a2d0f-3ddd-4f64-b8b1-569fa81dd637 req-b76ff430-5d19-4363-bc40-eaebccd6a7a9 service placement] RequestGroup(use_same_provider=False, resources={DISK_GB:1, MEMORY_MB:1024, VCPU:1}, traits=(), aggregates=[]) (suffix '') returned 2 matches {{(pid=105340) _get_by_requests /opt/stack/placement/placement/objects/allocation_candidate.py:156}}
Aug 05 17:29:24.745287 n-d-839401-7 devstack@placement-api.service[105340]: DEBUG placement.objects.allocation_candidate [req-ac0a2d0f-3ddd-4f64-b8b1-569fa81dd637 req-b76ff430-5d19-4363-bc40-eaebccd6a7a9 service placement] Merging candidates yields 2 allocation requests and 2 provider summaries {{(pid=105340) _merge_candidates /opt/stack/placement/placement/objects/allocation_candidate.py:809}}
Aug 05 17:29:24.752573 n-d-839401-7 devstack@placement-api.service[105340]: INFO placement.requestlog [req-ac0a2d0f-3ddd-4f64-b8b1-569fa81dd637 req-b76ff430-5d19-4363-bc40-eaebccd6a7a9 service placement] 10.222.0.44 "GET /placement/allocation_candidates?limit=1000&resources=DISK_GB%3A1%2CMEMORY_MB%3A1024%2CVCPU%3A1&root_required=%21COMPUTE_STATUS_DISABLED" status: 200 len: 1309 microversion: 1.36
Aug 05 17:29:24.754137 n-d-839401-7 devstack@placement-api.service[105340]: [pid: 105340|app: 0|req: 139/274] 10.222.0.44 () {60 vars in 1506 bytes} [Fri Aug 5 17:29:24 2022] GET /placement/allocation_candidates?limit=1000&resources=DISK_GB%3A1%2CMEMORY_MB%3A1024%2CVCPU%3A1&root_required=%21COMPUTE_STATUS_DISABLED => generated 1309 bytes in 234 msecs (HTTP/1.1 200) 8 headers in 297 bytes (1 switches on core 0)
Aug 05 17:29:24.955918 n-d-839401-7 devstack@placement-api.service[105341]: DEBUG placement.requestlog [req-ac0a2d0f-3ddd-4f64-b8b1-569fa81dd637 req-1c559729-2999-4d84-913d-7fbfee72c80e None None] Starting request: 10.222.0.44 "GET /placement/allocations/80ce84e8-7a41-4785-9ba1-e0a8168a93a4" {{(pid=105341) __call__ /opt/stack/placement/placement/requestlog.py:55}}
Aug 05 17:29:24.978415 n-d-839401-7 devstack@placement-api.service[105341]: INFO placement.requestlog [req-ac0a2d0f-3ddd-4f64-b8b1-569fa81dd637 req-1c559729-2999-4d84-913d-7fbfee72c80e service placement] 10.222.0.44 "GET /placement/allocations/80ce84e8-7a41-4785-9ba1-e0a8168a93a4" status: 200 len: 19 microversion: 1.28
Aug 05 17:29:24.985892 n-d-839401-7 devstack@placement-api.service[105340]: DEBUG placement.requestlog [req-ac0a2d0f-3ddd-4f64-b8b1-569fa81dd637 req-b436f746-4ef8-4149-b784-ce717017a7cb None None] Starting request: 10.222.0.44 "PUT /placement/allocations/80ce84e8-7a41-4785-9ba1-e0a8168a93a4" {{(pid=105340) __call__ /opt/stack/placement/placement/requestlog.py:55}}
Aug 05 17:29:24.989811 n-d-839401-7 devstack@placement-api.service[105341]: [pid: 105341|app: 0|req: 136/275] 10.222.0.44 () {60 vars in 1380 bytes} [Fri Aug 5 17:29:24 2022] GET /placement/allocations/80ce84e8-7a41-4785-9ba1-e0a8168a93a4 => generated 19 bytes in 29 msecs (HTTP/1.1 200) 8 headers in 295 bytes (2 switches on core 0)
Aug 05 17:29:25.160349 n-d-839401-7 devstack@placement-api.service[105340]: DEBUG placement.handlers.allocation [req-ac0a2d0f-3ddd-4f64-b8b1-569fa81dd637 req-b436f746-4ef8-4149-b784-ce717017a7cb service placement] Successfully wrote allocations [, , ] {{(pid=105340) _update_consumers_and_create_allocations /opt/stack/placement/placement/handlers/allocation.py:462}}
Aug 05 17:29:25.172855 n-d-839401-7 devstack@placement-api.service[105340]: INFO placement.requestlog [req-ac0a2d0f-3ddd-4f64-b8b1-569fa81dd637 req-b436f746-4ef8-4149-b784-ce717017a7cb service placement] 10.222.0.44 "PUT /placement/allocations/80ce84e8-7a41-4785-9ba1-e0a8168a93a4" status: 204 len: 0 microversion: 1.36
Aug 05 17:29:25.173668 n-d-839401-7 devstack@placement-api.service[105340]: [pid: 105340|app: 0|req: 140/276] 10.222.0.44 () {64 vars in 1433 bytes} [Fri Aug 5 17:29:24 2022] PUT /placement/allocations/80ce84e8-7a41-4785-9ba1-e0a8168a93a4 => generated 0 bytes in 188 msecs (HTTP/1.1 204) 5 headers in 199 bytes (2 switches on core 0)
Aug 05 17:29:25.851547 n-d-839401-7 devstack@placement-api.service[105341]: DEBUG placement.requestlog [req-ac0a2d0f-3ddd-4f64-b8b1-569fa81dd637 req-d2b7d742-cf80-4f3c-a93a-c0af50b3549f None None] Starting request: 10.222.0.18 "GET /placement/allocations/80ce84e8-7a41-4785-9ba1-e0a8168a93a4" {{(pid=105341) __call__ /opt/stack/placement/placement/requestlog.py:55}}
Aug 05 17:29:25.880536 n-d-839401-7 devstack@placement-api.service[105341]: INFO placement.requestlog [req-ac0a2d0f-3ddd-4f64-b8b1-569fa81dd637 req-d2b7d742-cf80-4f3c-a93a-c0af50b3549f service placement] 10.222.0.18 "GET /placement/allocations/80ce84e8-7a41-4785-9ba1-e0a8168a93a4" status: 200 len: 259 microversion: 1.28
Aug 05 17:29:25.881094 n-d-839401-7 devstack@placement-api.service[105341]: [pid: 105341|app: 0|req: 137/277] 10.222.0.18 () {60 vars in 1377 bytes} [Fri Aug 5 17:29:25 2022] GET /placement/allocations/80ce84e8-7a41-4785-9ba1-e0a8168a93a4 => generated 259 bytes in 31 msecs (HTTP/1.1 200) 8 headers in 296 bytes (1 switches on core 0)
Aug 05 17:29:33.550971 n-d-839401-7 devstack@placement-api.service[105340]: DEBUG placement.requestlog [req-34e29652-9536-4221-906f-e82c08fc9d5e req-a4bd9605-c441-4858-b84c-178a8a864f9b None None] Starting request: 10.222.0.15 "DELETE /placement/allocations/b1e61507-abe4-44cb-968e-3ca0b1bc70c0" {{(pid=105340) __call__ /opt/stack/placement/placement/requestlog.py:55}}
Aug 05 17:29:33.571023 n-d-839401-7 devstack@placement-api.service[105340]: DEBUG dbcounter [-] [105340] Writing DB stats placement:SELECT=78,placement:DELETE=8,placement:INSERT=10,placement:UPDATE=4 {{(pid=105340) stat_writer /usr/local/lib/python3.8/dist-packages/dbcounter.py:114}}
Aug 05 17:29:33.623770 n-d-839401-7 devstack@placement-api.service[105340]: DEBUG placement.handlers.allocation [req-34e29652-9536-4221-906f-e82c08fc9d5e req-a4bd9605-c441-4858-b84c-178a8a864f9b service placement] Successfully deleted allocations [, , ] {{(pid=105340) delete_allocations /opt/stack/placement/placement/handlers/allocation.py:627}}
Aug 05 17:29:33.625706 n-d-839401-7 devstack@placement-api.service[105340]: INFO placement.requestlog [req-34e29652-9536-4221-906f-e82c08fc9d5e req-a4bd9605-c441-4858-b84c-178a8a864f9b service placement] 10.222.0.15 "DELETE /placement/allocations/b1e61507-abe4-44cb-968e-3ca0b1bc70c0" status: 204 len: 0 microversion: 1.0
Aug 05 17:29:33.626574 n-d-839401-7 devstack@placement-api.service[105340]: [pid: 105340|app: 0|req: 141/278] 10.222.0.15 () {60 vars in 1355 bytes} [Fri Aug 5 17:29:33 2022] DELETE /placement/allocations/b1e61507-abe4-44cb-968e-3ca0b1bc70c0 => generated 0 bytes in 76 msecs (HTTP/1.1 204) 5 headers in 198 bytes (1 switches on core 0)
Aug 05 17:29:35.874916 n-d-839401-7 devstack@placement-api.service[105341]: DEBUG dbcounter [-] [105341] Writing DB stats placement:SELECT=78,placement:DELETE=6,placement:UPDATE=4,placement:INSERT=4 {{(pid=105341) stat_writer /usr/local/lib/python3.8/dist-packages/dbcounter.py:114}}
Aug 05 17:29:40.505521 n-d-839401-7 devstack@placement-api.service[105341]: DEBUG placement.requestlog [None req-89fd4e0a-9158-48a8-ad4c-5652036de98e None None] Starting request: 10.222.0.44 "GET /placement/resource_providers/71ab1353-1416-401d-b0e4-5a4a4683abb0/aggregates" {{(pid=105341) __call__ /opt/stack/placement/placement/requestlog.py:55}}
Aug 05 17:29:40.529440 n-d-839401-7 devstack@placement-api.service[105341]: INFO placement.requestlog [None req-89fd4e0a-9158-48a8-ad4c-5652036de98e service placement] 10.222.0.44 "GET /placement/resource_providers/71ab1353-1416-401d-b0e4-5a4a4683abb0/aggregates" status: 404 len: 235 microversion: 1.1
Aug 05 17:29:40.530065 n-d-839401-7 devstack@placement-api.service[105341]: [pid: 105341|app: 0|req: 138/279] 10.222.0.44 () {58 vars in 1362 bytes} [Fri Aug 5 17:29:40 2022] GET /placement/resource_providers/71ab1353-1416-401d-b0e4-5a4a4683abb0/aggregates => generated 235 bytes in 25 msecs (HTTP/1.1 404) 5 headers in 202 bytes (2 switches on core 0)
Aug 05 17:29:40.585918 n-d-839401-7 devstack@placement-api.service[105340]: DEBUG placement.requestlog [None req-0564419a-486a-42db-84b3-5a60564ddbee None None] Starting request: 10.222.0.44 "DELETE /placement/resource_providers/71ab1353-1416-401d-b0e4-5a4a4683abb0" {{(pid=105340) __call__ /opt/stack/placement/placement/requestlog.py:55}}
Aug 05 17:29:40.608380 n-d-839401-7 devstack@placement-api.service[105340]: DEBUG placement.wsgi_wrapper [None req-0564419a-486a-42db-84b3-5a60564ddbee service placement] Placement API returning an error response: No resource provider with uuid 71ab1353-1416-401d-b0e4-5a4a4683abb0 found for delete {{(pid=105340) call_func /opt/stack/placement/placement/wsgi_wrapper.py:31}}
Aug 05 17:29:40.611791 n-d-839401-7 devstack@placement-api.service[105340]: INFO placement.requestlog [None req-0564419a-486a-42db-84b3-5a60564ddbee service placement] 10.222.0.44 "DELETE /placement/resource_providers/71ab1353-1416-401d-b0e4-5a4a4683abb0" status: 404 len: 246 microversion: 1.1
Aug 05 17:29:40.613019 n-d-839401-7 devstack@placement-api.service[105340]: [pid: 105340|app: 0|req: 142/280] 10.222.0.44 () {60 vars in 1351 bytes} [Fri Aug 5 17:29:40 2022] DELETE /placement/resource_providers/71ab1353-1416-401d-b0e4-5a4a4683abb0 => generated 246 bytes in 27 msecs (HTTP/1.1 404) 6 headers in 231 bytes (1 switches on core 0)
Aug 05 17:29:47.491668 n-d-839401-7 devstack@placement-api.service[105341]: DEBUG placement.requestlog [None req-9245c58c-be94-4a56-8262-9a095aef87df None None] Starting request: 10.222.0.44 "GET /placement/resource_providers/3de30e51-ea38-4eac-afa7-281e601d7eba/aggregates" {{(pid=105341) __call__ /opt/stack/placement/placement/requestlog.py:55}}
Aug 05 17:29:47.510651 n-d-839401-7 devstack@placement-api.service[105341]: INFO placement.requestlog [None req-9245c58c-be94-4a56-8262-9a095aef87df service placement] 10.222.0.44 "GET /placement/resource_providers/3de30e51-ea38-4eac-afa7-281e601d7eba/aggregates" status: 404 len: 235 microversion: 1.1
Aug 05 17:29:47.511611 n-d-839401-7 devstack@placement-api.service[105341]: [pid: 105341|app: 0|req: 139/281] 10.222.0.44 () {58 vars in 1362 bytes} [Fri Aug 5 17:29:47 2022] GET /placement/resource_providers/3de30e51-ea38-4eac-afa7-281e601d7eba/aggregates => generated 235 bytes in 20 msecs (HTTP/1.1 404) 5 headers in 202 bytes (1 switches on core 0)
Aug 05 17:29:47.538485 n-d-839401-7 devstack@placement-api.service[105340]: DEBUG placement.requestlog [None req-a23a3098-a8c1-4f56-a769-700cfd2531cd None None] Starting request: 10.222.0.44 "DELETE /placement/resource_providers/3de30e51-ea38-4eac-afa7-281e601d7eba" {{(pid=105340) __call__ /opt/stack/placement/placement/requestlog.py:55}}
Aug 05 17:29:47.551708 n-d-839401-7 devstack@placement-api.service[105340]: DEBUG placement.wsgi_wrapper [None req-a23a3098-a8c1-4f56-a769-700cfd2531cd service placement] Placement API returning an error response: No resource provider with uuid 3de30e51-ea38-4eac-afa7-281e601d7eba found for delete {{(pid=105340) call_func /opt/stack/placement/placement/wsgi_wrapper.py:31}}
Aug 05 17:29:47.556063 n-d-839401-7 devstack@placement-api.service[105340]: INFO placement.requestlog [None req-a23a3098-a8c1-4f56-a769-700cfd2531cd service placement] 10.222.0.44 "DELETE /placement/resource_providers/3de30e51-ea38-4eac-afa7-281e601d7eba" status: 404 len: 246 microversion: 1.1
Aug 05 17:29:47.557635 n-d-839401-7 devstack@placement-api.service[105340]: [pid: 105340|app: 0|req: 143/282] 10.222.0.44 () {60 vars in 1351 bytes} [Fri Aug 5 17:29:47 2022] DELETE /placement/resource_providers/3de30e51-ea38-4eac-afa7-281e601d7eba => generated 246 bytes in 19 msecs (HTTP/1.1 404) 6 headers in 231 bytes (1 switches on core 0)
Aug 05 17:29:49.242217 n-d-839401-7 devstack@placement-api.service[105341]: DEBUG placement.requestlog [req-1b2c6bd5-564a-4453-bd9e-8571d984c342 req-ba1df25e-d41c-4b89-9f81-db3e7e6698a0 None None] Starting request: 10.222.0.44 "GET /placement/allocation_candidates?limit=1000&resources=DISK_GB%3A1%2CMEMORY_MB%3A1024%2CVCPU%3A1&root_required=%21COMPUTE_STATUS_DISABLED" {{(pid=105341) __call__ /opt/stack/placement/placement/requestlog.py:55}}
Aug 05 17:29:49.340221 n-d-839401-7 devstack@placement-api.service[105341]: DEBUG placement.objects.research_context [req-1b2c6bd5-564a-4453-bd9e-8571d984c342 req-ba1df25e-d41c-4b89-9f81-db3e7e6698a0 service placement] getting providers with 1 DISK_GB {{(pid=105341) __init__ /opt/stack/placement/placement/objects/research_context.py:136}}
Aug 05 17:29:49.349487 n-d-839401-7 devstack@placement-api.service[105341]: DEBUG placement.objects.research_context [req-1b2c6bd5-564a-4453-bd9e-8571d984c342 req-ba1df25e-d41c-4b89-9f81-db3e7e6698a0 service placement] getting providers with 1024 MEMORY_MB {{(pid=105341) __init__ /opt/stack/placement/placement/objects/research_context.py:136}}
Aug 05 17:29:49.360085 n-d-839401-7 devstack@placement-api.service[105341]: DEBUG placement.objects.research_context [req-1b2c6bd5-564a-4453-bd9e-8571d984c342 req-ba1df25e-d41c-4b89-9f81-db3e7e6698a0 service placement] getting providers with 1 VCPU {{(pid=105341) __init__ /opt/stack/placement/placement/objects/research_context.py:136}}
Aug 05 17:29:49.369228 n-d-839401-7 devstack@placement-api.service[105341]: DEBUG placement.objects.research_context [req-1b2c6bd5-564a-4453-bd9e-8571d984c342 req-ba1df25e-d41c-4b89-9f81-db3e7e6698a0 service placement] found 2 providers with available 1 DISK_GB {{(pid=105341) get_provider_ids_matching /opt/stack/placement/placement/objects/research_context.py:563}}
Aug 05 17:29:49.369741 n-d-839401-7 devstack@placement-api.service[105341]: DEBUG placement.objects.research_context [req-1b2c6bd5-564a-4453-bd9e-8571d984c342 req-ba1df25e-d41c-4b89-9f81-db3e7e6698a0 service placement] found 2 providers with available 1024 MEMORY_MB {{(pid=105341) get_provider_ids_matching /opt/stack/placement/placement/objects/research_context.py:563}}
Aug 05 17:29:49.370170 n-d-839401-7 devstack@placement-api.service[105341]: DEBUG placement.objects.research_context [req-1b2c6bd5-564a-4453-bd9e-8571d984c342 req-ba1df25e-d41c-4b89-9f81-db3e7e6698a0 service placement] found 2 providers after filtering by previous result {{(pid=105341) get_provider_ids_matching /opt/stack/placement/placement/objects/research_context.py:594}}
Aug 05 17:29:49.370582 n-d-839401-7 devstack@placement-api.service[105341]: DEBUG placement.objects.research_context [req-1b2c6bd5-564a-4453-bd9e-8571d984c342 req-ba1df25e-d41c-4b89-9f81-db3e7e6698a0 service placement] found 2 providers with available 1 VCPU {{(pid=105341) get_provider_ids_matching /opt/stack/placement/placement/objects/research_context.py:563}}
Aug 05 17:29:49.371036 n-d-839401-7 devstack@placement-api.service[105341]: DEBUG placement.objects.research_context [req-1b2c6bd5-564a-4453-bd9e-8571d984c342 req-ba1df25e-d41c-4b89-9f81-db3e7e6698a0 service placement] found 2 providers after filtering by previous result {{(pid=105341) get_provider_ids_matching /opt/stack/placement/placement/objects/research_context.py:594}}
Aug 05 17:29:49.388158 n-d-839401-7 devstack@placement-api.service[105341]: DEBUG placement.objects.allocation_candidate [req-1b2c6bd5-564a-4453-bd9e-8571d984c342 req-ba1df25e-d41c-4b89-9f81-db3e7e6698a0 service placement] RequestGroup(use_same_provider=False, resources={DISK_GB:1, MEMORY_MB:1024, VCPU:1}, traits=(), aggregates=[]) (suffix '') returned 2 matches {{(pid=105341) _get_by_requests /opt/stack/placement/placement/objects/allocation_candidate.py:156}}
Aug 05 17:29:49.388892 n-d-839401-7 devstack@placement-api.service[105341]: DEBUG placement.objects.allocation_candidate [req-1b2c6bd5-564a-4453-bd9e-8571d984c342 req-ba1df25e-d41c-4b89-9f81-db3e7e6698a0 service placement] Merging candidates yields 2 allocation requests and 2 provider summaries {{(pid=105341) _merge_candidates /opt/stack/placement/placement/objects/allocation_candidate.py:809}}
Aug 05 17:29:49.390704 n-d-839401-7 devstack@placement-api.service[105341]: INFO placement.requestlog [req-1b2c6bd5-564a-4453-bd9e-8571d984c342 req-ba1df25e-d41c-4b89-9f81-db3e7e6698a0 service placement] 10.222.0.44 "GET /placement/allocation_candidates?limit=1000&resources=DISK_GB%3A1%2CMEMORY_MB%3A1024%2CVCPU%3A1&root_required=%21COMPUTE_STATUS_DISABLED" status: 200 len: 1309 microversion: 1.36
Aug 05 17:29:49.391244 n-d-839401-7 devstack@placement-api.service[105341]: [pid: 105341|app: 0|req: 140/283] 10.222.0.44 () {60 vars in 1506 bytes} [Fri Aug 5 17:29:49 2022] GET /placement/allocation_candidates?limit=1000&resources=DISK_GB%3A1%2CMEMORY_MB%3A1024%2CVCPU%3A1&root_required=%21COMPUTE_STATUS_DISABLED => generated 1309 bytes in 149 msecs (HTTP/1.1 200) 8 headers in 297 bytes (1 switches on core 0)
Aug 05 17:29:49.463146 n-d-839401-7 devstack@placement-api.service[105340]: DEBUG placement.requestlog [req-1b2c6bd5-564a-4453-bd9e-8571d984c342 req-f1b7f985-2666-4e18-9b9d-c8f2a7554fca None None] Starting request: 10.222.0.44 "GET /placement/allocations/d467e6c5-bf4b-41e1-925a-b65fd77e2578" {{(pid=105340) __call__ /opt/stack/placement/placement/requestlog.py:55}}
Aug 05 17:29:49.480282 n-d-839401-7 devstack@placement-api.service[105340]: INFO placement.requestlog [req-1b2c6bd5-564a-4453-bd9e-8571d984c342 req-f1b7f985-2666-4e18-9b9d-c8f2a7554fca service placement] 10.222.0.44 "GET /placement/allocations/d467e6c5-bf4b-41e1-925a-b65fd77e2578" status: 200 len: 19 microversion: 1.28
Aug 05 17:29:49.490201 n-d-839401-7 devstack@placement-api.service[105341]: DEBUG placement.requestlog [req-1b2c6bd5-564a-4453-bd9e-8571d984c342 req-6824d5ad-84a1-4cb0-89e4-ce6940455519 None None] Starting request: 10.222.0.44 "PUT /placement/allocations/d467e6c5-bf4b-41e1-925a-b65fd77e2578" {{(pid=105341) __call__ /opt/stack/placement/placement/requestlog.py:55}}
Aug 05 17:29:49.491227 n-d-839401-7 devstack@placement-api.service[105340]: [pid: 105340|app: 0|req: 144/284] 10.222.0.44 () {60 vars in 1380 bytes} [Fri Aug 5 17:29:49 2022] GET /placement/allocations/d467e6c5-bf4b-41e1-925a-b65fd77e2578 => generated 19 bytes in 27 msecs (HTTP/1.1 200) 8 headers in 295 bytes (1 switches on core 0)
Aug 05 17:29:49.641320 n-d-839401-7 devstack@placement-api.service[105341]: DEBUG placement.handlers.allocation [req-1b2c6bd5-564a-4453-bd9e-8571d984c342 req-6824d5ad-84a1-4cb0-89e4-ce6940455519 service placement] Successfully wrote allocations [, , ] {{(pid=105341) _update_consumers_and_create_allocations /opt/stack/placement/placement/handlers/allocation.py:462}}
Aug 05 17:29:49.650648 n-d-839401-7 devstack@placement-api.service[105341]: INFO placement.requestlog [req-1b2c6bd5-564a-4453-bd9e-8571d984c342 req-6824d5ad-84a1-4cb0-89e4-ce6940455519 service placement] 10.222.0.44 "PUT /placement/allocations/d467e6c5-bf4b-41e1-925a-b65fd77e2578" status: 204 len: 0 microversion: 1.36
Aug 05 17:29:49.651872 n-d-839401-7 devstack@placement-api.service[105341]: [pid: 105341|app: 0|req: 141/285] 10.222.0.44 () {64 vars in 1433 bytes} [Fri Aug 5 17:29:49 2022] PUT /placement/allocations/d467e6c5-bf4b-41e1-925a-b65fd77e2578 => generated 0 bytes in 162 msecs (HTTP/1.1 204) 5 headers in 199 bytes (1 switches on core 0)
Aug 05 17:29:50.318129 n-d-839401-7 devstack@placement-api.service[105340]: DEBUG placement.requestlog [req-1b2c6bd5-564a-4453-bd9e-8571d984c342 req-79853c79-ef7a-4f95-8bdb-fdd025effa86 None None] Starting request: 10.222.0.15 "GET /placement/allocations/d467e6c5-bf4b-41e1-925a-b65fd77e2578" {{(pid=105340) __call__ /opt/stack/placement/placement/requestlog.py:55}}
Aug 05 17:29:50.377959 n-d-839401-7 devstack@placement-api.service[105340]: INFO placement.requestlog [req-1b2c6bd5-564a-4453-bd9e-8571d984c342 req-79853c79-ef7a-4f95-8bdb-fdd025effa86 service placement] 10.222.0.15 "GET /placement/allocations/d467e6c5-bf4b-41e1-925a-b65fd77e2578" status: 200 len: 259 microversion: 1.28
Aug 05 17:29:50.377959 n-d-839401-7 devstack@placement-api.service[105340]: [pid: 105340|app: 0|req: 145/286] 10.222.0.15 () {60 vars in 1377 bytes} [Fri Aug 5 17:29:50 2022] GET /placement/allocations/d467e6c5-bf4b-41e1-925a-b65fd77e2578 => generated 259 bytes in 60 msecs (HTTP/1.1 200) 8 headers in 296 bytes (1 switches on core 0)
Aug 05 17:29:59.641142 n-d-839401-7 devstack@placement-api.service[105341]: DEBUG dbcounter [-] [105341] Writing DB stats placement:SELECT=31,placement:INSERT=6,placement:DELETE=2,placement:UPDATE=2 {{(pid=105341) stat_writer /usr/local/lib/python3.8/dist-packages/dbcounter.py:114}}
Aug 05 17:30:00.364878 n-d-839401-7 devstack@placement-api.service[105340]: DEBUG dbcounter [-] [105340] Writing DB stats placement:SELECT=15,placement:DELETE=2 {{(pid=105340) stat_writer /usr/local/lib/python3.8/dist-packages/dbcounter.py:114}}
Aug 05 17:30:01.870359 n-d-839401-7 devstack@placement-api.service[105341]: DEBUG placement.requestlog [None req-5af8de8e-bdf6-40e5-a45f-cf22556e25af None None] Starting request: 10.222.0.44 "GET /placement/resource_providers/5234f054-0d32-482d-9632-48ba0dea3616/aggregates" {{(pid=105341) __call__ /opt/stack/placement/placement/requestlog.py:55}}
Aug 05 17:30:01.893234 n-d-839401-7 devstack@placement-api.service[105341]: INFO placement.requestlog [None req-5af8de8e-bdf6-40e5-a45f-cf22556e25af service placement] 10.222.0.44 "GET /placement/resource_providers/5234f054-0d32-482d-9632-48ba0dea3616/aggregates" status: 404 len: 235 microversion: 1.1
Aug 05 17:30:01.894561 n-d-839401-7 devstack@placement-api.service[105341]: [pid: 105341|app: 0|req: 142/287] 10.222.0.44 () {58 vars in 1362 bytes} [Fri Aug 5 17:30:01 2022] GET /placement/resource_providers/5234f054-0d32-482d-9632-48ba0dea3616/aggregates => generated 235 bytes in 25 msecs (HTTP/1.1 404) 5 headers in 202 bytes (1 switches on core 0)
Aug 05 17:30:02.042467 n-d-839401-7 devstack@placement-api.service[105340]: DEBUG placement.requestlog [None req-56605f7e-c795-46b9-9594-58441cfbd5da None None] Starting request: 10.222.0.44 "DELETE /placement/resource_providers/5234f054-0d32-482d-9632-48ba0dea3616" {{(pid=105340) __call__ /opt/stack/placement/placement/requestlog.py:55}}
Aug 05 17:30:02.056715 n-d-839401-7 devstack@placement-api.service[105340]: DEBUG placement.wsgi_wrapper [None req-56605f7e-c795-46b9-9594-58441cfbd5da service placement] Placement API returning an error response: No resource provider with uuid 5234f054-0d32-482d-9632-48ba0dea3616 found for delete {{(pid=105340) call_func /opt/stack/placement/placement/wsgi_wrapper.py:31}}
Aug 05 17:30:02.057769 n-d-839401-7 devstack@placement-api.service[105340]: INFO placement.requestlog [None req-56605f7e-c795-46b9-9594-58441cfbd5da service placement] 10.222.0.44 "DELETE /placement/resource_providers/5234f054-0d32-482d-9632-48ba0dea3616" status: 404 len: 246 microversion: 1.1
Aug 05 17:30:02.062810 n-d-839401-7 devstack@placement-api.service[105340]: [pid: 105340|app: 0|req: 146/288] 10.222.0.44 () {60 vars in 1351 bytes} [Fri Aug 5 17:30:02 2022] DELETE /placement/resource_providers/5234f054-0d32-482d-9632-48ba0dea3616 => generated 246 bytes in 20 msecs (HTTP/1.1 404) 6 headers in 231 bytes (1 switches on core 0)
Aug 05 17:30:03.976837 n-d-839401-7 devstack@placement-api.service[105341]: DEBUG placement.requestlog [req-bd684492-94da-418c-9a45-63e03d9bc3e9 req-66897f67-e4cd-4012-930a-f04348f9c058 None None] Starting request: 10.222.0.15 "DELETE /placement/allocations/60c3438e-2f10-4449-b5b0-68839b055d9c" {{(pid=105341) __call__ /opt/stack/placement/placement/requestlog.py:55}}
Aug 05 17:30:04.075837 n-d-839401-7 devstack@placement-api.service[105341]: DEBUG placement.handlers.allocation [req-bd684492-94da-418c-9a45-63e03d9bc3e9 req-66897f67-e4cd-4012-930a-f04348f9c058 service placement] Successfully deleted allocations [, , ] {{(pid=105341) delete_allocations /opt/stack/placement/placement/handlers/allocation.py:627}}
Aug 05 17:30:04.076648 n-d-839401-7 devstack@placement-api.service[105341]: INFO placement.requestlog [req-bd684492-94da-418c-9a45-63e03d9bc3e9 req-66897f67-e4cd-4012-930a-f04348f9c058 service placement] 10.222.0.15 "DELETE /placement/allocations/60c3438e-2f10-4449-b5b0-68839b055d9c" status: 204 len: 0 microversion: 1.0
Aug 05 17:30:04.078624 n-d-839401-7 devstack@placement-api.service[105341]: [pid: 105341|app: 0|req: 143/289] 10.222.0.15 () {60 vars in 1355 bytes} [Fri Aug 5 17:30:03 2022] DELETE /placement/allocations/60c3438e-2f10-4449-b5b0-68839b055d9c => generated 0 bytes in 101 msecs (HTTP/1.1 204) 5 headers in 198 bytes (1 switches on core 0)
Aug 05 17:30:06.136578 n-d-839401-7 devstack@placement-api.service[105340]: DEBUG placement.requestlog [req-ae1f9cde-1a8b-41d7-9ecb-cedaa54ea4cc req-4498a4a7-d15e-42d7-95d8-94cf9e85f62a None None] Starting request: 10.222.0.15 "GET /placement/resource_providers/a7fd4fe0-7b9d-42d7-98b8-081ab8394497/allocations" {{(pid=105340) __call__ /opt/stack/placement/placement/requestlog.py:55}}
Aug 05 17:30:06.196521 n-d-839401-7 devstack@placement-api.service[105340]: INFO placement.requestlog [req-ae1f9cde-1a8b-41d7-9ecb-cedaa54ea4cc req-4498a4a7-d15e-42d7-95d8-94cf9e85f62a service placement] 10.222.0.15 "GET /placement/resource_providers/a7fd4fe0-7b9d-42d7-98b8-081ab8394497/allocations" status: 200 len: 356 microversion: 1.0
Aug 05 17:30:06.197891 n-d-839401-7 devstack@placement-api.service[105340]: [pid: 105340|app: 0|req: 147/290] 10.222.0.15 () {58 vars in 1390 bytes} [Fri Aug 5 17:30:06 2022] GET /placement/resource_providers/a7fd4fe0-7b9d-42d7-98b8-081ab8394497/allocations => generated 356 bytes in 62 msecs (HTTP/1.1 200) 6 headers in 224 bytes (1 switches on core 0)
Aug 05 17:30:06.720576 n-d-839401-7 devstack@placement-api.service[105341]: DEBUG placement.requestlog [req-d764a0c1-db6b-4d50-aaef-29f099c227ab req-8b35444c-32fe-47f3-9f21-8b6aeb522ad6 None None] Starting request: 10.222.0.44 "GET /placement/allocation_candidates?limit=1000&resources=DISK_GB%3A1%2CMEMORY_MB%3A1024%2CVCPU%3A1&root_required=%21COMPUTE_STATUS_DISABLED" {{(pid=105341) __call__ /opt/stack/placement/placement/requestlog.py:55}}
Aug 05 17:30:06.809684 n-d-839401-7 devstack@placement-api.service[105341]: DEBUG placement.objects.research_context [req-d764a0c1-db6b-4d50-aaef-29f099c227ab req-8b35444c-32fe-47f3-9f21-8b6aeb522ad6 service placement] getting providers with 1 DISK_GB {{(pid=105341) __init__ /opt/stack/placement/placement/objects/research_context.py:136}}
Aug 05 17:30:06.816503 n-d-839401-7 devstack@placement-api.service[105341]: DEBUG placement.objects.research_context [req-d764a0c1-db6b-4d50-aaef-29f099c227ab req-8b35444c-32fe-47f3-9f21-8b6aeb522ad6 service placement] getting providers with 1024 MEMORY_MB {{(pid=105341) __init__ /opt/stack/placement/placement/objects/research_context.py:136}}
Aug 05 17:30:06.822581 n-d-839401-7 devstack@placement-api.service[105341]: DEBUG placement.objects.research_context [req-d764a0c1-db6b-4d50-aaef-29f099c227ab req-8b35444c-32fe-47f3-9f21-8b6aeb522ad6 service placement] getting providers with 1 VCPU {{(pid=105341) __init__ /opt/stack/placement/placement/objects/research_context.py:136}}
Aug 05 17:30:06.828522 n-d-839401-7 devstack@placement-api.service[105341]: DEBUG placement.objects.research_context [req-d764a0c1-db6b-4d50-aaef-29f099c227ab req-8b35444c-32fe-47f3-9f21-8b6aeb522ad6 service placement] found 2 providers with available 1 DISK_GB {{(pid=105341) get_provider_ids_matching /opt/stack/placement/placement/objects/research_context.py:563}}
Aug 05 17:30:06.828814 n-d-839401-7 devstack@placement-api.service[105341]: DEBUG placement.objects.research_context [req-d764a0c1-db6b-4d50-aaef-29f099c227ab req-8b35444c-32fe-47f3-9f21-8b6aeb522ad6 service placement] found 2 providers with available 1024 MEMORY_MB {{(pid=105341) get_provider_ids_matching /opt/stack/placement/placement/objects/research_context.py:563}}
Aug 05 17:30:06.831788 n-d-839401-7 devstack@placement-api.service[105341]: DEBUG placement.objects.research_context [req-d764a0c1-db6b-4d50-aaef-29f099c227ab req-8b35444c-32fe-47f3-9f21-8b6aeb522ad6 service placement] found 2 providers after filtering by previous result {{(pid=105341) get_provider_ids_matching /opt/stack/placement/placement/objects/research_context.py:594}}
Aug 05 17:30:06.832253 n-d-839401-7 devstack@placement-api.service[105341]: DEBUG placement.objects.research_context [req-d764a0c1-db6b-4d50-aaef-29f099c227ab req-8b35444c-32fe-47f3-9f21-8b6aeb522ad6 service placement] found 2 providers with available 1 VCPU {{(pid=105341) get_provider_ids_matching /opt/stack/placement/placement/objects/research_context.py:563}}
Aug 05 17:30:06.832788 n-d-839401-7 devstack@placement-api.service[105341]: DEBUG placement.objects.research_context [req-d764a0c1-db6b-4d50-aaef-29f099c227ab req-8b35444c-32fe-47f3-9f21-8b6aeb522ad6 service placement] found 2 providers after filtering by previous result {{(pid=105341) get_provider_ids_matching /opt/stack/placement/placement/objects/research_context.py:594}}
Aug 05 17:30:06.845537 n-d-839401-7 devstack@placement-api.service[105341]: DEBUG placement.objects.allocation_candidate [req-d764a0c1-db6b-4d50-aaef-29f099c227ab req-8b35444c-32fe-47f3-9f21-8b6aeb522ad6 service placement] RequestGroup(use_same_provider=False, resources={DISK_GB:1, MEMORY_MB:1024, VCPU:1}, traits=(), aggregates=[]) (suffix '') returned 2 matches {{(pid=105341) _get_by_requests /opt/stack/placement/placement/objects/allocation_candidate.py:156}}
Aug 05 17:30:06.846181 n-d-839401-7 devstack@placement-api.service[105341]: DEBUG placement.objects.allocation_candidate [req-d764a0c1-db6b-4d50-aaef-29f099c227ab req-8b35444c-32fe-47f3-9f21-8b6aeb522ad6 service placement] Merging candidates yields 2 allocation requests and 2 provider summaries {{(pid=105341) _merge_candidates /opt/stack/placement/placement/objects/allocation_candidate.py:809}}
Aug 05 17:30:06.847992 n-d-839401-7 devstack@placement-api.service[105341]: INFO placement.requestlog [req-d764a0c1-db6b-4d50-aaef-29f099c227ab req-8b35444c-32fe-47f3-9f21-8b6aeb522ad6 service placement] 10.222.0.44 "GET /placement/allocation_candidates?limit=1000&resources=DISK_GB%3A1%2CMEMORY_MB%3A1024%2CVCPU%3A1&root_required=%21COMPUTE_STATUS_DISABLED" status: 200 len: 1309 microversion: 1.36
Aug 05 17:30:06.848826 n-d-839401-7 devstack@placement-api.service[105341]: [pid: 105341|app: 0|req: 144/291] 10.222.0.44 () {60 vars in 1506 bytes} [Fri Aug 5 17:30:06 2022] GET /placement/allocation_candidates?limit=1000&resources=DISK_GB%3A1%2CMEMORY_MB%3A1024%2CVCPU%3A1&root_required=%21COMPUTE_STATUS_DISABLED => generated 1309 bytes in 128 msecs (HTTP/1.1 200) 8 headers in 297 bytes (1 switches on core 0)
Aug 05 17:30:06.980038 n-d-839401-7 devstack@placement-api.service[105340]: DEBUG placement.requestlog [req-d764a0c1-db6b-4d50-aaef-29f099c227ab req-3a7ef908-0bba-4638-8235-65447a382dfa None None] Starting request: 10.222.0.44 "GET /placement/allocations/cba73b18-d6fd-4144-a3f4-1f6658bb96c0" {{(pid=105340) __call__ /opt/stack/placement/placement/requestlog.py:55}}
Aug 05 17:30:07.001870 n-d-839401-7 devstack@placement-api.service[105340]: INFO placement.requestlog [req-d764a0c1-db6b-4d50-aaef-29f099c227ab req-3a7ef908-0bba-4638-8235-65447a382dfa service placement] 10.222.0.44 "GET /placement/allocations/cba73b18-d6fd-4144-a3f4-1f6658bb96c0" status: 200 len: 19 microversion: 1.28
Aug 05 17:30:07.011056 n-d-839401-7 devstack@placement-api.service[105340]: [pid: 105340|app: 0|req: 148/292] 10.222.0.44 () {60 vars in 1380 bytes} [Fri Aug 5 17:30:06 2022] GET /placement/allocations/cba73b18-d6fd-4144-a3f4-1f6658bb96c0 => generated 19 bytes in 30 msecs (HTTP/1.1 200) 8 headers in 295 bytes (1 switches on core 0)
Aug 05 17:30:07.015766 n-d-839401-7 devstack@placement-api.service[105341]: DEBUG placement.requestlog [req-d764a0c1-db6b-4d50-aaef-29f099c227ab req-1a88de29-14d7-47e1-b239-ad7a6214b861 None None] Starting request: 10.222.0.44 "PUT /placement/allocations/cba73b18-d6fd-4144-a3f4-1f6658bb96c0" {{(pid=105341) __call__ /opt/stack/placement/placement/requestlog.py:55}}
Aug 05 17:30:07.330006 n-d-839401-7 devstack@placement-api.service[105341]: DEBUG placement.handlers.allocation [req-d764a0c1-db6b-4d50-aaef-29f099c227ab req-1a88de29-14d7-47e1-b239-ad7a6214b861 service placement] Successfully wrote allocations [, , ] {{(pid=105341) _update_consumers_and_create_allocations /opt/stack/placement/placement/handlers/allocation.py:462}}
Aug 05 17:30:07.340155 n-d-839401-7 devstack@placement-api.service[105341]: INFO placement.requestlog [req-d764a0c1-db6b-4d50-aaef-29f099c227ab req-1a88de29-14d7-47e1-b239-ad7a6214b861 service placement] 10.222.0.44 "PUT /placement/allocations/cba73b18-d6fd-4144-a3f4-1f6658bb96c0" status: 204 len: 0 microversion: 1.36
Aug 05 17:30:07.340937 n-d-839401-7 devstack@placement-api.service[105341]: [pid: 105341|app: 0|req: 145/293] 10.222.0.44 () {64 vars in 1433 bytes} [Fri Aug 5 17:30:07 2022] PUT /placement/allocations/cba73b18-d6fd-4144-a3f4-1f6658bb96c0 => generated 0 bytes in 327 msecs (HTTP/1.1 204) 5 headers in 199 bytes (1 switches on core 0)
Aug 05 17:30:08.219405 n-d-839401-7 devstack@placement-api.service[105340]: DEBUG placement.requestlog [req-d764a0c1-db6b-4d50-aaef-29f099c227ab req-35fc963e-2093-4708-9610-5334be4f3c5a None None] Starting request: 10.222.0.15 "GET /placement/allocations/cba73b18-d6fd-4144-a3f4-1f6658bb96c0" {{(pid=105340) __call__ /opt/stack/placement/placement/requestlog.py:55}}
Aug 05 17:30:08.251803 n-d-839401-7 devstack@placement-api.service[105340]: INFO placement.requestlog [req-d764a0c1-db6b-4d50-aaef-29f099c227ab req-35fc963e-2093-4708-9610-5334be4f3c5a service placement] 10.222.0.15 "GET /placement/allocations/cba73b18-d6fd-4144-a3f4-1f6658bb96c0" status: 200 len: 259 microversion: 1.28
Aug 05 17:30:08.252196 n-d-839401-7 devstack@placement-api.service[105340]: [pid: 105340|app: 0|req: 149/294] 10.222.0.15 () {60 vars in 1377 bytes} [Fri Aug 5 17:30:08 2022] GET /placement/allocations/cba73b18-d6fd-4144-a3f4-1f6658bb96c0 => generated 259 bytes in 33 msecs (HTTP/1.1 200) 8 headers in 296 bytes (1 switches on core 0)
Aug 05 17:30:09.254829 n-d-839401-7 devstack@placement-api.service[105341]: DEBUG placement.requestlog [None req-ae840b02-067c-498e-940e-ad8d01a7c17a None None] Starting request: 10.222.0.44 "GET /placement/" {{(pid=105341) __call__ /opt/stack/placement/placement/requestlog.py:55}}
Aug 05 17:30:09.256964 n-d-839401-7 devstack@placement-api.service[105341]: INFO placement.requestlog [None req-ae840b02-067c-498e-940e-ad8d01a7c17a None None] 10.222.0.44 "GET /placement/" status: 200 len: 136 microversion: 1.0
Aug 05 17:30:09.258943 n-d-839401-7 devstack@placement-api.service[105341]: [pid: 105341|app: 0|req: 146/295] 10.222.0.44 () {54 vars in 907 bytes} [Fri Aug 5 17:30:09 2022] GET /placement => generated 136 bytes in 5 msecs (HTTP/1.1 200) 6 headers in 224 bytes (1 switches on core 0)
Aug 05 17:30:09.270814 n-d-839401-7 devstack@placement-api.service[105340]: DEBUG placement.requestlog [req-e5787da2-ab04-41ff-b89b-f49d83c9f8fe req-12ae4092-ee4c-4d7a-a905-4f7f64e22835 None None] Starting request: 10.222.0.44 "GET /placement/resource_providers/a7fd4fe0-7b9d-42d7-98b8-081ab8394497/traits" {{(pid=105340) __call__ /opt/stack/placement/placement/requestlog.py:55}}
Aug 05 17:30:09.448857 n-d-839401-7 devstack@placement-api.service[105340]: INFO placement.requestlog [req-e5787da2-ab04-41ff-b89b-f49d83c9f8fe req-12ae4092-ee4c-4d7a-a905-4f7f64e22835 service placement] 10.222.0.44 "GET /placement/resource_providers/a7fd4fe0-7b9d-42d7-98b8-081ab8394497/traits" status: 200 len: 212 microversion: 1.6
Aug 05 17:30:09.458473 n-d-839401-7 devstack@placement-api.service[105340]: [pid: 105340|app: 0|req: 150/296] 10.222.0.44 () {60 vars in 1412 bytes} [Fri Aug 5 17:30:09 2022] GET /placement/resource_providers/a7fd4fe0-7b9d-42d7-98b8-081ab8394497/traits => generated 212 bytes in 186 msecs (HTTP/1.1 200) 6 headers in 224 bytes (1 switches on core 0)
Aug 05 17:30:10.150060 n-d-839401-7 devstack@placement-api.service[105341]: DEBUG placement.requestlog [None req-d6723ab5-e47d-413b-b111-8724be76a9be None None] Starting request: 10.222.0.44 "GET /placement/" {{(pid=105341) __call__ /opt/stack/placement/placement/requestlog.py:55}}
Aug 05 17:30:10.151313 n-d-839401-7 devstack@placement-api.service[105341]: INFO placement.requestlog [None req-d6723ab5-e47d-413b-b111-8724be76a9be None None] 10.222.0.44 "GET /placement/" status: 200 len: 136 microversion: 1.0
Aug 05 17:30:10.152055 n-d-839401-7 devstack@placement-api.service[105341]: [pid: 105341|app: 0|req: 147/297] 10.222.0.44 () {54 vars in 916 bytes} [Fri Aug 5 17:30:10 2022] GET /placement => generated 136 bytes in 2 msecs (HTTP/1.1 200) 6 headers in 224 bytes (1 switches on core 0)
Aug 05 17:30:10.166089 n-d-839401-7 devstack@placement-api.service[105340]: DEBUG placement.requestlog [req-e5787da2-ab04-41ff-b89b-f49d83c9f8fe req-7ba1ce29-f1d0-43ca-9819-51f8dc32dbb4 None None] Starting request: 10.222.0.44 "GET /placement/allocations/d467e6c5-bf4b-41e1-925a-b65fd77e2578" {{(pid=105340) __call__ /opt/stack/placement/placement/requestlog.py:55}}
Aug 05 17:30:10.341362 n-d-839401-7 devstack@placement-api.service[105340]: INFO placement.requestlog [req-e5787da2-ab04-41ff-b89b-f49d83c9f8fe req-7ba1ce29-f1d0-43ca-9819-51f8dc32dbb4 service placement] 10.222.0.44 "GET /placement/allocations/d467e6c5-bf4b-41e1-925a-b65fd77e2578" status: 200 len: 259 microversion: 1.28
Aug 05 17:30:10.348185 n-d-839401-7 devstack@placement-api.service[105341]: DEBUG placement.requestlog [req-e5787da2-ab04-41ff-b89b-f49d83c9f8fe req-be5541c4-ab8d-4eb6-8697-609b59f5b160 None None] Starting request: 10.222.0.44 "GET /placement/allocations/d467e6c5-bf4b-41e1-925a-b65fd77e2578" {{(pid=105341) __call__ /opt/stack/placement/placement/requestlog.py:55}}
Aug 05 17:30:10.364257 n-d-839401-7 devstack@placement-api.service[105340]: [pid: 105340|app: 0|req: 151/298] 10.222.0.44 () {60 vars in 1380 bytes} [Fri Aug 5 17:30:10 2022] GET /placement/allocations/d467e6c5-bf4b-41e1-925a-b65fd77e2578 => generated 259 bytes in 198 msecs (HTTP/1.1 200) 8 headers in 296 bytes (1 switches on core 0)
Aug 05 17:30:10.390533 n-d-839401-7 devstack@placement-api.service[105341]: INFO placement.requestlog [req-e5787da2-ab04-41ff-b89b-f49d83c9f8fe req-be5541c4-ab8d-4eb6-8697-609b59f5b160 service placement] 10.222.0.44 "GET /placement/allocations/d467e6c5-bf4b-41e1-925a-b65fd77e2578" status: 200 len: 259 microversion: 1.28
Aug 05 17:30:10.402978 n-d-839401-7 devstack@placement-api.service[105340]: DEBUG placement.requestlog [req-e5787da2-ab04-41ff-b89b-f49d83c9f8fe req-c17f99fc-380a-4200-af93-b9f00b8de171 None None] Starting request: 10.222.0.44 "GET /placement/allocations/8c5066c0-83e6-411a-a9e9-4496e0157a70" {{(pid=105340) __call__ /opt/stack/placement/placement/requestlog.py:55}}
Aug 05 17:30:10.410998 n-d-839401-7 devstack@placement-api.service[105341]: [pid: 105341|app: 0|req: 148/299] 10.222.0.44 () {60 vars in 1380 bytes} [Fri Aug 5 17:30:10 2022] GET /placement/allocations/d467e6c5-bf4b-41e1-925a-b65fd77e2578 => generated 259 bytes in 63 msecs (HTTP/1.1 200) 8 headers in 296 bytes (2 switches on core 0)
Aug 05 17:30:10.422052 n-d-839401-7 devstack@placement-api.service[105340]: INFO placement.requestlog [req-e5787da2-ab04-41ff-b89b-f49d83c9f8fe req-c17f99fc-380a-4200-af93-b9f00b8de171 service placement] 10.222.0.44 "GET /placement/allocations/8c5066c0-83e6-411a-a9e9-4496e0157a70" status: 200 len: 19 microversion: 1.28
Aug 05 17:30:10.422652 n-d-839401-7 devstack@placement-api.service[105340]: [pid: 105340|app: 0|req: 152/300] 10.222.0.44 () {60 vars in 1380 bytes} [Fri Aug 5 17:30:10 2022] GET /placement/allocations/8c5066c0-83e6-411a-a9e9-4496e0157a70 => generated 19 bytes in 20 msecs (HTTP/1.1 200) 8 headers in 295 bytes (1 switches on core 0)
Aug 05 17:30:10.429487 n-d-839401-7 devstack@placement-api.service[105341]: DEBUG placement.requestlog [req-e5787da2-ab04-41ff-b89b-f49d83c9f8fe req-003eff6e-c255-435d-a85e-bb6cf5c787a8 None None] Starting request: 10.222.0.44 "POST /placement/allocations" {{(pid=105341) __call__ /opt/stack/placement/placement/requestlog.py:55}}
Aug 05 17:30:10.604415 n-d-839401-7 devstack@placement-api.service[105341]: DEBUG placement.handlers.allocation [req-e5787da2-ab04-41ff-b89b-f49d83c9f8fe req-003eff6e-c255-435d-a85e-bb6cf5c787a8 service placement] Successfully wrote allocations [, , , , , ] {{(pid=105341) _update_consumers_and_create_allocations /opt/stack/placement/placement/handlers/allocation.py:572}}
Aug 05 17:30:10.622309 n-d-839401-7 devstack@placement-api.service[105341]: INFO placement.requestlog [req-e5787da2-ab04-41ff-b89b-f49d83c9f8fe req-003eff6e-c255-435d-a85e-bb6cf5c787a8 service placement] 10.222.0.44 "POST /placement/allocations" status: 204 len: 0 microversion: 1.28
Aug 05 17:30:10.622984 n-d-839401-7 devstack@placement-api.service[105341]: [pid: 105341|app: 0|req: 149/301] 10.222.0.44 () {64 vars in 1323 bytes} [Fri Aug 5 17:30:10 2022] POST /placement/allocations => generated 0 bytes in 194 msecs (HTTP/1.1 204) 5 headers in 199 bytes (2 switches on core 0)
Aug 05 17:30:11.330403 n-d-839401-7 devstack@placement-api.service[105340]: DEBUG placement.requestlog [req-e5787da2-ab04-41ff-b89b-f49d83c9f8fe req-44583907-7c6b-4854-99de-067f65d00a8e None None] Starting request: 10.222.0.44 "GET /placement/allocation_candidates?limit=1000&resources=DISK_GB%3A1%2CMEMORY_MB%3A1024%2CVCPU%3A1&root_required=%21COMPUTE_STATUS_DISABLED" {{(pid=105340) __call__ /opt/stack/placement/placement/requestlog.py:55}}
Aug 05 17:30:11.400619 n-d-839401-7 devstack@placement-api.service[105340]: DEBUG placement.objects.research_context [req-e5787da2-ab04-41ff-b89b-f49d83c9f8fe req-44583907-7c6b-4854-99de-067f65d00a8e service placement] getting providers with 1 DISK_GB {{(pid=105340) __init__ /opt/stack/placement/placement/objects/research_context.py:136}}
Aug 05 17:30:11.406487 n-d-839401-7 devstack@placement-api.service[105340]: DEBUG placement.objects.research_context [req-e5787da2-ab04-41ff-b89b-f49d83c9f8fe req-44583907-7c6b-4854-99de-067f65d00a8e service placement] getting providers with 1024 MEMORY_MB {{(pid=105340) __init__ /opt/stack/placement/placement/objects/research_context.py:136}}
Aug 05 17:30:11.412761 n-d-839401-7 devstack@placement-api.service[105340]: DEBUG placement.objects.research_context [req-e5787da2-ab04-41ff-b89b-f49d83c9f8fe req-44583907-7c6b-4854-99de-067f65d00a8e service placement] getting providers with 1 VCPU {{(pid=105340) __init__ /opt/stack/placement/placement/objects/research_context.py:136}}
Aug 05 17:30:11.419367 n-d-839401-7 devstack@placement-api.service[105340]: DEBUG placement.objects.research_context [req-e5787da2-ab04-41ff-b89b-f49d83c9f8fe req-44583907-7c6b-4854-99de-067f65d00a8e service placement] found 2 providers with available 1 DISK_GB {{(pid=105340) get_provider_ids_matching /opt/stack/placement/placement/objects/research_context.py:563}}
Aug 05 17:30:11.419963 n-d-839401-7 devstack@placement-api.service[105340]: DEBUG placement.objects.research_context [req-e5787da2-ab04-41ff-b89b-f49d83c9f8fe req-44583907-7c6b-4854-99de-067f65d00a8e service placement] found 2 providers with available 1024 MEMORY_MB {{(pid=105340) get_provider_ids_matching /opt/stack/placement/placement/objects/research_context.py:563}}
Aug 05 17:30:11.420628 n-d-839401-7 devstack@placement-api.service[105340]: DEBUG placement.objects.research_context [req-e5787da2-ab04-41ff-b89b-f49d83c9f8fe req-44583907-7c6b-4854-99de-067f65d00a8e service placement] found 2 providers after filtering by previous result {{(pid=105340) get_provider_ids_matching /opt/stack/placement/placement/objects/research_context.py:594}}
Aug 05 17:30:11.421105 n-d-839401-7 devstack@placement-api.service[105340]: DEBUG placement.objects.research_context [req-e5787da2-ab04-41ff-b89b-f49d83c9f8fe req-44583907-7c6b-4854-99de-067f65d00a8e service placement] found 2 providers with available 1 VCPU {{(pid=105340) get_provider_ids_matching /opt/stack/placement/placement/objects/research_context.py:563}}
Aug 05 17:30:11.421579 n-d-839401-7 devstack@placement-api.service[105340]: DEBUG placement.objects.research_context [req-e5787da2-ab04-41ff-b89b-f49d83c9f8fe req-44583907-7c6b-4854-99de-067f65d00a8e service placement] found 2 providers after filtering by previous result {{(pid=105340) get_provider_ids_matching /opt/stack/placement/placement/objects/research_context.py:594}}
Aug 05 17:30:11.434471 n-d-839401-7 devstack@placement-api.service[105340]: DEBUG placement.objects.allocation_candidate [req-e5787da2-ab04-41ff-b89b-f49d83c9f8fe req-44583907-7c6b-4854-99de-067f65d00a8e service placement] RequestGroup(use_same_provider=False, resources={DISK_GB:1, MEMORY_MB:1024, VCPU:1}, traits=(), aggregates=[]) (suffix '') returned 2 matches {{(pid=105340) _get_by_requests /opt/stack/placement/placement/objects/allocation_candidate.py:156}}
Aug 05 17:30:11.435155 n-d-839401-7 devstack@placement-api.service[105340]: DEBUG placement.objects.allocation_candidate [req-e5787da2-ab04-41ff-b89b-f49d83c9f8fe req-44583907-7c6b-4854-99de-067f65d00a8e service placement] Merging candidates yields 2 allocation requests and 2 provider summaries {{(pid=105340) _merge_candidates /opt/stack/placement/placement/objects/allocation_candidate.py:809}}
Aug 05 17:30:11.436974 n-d-839401-7 devstack@placement-api.service[105340]: INFO placement.requestlog [req-e5787da2-ab04-41ff-b89b-f49d83c9f8fe req-44583907-7c6b-4854-99de-067f65d00a8e service placement] 10.222.0.44 "GET /placement/allocation_candidates?limit=1000&resources=DISK_GB%3A1%2CMEMORY_MB%3A1024%2CVCPU%3A1&root_required=%21COMPUTE_STATUS_DISABLED" status: 200 len: 1309 microversion: 1.36
Aug 05 17:30:11.437909 n-d-839401-7 devstack@placement-api.service[105340]: [pid: 105340|app: 0|req: 153/302] 10.222.0.44 () {60 vars in 1506 bytes} [Fri Aug 5 17:30:11 2022] GET /placement/allocation_candidates?limit=1000&resources=DISK_GB%3A1%2CMEMORY_MB%3A1024%2CVCPU%3A1&root_required=%21COMPUTE_STATUS_DISABLED => generated 1309 bytes in 108 msecs (HTTP/1.1 200) 8 headers in 297 bytes (1 switches on core 0)
Aug 05 17:30:11.581838 n-d-839401-7 devstack@placement-api.service[105341]: DEBUG placement.requestlog [req-e5787da2-ab04-41ff-b89b-f49d83c9f8fe req-a3a64de2-e51b-4b87-97a9-3f4fadc0b494 None None] Starting request: 10.222.0.44 "GET /placement/allocations/d467e6c5-bf4b-41e1-925a-b65fd77e2578" {{(pid=105341) __call__ /opt/stack/placement/placement/requestlog.py:55}}
Aug 05 17:30:11.600525 n-d-839401-7 devstack@placement-api.service[105341]: INFO placement.requestlog [req-e5787da2-ab04-41ff-b89b-f49d83c9f8fe req-a3a64de2-e51b-4b87-97a9-3f4fadc0b494 service placement] 10.222.0.44 "GET /placement/allocations/d467e6c5-bf4b-41e1-925a-b65fd77e2578" status: 200 len: 19 microversion: 1.28
Aug 05 17:30:11.602839 n-d-839401-7 devstack@placement-api.service[105341]: [pid: 105341|app: 0|req: 150/303] 10.222.0.44 () {60 vars in 1380 bytes} [Fri Aug 5 17:30:11 2022] GET /placement/allocations/d467e6c5-bf4b-41e1-925a-b65fd77e2578 => generated 19 bytes in 21 msecs (HTTP/1.1 200) 8 headers in 295 bytes (1 switches on core 0)
Aug 05 17:30:11.628040 n-d-839401-7 devstack@placement-api.service[105340]: DEBUG placement.requestlog [req-e5787da2-ab04-41ff-b89b-f49d83c9f8fe req-3d50cfb5-0c20-4082-9911-99f3327aece5 None None] Starting request: 10.222.0.44 "PUT /placement/allocations/d467e6c5-bf4b-41e1-925a-b65fd77e2578" {{(pid=105340) __call__ /opt/stack/placement/placement/requestlog.py:55}}
Aug 05 17:30:11.795795 n-d-839401-7 devstack@placement-api.service[105340]: DEBUG placement.handlers.allocation [req-e5787da2-ab04-41ff-b89b-f49d83c9f8fe req-3d50cfb5-0c20-4082-9911-99f3327aece5 service placement] Successfully wrote allocations [, , ] {{(pid=105340) _update_consumers_and_create_allocations /opt/stack/placement/placement/handlers/allocation.py:462}}
Aug 05 17:30:11.823662 n-d-839401-7 devstack@placement-api.service[105340]: INFO placement.requestlog [req-e5787da2-ab04-41ff-b89b-f49d83c9f8fe req-3d50cfb5-0c20-4082-9911-99f3327aece5 service placement] 10.222.0.44 "PUT /placement/allocations/d467e6c5-bf4b-41e1-925a-b65fd77e2578" status: 204 len: 0 microversion: 1.36
Aug 05 17:30:11.825220 n-d-839401-7 devstack@placement-api.service[105340]: [pid: 105340|app: 0|req: 154/304] 10.222.0.44 () {64 vars in 1433 bytes} [Fri Aug 5 17:30:11 2022] PUT /placement/allocations/d467e6c5-bf4b-41e1-925a-b65fd77e2578 => generated 0 bytes in 197 msecs (HTTP/1.1 204) 5 headers in 199 bytes (1 switches on core 0)
Aug 05 17:30:12.356612 n-d-839401-7 devstack@placement-api.service[105341]: DEBUG placement.requestlog [req-e5787da2-ab04-41ff-b89b-f49d83c9f8fe req-6fe62ebc-e52e-441f-8eb1-f1b6c08b2a9d None None] Starting request: 10.222.0.18 "GET /placement/allocations/d467e6c5-bf4b-41e1-925a-b65fd77e2578" {{(pid=105341) __call__ /opt/stack/placement/placement/requestlog.py:55}}
Aug 05 17:30:12.386234 n-d-839401-7 devstack@placement-api.service[105341]: INFO placement.requestlog [req-e5787da2-ab04-41ff-b89b-f49d83c9f8fe req-6fe62ebc-e52e-441f-8eb1-f1b6c08b2a9d service placement] 10.222.0.18 "GET /placement/allocations/d467e6c5-bf4b-41e1-925a-b65fd77e2578" status: 200 len: 259 microversion: 1.28
Aug 05 17:30:12.387131 n-d-839401-7 devstack@placement-api.service[105341]: [pid: 105341|app: 0|req: 151/305] 10.222.0.18 () {60 vars in 1377 bytes} [Fri Aug 5 17:30:12 2022] GET /placement/allocations/d467e6c5-bf4b-41e1-925a-b65fd77e2578 => generated 259 bytes in 31 msecs (HTTP/1.1 200) 8 headers in 296 bytes (1 switches on core 0)
