Jun 16 15:32:30.937300 n-d-839401-3 devstack@keystone.service[92271]: DEBUG keystone.server.flask.request_processing.middleware.auth_context [None req-6107763d-f778-4c90-a657-e658a237a2a7 admin admin] RBAC: auth_context: {'token': , 'domain_id': None, 'trust_id': None, 'trustor_id': None, 'trustee_id': None, 'domain_name': None, 'group_ids': [], 'user_id': '68027617b3d04e7aa801ebb32e8e7e03', 'user_domain_id': 'default', 'system_scope': None, 'project_id': '8b918ad0391740bda2ea14eefd23d45a', 'project_domain_id': 'default', 'roles': ['admin', 'reader', 'member'], 'is_admin_project': True, 'service_user_id': None, 'service_user_domain_id': None, 'service_project_id': None, 'service_project_domain_id': None, 'service_roles': []} {{(pid=92271) fill_context /opt/stack/keystone/keystone/server/flask/request_processing/middleware/auth_context.py:478}}
Jun 16 15:32:30.938029 n-d-839401-3 devstack@keystone.service[92271]: DEBUG keystone.server.flask.request_processing.req_logging [None req-6107763d-f778-4c90-a657-e658a237a2a7 admin admin] REQUEST_METHOD: `GET` {{(pid=92271) log_request_info /opt/stack/keystone/keystone/server/flask/request_processing/req_logging.py:27}}
Jun 16 15:32:30.938315 n-d-839401-3 devstack@keystone.service[92271]: DEBUG keystone.server.flask.request_processing.req_logging [None req-6107763d-f778-4c90-a657-e658a237a2a7 admin admin] SCRIPT_NAME: `/identity` {{(pid=92271) log_request_info /opt/stack/keystone/keystone/server/flask/request_processing/req_logging.py:28}}
Jun 16 15:32:30.938598 n-d-839401-3 devstack@keystone.service[92271]: DEBUG keystone.server.flask.request_processing.req_logging [None req-6107763d-f778-4c90-a657-e658a237a2a7 admin admin] PATH_INFO: `/v3/auth/tokens` {{(pid=92271) log_request_info /opt/stack/keystone/keystone/server/flask/request_processing/req_logging.py:29}}
Jun 16 15:32:30.947923 n-d-839401-3 devstack@keystone.service[92271]: DEBUG keystone.common.rbac_enforcer.enforcer [None req-6107763d-f778-4c90-a657-e658a237a2a7 admin admin] RBAC: Authorizing `identity:validate_token()` {{(pid=92271) enforce_call /opt/stack/keystone/keystone/common/rbac_enforcer/enforcer.py:449}}
Jun 16 15:32:31.000456 n-d-839401-3 devstack@keystone.service[92271]: WARNING keystone.common.rbac_enforcer.enforcer [None req-6107763d-f778-4c90-a657-e658a237a2a7 admin admin] Deprecated policy rules found. Use oslopolicy-policy-generator and oslopolicy-policy-upgrade to detect and resolve deprecated policies in your configuration.
Jun 16 15:32:31.000985 n-d-839401-3 devstack@keystone.service[92271]: DEBUG keystone.common.rbac_enforcer.enforcer [None req-6107763d-f778-4c90-a657-e658a237a2a7 admin admin] RBAC: Authorization granted {{(pid=92271) enforce_call /opt/stack/keystone/keystone/common/rbac_enforcer/enforcer.py:457}}
Jun 16 15:32:31.014751 n-d-839401-3 devstack@keystone.service[92271]: [pid: 92271|app: 0|req: 3/4] 10.222.0.82 () {58 vars in 1324 bytes} [Thu Jun 16 15:32:30 2022] GET /identity/v3/auth/tokens => generated 914 bytes in 306 msecs (HTTP/1.1 200) 6 headers in 379 bytes (2 switches on core 0)
Jun 16 15:32:31.022666 n-d-839401-3 devstack@keystone.service[92270]: DEBUG keystone.server.flask.request_processing.middleware.auth_context [None req-89a28c8d-d02e-407c-a23d-c8398bd07753 None None] Authenticating user token {{(pid=92270) process_request /usr/local/lib/python3.8/dist-packages/keystonemiddleware/auth_token/__init__.py:407}}
Jun 16 15:32:31.045767 n-d-839401-3 devstack@keystone.service[92270]: DEBUG keystone.server.flask.request_processing.middleware.auth_context [None req-89a28c8d-d02e-407c-a23d-c8398bd07753 None None] Validating token access rules against request {{(pid=92270) validate_allowed_request /usr/local/lib/python3.8/dist-packages/keystonemiddleware/auth_token/__init__.py:545}}
Jun 16 15:32:31.051443 n-d-839401-3 devstack@keystone.service[92270]: DEBUG keystone.server.flask.request_processing.middleware.auth_context [None req-7c70a297-7adf-4f58-8b83-51bb61454cda admin admin] RBAC: auth_context: {'token': , 'domain_id': None, 'trust_id': None, 'trustor_id': None, 'trustee_id': None, 'domain_name': None, 'group_ids': [], 'user_id': '68027617b3d04e7aa801ebb32e8e7e03', 'user_domain_id': 'default', 'system_scope': None, 'project_id': '8b918ad0391740bda2ea14eefd23d45a', 'project_domain_id': 'default', 'roles': ['admin', 'reader', 'member'], 'is_admin_project': True, 'service_user_id': None, 'service_user_domain_id': None, 'service_project_id': None, 'service_project_domain_id': None, 'service_roles': []} {{(pid=92270) fill_context /opt/stack/keystone/keystone/server/flask/request_processing/middleware/auth_context.py:478}}
Jun 16 15:32:31.052635 n-d-839401-3 devstack@keystone.service[92270]: DEBUG keystone.server.flask.request_processing.req_logging [None req-7c70a297-7adf-4f58-8b83-51bb61454cda admin admin] REQUEST_METHOD: `GET` {{(pid=92270) log_request_info /opt/stack/keystone/keystone/server/flask/request_processing/req_logging.py:27}}
Jun 16 15:32:31.052917 n-d-839401-3 devstack@keystone.service[92270]: DEBUG keystone.server.flask.request_processing.req_logging [None req-7c70a297-7adf-4f58-8b83-51bb61454cda admin admin] SCRIPT_NAME: `/identity` {{(pid=92270) log_request_info /opt/stack/keystone/keystone/server/flask/request_processing/req_logging.py:28}}
Jun 16 15:32:31.053297 n-d-839401-3 devstack@keystone.service[92270]: DEBUG keystone.server.flask.request_processing.req_logging [None req-7c70a297-7adf-4f58-8b83-51bb61454cda admin admin] PATH_INFO: `/v3/projects/8b918ad0391740bda2ea14eefd23d45a` {{(pid=92270) log_request_info /opt/stack/keystone/keystone/server/flask/request_processing/req_logging.py:29}}
Jun 16 15:32:31.054998 n-d-839401-3 devstack@keystone.service[92270]: DEBUG keystone.common.rbac_enforcer.enforcer [None req-7c70a297-7adf-4f58-8b83-51bb61454cda admin admin] RBAC: Authorizing `identity:get_project(project_id=8b918ad0391740bda2ea14eefd23d45a)` {{(pid=92270) enforce_call /opt/stack/keystone/keystone/common/rbac_enforcer/enforcer.py:449}}
Jun 16 15:32:31.107142 n-d-839401-3 devstack@keystone.service[92270]: WARNING keystone.common.rbac_enforcer.enforcer [None req-7c70a297-7adf-4f58-8b83-51bb61454cda admin admin] Deprecated policy rules found. Use oslopolicy-policy-generator and oslopolicy-policy-upgrade to detect and resolve deprecated policies in your configuration.
Jun 16 15:32:31.107826 n-d-839401-3 devstack@keystone.service[92270]: DEBUG keystone.common.rbac_enforcer.enforcer [None req-7c70a297-7adf-4f58-8b83-51bb61454cda admin admin] RBAC: Authorization granted {{(pid=92270) enforce_call /opt/stack/keystone/keystone/common/rbac_enforcer/enforcer.py:457}}
Jun 16 15:32:31.112363 n-d-839401-3 devstack@keystone.service[92270]: [pid: 92270|app: 0|req: 2/5] 10.222.0.82 () {56 vars in 1207 bytes} [Thu Jun 16 15:32:31 2022] GET /identity/v3/projects/8b918ad0391740bda2ea14eefd23d45a => generated 344 bytes in 92 msecs (HTTP/1.1 200) 5 headers in 177 bytes (1 switches on core 0)
Jun 16 15:32:33.241535 n-d-839401-3 devstack@keystone.service[92271]: DEBUG keystone.server.flask.request_processing.req_logging [None req-5318eafd-7627-4df2-b302-423eadc6725b None None] REQUEST_METHOD: `GET` {{(pid=92271) log_request_info /opt/stack/keystone/keystone/server/flask/request_processing/req_logging.py:27}}
Jun 16 15:32:33.242161 n-d-839401-3 devstack@keystone.service[92271]: DEBUG keystone.server.flask.request_processing.req_logging [None req-5318eafd-7627-4df2-b302-423eadc6725b None None] SCRIPT_NAME: `/identity` {{(pid=92271) log_request_info /opt/stack/keystone/keystone/server/flask/request_processing/req_logging.py:28}}
Jun 16 15:32:33.242161 n-d-839401-3 devstack@keystone.service[92271]: DEBUG keystone.server.flask.request_processing.req_logging [None req-5318eafd-7627-4df2-b302-423eadc6725b None None] PATH_INFO: `/` {{(pid=92271) log_request_info /opt/stack/keystone/keystone/server/flask/request_processing/req_logging.py:29}}
Jun 16 15:32:33.246412 n-d-839401-3 devstack@keystone.service[92271]: [pid: 92271|app: 0|req: 4/6] 10.222.0.82 () {54 vars in 926 bytes} [Thu Jun 16 15:32:33 2022] GET /identity => generated 270 bytes in 6 msecs (HTTP/1.1 300) 6 headers in 234 bytes (1 switches on core 0)
Jun 16 15:32:33.255912 n-d-839401-3 devstack@keystone.service[92270]: DEBUG keystone.server.flask.request_processing.req_logging [None req-b34c0c86-0842-4702-b9e3-2b7f2fcc637a None None] REQUEST_METHOD: `POST` {{(pid=92270) log_request_info /opt/stack/keystone/keystone/server/flask/request_processing/req_logging.py:27}}
Jun 16 15:32:33.256685 n-d-839401-3 devstack@keystone.service[92270]: DEBUG keystone.server.flask.request_processing.req_logging [None req-b34c0c86-0842-4702-b9e3-2b7f2fcc637a None None] SCRIPT_NAME: `/identity` {{(pid=92270) log_request_info /opt/stack/keystone/keystone/server/flask/request_processing/req_logging.py:28}}
Jun 16 15:32:33.256759 n-d-839401-3 devstack@keystone.service[92270]: DEBUG keystone.server.flask.request_processing.req_logging [None req-b34c0c86-0842-4702-b9e3-2b7f2fcc637a None None] PATH_INFO: `/v3/auth/tokens` {{(pid=92270) log_request_info /opt/stack/keystone/keystone/server/flask/request_processing/req_logging.py:29}}
Jun 16 15:32:33.278671 n-d-839401-3 devstack@keystone.service[92270]: DEBUG keystone.auth.core [None req-b34c0c86-0842-4702-b9e3-2b7f2fcc637a None None] MFA Rules not processed for user `68027617b3d04e7aa801ebb32e8e7e03`. Rule list: `[]` (Enabled: `True`). {{(pid=92270) check_auth_methods_against_rules /opt/stack/keystone/keystone/auth/core.py:438}}
Jun 16 15:32:33.280232 n-d-839401-3 devstack@keystone.service[92270]: DEBUG keystone.common.fernet_utils [None req-b34c0c86-0842-4702-b9e3-2b7f2fcc637a None None] Loaded 2 Fernet keys from /etc/keystone/fernet-keys/, but `[fernet_tokens] max_active_keys = 3`; perhaps there have not been enough key rotations to reach `max_active_keys` yet? {{(pid=92270) load_keys /opt/stack/keystone/keystone/common/fernet_utils.py:286}}
Jun 16 15:32:33.290125 n-d-839401-3 devstack@keystone.service[92270]: [pid: 92270|app: 0|req: 3/7] 10.222.0.82 () {58 vars in 1023 bytes} [Thu Jun 16 15:32:33 2022] POST /identity/v3/auth/tokens => generated 914 bytes in 36 msecs (HTTP/1.1 201) 6 headers in 384 bytes (1 switches on core 0)
Jun 16 15:32:33.313053 n-d-839401-3 devstack@keystone.service[92271]: DEBUG keystone.server.flask.request_processing.middleware.auth_context [None req-5318eafd-7627-4df2-b302-423eadc6725b None None] Authenticating user token {{(pid=92271) process_request /usr/local/lib/python3.8/dist-packages/keystonemiddleware/auth_token/__init__.py:407}}
Jun 16 15:32:33.327448 n-d-839401-3 devstack@keystone.service[92271]: DEBUG keystone.server.flask.request_processing.middleware.auth_context [None req-5318eafd-7627-4df2-b302-423eadc6725b None None] Validating token access rules against request {{(pid=92271) validate_allowed_request /usr/local/lib/python3.8/dist-packages/keystonemiddleware/auth_token/__init__.py:545}}
Jun 16 15:32:33.331885 n-d-839401-3 devstack@keystone.service[92271]: DEBUG keystone.server.flask.request_processing.middleware.auth_context [None req-bd136850-a93c-4c40-8d52-08e694ce4b90 admin admin] RBAC: auth_context: {'token': , 'domain_id': None, 'trust_id': None, 'trustor_id': None, 'trustee_id': None, 'domain_name': None, 'group_ids': [], 'user_id': '68027617b3d04e7aa801ebb32e8e7e03', 'user_domain_id': 'default', 'system_scope': None, 'project_id': '8b918ad0391740bda2ea14eefd23d45a', 'project_domain_id': 'default', 'roles': ['admin', 'reader', 'member'], 'is_admin_project': True, 'service_user_id': None, 'service_user_domain_id': None, 'service_project_id': None, 'service_project_domain_id': None, 'service_roles': []} {{(pid=92271) fill_context /opt/stack/keystone/keystone/server/flask/request_processing/middleware/auth_context.py:478}}
Jun 16 15:32:33.332546 n-d-839401-3 devstack@keystone.service[92271]: DEBUG keystone.server.flask.request_processing.req_logging [None req-bd136850-a93c-4c40-8d52-08e694ce4b90 admin admin] REQUEST_METHOD: `GET` {{(pid=92271) log_request_info /opt/stack/keystone/keystone/server/flask/request_processing/req_logging.py:27}}
Jun 16 15:32:33.332833 n-d-839401-3 devstack@keystone.service[92271]: DEBUG keystone.server.flask.request_processing.req_logging [None req-bd136850-a93c-4c40-8d52-08e694ce4b90 admin admin] SCRIPT_NAME: `/identity` {{(pid=92271) log_request_info /opt/stack/keystone/keystone/server/flask/request_processing/req_logging.py:28}}
Jun 16 15:32:33.333106 n-d-839401-3 devstack@keystone.service[92271]: DEBUG keystone.server.flask.request_processing.req_logging [None req-bd136850-a93c-4c40-8d52-08e694ce4b90 admin admin] PATH_INFO: `/v3/auth/tokens` {{(pid=92271) log_request_info /opt/stack/keystone/keystone/server/flask/request_processing/req_logging.py:29}}
Jun 16 15:32:33.341590 n-d-839401-3 devstack@keystone.service[92271]: DEBUG keystone.common.rbac_enforcer.enforcer [None req-bd136850-a93c-4c40-8d52-08e694ce4b90 admin admin] RBAC: Authorizing `identity:validate_token()` {{(pid=92271) enforce_call /opt/stack/keystone/keystone/common/rbac_enforcer/enforcer.py:449}}
Jun 16 15:32:33.343416 n-d-839401-3 devstack@keystone.service[92271]: DEBUG keystone.common.rbac_enforcer.enforcer [None req-bd136850-a93c-4c40-8d52-08e694ce4b90 admin admin] RBAC: Authorization granted {{(pid=92271) enforce_call /opt/stack/keystone/keystone/common/rbac_enforcer/enforcer.py:457}}
Jun 16 15:32:33.352559 n-d-839401-3 devstack@keystone.service[92271]: [pid: 92271|app: 0|req: 5/8] 10.222.0.82 () {58 vars in 1324 bytes} [Thu Jun 16 15:32:33 2022] GET /identity/v3/auth/tokens => generated 914 bytes in 40 msecs (HTTP/1.1 200) 6 headers in 379 bytes (2 switches on core 0)
Jun 16 15:32:33.358744 n-d-839401-3 devstack@keystone.service[92270]: DEBUG keystone.server.flask.request_processing.middleware.auth_context [None req-b34c0c86-0842-4702-b9e3-2b7f2fcc637a None None] Authenticating user token {{(pid=92270) process_request /usr/local/lib/python3.8/dist-packages/keystonemiddleware/auth_token/__init__.py:407}}
Jun 16 15:32:33.368363 n-d-839401-3 devstack@keystone.service[92270]: DEBUG keystone.server.flask.request_processing.middleware.auth_context [None req-b34c0c86-0842-4702-b9e3-2b7f2fcc637a None None] Validating token access rules against request {{(pid=92270) validate_allowed_request /usr/local/lib/python3.8/dist-packages/keystonemiddleware/auth_token/__init__.py:545}}
Jun 16 15:32:33.372975 n-d-839401-3 devstack@keystone.service[92270]: DEBUG keystone.server.flask.request_processing.middleware.auth_context [None req-6c06acda-53fa-4c83-a92f-20fb82191ce7 admin admin] RBAC: auth_context: {'token': , 'domain_id': None, 'trust_id': None, 'trustor_id': None, 'trustee_id': None, 'domain_name': None, 'group_ids': [], 'user_id': '68027617b3d04e7aa801ebb32e8e7e03', 'user_domain_id': 'default', 'system_scope': None, 'project_id': '8b918ad0391740bda2ea14eefd23d45a', 'project_domain_id': 'default', 'roles': ['admin', 'reader', 'member'], 'is_admin_project': True, 'service_user_id': None, 'service_user_domain_id': None, 'service_project_id': None, 'service_project_domain_id': None, 'service_roles': []} {{(pid=92270) fill_context /opt/stack/keystone/keystone/server/flask/request_processing/middleware/auth_context.py:478}}
Jun 16 15:32:33.373877 n-d-839401-3 devstack@keystone.service[92270]: DEBUG keystone.server.flask.request_processing.req_logging [None req-6c06acda-53fa-4c83-a92f-20fb82191ce7 admin admin] REQUEST_METHOD: `GET` {{(pid=92270) log_request_info /opt/stack/keystone/keystone/server/flask/request_processing/req_logging.py:27}}
Jun 16 15:32:33.374193 n-d-839401-3 devstack@keystone.service[92270]: DEBUG keystone.server.flask.request_processing.req_logging [None req-6c06acda-53fa-4c83-a92f-20fb82191ce7 admin admin] SCRIPT_NAME: `/identity` {{(pid=92270) log_request_info /opt/stack/keystone/keystone/server/flask/request_processing/req_logging.py:28}}
Jun 16 15:32:33.374447 n-d-839401-3 devstack@keystone.service[92270]: DEBUG keystone.server.flask.request_processing.req_logging [None req-6c06acda-53fa-4c83-a92f-20fb82191ce7 admin admin] PATH_INFO: `/v3/users/68027617b3d04e7aa801ebb32e8e7e03` {{(pid=92270) log_request_info /opt/stack/keystone/keystone/server/flask/request_processing/req_logging.py:29}}
Jun 16 15:32:33.375991 n-d-839401-3 devstack@keystone.service[92270]: DEBUG keystone.common.rbac_enforcer.enforcer [None req-6c06acda-53fa-4c83-a92f-20fb82191ce7 admin admin] RBAC: Authorizing `identity:get_user(user_id=68027617b3d04e7aa801ebb32e8e7e03)` {{(pid=92270) enforce_call /opt/stack/keystone/keystone/common/rbac_enforcer/enforcer.py:449}}
Jun 16 15:32:33.377874 n-d-839401-3 devstack@keystone.service[92270]: DEBUG keystone.common.rbac_enforcer.enforcer [None req-6c06acda-53fa-4c83-a92f-20fb82191ce7 admin admin] RBAC: Authorization granted {{(pid=92270) enforce_call /opt/stack/keystone/keystone/common/rbac_enforcer/enforcer.py:457}}
Jun 16 15:32:33.379523 n-d-839401-3 devstack@keystone.service[92270]: [pid: 92270|app: 0|req: 4/9] 10.222.0.82 () {56 vars in 1198 bytes} [Thu Jun 16 15:32:33 2022] GET /identity/v3/users/68027617b3d04e7aa801ebb32e8e7e03 => generated 247 bytes in 21 msecs (HTTP/1.1 200) 5 headers in 177 bytes (1 switches on core 0)
Jun 16 15:32:35.564928 n-d-839401-3 devstack@keystone.service[92271]: DEBUG keystone.server.flask.request_processing.req_logging [None req-d15397da-eeff-46dc-b155-fb45e4ca3710 None None] REQUEST_METHOD: `GET` {{(pid=92271) log_request_info /opt/stack/keystone/keystone/server/flask/request_processing/req_logging.py:27}}
Jun 16 15:32:35.565497 n-d-839401-3 devstack@keystone.service[92271]: DEBUG keystone.server.flask.request_processing.req_logging [None req-d15397da-eeff-46dc-b155-fb45e4ca3710 None None] SCRIPT_NAME: `/identity` {{(pid=92271) log_request_info /opt/stack/keystone/keystone/server/flask/request_processing/req_logging.py:28}}
Jun 16 15:32:35.565497 n-d-839401-3 devstack@keystone.service[92271]: DEBUG keystone.server.flask.request_processing.req_logging [None req-d15397da-eeff-46dc-b155-fb45e4ca3710 None None] PATH_INFO: `/` {{(pid=92271) log_request_info /opt/stack/keystone/keystone/server/flask/request_processing/req_logging.py:29}}
Jun 16 15:32:35.566922 n-d-839401-3 devstack@keystone.service[92271]: [pid: 92271|app: 0|req: 6/10] 10.222.0.82 () {54 vars in 926 bytes} [Thu Jun 16 15:32:35 2022] GET /identity => generated 270 bytes in 3 msecs (HTTP/1.1 300) 6 headers in 234 bytes (1 switches on core 0)
Jun 16 15:32:35.573179 n-d-839401-3 devstack@keystone.service[92270]: DEBUG keystone.server.flask.request_processing.req_logging [None req-f742c0a0-7c54-4c38-a438-06ff7fd5d823 None None] REQUEST_METHOD: `POST` {{(pid=92270) log_request_info /opt/stack/keystone/keystone/server/flask/request_processing/req_logging.py:27}}
Jun 16 15:32:35.573760 n-d-839401-3 devstack@keystone.service[92270]: DEBUG keystone.server.flask.request_processing.req_logging [None req-f742c0a0-7c54-4c38-a438-06ff7fd5d823 None None] SCRIPT_NAME: `/identity` {{(pid=92270) log_request_info /opt/stack/keystone/keystone/server/flask/request_processing/req_logging.py:28}}
Jun 16 15:32:35.573760 n-d-839401-3 devstack@keystone.service[92270]: DEBUG keystone.server.flask.request_processing.req_logging [None req-f742c0a0-7c54-4c38-a438-06ff7fd5d823 None None] PATH_INFO: `/v3/auth/tokens` {{(pid=92270) log_request_info /opt/stack/keystone/keystone/server/flask/request_processing/req_logging.py:29}}
Jun 16 15:32:35.592935 n-d-839401-3 devstack@keystone.service[92270]: DEBUG keystone.auth.core [None req-f742c0a0-7c54-4c38-a438-06ff7fd5d823 None None] MFA Rules not processed for user `68027617b3d04e7aa801ebb32e8e7e03`. Rule list: `[]` (Enabled: `True`). {{(pid=92270) check_auth_methods_against_rules /opt/stack/keystone/keystone/auth/core.py:438}}
Jun 16 15:32:35.594161 n-d-839401-3 devstack@keystone.service[92270]: DEBUG keystone.common.fernet_utils [None req-f742c0a0-7c54-4c38-a438-06ff7fd5d823 None None] Loaded 2 Fernet keys from /etc/keystone/fernet-keys/, but `[fernet_tokens] max_active_keys = 3`; perhaps there have not been enough key rotations to reach `max_active_keys` yet? {{(pid=92270) load_keys /opt/stack/keystone/keystone/common/fernet_utils.py:286}}
Jun 16 15:32:35.615721 n-d-839401-3 devstack@keystone.service[92271]: DEBUG keystone.server.flask.request_processing.req_logging [None req-1e1888fa-06bf-4d1e-b5a6-f4803e9d3a73 None None] REQUEST_METHOD: `GET` {{(pid=92271) log_request_info /opt/stack/keystone/keystone/server/flask/request_processing/req_logging.py:27}}
Jun 16 15:32:35.616011 n-d-839401-3 devstack@keystone.service[92271]: DEBUG keystone.server.flask.request_processing.req_logging [None req-1e1888fa-06bf-4d1e-b5a6-f4803e9d3a73 None None] SCRIPT_NAME: `/identity` {{(pid=92271) log_request_info /opt/stack/keystone/keystone/server/flask/request_processing/req_logging.py:28}}
Jun 16 15:32:35.616265 n-d-839401-3 devstack@keystone.service[92271]: DEBUG keystone.server.flask.request_processing.req_logging [None req-1e1888fa-06bf-4d1e-b5a6-f4803e9d3a73 None None] PATH_INFO: `/` {{(pid=92271) log_request_info /opt/stack/keystone/keystone/server/flask/request_processing/req_logging.py:29}}
Jun 16 15:32:35.617668 n-d-839401-3 devstack@keystone.service[92271]: [pid: 92271|app: 0|req: 7/11] 10.222.0.82 () {54 vars in 926 bytes} [Thu Jun 16 15:32:35 2022] GET /identity => generated 270 bytes in 3 msecs (HTTP/1.1 300) 6 headers in 234 bytes (2 switches on core 0)
Jun 16 15:32:35.623140 n-d-839401-3 devstack@keystone.service[92271]: DEBUG keystone.server.flask.request_processing.req_logging [None req-70e54e9d-bdc5-4622-99d8-b01b561ee09f None None] REQUEST_METHOD: `POST` {{(pid=92271) log_request_info /opt/stack/keystone/keystone/server/flask/request_processing/req_logging.py:27}}
Jun 16 15:32:35.623426 n-d-839401-3 devstack@keystone.service[92271]: DEBUG keystone.server.flask.request_processing.req_logging [None req-70e54e9d-bdc5-4622-99d8-b01b561ee09f None None] SCRIPT_NAME: `/identity` {{(pid=92271) log_request_info /opt/stack/keystone/keystone/server/flask/request_processing/req_logging.py:28}}
Jun 16 15:32:35.623681 n-d-839401-3 devstack@keystone.service[92271]: DEBUG keystone.server.flask.request_processing.req_logging [None req-70e54e9d-bdc5-4622-99d8-b01b561ee09f None None] PATH_INFO: `/v3/auth/tokens` {{(pid=92271) log_request_info /opt/stack/keystone/keystone/server/flask/request_processing/req_logging.py:29}}
Jun 16 15:32:35.667890 n-d-839401-3 devstack@keystone.service[92271]: DEBUG passlib.handlers.bcrypt [None req-70e54e9d-bdc5-4622-99d8-b01b561ee09f None None] detected 'bcrypt' backend, version '3.2.2' {{(pid=92271) _load_backend_mixin /usr/local/lib/python3.8/dist-packages/passlib/handlers/bcrypt.py:625}}
Jun 16 15:32:35.668290 n-d-839401-3 devstack@keystone.service[92271]: DEBUG passlib.handlers.bcrypt [None req-70e54e9d-bdc5-4622-99d8-b01b561ee09f None None] 'bcrypt' backend lacks $2$ support, enabling workaround {{(pid=92271) _finalize_backend_mixin /usr/local/lib/python3.8/dist-packages/passlib/handlers/bcrypt.py:406}}
Jun 16 15:32:35.687892 n-d-839401-3 devstack@keystone.service[92270]: [pid: 92270|app: 0|req: 5/12] 10.222.0.82 () {58 vars in 1023 bytes} [Thu Jun 16 15:32:35 2022] POST /identity/v3/auth/tokens => generated 799 bytes in 116 msecs (HTTP/1.1 201) 6 headers in 363 bytes (1 switches on core 0)
Jun 16 15:32:35.711088 n-d-839401-3 devstack@keystone.service[92270]: DEBUG keystone.server.flask.request_processing.middleware.auth_context [None req-f742c0a0-7c54-4c38-a438-06ff7fd5d823 None None] Authenticating user token {{(pid=92270) process_request /usr/local/lib/python3.8/dist-packages/keystonemiddleware/auth_token/__init__.py:407}}
Jun 16 15:32:35.713960 n-d-839401-3 devstack@keystone.service[92271]: DEBUG keystone.auth.core [None req-70e54e9d-bdc5-4622-99d8-b01b561ee09f None None] MFA Rules not processed for user `68027617b3d04e7aa801ebb32e8e7e03`. Rule list: `[]` (Enabled: `True`). {{(pid=92271) check_auth_methods_against_rules /opt/stack/keystone/keystone/auth/core.py:438}}
Jun 16 15:32:35.715910 n-d-839401-3 devstack@keystone.service[92271]: DEBUG keystone.common.fernet_utils [None req-70e54e9d-bdc5-4622-99d8-b01b561ee09f None None] Loaded 2 Fernet keys from /etc/keystone/fernet-keys/, but `[fernet_tokens] max_active_keys = 3`; perhaps there have not been enough key rotations to reach `max_active_keys` yet? {{(pid=92271) load_keys /opt/stack/keystone/keystone/common/fernet_utils.py:286}}
Jun 16 15:32:35.737318 n-d-839401-3 devstack@keystone.service[92270]: DEBUG dbcounter [-] [92270] Writing DB stats keystone:SELECT=100 {{(pid=92270) stat_writer /usr/local/lib/python3.8/dist-packages/dbcounter.py:114}}
Jun 16 15:32:35.824174 n-d-839401-3 devstack@keystone.service[92271]: [pid: 92271|app: 0|req: 8/13] 10.222.0.82 () {58 vars in 1023 bytes} [Thu Jun 16 15:32:35 2022] POST /identity/v3/auth/tokens => generated 799 bytes in 202 msecs (HTTP/1.1 201) 6 headers in 363 bytes (2 switches on core 0)
Jun 16 15:32:35.834240 n-d-839401-3 devstack@keystone.service[92270]: DEBUG keystone.server.flask.request_processing.middleware.auth_context [None req-f742c0a0-7c54-4c38-a438-06ff7fd5d823 None None] Validating token access rules against request {{(pid=92270) validate_allowed_request /usr/local/lib/python3.8/dist-packages/keystonemiddleware/auth_token/__init__.py:545}}
Jun 16 15:32:35.846398 n-d-839401-3 devstack@keystone.service[92271]: DEBUG keystone.server.flask.request_processing.middleware.auth_context [None req-70e54e9d-bdc5-4622-99d8-b01b561ee09f None None] Authenticating user token {{(pid=92271) process_request /usr/local/lib/python3.8/dist-packages/keystonemiddleware/auth_token/__init__.py:407}}
Jun 16 15:32:35.876529 n-d-839401-3 devstack@keystone.service[92270]: DEBUG keystone.server.flask.request_processing.middleware.auth_context [None req-a181f4c6-5901-427d-8ef3-c2a874cdf44f None admin] RBAC: auth_context: {'token': , 'domain_id': None, 'trust_id': None, 'trustor_id': None, 'trustee_id': None, 'domain_name': None, 'group_ids': [], 'user_id': '68027617b3d04e7aa801ebb32e8e7e03', 'user_domain_id': 'default', 'system_scope': 'all', 'project_id': None, 'project_domain_id': None, 'roles': ['admin', 'member', 'reader'], 'is_admin_project': True, 'service_user_id': None, 'service_user_domain_id': None, 'service_project_id': None, 'service_project_domain_id': None, 'service_roles': []} {{(pid=92270) fill_context /opt/stack/keystone/keystone/server/flask/request_processing/middleware/auth_context.py:478}}
Jun 16 15:32:35.877362 n-d-839401-3 devstack@keystone.service[92270]: DEBUG keystone.server.flask.request_processing.req_logging [None req-a181f4c6-5901-427d-8ef3-c2a874cdf44f None admin] REQUEST_METHOD: `GET` {{(pid=92270) log_request_info /opt/stack/keystone/keystone/server/flask/request_processing/req_logging.py:27}}
Jun 16 15:32:35.877639 n-d-839401-3 devstack@keystone.service[92270]: DEBUG keystone.server.flask.request_processing.req_logging [None req-a181f4c6-5901-427d-8ef3-c2a874cdf44f None admin] SCRIPT_NAME: `/identity` {{(pid=92270) log_request_info /opt/stack/keystone/keystone/server/flask/request_processing/req_logging.py:28}}
Jun 16 15:32:35.877907 n-d-839401-3 devstack@keystone.service[92270]: DEBUG keystone.server.flask.request_processing.req_logging [None req-a181f4c6-5901-427d-8ef3-c2a874cdf44f None admin] PATH_INFO: `/v3/roles/admin` {{(pid=92270) log_request_info /opt/stack/keystone/keystone/server/flask/request_processing/req_logging.py:29}}
Jun 16 15:32:35.897348 n-d-839401-3 devstack@keystone.service[92270]: DEBUG keystone.common.rbac_enforcer.enforcer [None req-a181f4c6-5901-427d-8ef3-c2a874cdf44f None admin] Extracting inferred target data resulted in "NOT FOUND (404)". {{(pid=92270) enforce_call /opt/stack/keystone/keystone/common/rbac_enforcer/enforcer.py:409}}
Jun 16 15:32:35.909014 n-d-839401-3 devstack@keystone.service[92270]: ERROR keystone.server.flask.application [None req-a181f4c6-5901-427d-8ef3-c2a874cdf44f None admin] Could not find role: admin.: keystone.exception.RoleNotFound: Could not find role: admin.
Jun 16 15:32:35.909014 n-d-839401-3 devstack@keystone.service[92270]: ERROR keystone.server.flask.application
Traceback (most recent call last):
Jun 16 15:32:35.909014 n-d-839401-3 devstack@keystone.service[92270]: ERROR keystone.server.flask.application
File "/usr/local/lib/python3.8/dist-packages/flask/app.py", line 1523, in full_dispatch_request
Jun 16 15:32:35.909014 n-d-839401-3 devstack@keystone.service[92270]: ERROR keystone.server.flask.application rv = self.dispatch_request()
Jun 16 15:32:35.909014 n-d-839401-3 devstack@keystone.service[92270]: ERROR keystone.server.flask.application
File "/usr/local/lib/python3.8/dist-packages/flask/app.py", line 1509, in dispatch_request
Jun 16 15:32:35.909014 n-d-839401-3 devstack@keystone.service[92270]: ERROR keystone.server.flask.application return self.ensure_sync(self.view_functions[rule.endpoint])(**req.view_args)
Jun 16 15:32:35.909014 n-d-839401-3 devstack@keystone.service[92270]: ERROR keystone.server.flask.application
File "/usr/local/lib/python3.8/dist-packages/flask_restful/__init__.py", line 467, in wrapper
Jun 16 15:32:35.909014 n-d-839401-3 devstack@keystone.service[92270]: ERROR keystone.server.flask.application resp = resource(*args, **kwargs)
Jun 16 15:32:35.909014 n-d-839401-3 devstack@keystone.service[92270]: ERROR keystone.server.flask.application
File "/usr/local/lib/python3.8/dist-packages/flask/views.py", line 84, in view
Jun 16 15:32:35.909014 n-d-839401-3 devstack@keystone.service[92270]: ERROR keystone.server.flask.application return current_app.ensure_sync(self.dispatch_request)(*args, **kwargs)
Jun 16 15:32:35.909014 n-d-839401-3 devstack@keystone.service[92270]: ERROR keystone.server.flask.application
File "/usr/local/lib/python3.8/dist-packages/flask_restful/__init__.py", line 582, in dispatch_request
Jun 16 15:32:35.909014 n-d-839401-3 devstack@keystone.service[92270]: ERROR keystone.server.flask.application resp = meth(*args, **kwargs)
Jun 16 15:32:35.909014 n-d-839401-3 devstack@keystone.service[92270]: ERROR keystone.server.flask.application
File "/opt/stack/keystone/keystone/api/roles.py", line 50, in get
Jun 16 15:32:35.909014 n-d-839401-3 devstack@keystone.service[92270]: ERROR keystone.server.flask.application return self._get_role(role_id)
Jun 16 15:32:35.909014 n-d-839401-3 devstack@keystone.service[92270]: ERROR keystone.server.flask.application
File "/opt/stack/keystone/keystone/api/roles.py", line 70, in _get_role
Jun 16 15:32:35.909014 n-d-839401-3 devstack@keystone.service[92270]: ERROR keystone.server.flask.application ENFORCER.enforce_call(action='identity:get_role')
Jun 16 15:32:35.910258 n-d-839401-3 devstack@keystone.service[92270]: ERROR keystone.server.flask.application
File "/opt/stack/keystone/keystone/common/rbac_enforcer/enforcer.py", line 402, in enforce_call
Jun 16 15:32:35.910258 n-d-839401-3 devstack@keystone.service[92270]: ERROR keystone.server.flask.application policy_dict.update(cls._extract_member_target_data(
Jun 16 15:32:35.910258 n-d-839401-3 devstack@keystone.service[92270]: ERROR keystone.server.flask.application
File "/opt/stack/keystone/keystone/common/rbac_enforcer/enforcer.py", line 234, in _extract_member_target_data
Jun 16 15:32:35.910258 n-d-839401-3 devstack@keystone.service[92270]: ERROR keystone.server.flask.application member_name: func(flask.request.view_args[key])
Jun 16 15:32:35.910258 n-d-839401-3 devstack@keystone.service[92270]: ERROR keystone.server.flask.application
File "/opt/stack/keystone/keystone/common/manager.py", line 115, in wrapped
Jun 16 15:32:35.910258 n-d-839401-3 devstack@keystone.service[92270]: ERROR keystone.server.flask.application __ret_val = __f(*args, **kwargs)
Jun 16 15:32:35.910258 n-d-839401-3 devstack@keystone.service[92270]: ERROR keystone.server.flask.application
File "/usr/local/lib/python3.8/dist-packages/decorator.py", line 232, in fun
Jun 16 15:32:35.910258 n-d-839401-3 devstack@keystone.service[92270]: ERROR keystone.server.flask.application return caller(func, *(extras + args), **kw)
Jun 16 15:32:35.910258 n-d-839401-3 devstack@keystone.service[92270]: ERROR keystone.server.flask.application
File "/usr/local/lib/python3.8/dist-packages/dogpile/cache/region.py", line 1577, in get_or_create_for_user_func
Jun 16 15:32:35.910258 n-d-839401-3 devstack@keystone.service[92270]: ERROR keystone.server.flask.application return self.get_or_create(
Jun 16 15:32:35.910258 n-d-839401-3 devstack@keystone.service[92270]: ERROR keystone.server.flask.application
File "/usr/local/lib/python3.8/dist-packages/dogpile/cache/region.py", line 1042, in get_or_create
Jun 16 15:32:35.910258 n-d-839401-3 devstack@keystone.service[92270]: ERROR keystone.server.flask.application with Lock(
Jun 16 15:32:35.910258 n-d-839401-3 devstack@keystone.service[92270]: ERROR keystone.server.flask.application
File "/usr/local/lib/python3.8/dist-packages/dogpile/lock.py", line 185, in __enter__
Jun 16 15:32:35.910258 n-d-839401-3 devstack@keystone.service[92270]: ERROR keystone.server.flask.application return self._enter()
Jun 16 15:32:35.910258 n-d-839401-3 devstack@keystone.service[92270]: ERROR keystone.server.flask.application
File "/usr/local/lib/python3.8/dist-packages/dogpile/lock.py", line 94, in _enter
Jun 16 15:32:35.910258 n-d-839401-3 devstack@keystone.service[92270]: ERROR keystone.server.flask.application generated = self._enter_create(value, createdtime)
Jun 16 15:32:35.911238 n-d-839401-3 devstack@keystone.service[92270]: ERROR keystone.server.flask.application
File "/usr/local/lib/python3.8/dist-packages/dogpile/lock.py", line 178, in _enter_create
Jun 16 15:32:35.911238 n-d-839401-3 devstack@keystone.service[92270]: ERROR keystone.server.flask.application return self.creator()
Jun 16 15:32:35.911238 n-d-839401-3 devstack@keystone.service[92270]: ERROR keystone.server.flask.application
File "/usr/local/lib/python3.8/dist-packages/dogpile/cache/region.py", line 995, in gen_value
Jun 16 15:32:35.911238 n-d-839401-3 devstack@keystone.service[92270]: ERROR keystone.server.flask.application created_value = creator(
Jun 16 15:32:35.911238 n-d-839401-3 devstack@keystone.service[92270]: ERROR keystone.server.flask.application
File "/opt/stack/keystone/keystone/assignment/core.py", line 1276, in get_role
Jun 16 15:32:35.911238 n-d-839401-3 devstack@keystone.service[92270]: ERROR keystone.server.flask.application return self.driver.get_role(role_id)
Jun 16 15:32:35.911238 n-d-839401-3 devstack@keystone.service[92270]: ERROR keystone.server.flask.application
File "/opt/stack/keystone/keystone/assignment/role_backends/sql.py", line 70, in get_role
Jun 16 15:32:35.911238 n-d-839401-3 devstack@keystone.service[92270]: ERROR keystone.server.flask.application return self._get_role(session, role_id).to_dict()
Jun 16 15:32:35.911238 n-d-839401-3 devstack@keystone.service[92270]: ERROR keystone.server.flask.application
File "/opt/stack/keystone/keystone/assignment/role_backends/sql.py", line 65, in _get_role
Jun 16 15:32:35.911238 n-d-839401-3 devstack@keystone.service[92270]: ERROR keystone.server.flask.application raise exception.RoleNotFound(role_id=role_id)
Jun 16 15:32:35.911238 n-d-839401-3 devstack@keystone.service[92270]: ERROR keystone.server.flask.application keystone.exception.RoleNotFound: Could not find role: admin.
Jun 16 15:32:35.911238 n-d-839401-3 devstack@keystone.service[92270]: ERROR keystone.server.flask.application
Jun 16 15:32:35.911238 n-d-839401-3 devstack@keystone.service[92270]: [pid: 92270|app: 0|req: 6/14] 10.222.0.82 () {56 vars in 1096 bytes} [Thu Jun 16 15:32:35 2022] GET /identity/v3/roles/admin => generated 83 bytes in 200 msecs (HTTP/1.1 404) 5 headers in 183 bytes (2 switches on core 0)
Jun 16 15:32:35.916227 n-d-839401-3 devstack@keystone.service[92270]: DEBUG keystone.server.flask.request_processing.middleware.auth_context [None req-a181f4c6-5901-427d-8ef3-c2a874cdf44f None admin] Authenticating user token {{(pid=92270) process_request /usr/local/lib/python3.8/dist-packages/keystonemiddleware/auth_token/__init__.py:407}}
Jun 16 15:32:35.961674 n-d-839401-3 devstack@keystone.service[92271]: DEBUG keystone.server.flask.request_processing.middleware.auth_context [None req-70e54e9d-bdc5-4622-99d8-b01b561ee09f None None] Validating token access rules against request {{(pid=92271) validate_allowed_request /usr/local/lib/python3.8/dist-packages/keystonemiddleware/auth_token/__init__.py:545}}
Jun 16 15:32:35.964183 n-d-839401-3 devstack@keystone.service[92271]: DEBUG dbcounter [-] [92271] Writing DB stats keystone:SELECT=100 {{(pid=92271) stat_writer /usr/local/lib/python3.8/dist-packages/dbcounter.py:114}}
Jun 16 15:32:36.000298 n-d-839401-3 devstack@keystone.service[92270]: DEBUG dbcounter [-] [92270] Writing DB stats keystone:SELECT=100 {{(pid=92270) stat_writer /usr/local/lib/python3.8/dist-packages/dbcounter.py:114}}
Jun 16 15:32:36.002504 n-d-839401-3 devstack@keystone.service[92271]: DEBUG keystone.server.flask.request_processing.middleware.auth_context [None req-2485209f-04a3-4f58-99df-746b2f739b22 None admin] RBAC: auth_context: {'token': , 'domain_id': None, 'trust_id': None, 'trustor_id': None, 'trustee_id': None, 'domain_name': None, 'group_ids': [], 'user_id': '68027617b3d04e7aa801ebb32e8e7e03', 'user_domain_id': 'default', 'system_scope': 'all', 'project_id': None, 'project_domain_id': None, 'roles': ['admin', 'member', 'reader'], 'is_admin_project': True, 'service_user_id': None, 'service_user_domain_id': None, 'service_project_id': None, 'service_project_domain_id': None, 'service_roles': []} {{(pid=92271) fill_context /opt/stack/keystone/keystone/server/flask/request_processing/middleware/auth_context.py:478}}
Jun 16 15:32:36.003473 n-d-839401-3 devstack@keystone.service[92271]: DEBUG keystone.server.flask.request_processing.req_logging [None req-2485209f-04a3-4f58-99df-746b2f739b22 None admin] REQUEST_METHOD: `GET` {{(pid=92271) log_request_info /opt/stack/keystone/keystone/server/flask/request_processing/req_logging.py:27}}
Jun 16 15:32:36.003757 n-d-839401-3 devstack@keystone.service[92271]: DEBUG keystone.server.flask.request_processing.req_logging [None req-2485209f-04a3-4f58-99df-746b2f739b22 None admin] SCRIPT_NAME: `/identity` {{(pid=92271) log_request_info /opt/stack/keystone/keystone/server/flask/request_processing/req_logging.py:28}}
Jun 16 15:32:36.004032 n-d-839401-3 devstack@keystone.service[92271]: DEBUG keystone.server.flask.request_processing.req_logging [None req-2485209f-04a3-4f58-99df-746b2f739b22 None admin] PATH_INFO: `/v3/auth/tokens` {{(pid=92271) log_request_info /opt/stack/keystone/keystone/server/flask/request_processing/req_logging.py:29}}
Jun 16 15:32:36.019272 n-d-839401-3 devstack@keystone.service[92270]: DEBUG keystone.server.flask.request_processing.middleware.auth_context [None req-a181f4c6-5901-427d-8ef3-c2a874cdf44f None admin] Validating token access rules against request {{(pid=92270) validate_allowed_request /usr/local/lib/python3.8/dist-packages/keystonemiddleware/auth_token/__init__.py:545}}
Jun 16 15:32:36.059947 n-d-839401-3 devstack@keystone.service[92270]: DEBUG keystone.server.flask.request_processing.middleware.auth_context [None req-c64c1ad3-0cea-4f79-b997-ee2f56707768 None admin] RBAC: auth_context: {'token': , 'domain_id': None, 'trust_id': None, 'trustor_id': None, 'trustee_id': None, 'domain_name': None, 'group_ids': [], 'user_id': '68027617b3d04e7aa801ebb32e8e7e03', 'user_domain_id': 'default', 'system_scope': 'all', 'project_id': None, 'project_domain_id': None, 'roles': ['admin', 'member', 'reader'], 'is_admin_project': True, 'service_user_id': None, 'service_user_domain_id': None, 'service_project_id': None, 'service_project_domain_id': None, 'service_roles': []} {{(pid=92270) fill_context /opt/stack/keystone/keystone/server/flask/request_processing/middleware/auth_context.py:478}}
Jun 16 15:32:36.060649 n-d-839401-3 devstack@keystone.service[92270]: DEBUG keystone.server.flask.request_processing.req_logging [None req-c64c1ad3-0cea-4f79-b997-ee2f56707768 None admin] REQUEST_METHOD: `GET` {{(pid=92270) log_request_info /opt/stack/keystone/keystone/server/flask/request_processing/req_logging.py:27}}
Jun 16 15:32:36.060933 n-d-839401-3 devstack@keystone.service[92270]: DEBUG keystone.server.flask.request_processing.req_logging [None req-c64c1ad3-0cea-4f79-b997-ee2f56707768 None admin] SCRIPT_NAME: `/identity` {{(pid=92270) log_request_info /opt/stack/keystone/keystone/server/flask/request_processing/req_logging.py:28}}
Jun 16 15:32:36.061760 n-d-839401-3 devstack@keystone.service[92270]: DEBUG keystone.server.flask.request_processing.req_logging [None req-c64c1ad3-0cea-4f79-b997-ee2f56707768 None admin] PATH_INFO: `/v3/roles` {{(pid=92270) log_request_info /opt/stack/keystone/keystone/server/flask/request_processing/req_logging.py:29}}
Jun 16 15:32:36.062031 n-d-839401-3 devstack@keystone.service[92270]: DEBUG keystone.common.rbac_enforcer.enforcer [None req-c64c1ad3-0cea-4f79-b997-ee2f56707768 None admin] RBAC: Adding query filter params (name=admin) {{(pid=92270) _extract_filter_values /opt/stack/keystone/keystone/common/rbac_enforcer/enforcer.py:167}}
Jun 16 15:32:36.062345 n-d-839401-3 devstack@keystone.service[92270]: DEBUG keystone.common.rbac_enforcer.enforcer [None req-c64c1ad3-0cea-4f79-b997-ee2f56707768 None admin] RBAC: Authorizing `identity:list_roles()` {{(pid=92270) enforce_call /opt/stack/keystone/keystone/common/rbac_enforcer/enforcer.py:449}}
Jun 16 15:32:36.063805 n-d-839401-3 devstack@keystone.service[92270]: DEBUG keystone.common.rbac_enforcer.enforcer [None req-c64c1ad3-0cea-4f79-b997-ee2f56707768 None admin] RBAC: Authorization granted {{(pid=92270) enforce_call /opt/stack/keystone/keystone/common/rbac_enforcer/enforcer.py:457}}
Jun 16 15:32:36.077454 n-d-839401-3 devstack@keystone.service[92270]: [pid: 92270|app: 0|req: 7/15] 10.222.0.82 () {56 vars in 1099 bytes} [Thu Jun 16 15:32:35 2022] GET /identity/v3/roles?name=admin => generated 339 bytes in 162 msecs (HTTP/1.1 200) 5 headers in 177 bytes (2 switches on core 0)
Jun 16 15:32:36.080843 n-d-839401-3 devstack@keystone.service[92271]: DEBUG keystone.common.rbac_enforcer.enforcer [None req-2485209f-04a3-4f58-99df-746b2f739b22 None admin] RBAC: Authorizing `identity:validate_token()` {{(pid=92271) enforce_call /opt/stack/keystone/keystone/common/rbac_enforcer/enforcer.py:449}}
Jun 16 15:32:36.082413 n-d-839401-3 devstack@keystone.service[92271]: DEBUG keystone.common.rbac_enforcer.enforcer [None req-2485209f-04a3-4f58-99df-746b2f739b22 None admin] RBAC: Authorization granted {{(pid=92271) enforce_call /opt/stack/keystone/keystone/common/rbac_enforcer/enforcer.py:457}}
Jun 16 15:32:36.083602 n-d-839401-3 devstack@keystone.service[92270]: DEBUG keystone.server.flask.request_processing.middleware.auth_context [None req-c64c1ad3-0cea-4f79-b997-ee2f56707768 None admin] Authenticating user token {{(pid=92270) process_request /usr/local/lib/python3.8/dist-packages/keystonemiddleware/auth_token/__init__.py:407}}
Jun 16 15:32:36.190532 n-d-839401-3 devstack@keystone.service[92270]: DEBUG keystone.server.flask.request_processing.middleware.auth_context [None req-c64c1ad3-0cea-4f79-b997-ee2f56707768 None admin] Validating token access rules against request {{(pid=92270) validate_allowed_request /usr/local/lib/python3.8/dist-packages/keystonemiddleware/auth_token/__init__.py:545}}
Jun 16 15:32:36.190906 n-d-839401-3 devstack@keystone.service[92271]: [pid: 92271|app: 0|req: 9/16] 10.222.0.82 () {58 vars in 1282 bytes} [Thu Jun 16 15:32:35 2022] GET /identity/v3/auth/tokens => generated 799 bytes in 345 msecs (HTTP/1.1 200) 6 headers in 358 bytes (2 switches on core 0)
Jun 16 15:32:36.196363 n-d-839401-3 devstack@keystone.service[92271]: DEBUG keystone.server.flask.request_processing.middleware.auth_context [None req-2485209f-04a3-4f58-99df-746b2f739b22 None admin] Authenticating user token {{(pid=92271) process_request /usr/local/lib/python3.8/dist-packages/keystonemiddleware/auth_token/__init__.py:407}}
Jun 16 15:32:36.199572 n-d-839401-3 devstack@keystone.service[92271]: DEBUG dbcounter [-] [92271] Writing DB stats keystone:SELECT=100 {{(pid=92271) stat_writer /usr/local/lib/python3.8/dist-packages/dbcounter.py:114}}
Jun 16 15:32:36.231133 n-d-839401-3 devstack@keystone.service[92270]: DEBUG keystone.server.flask.request_processing.middleware.auth_context [None req-af8f7b9f-2bf3-4bf5-bfbb-16aec629a203 None admin] RBAC: auth_context: {'token': , 'domain_id': None, 'trust_id': None, 'trustor_id': None, 'trustee_id': None, 'domain_name': None, 'group_ids': [], 'user_id': '68027617b3d04e7aa801ebb32e8e7e03', 'user_domain_id': 'default', 'system_scope': 'all', 'project_id': None, 'project_domain_id': None, 'roles': ['admin', 'member', 'reader'], 'is_admin_project': True, 'service_user_id': None, 'service_user_domain_id': None, 'service_project_id': None, 'service_project_domain_id': None, 'service_roles': []} {{(pid=92270) fill_context /opt/stack/keystone/keystone/server/flask/request_processing/middleware/auth_context.py:478}}
Jun 16 15:32:36.232063 n-d-839401-3 devstack@keystone.service[92270]: DEBUG keystone.server.flask.request_processing.req_logging [None req-af8f7b9f-2bf3-4bf5-bfbb-16aec629a203 None admin] REQUEST_METHOD: `GET` {{(pid=92270) log_request_info /opt/stack/keystone/keystone/server/flask/request_processing/req_logging.py:27}}
Jun 16 15:32:36.232335 n-d-839401-3 devstack@keystone.service[92270]: DEBUG keystone.server.flask.request_processing.req_logging [None req-af8f7b9f-2bf3-4bf5-bfbb-16aec629a203 None admin] SCRIPT_NAME: `/identity` {{(pid=92270) log_request_info /opt/stack/keystone/keystone/server/flask/request_processing/req_logging.py:28}}
Jun 16 15:32:36.232606 n-d-839401-3 devstack@keystone.service[92270]: DEBUG keystone.server.flask.request_processing.req_logging [None req-af8f7b9f-2bf3-4bf5-bfbb-16aec629a203 None admin] PATH_INFO: `/v3/users/68027617b3d04e7aa801ebb32e8e7e03` {{(pid=92270) log_request_info /opt/stack/keystone/keystone/server/flask/request_processing/req_logging.py:29}}
Jun 16 15:32:36.234004 n-d-839401-3 devstack@keystone.service[92270]: DEBUG keystone.common.rbac_enforcer.enforcer [None req-af8f7b9f-2bf3-4bf5-bfbb-16aec629a203 None admin] RBAC: Authorizing `identity:get_user(user_id=68027617b3d04e7aa801ebb32e8e7e03)` {{(pid=92270) enforce_call /opt/stack/keystone/keystone/common/rbac_enforcer/enforcer.py:449}}
Jun 16 15:32:36.235636 n-d-839401-3 devstack@keystone.service[92270]: DEBUG keystone.common.rbac_enforcer.enforcer [None req-af8f7b9f-2bf3-4bf5-bfbb-16aec629a203 None admin] RBAC: Authorization granted {{(pid=92270) enforce_call /opt/stack/keystone/keystone/common/rbac_enforcer/enforcer.py:457}}
Jun 16 15:32:36.238425 n-d-839401-3 devstack@keystone.service[92270]: [pid: 92270|app: 0|req: 8/17] 10.222.0.82 () {56 vars in 1177 bytes} [Thu Jun 16 15:32:36 2022] GET /identity/v3/users/68027617b3d04e7aa801ebb32e8e7e03 => generated 247 bytes in 155 msecs (HTTP/1.1 200) 5 headers in 177 bytes (1 switches on core 0)
Jun 16 15:32:36.245193 n-d-839401-3 devstack@keystone.service[92270]: DEBUG keystone.server.flask.request_processing.middleware.auth_context [None req-af8f7b9f-2bf3-4bf5-bfbb-16aec629a203 None admin] Authenticating user token {{(pid=92270) process_request /usr/local/lib/python3.8/dist-packages/keystonemiddleware/auth_token/__init__.py:407}}
Jun 16 15:32:36.262984 n-d-839401-3 devstack@keystone.service[92270]: DEBUG dbcounter [-] [92270] Writing DB stats keystone:SELECT=100 {{(pid=92270) stat_writer /usr/local/lib/python3.8/dist-packages/dbcounter.py:114}}
Jun 16 15:32:36.320443 n-d-839401-3 devstack@keystone.service[92271]: DEBUG keystone.server.flask.request_processing.middleware.auth_context [None req-2485209f-04a3-4f58-99df-746b2f739b22 None admin] Validating token access rules against request {{(pid=92271) validate_allowed_request /usr/local/lib/python3.8/dist-packages/keystonemiddleware/auth_token/__init__.py:545}}
Jun 16 15:32:36.358046 n-d-839401-3 devstack@keystone.service[92271]: DEBUG keystone.server.flask.request_processing.middleware.auth_context [None req-ae0f143f-2769-4a2e-badb-31687157cd06 None admin] RBAC: auth_context: {'token': , 'domain_id': None, 'trust_id': None, 'trustor_id': None, 'trustee_id': None, 'domain_name': None, 'group_ids': [], 'user_id': '68027617b3d04e7aa801ebb32e8e7e03', 'user_domain_id': 'default', 'system_scope': 'all', 'project_id': None, 'project_domain_id': None, 'roles': ['admin', 'member', 'reader'], 'is_admin_project': True, 'service_user_id': None, 'service_user_domain_id': None, 'service_project_id': None, 'service_project_domain_id': None, 'service_roles': []} {{(pid=92271) fill_context /opt/stack/keystone/keystone/server/flask/request_processing/middleware/auth_context.py:478}}
Jun 16 15:32:36.358858 n-d-839401-3 devstack@keystone.service[92271]: DEBUG keystone.server.flask.request_processing.req_logging [None req-ae0f143f-2769-4a2e-badb-31687157cd06 None admin] REQUEST_METHOD: `GET` {{(pid=92271) log_request_info /opt/stack/keystone/keystone/server/flask/request_processing/req_logging.py:27}}
Jun 16 15:32:36.358984 n-d-839401-3 devstack@keystone.service[92270]: DEBUG keystone.server.flask.request_processing.middleware.auth_context [None req-af8f7b9f-2bf3-4bf5-bfbb-16aec629a203 None admin] Validating token access rules against request {{(pid=92270) validate_allowed_request /usr/local/lib/python3.8/dist-packages/keystonemiddleware/auth_token/__init__.py:545}}
Jun 16 15:32:36.359165 n-d-839401-3 devstack@keystone.service[92271]: DEBUG keystone.server.flask.request_processing.req_logging [None req-ae0f143f-2769-4a2e-badb-31687157cd06 None admin] SCRIPT_NAME: `/identity` {{(pid=92271) log_request_info /opt/stack/keystone/keystone/server/flask/request_processing/req_logging.py:28}}
