May 05 09:15:15.131646 n-d-839361-2 devstack@placement-api.service[104862]: INFO placement.requestlog [req-0e2908a7-fcd1-4698-8cbd-cc35901a7996 req-cfd80c33-e502-42c1-b67c-004c899f121d service placement] 10.222.0.36 "GET /placement/resource_providers/4644921c-262b-4bc0-afa3-501ae4f0b038/allocations" status: 200 len: 558 microversion: 1.0
May 05 09:15:15.133457 n-d-839361-2 devstack@placement-api.service[104862]: [pid: 104862|app: 0|req: 260/519] 10.222.0.36 () {58 vars in 1390 bytes} [Thu May 5 09:15:15 2022] GET /placement/resource_providers/4644921c-262b-4bc0-afa3-501ae4f0b038/allocations => generated 558 bytes in 51 msecs (HTTP/1.1 200) 6 headers in 224 bytes (1 switches on core 0)
May 05 09:15:20.627408 n-d-839361-2 devstack@placement-api.service[104861]: DEBUG placement.requestlog [req-3769ef2b-7ca3-475e-a71f-47e84834076f req-167500f4-3fd0-4d8b-a02a-cb199d233dd1 None None] Starting request: 10.222.0.41 "GET /placement/allocation_candidates?limit=1000&resources=DISK_GB%3A1%2CMEMORY_MB%3A1024%2CVCPU%3A1&root_required=%21COMPUTE_STATUS_DISABLED" {{(pid=104861) __call__ /opt/stack/placement/placement/requestlog.py:55}}
May 05 09:15:20.706537 n-d-839361-2 devstack@placement-api.service[104862]: DEBUG placement.requestlog [req-320839ba-13ee-42ce-9486-4ee1b052b6f0 req-2df3ea05-a3c5-41d2-9395-63a0ea94e79a None None] Starting request: 10.222.0.41 "GET /placement/allocation_candidates?limit=1000&resources=DISK_GB%3A1%2CMEMORY_MB%3A1024%2CVCPU%3A1&root_required=%21COMPUTE_STATUS_DISABLED" {{(pid=104862) __call__ /opt/stack/placement/placement/requestlog.py:55}}
May 05 09:15:20.743945 n-d-839361-2 devstack@placement-api.service[104861]: DEBUG placement.objects.research_context [req-3769ef2b-7ca3-475e-a71f-47e84834076f req-167500f4-3fd0-4d8b-a02a-cb199d233dd1 service placement] getting providers with 1 DISK_GB {{(pid=104861) __init__ /opt/stack/placement/placement/objects/research_context.py:136}}
May 05 09:15:20.753882 n-d-839361-2 devstack@placement-api.service[104862]: DEBUG placement.objects.research_context [req-320839ba-13ee-42ce-9486-4ee1b052b6f0 req-2df3ea05-a3c5-41d2-9395-63a0ea94e79a service placement] getting providers with 1 DISK_GB {{(pid=104862) __init__ /opt/stack/placement/placement/objects/research_context.py:136}}
May 05 09:15:20.761036 n-d-839361-2 devstack@placement-api.service[104862]: DEBUG placement.objects.research_context [req-320839ba-13ee-42ce-9486-4ee1b052b6f0 req-2df3ea05-a3c5-41d2-9395-63a0ea94e79a service placement] getting providers with 1024 MEMORY_MB {{(pid=104862) __init__ /opt/stack/placement/placement/objects/research_context.py:136}}
May 05 09:15:20.770243 n-d-839361-2 devstack@placement-api.service[104862]: DEBUG placement.objects.research_context [req-320839ba-13ee-42ce-9486-4ee1b052b6f0 req-2df3ea05-a3c5-41d2-9395-63a0ea94e79a service placement] getting providers with 1 VCPU {{(pid=104862) __init__ /opt/stack/placement/placement/objects/research_context.py:136}}
May 05 09:15:20.770467 n-d-839361-2 devstack@placement-api.service[104861]: DEBUG placement.objects.research_context [req-3769ef2b-7ca3-475e-a71f-47e84834076f req-167500f4-3fd0-4d8b-a02a-cb199d233dd1 service placement] getting providers with 1024 MEMORY_MB {{(pid=104861) __init__ /opt/stack/placement/placement/objects/research_context.py:136}}
May 05 09:15:20.785403 n-d-839361-2 devstack@placement-api.service[104862]: DEBUG placement.objects.research_context [req-320839ba-13ee-42ce-9486-4ee1b052b6f0 req-2df3ea05-a3c5-41d2-9395-63a0ea94e79a service placement] found 2 providers with available 1 DISK_GB {{(pid=104862) get_provider_ids_matching /opt/stack/placement/placement/objects/research_context.py:563}}
May 05 09:15:20.785966 n-d-839361-2 devstack@placement-api.service[104862]: DEBUG placement.objects.research_context [req-320839ba-13ee-42ce-9486-4ee1b052b6f0 req-2df3ea05-a3c5-41d2-9395-63a0ea94e79a service placement] found 2 providers with available 1024 MEMORY_MB {{(pid=104862) get_provider_ids_matching /opt/stack/placement/placement/objects/research_context.py:563}}
May 05 09:15:20.786457 n-d-839361-2 devstack@placement-api.service[104862]: DEBUG placement.objects.research_context [req-320839ba-13ee-42ce-9486-4ee1b052b6f0 req-2df3ea05-a3c5-41d2-9395-63a0ea94e79a service placement] found 2 providers after filtering by previous result {{(pid=104862) get_provider_ids_matching /opt/stack/placement/placement/objects/research_context.py:594}}
May 05 09:15:20.786952 n-d-839361-2 devstack@placement-api.service[104862]: DEBUG placement.objects.research_context [req-320839ba-13ee-42ce-9486-4ee1b052b6f0 req-2df3ea05-a3c5-41d2-9395-63a0ea94e79a service placement] found 2 providers with available 1 VCPU {{(pid=104862) get_provider_ids_matching /opt/stack/placement/placement/objects/research_context.py:563}}
May 05 09:15:20.787419 n-d-839361-2 devstack@placement-api.service[104862]: DEBUG placement.objects.research_context [req-320839ba-13ee-42ce-9486-4ee1b052b6f0 req-2df3ea05-a3c5-41d2-9395-63a0ea94e79a service placement] found 2 providers after filtering by previous result {{(pid=104862) get_provider_ids_matching /opt/stack/placement/placement/objects/research_context.py:594}}
May 05 09:15:20.791550 n-d-839361-2 devstack@placement-api.service[104861]: DEBUG placement.objects.research_context [req-3769ef2b-7ca3-475e-a71f-47e84834076f req-167500f4-3fd0-4d8b-a02a-cb199d233dd1 service placement] getting providers with 1 VCPU {{(pid=104861) __init__ /opt/stack/placement/placement/objects/research_context.py:136}}
May 05 09:15:20.811242 n-d-839361-2 devstack@placement-api.service[104861]: DEBUG placement.objects.research_context [req-3769ef2b-7ca3-475e-a71f-47e84834076f req-167500f4-3fd0-4d8b-a02a-cb199d233dd1 service placement] found 2 providers with available 1 DISK_GB {{(pid=104861) get_provider_ids_matching /opt/stack/placement/placement/objects/research_context.py:563}}
May 05 09:15:20.811242 n-d-839361-2 devstack@placement-api.service[104861]: DEBUG placement.objects.research_context [req-3769ef2b-7ca3-475e-a71f-47e84834076f req-167500f4-3fd0-4d8b-a02a-cb199d233dd1 service placement] found 2 providers with available 1024 MEMORY_MB {{(pid=104861) get_provider_ids_matching /opt/stack/placement/placement/objects/research_context.py:563}}
May 05 09:15:20.811242 n-d-839361-2 devstack@placement-api.service[104861]: DEBUG placement.objects.research_context [req-3769ef2b-7ca3-475e-a71f-47e84834076f req-167500f4-3fd0-4d8b-a02a-cb199d233dd1 service placement] found 2 providers after filtering by previous result {{(pid=104861) get_provider_ids_matching /opt/stack/placement/placement/objects/research_context.py:594}}
May 05 09:15:20.811242 n-d-839361-2 devstack@placement-api.service[104861]: DEBUG placement.objects.research_context [req-3769ef2b-7ca3-475e-a71f-47e84834076f req-167500f4-3fd0-4d8b-a02a-cb199d233dd1 service placement] found 2 providers with available 1 VCPU {{(pid=104861) get_provider_ids_matching /opt/stack/placement/placement/objects/research_context.py:563}}
May 05 09:15:20.811242 n-d-839361-2 devstack@placement-api.service[104861]: DEBUG placement.objects.research_context [req-3769ef2b-7ca3-475e-a71f-47e84834076f req-167500f4-3fd0-4d8b-a02a-cb199d233dd1 service placement] found 2 providers after filtering by previous result {{(pid=104861) get_provider_ids_matching /opt/stack/placement/placement/objects/research_context.py:594}}
May 05 09:15:20.811699 n-d-839361-2 devstack@placement-api.service[104862]: DEBUG placement.objects.allocation_candidate [req-320839ba-13ee-42ce-9486-4ee1b052b6f0 req-2df3ea05-a3c5-41d2-9395-63a0ea94e79a service placement] RequestGroup(use_same_provider=False, resources={DISK_GB:1, MEMORY_MB:1024, VCPU:1}, traits=(), aggregates=[]) (suffix '') returned 2 matches {{(pid=104862) _get_by_requests /opt/stack/placement/placement/objects/allocation_candidate.py:156}}
May 05 09:15:20.817325 n-d-839361-2 devstack@placement-api.service[104862]: DEBUG placement.objects.allocation_candidate [req-320839ba-13ee-42ce-9486-4ee1b052b6f0 req-2df3ea05-a3c5-41d2-9395-63a0ea94e79a service placement] Merging candidates yields 2 allocation requests and 2 provider summaries {{(pid=104862) _merge_candidates /opt/stack/placement/placement/objects/allocation_candidate.py:809}}
May 05 09:15:20.821961 n-d-839361-2 devstack@placement-api.service[104862]: INFO placement.requestlog [req-320839ba-13ee-42ce-9486-4ee1b052b6f0 req-2df3ea05-a3c5-41d2-9395-63a0ea94e79a service placement] 10.222.0.41 "GET /placement/allocation_candidates?limit=1000&resources=DISK_GB%3A1%2CMEMORY_MB%3A1024%2CVCPU%3A1&root_required=%21COMPUTE_STATUS_DISABLED" status: 200 len: 1309 microversion: 1.36
May 05 09:15:20.822623 n-d-839361-2 devstack@placement-api.service[104862]: [pid: 104862|app: 0|req: 261/520] 10.222.0.41 () {60 vars in 1506 bytes} [Thu May 5 09:15:20 2022] GET /placement/allocation_candidates?limit=1000&resources=DISK_GB%3A1%2CMEMORY_MB%3A1024%2CVCPU%3A1&root_required=%21COMPUTE_STATUS_DISABLED => generated 1309 bytes in 116 msecs (HTTP/1.1 200) 8 headers in 297 bytes (1 switches on core 0)
May 05 09:15:20.858811 n-d-839361-2 devstack@placement-api.service[104861]: DEBUG placement.objects.allocation_candidate [req-3769ef2b-7ca3-475e-a71f-47e84834076f req-167500f4-3fd0-4d8b-a02a-cb199d233dd1 service placement] RequestGroup(use_same_provider=False, resources={DISK_GB:1, MEMORY_MB:1024, VCPU:1}, traits=(), aggregates=[]) (suffix '') returned 2 matches {{(pid=104861) _get_by_requests /opt/stack/placement/placement/objects/allocation_candidate.py:156}}
May 05 09:15:20.859247 n-d-839361-2 devstack@placement-api.service[104861]: DEBUG placement.objects.allocation_candidate [req-3769ef2b-7ca3-475e-a71f-47e84834076f req-167500f4-3fd0-4d8b-a02a-cb199d233dd1 service placement] Merging candidates yields 2 allocation requests and 2 provider summaries {{(pid=104861) _merge_candidates /opt/stack/placement/placement/objects/allocation_candidate.py:809}}
May 05 09:15:20.868070 n-d-839361-2 devstack@placement-api.service[104861]: INFO placement.requestlog [req-3769ef2b-7ca3-475e-a71f-47e84834076f req-167500f4-3fd0-4d8b-a02a-cb199d233dd1 service placement] 10.222.0.41 "GET /placement/allocation_candidates?limit=1000&resources=DISK_GB%3A1%2CMEMORY_MB%3A1024%2CVCPU%3A1&root_required=%21COMPUTE_STATUS_DISABLED" status: 200 len: 1309 microversion: 1.36
May 05 09:15:20.869141 n-d-839361-2 devstack@placement-api.service[104861]: [pid: 104861|app: 0|req: 260/521] 10.222.0.41 () {60 vars in 1506 bytes} [Thu May 5 09:15:20 2022] GET /placement/allocation_candidates?limit=1000&resources=DISK_GB%3A1%2CMEMORY_MB%3A1024%2CVCPU%3A1&root_required=%21COMPUTE_STATUS_DISABLED => generated 1309 bytes in 242 msecs (HTTP/1.1 200) 8 headers in 297 bytes (1 switches on core 0)
May 05 09:15:21.042690 n-d-839361-2 devstack@placement-api.service[104862]: DEBUG placement.requestlog [req-320839ba-13ee-42ce-9486-4ee1b052b6f0 req-6a5c6a28-1c96-41a5-a0c3-39be637a503b None None] Starting request: 10.222.0.41 "GET /placement/allocations/0812e6c9-0bcb-4c7d-99cb-2d9f0f90f365" {{(pid=104862) __call__ /opt/stack/placement/placement/requestlog.py:55}}
May 05 09:15:21.057908 n-d-839361-2 devstack@placement-api.service[104861]: DEBUG placement.requestlog [req-3769ef2b-7ca3-475e-a71f-47e84834076f req-7be1b0f3-28b2-4f10-ab68-2ad6ed164745 None None] Starting request: 10.222.0.41 "GET /placement/allocations/cf9fe832-2cb8-4665-8a81-4e5144c450ca" {{(pid=104861) __call__ /opt/stack/placement/placement/requestlog.py:55}}
May 05 09:15:21.070305 n-d-839361-2 devstack@placement-api.service[104862]: INFO placement.requestlog [req-320839ba-13ee-42ce-9486-4ee1b052b6f0 req-6a5c6a28-1c96-41a5-a0c3-39be637a503b service placement] 10.222.0.41 "GET /placement/allocations/0812e6c9-0bcb-4c7d-99cb-2d9f0f90f365" status: 200 len: 19 microversion: 1.28
May 05 09:15:21.077542 n-d-839361-2 devstack@placement-api.service[104861]: INFO placement.requestlog [req-3769ef2b-7ca3-475e-a71f-47e84834076f req-7be1b0f3-28b2-4f10-ab68-2ad6ed164745 service placement] 10.222.0.41 "GET /placement/allocations/cf9fe832-2cb8-4665-8a81-4e5144c450ca" status: 200 len: 19 microversion: 1.28
May 05 09:15:21.078053 n-d-839361-2 devstack@placement-api.service[104862]: [pid: 104862|app: 0|req: 262/522] 10.222.0.41 () {60 vars in 1380 bytes} [Thu May 5 09:15:21 2022] GET /placement/allocations/0812e6c9-0bcb-4c7d-99cb-2d9f0f90f365 => generated 19 bytes in 35 msecs (HTTP/1.1 200) 8 headers in 295 bytes (1 switches on core 0)
May 05 09:15:21.078989 n-d-839361-2 devstack@placement-api.service[104862]: DEBUG placement.requestlog [req-320839ba-13ee-42ce-9486-4ee1b052b6f0 req-64bed4e0-59e2-4f87-965e-0a20866173d0 None None] Starting request: 10.222.0.41 "PUT /placement/allocations/0812e6c9-0bcb-4c7d-99cb-2d9f0f90f365" {{(pid=104862) __call__ /opt/stack/placement/placement/requestlog.py:55}}
May 05 09:15:21.079577 n-d-839361-2 devstack@placement-api.service[104861]: [pid: 104861|app: 0|req: 261/523] 10.222.0.41 () {60 vars in 1380 bytes} [Thu May 5 09:15:21 2022] GET /placement/allocations/cf9fe832-2cb8-4665-8a81-4e5144c450ca => generated 19 bytes in 22 msecs (HTTP/1.1 200) 8 headers in 295 bytes (1 switches on core 0)
May 05 09:15:21.086987 n-d-839361-2 devstack@placement-api.service[104861]: DEBUG placement.requestlog [req-3769ef2b-7ca3-475e-a71f-47e84834076f req-3afcd9cb-7f33-4433-85c6-42710addd85b None None] Starting request: 10.222.0.41 "PUT /placement/allocations/cf9fe832-2cb8-4665-8a81-4e5144c450ca" {{(pid=104861) __call__ /opt/stack/placement/placement/requestlog.py:55}}
May 05 09:15:21.301004 n-d-839361-2 devstack@placement-api.service[104861]: DEBUG placement.handlers.allocation [req-3769ef2b-7ca3-475e-a71f-47e84834076f req-3afcd9cb-7f33-4433-85c6-42710addd85b service placement] Successfully wrote allocations [, , ] {{(pid=104861) _update_consumers_and_create_allocations /opt/stack/placement/placement/handlers/allocation.py:462}}
May 05 09:15:21.366356 n-d-839361-2 devstack@placement-api.service[104862]: DEBUG placement.objects.allocation [req-320839ba-13ee-42ce-9486-4ee1b052b6f0 req-64bed4e0-59e2-4f87-965e-0a20866173d0 service placement] Retrying allocations write on resource provider generation conflict {{(pid=104862) replace_all /opt/stack/placement/placement/objects/allocation.py:509}}
May 05 09:15:21.367138 n-d-839361-2 devstack@placement-api.service[104861]: INFO placement.requestlog [req-3769ef2b-7ca3-475e-a71f-47e84834076f req-3afcd9cb-7f33-4433-85c6-42710addd85b service placement] 10.222.0.41 "PUT /placement/allocations/cf9fe832-2cb8-4665-8a81-4e5144c450ca" status: 204 len: 0 microversion: 1.36
May 05 09:15:21.367699 n-d-839361-2 devstack@placement-api.service[104861]: [pid: 104861|app: 0|req: 262/524] 10.222.0.41 () {64 vars in 1433 bytes} [Thu May 5 09:15:21 2022] PUT /placement/allocations/cf9fe832-2cb8-4665-8a81-4e5144c450ca => generated 0 bytes in 281 msecs (HTTP/1.1 204) 5 headers in 199 bytes (1 switches on core 0)
May 05 09:15:21.403108 n-d-839361-2 devstack@placement-api.service[104862]: DEBUG placement.handlers.allocation [req-320839ba-13ee-42ce-9486-4ee1b052b6f0 req-64bed4e0-59e2-4f87-965e-0a20866173d0 service placement] Successfully wrote allocations [, , ] {{(pid=104862) _update_consumers_and_create_allocations /opt/stack/placement/placement/handlers/allocation.py:462}}
May 05 09:15:21.457747 n-d-839361-2 devstack@placement-api.service[104862]: INFO placement.requestlog [req-320839ba-13ee-42ce-9486-4ee1b052b6f0 req-64bed4e0-59e2-4f87-965e-0a20866173d0 service placement] 10.222.0.41 "PUT /placement/allocations/0812e6c9-0bcb-4c7d-99cb-2d9f0f90f365" status: 204 len: 0 microversion: 1.36
May 05 09:15:21.461118 n-d-839361-2 devstack@placement-api.service[104862]: [pid: 104862|app: 0|req: 263/525] 10.222.0.41 () {64 vars in 1433 bytes} [Thu May 5 09:15:21 2022] PUT /placement/allocations/0812e6c9-0bcb-4c7d-99cb-2d9f0f90f365 => generated 0 bytes in 380 msecs (HTTP/1.1 204) 5 headers in 199 bytes (1 switches on core 0)
May 05 09:15:22.565963 n-d-839361-2 devstack@placement-api.service[104861]: DEBUG placement.requestlog [req-3769ef2b-7ca3-475e-a71f-47e84834076f req-2b2d9214-efea-414e-8a6d-42f9b8d0cbc8 None None] Starting request: 10.222.0.36 "GET /placement/allocations/cf9fe832-2cb8-4665-8a81-4e5144c450ca" {{(pid=104861) __call__ /opt/stack/placement/placement/requestlog.py:55}}
May 05 09:15:22.598374 n-d-839361-2 devstack@placement-api.service[104861]: INFO placement.requestlog [req-3769ef2b-7ca3-475e-a71f-47e84834076f req-2b2d9214-efea-414e-8a6d-42f9b8d0cbc8 service placement] 10.222.0.36 "GET /placement/allocations/cf9fe832-2cb8-4665-8a81-4e5144c450ca" status: 200 len: 259 microversion: 1.28
May 05 09:15:22.599167 n-d-839361-2 devstack@placement-api.service[104861]: [pid: 104861|app: 0|req: 263/526] 10.222.0.36 () {60 vars in 1377 bytes} [Thu May 5 09:15:22 2022] GET /placement/allocations/cf9fe832-2cb8-4665-8a81-4e5144c450ca => generated 259 bytes in 33 msecs (HTTP/1.1 200) 8 headers in 296 bytes (1 switches on core 0)
May 05 09:15:24.601529 n-d-839361-2 devstack@placement-api.service[104862]: DEBUG placement.requestlog [req-320839ba-13ee-42ce-9486-4ee1b052b6f0 req-7ef0ce7f-4005-42cb-b6ad-898c91f0c3b9 None None] Starting request: 10.222.0.36 "GET /placement/allocations/0812e6c9-0bcb-4c7d-99cb-2d9f0f90f365" {{(pid=104862) __call__ /opt/stack/placement/placement/requestlog.py:55}}
May 05 09:15:24.641417 n-d-839361-2 devstack@placement-api.service[104862]: INFO placement.requestlog [req-320839ba-13ee-42ce-9486-4ee1b052b6f0 req-7ef0ce7f-4005-42cb-b6ad-898c91f0c3b9 service placement] 10.222.0.36 "GET /placement/allocations/0812e6c9-0bcb-4c7d-99cb-2d9f0f90f365" status: 200 len: 259 microversion: 1.28
May 05 09:15:24.643266 n-d-839361-2 devstack@placement-api.service[104862]: [pid: 104862|app: 0|req: 264/527] 10.222.0.36 () {60 vars in 1377 bytes} [Thu May 5 09:15:24 2022] GET /placement/allocations/0812e6c9-0bcb-4c7d-99cb-2d9f0f90f365 => generated 259 bytes in 42 msecs (HTTP/1.1 200) 8 headers in 296 bytes (1 switches on core 0)
May 05 09:15:24.726864 n-d-839361-2 devstack@placement-api.service[104861]: DEBUG placement.requestlog [req-f480c616-6590-4618-a58f-e992022ba70c req-85f2835a-3bc1-4fa8-bb36-ed174a17f11d None None] Starting request: 10.222.0.36 "DELETE /placement/allocations/921fa802-e9f9-4586-ac8e-0f577f55bc1f" {{(pid=104861) __call__ /opt/stack/placement/placement/requestlog.py:55}}
May 05 09:15:24.974054 n-d-839361-2 devstack@placement-api.service[104861]: DEBUG placement.handlers.allocation [req-f480c616-6590-4618-a58f-e992022ba70c req-85f2835a-3bc1-4fa8-bb36-ed174a17f11d service placement] Successfully deleted allocations [, , ] {{(pid=104861) delete_allocations /opt/stack/placement/placement/handlers/allocation.py:627}}
May 05 09:15:24.974601 n-d-839361-2 devstack@placement-api.service[104861]: INFO placement.requestlog [req-f480c616-6590-4618-a58f-e992022ba70c req-85f2835a-3bc1-4fa8-bb36-ed174a17f11d service placement] 10.222.0.36 "DELETE /placement/allocations/921fa802-e9f9-4586-ac8e-0f577f55bc1f" status: 204 len: 0 microversion: 1.0
May 05 09:15:24.975032 n-d-839361-2 devstack@placement-api.service[104861]: [pid: 104861|app: 0|req: 264/528] 10.222.0.36 () {60 vars in 1355 bytes} [Thu May 5 09:15:24 2022] DELETE /placement/allocations/921fa802-e9f9-4586-ac8e-0f577f55bc1f => generated 0 bytes in 249 msecs (HTTP/1.1 204) 5 headers in 198 bytes (2 switches on core 0)
May 05 09:15:26.735591 n-d-839361-2 devstack@placement-api.service[104862]: DEBUG placement.requestlog [req-6dadb4fe-a2de-41e6-a02c-0b1b7a8a6bfe req-d844e3e4-fe95-47f3-8471-265eb18ff798 None None] Starting request: 10.222.0.13 "DELETE /placement/allocations/93018b52-5783-4ffc-ac2c-8d65f45631fc" {{(pid=104862) __call__ /opt/stack/placement/placement/requestlog.py:55}}
May 05 09:15:26.978998 n-d-839361-2 devstack@placement-api.service[104862]: DEBUG placement.handlers.allocation [req-6dadb4fe-a2de-41e6-a02c-0b1b7a8a6bfe req-d844e3e4-fe95-47f3-8471-265eb18ff798 service placement] Successfully deleted allocations [, , ] {{(pid=104862) delete_allocations /opt/stack/placement/placement/handlers/allocation.py:627}}
May 05 09:15:26.979447 n-d-839361-2 devstack@placement-api.service[104862]: INFO placement.requestlog [req-6dadb4fe-a2de-41e6-a02c-0b1b7a8a6bfe req-d844e3e4-fe95-47f3-8471-265eb18ff798 service placement] 10.222.0.13 "DELETE /placement/allocations/93018b52-5783-4ffc-ac2c-8d65f45631fc" status: 204 len: 0 microversion: 1.0
May 05 09:15:26.980087 n-d-839361-2 devstack@placement-api.service[104862]: [pid: 104862|app: 0|req: 265/529] 10.222.0.13 () {60 vars in 1355 bytes} [Thu May 5 09:15:26 2022] DELETE /placement/allocations/93018b52-5783-4ffc-ac2c-8d65f45631fc => generated 0 bytes in 245 msecs (HTTP/1.1 204) 5 headers in 198 bytes (1 switches on core 0)
May 05 09:15:29.779181 n-d-839361-2 devstack@placement-api.service[104861]: DEBUG placement.requestlog [req-c0ddf69b-70d8-4c7a-898b-48c890b4248e req-d421c13a-e0c6-4809-affc-cf2afdc12aa6 None None] Starting request: 10.222.0.41 "GET /placement/allocation_candidates?limit=1000&resources=DISK_GB%3A1%2CMEMORY_MB%3A1024%2CVCPU%3A1&root_required=%21COMPUTE_STATUS_DISABLED" {{(pid=104861) __call__ /opt/stack/placement/placement/requestlog.py:55}}
May 05 09:15:29.821074 n-d-839361-2 devstack@placement-api.service[104861]: DEBUG placement.objects.research_context [req-c0ddf69b-70d8-4c7a-898b-48c890b4248e req-d421c13a-e0c6-4809-affc-cf2afdc12aa6 service placement] getting providers with 1 DISK_GB {{(pid=104861) __init__ /opt/stack/placement/placement/objects/research_context.py:136}}
May 05 09:15:29.826942 n-d-839361-2 devstack@placement-api.service[104861]: DEBUG placement.objects.research_context [req-c0ddf69b-70d8-4c7a-898b-48c890b4248e req-d421c13a-e0c6-4809-affc-cf2afdc12aa6 service placement] getting providers with 1024 MEMORY_MB {{(pid=104861) __init__ /opt/stack/placement/placement/objects/research_context.py:136}}
May 05 09:15:29.833183 n-d-839361-2 devstack@placement-api.service[104861]: DEBUG placement.objects.research_context [req-c0ddf69b-70d8-4c7a-898b-48c890b4248e req-d421c13a-e0c6-4809-affc-cf2afdc12aa6 service placement] getting providers with 1 VCPU {{(pid=104861) __init__ /opt/stack/placement/placement/objects/research_context.py:136}}
May 05 09:15:29.838998 n-d-839361-2 devstack@placement-api.service[104861]: DEBUG placement.objects.research_context [req-c0ddf69b-70d8-4c7a-898b-48c890b4248e req-d421c13a-e0c6-4809-affc-cf2afdc12aa6 service placement] found 2 providers with available 1 DISK_GB {{(pid=104861) get_provider_ids_matching /opt/stack/placement/placement/objects/research_context.py:563}}
May 05 09:15:29.839624 n-d-839361-2 devstack@placement-api.service[104861]: DEBUG placement.objects.research_context [req-c0ddf69b-70d8-4c7a-898b-48c890b4248e req-d421c13a-e0c6-4809-affc-cf2afdc12aa6 service placement] found 2 providers with available 1024 MEMORY_MB {{(pid=104861) get_provider_ids_matching /opt/stack/placement/placement/objects/research_context.py:563}}
May 05 09:15:29.840103 n-d-839361-2 devstack@placement-api.service[104861]: DEBUG placement.objects.research_context [req-c0ddf69b-70d8-4c7a-898b-48c890b4248e req-d421c13a-e0c6-4809-affc-cf2afdc12aa6 service placement] found 2 providers after filtering by previous result {{(pid=104861) get_provider_ids_matching /opt/stack/placement/placement/objects/research_context.py:594}}
May 05 09:15:29.840528 n-d-839361-2 devstack@placement-api.service[104861]: DEBUG placement.objects.research_context [req-c0ddf69b-70d8-4c7a-898b-48c890b4248e req-d421c13a-e0c6-4809-affc-cf2afdc12aa6 service placement] found 2 providers with available 1 VCPU {{(pid=104861) get_provider_ids_matching /opt/stack/placement/placement/objects/research_context.py:563}}
May 05 09:15:29.840962 n-d-839361-2 devstack@placement-api.service[104861]: DEBUG placement.objects.research_context [req-c0ddf69b-70d8-4c7a-898b-48c890b4248e req-d421c13a-e0c6-4809-affc-cf2afdc12aa6 service placement] found 2 providers after filtering by previous result {{(pid=104861) get_provider_ids_matching /opt/stack/placement/placement/objects/research_context.py:594}}
May 05 09:15:29.853313 n-d-839361-2 devstack@placement-api.service[104861]: DEBUG placement.objects.allocation_candidate [req-c0ddf69b-70d8-4c7a-898b-48c890b4248e req-d421c13a-e0c6-4809-affc-cf2afdc12aa6 service placement] RequestGroup(use_same_provider=False, resources={DISK_GB:1, MEMORY_MB:1024, VCPU:1}, traits=(), aggregates=[]) (suffix '') returned 2 matches {{(pid=104861) _get_by_requests /opt/stack/placement/placement/objects/allocation_candidate.py:156}}
May 05 09:15:29.853981 n-d-839361-2 devstack@placement-api.service[104861]: DEBUG placement.objects.allocation_candidate [req-c0ddf69b-70d8-4c7a-898b-48c890b4248e req-d421c13a-e0c6-4809-affc-cf2afdc12aa6 service placement] Merging candidates yields 2 allocation requests and 2 provider summaries {{(pid=104861) _merge_candidates /opt/stack/placement/placement/objects/allocation_candidate.py:809}}
May 05 09:15:29.856810 n-d-839361-2 devstack@placement-api.service[104861]: INFO placement.requestlog [req-c0ddf69b-70d8-4c7a-898b-48c890b4248e req-d421c13a-e0c6-4809-affc-cf2afdc12aa6 service placement] 10.222.0.41 "GET /placement/allocation_candidates?limit=1000&resources=DISK_GB%3A1%2CMEMORY_MB%3A1024%2CVCPU%3A1&root_required=%21COMPUTE_STATUS_DISABLED" status: 200 len: 1309 microversion: 1.36
May 05 09:15:29.857714 n-d-839361-2 devstack@placement-api.service[104861]: [pid: 104861|app: 0|req: 265/530] 10.222.0.41 () {60 vars in 1506 bytes} [Thu May 5 09:15:29 2022] GET /placement/allocation_candidates?limit=1000&resources=DISK_GB%3A1%2CMEMORY_MB%3A1024%2CVCPU%3A1&root_required=%21COMPUTE_STATUS_DISABLED => generated 1309 bytes in 79 msecs (HTTP/1.1 200) 8 headers in 297 bytes (1 switches on core 0)
May 05 09:15:29.937029 n-d-839361-2 devstack@placement-api.service[104862]: DEBUG placement.requestlog [req-c0ddf69b-70d8-4c7a-898b-48c890b4248e req-943af5ac-2937-4026-924a-8dc567b9fbe5 None None] Starting request: 10.222.0.41 "GET /placement/allocations/921fa802-e9f9-4586-ac8e-0f577f55bc1f" {{(pid=104862) __call__ /opt/stack/placement/placement/requestlog.py:55}}
May 05 09:15:29.954660 n-d-839361-2 devstack@placement-api.service[104862]: INFO placement.requestlog [req-c0ddf69b-70d8-4c7a-898b-48c890b4248e req-943af5ac-2937-4026-924a-8dc567b9fbe5 service placement] 10.222.0.41 "GET /placement/allocations/921fa802-e9f9-4586-ac8e-0f577f55bc1f" status: 200 len: 19 microversion: 1.28
May 05 09:15:29.960319 n-d-839361-2 devstack@placement-api.service[104862]: [pid: 104862|app: 0|req: 266/531] 10.222.0.41 () {60 vars in 1380 bytes} [Thu May 5 09:15:29 2022] GET /placement/allocations/921fa802-e9f9-4586-ac8e-0f577f55bc1f => generated 19 bytes in 24 msecs (HTTP/1.1 200) 8 headers in 295 bytes (1 switches on core 0)
May 05 09:15:29.964092 n-d-839361-2 devstack@placement-api.service[104861]: DEBUG placement.requestlog [req-c0ddf69b-70d8-4c7a-898b-48c890b4248e req-f6c5618d-16fd-40d4-bb68-64ce4c583717 None None] Starting request: 10.222.0.41 "PUT /placement/allocations/921fa802-e9f9-4586-ac8e-0f577f55bc1f" {{(pid=104861) __call__ /opt/stack/placement/placement/requestlog.py:55}}
May 05 09:15:30.141797 n-d-839361-2 devstack@placement-api.service[104861]: DEBUG placement.handlers.allocation [req-c0ddf69b-70d8-4c7a-898b-48c890b4248e req-f6c5618d-16fd-40d4-bb68-64ce4c583717 service placement] Successfully wrote allocations [, , ] {{(pid=104861) _update_consumers_and_create_allocations /opt/stack/placement/placement/handlers/allocation.py:462}}
May 05 09:15:30.217858 n-d-839361-2 devstack@placement-api.service[104861]: INFO placement.requestlog [req-c0ddf69b-70d8-4c7a-898b-48c890b4248e req-f6c5618d-16fd-40d4-bb68-64ce4c583717 service placement] 10.222.0.41 "PUT /placement/allocations/921fa802-e9f9-4586-ac8e-0f577f55bc1f" status: 204 len: 0 microversion: 1.36
May 05 09:15:30.218824 n-d-839361-2 devstack@placement-api.service[104861]: [pid: 104861|app: 0|req: 266/532] 10.222.0.41 () {64 vars in 1433 bytes} [Thu May 5 09:15:29 2022] PUT /placement/allocations/921fa802-e9f9-4586-ac8e-0f577f55bc1f => generated 0 bytes in 255 msecs (HTTP/1.1 204) 5 headers in 199 bytes (1 switches on core 0)
May 05 09:15:30.851511 n-d-839361-2 devstack@placement-api.service[104862]: DEBUG placement.requestlog [req-c0ddf69b-70d8-4c7a-898b-48c890b4248e req-fc7031a1-3c93-4d54-9c53-0ddb17133db2 None None] Starting request: 10.222.0.13 "GET /placement/allocations/921fa802-e9f9-4586-ac8e-0f577f55bc1f" {{(pid=104862) __call__ /opt/stack/placement/placement/requestlog.py:55}}
May 05 09:15:30.875897 n-d-839361-2 devstack@placement-api.service[104862]: INFO placement.requestlog [req-c0ddf69b-70d8-4c7a-898b-48c890b4248e req-fc7031a1-3c93-4d54-9c53-0ddb17133db2 service placement] 10.222.0.13 "GET /placement/allocations/921fa802-e9f9-4586-ac8e-0f577f55bc1f" status: 200 len: 259 microversion: 1.28
May 05 09:15:30.879495 n-d-839361-2 devstack@placement-api.service[104862]: [pid: 104862|app: 0|req: 267/533] 10.222.0.13 () {60 vars in 1377 bytes} [Thu May 5 09:15:30 2022] GET /placement/allocations/921fa802-e9f9-4586-ac8e-0f577f55bc1f => generated 259 bytes in 29 msecs (HTTP/1.1 200) 8 headers in 296 bytes (1 switches on core 0)
May 05 09:15:39.237730 n-d-839361-2 devstack@placement-api.service[104861]: DEBUG placement.requestlog [req-1c27aae7-c344-4d8f-b7d4-2fb2c11e5c33 req-0ae7bc59-39c8-4050-a667-6df885cf678f None None] Starting request: 10.222.0.36 "DELETE /placement/allocations/df0e8ffb-44ab-4c93-8154-487791bc1e92" {{(pid=104861) __call__ /opt/stack/placement/placement/requestlog.py:55}}
May 05 09:15:39.417333 n-d-839361-2 devstack@placement-api.service[104861]: DEBUG placement.handlers.allocation [req-1c27aae7-c344-4d8f-b7d4-2fb2c11e5c33 req-0ae7bc59-39c8-4050-a667-6df885cf678f service placement] Successfully deleted allocations [, , ] {{(pid=104861) delete_allocations /opt/stack/placement/placement/handlers/allocation.py:627}}
May 05 09:15:39.417885 n-d-839361-2 devstack@placement-api.service[104861]: INFO placement.requestlog [req-1c27aae7-c344-4d8f-b7d4-2fb2c11e5c33 req-0ae7bc59-39c8-4050-a667-6df885cf678f service placement] 10.222.0.36 "DELETE /placement/allocations/df0e8ffb-44ab-4c93-8154-487791bc1e92" status: 204 len: 0 microversion: 1.0
May 05 09:15:39.421830 n-d-839361-2 devstack@placement-api.service[104861]: [pid: 104861|app: 0|req: 267/534] 10.222.0.36 () {60 vars in 1355 bytes} [Thu May 5 09:15:39 2022] DELETE /placement/allocations/df0e8ffb-44ab-4c93-8154-487791bc1e92 => generated 0 bytes in 181 msecs (HTTP/1.1 204) 5 headers in 198 bytes (1 switches on core 0)
May 05 09:15:40.682812 n-d-839361-2 devstack@placement-api.service[104862]: DEBUG placement.requestlog [req-7c470320-3e7e-4157-808a-0602414f09aa req-477501db-23bc-403b-9bee-34d47f77e99f None None] Starting request: 10.222.0.41 "GET /placement/allocation_candidates?limit=1000&resources=MEMORY_MB%3A1024%2CVCPU%3A1&root_required=%21COMPUTE_STATUS_DISABLED" {{(pid=104862) __call__ /opt/stack/placement/placement/requestlog.py:55}}
May 05 09:15:40.705876 n-d-839361-2 devstack@placement-api.service[104861]: DEBUG placement.requestlog [req-c71db9b3-ca2b-4d65-a51d-d23f090ef913 req-4ebf2aa1-4b8d-4cb0-9e28-c147ca6f0880 None None] Starting request: 10.222.0.13 "DELETE /placement/allocations/4e10d5b3-e043-463e-8633-c9231a3e92b0" {{(pid=104861) __call__ /opt/stack/placement/placement/requestlog.py:55}}
May 05 09:15:40.777066 n-d-839361-2 devstack@placement-api.service[104862]: DEBUG placement.objects.research_context [req-7c470320-3e7e-4157-808a-0602414f09aa req-477501db-23bc-403b-9bee-34d47f77e99f service placement] getting providers with 1024 MEMORY_MB {{(pid=104862) __init__ /opt/stack/placement/placement/objects/research_context.py:136}}
May 05 09:15:40.790347 n-d-839361-2 devstack@placement-api.service[104862]: DEBUG placement.objects.research_context [req-7c470320-3e7e-4157-808a-0602414f09aa req-477501db-23bc-403b-9bee-34d47f77e99f service placement] getting providers with 1 VCPU {{(pid=104862) __init__ /opt/stack/placement/placement/objects/research_context.py:136}}
May 05 09:15:40.802741 n-d-839361-2 devstack@placement-api.service[104862]: DEBUG placement.objects.research_context [req-7c470320-3e7e-4157-808a-0602414f09aa req-477501db-23bc-403b-9bee-34d47f77e99f service placement] found 2 providers with available 1024 MEMORY_MB {{(pid=104862) get_provider_ids_matching /opt/stack/placement/placement/objects/research_context.py:563}}
May 05 09:15:40.803757 n-d-839361-2 devstack@placement-api.service[104862]: DEBUG placement.objects.research_context [req-7c470320-3e7e-4157-808a-0602414f09aa req-477501db-23bc-403b-9bee-34d47f77e99f service placement] found 2 providers with available 1 VCPU {{(pid=104862) get_provider_ids_matching /opt/stack/placement/placement/objects/research_context.py:563}}
May 05 09:15:40.804269 n-d-839361-2 devstack@placement-api.service[104862]: DEBUG placement.objects.research_context [req-7c470320-3e7e-4157-808a-0602414f09aa req-477501db-23bc-403b-9bee-34d47f77e99f service placement] found 2 providers after filtering by previous result {{(pid=104862) get_provider_ids_matching /opt/stack/placement/placement/objects/research_context.py:594}}
May 05 09:15:40.827320 n-d-839361-2 devstack@placement-api.service[104862]: DEBUG placement.objects.allocation_candidate [req-7c470320-3e7e-4157-808a-0602414f09aa req-477501db-23bc-403b-9bee-34d47f77e99f service placement] RequestGroup(use_same_provider=False, resources={MEMORY_MB:1024, VCPU:1}, traits=(), aggregates=[]) (suffix '') returned 2 matches {{(pid=104862) _get_by_requests /opt/stack/placement/placement/objects/allocation_candidate.py:156}}
May 05 09:15:40.827972 n-d-839361-2 devstack@placement-api.service[104862]: DEBUG placement.objects.allocation_candidate [req-7c470320-3e7e-4157-808a-0602414f09aa req-477501db-23bc-403b-9bee-34d47f77e99f service placement] Merging candidates yields 2 allocation requests and 2 provider summaries {{(pid=104862) _merge_candidates /opt/stack/placement/placement/objects/allocation_candidate.py:809}}
May 05 09:15:40.836034 n-d-839361-2 devstack@placement-api.service[104862]: INFO placement.requestlog [req-7c470320-3e7e-4157-808a-0602414f09aa req-477501db-23bc-403b-9bee-34d47f77e99f service placement] 10.222.0.41 "GET /placement/allocation_candidates?limit=1000&resources=MEMORY_MB%3A1024%2CVCPU%3A1&root_required=%21COMPUTE_STATUS_DISABLED" status: 200 len: 1281 microversion: 1.36
May 05 09:15:40.836631 n-d-839361-2 devstack@placement-api.service[104862]: [pid: 104862|app: 0|req: 268/535] 10.222.0.41 () {60 vars in 1478 bytes} [Thu May 5 09:15:40 2022] GET /placement/allocation_candidates?limit=1000&resources=MEMORY_MB%3A1024%2CVCPU%3A1&root_required=%21COMPUTE_STATUS_DISABLED => generated 1281 bytes in 154 msecs (HTTP/1.1 200) 8 headers in 297 bytes (1 switches on core 0)
May 05 09:15:40.926308 n-d-839361-2 devstack@placement-api.service[104861]: DEBUG placement.handlers.allocation [req-c71db9b3-ca2b-4d65-a51d-d23f090ef913 req-4ebf2aa1-4b8d-4cb0-9e28-c147ca6f0880 service placement] Successfully deleted allocations [, , ] {{(pid=104861) delete_allocations /opt/stack/placement/placement/handlers/allocation.py:627}}
May 05 09:15:40.926812 n-d-839361-2 devstack@placement-api.service[104861]: INFO placement.requestlog [req-c71db9b3-ca2b-4d65-a51d-d23f090ef913 req-4ebf2aa1-4b8d-4cb0-9e28-c147ca6f0880 service placement] 10.222.0.13 "DELETE /placement/allocations/4e10d5b3-e043-463e-8633-c9231a3e92b0" status: 204 len: 0 microversion: 1.0
May 05 09:15:40.927585 n-d-839361-2 devstack@placement-api.service[104861]: [pid: 104861|app: 0|req: 268/536] 10.222.0.13 () {60 vars in 1355 bytes} [Thu May 5 09:15:40 2022] DELETE /placement/allocations/4e10d5b3-e043-463e-8633-c9231a3e92b0 => generated 0 bytes in 222 msecs (HTTP/1.1 204) 5 headers in 198 bytes (2 switches on core 0)
May 05 09:15:40.988046 n-d-839361-2 devstack@placement-api.service[104862]: DEBUG placement.requestlog [req-7c470320-3e7e-4157-808a-0602414f09aa req-ce256724-7464-4cc6-b9e0-40b8bc616cd9 None None] Starting request: 10.222.0.41 "GET /placement/allocations/147a6c93-197e-4823-92ee-3be6c20d1686" {{(pid=104862) __call__ /opt/stack/placement/placement/requestlog.py:55}}
May 05 09:15:41.007470 n-d-839361-2 devstack@placement-api.service[104862]: INFO placement.requestlog [req-7c470320-3e7e-4157-808a-0602414f09aa req-ce256724-7464-4cc6-b9e0-40b8bc616cd9 service placement] 10.222.0.41 "GET /placement/allocations/147a6c93-197e-4823-92ee-3be6c20d1686" status: 200 len: 19 microversion: 1.28
May 05 09:15:41.008342 n-d-839361-2 devstack@placement-api.service[104862]: [pid: 104862|app: 0|req: 269/537] 10.222.0.41 () {60 vars in 1380 bytes} [Thu May 5 09:15:40 2022] GET /placement/allocations/147a6c93-197e-4823-92ee-3be6c20d1686 => generated 19 bytes in 21 msecs (HTTP/1.1 200) 8 headers in 295 bytes (2 switches on core 0)
May 05 09:15:41.013917 n-d-839361-2 devstack@placement-api.service[104861]: DEBUG placement.requestlog [req-7c470320-3e7e-4157-808a-0602414f09aa req-3de37ea4-95e1-48d5-af74-eb304dfa4e43 None None] Starting request: 10.222.0.41 "PUT /placement/allocations/147a6c93-197e-4823-92ee-3be6c20d1686" {{(pid=104861) __call__ /opt/stack/placement/placement/requestlog.py:55}}
May 05 09:15:41.412365 n-d-839361-2 devstack@placement-api.service[104861]: DEBUG placement.handlers.allocation [req-7c470320-3e7e-4157-808a-0602414f09aa req-3de37ea4-95e1-48d5-af74-eb304dfa4e43 service placement] Successfully wrote allocations [, ] {{(pid=104861) _update_consumers_and_create_allocations /opt/stack/placement/placement/handlers/allocation.py:462}}
May 05 09:15:41.497811 n-d-839361-2 devstack@placement-api.service[104861]: INFO placement.requestlog [req-7c470320-3e7e-4157-808a-0602414f09aa req-3de37ea4-95e1-48d5-af74-eb304dfa4e43 service placement] 10.222.0.41 "PUT /placement/allocations/147a6c93-197e-4823-92ee-3be6c20d1686" status: 204 len: 0 microversion: 1.36
May 05 09:15:41.498737 n-d-839361-2 devstack@placement-api.service[104861]: [pid: 104861|app: 0|req: 269/538] 10.222.0.41 () {64 vars in 1433 bytes} [Thu May 5 09:15:41 2022] PUT /placement/allocations/147a6c93-197e-4823-92ee-3be6c20d1686 => generated 0 bytes in 485 msecs (HTTP/1.1 204) 5 headers in 199 bytes (1 switches on core 0)
May 05 09:15:42.790465 n-d-839361-2 devstack@placement-api.service[104862]: DEBUG placement.requestlog [req-7c470320-3e7e-4157-808a-0602414f09aa req-241130f3-bd71-45e3-93d8-384f59ab7982 None None] Starting request: 10.222.0.13 "GET /placement/allocations/147a6c93-197e-4823-92ee-3be6c20d1686" {{(pid=104862) __call__ /opt/stack/placement/placement/requestlog.py:55}}
May 05 09:15:42.816954 n-d-839361-2 devstack@placement-api.service[104862]: INFO placement.requestlog [req-7c470320-3e7e-4157-808a-0602414f09aa req-241130f3-bd71-45e3-93d8-384f59ab7982 service placement] 10.222.0.13 "GET /placement/allocations/147a6c93-197e-4823-92ee-3be6c20d1686" status: 200 len: 245 microversion: 1.28
May 05 09:15:42.818005 n-d-839361-2 devstack@placement-api.service[104862]: [pid: 104862|app: 0|req: 270/539] 10.222.0.13 () {60 vars in 1377 bytes} [Thu May 5 09:15:42 2022] GET /placement/allocations/147a6c93-197e-4823-92ee-3be6c20d1686 => generated 245 bytes in 28 msecs (HTTP/1.1 200) 8 headers in 296 bytes (1 switches on core 0)
May 05 09:15:46.838932 n-d-839361-2 devstack@placement-api.service[104861]: DEBUG placement.requestlog [req-949ad2e4-8df2-4b99-89ac-1ce5c212d4fa req-d2c7099e-69ee-4940-8a18-97e784f6a450 None None] Starting request: 10.222.0.36 "DELETE /placement/allocations/046d71d0-2bda-490b-9746-05c1fed5d1f5" {{(pid=104861) __call__ /opt/stack/placement/placement/requestlog.py:55}}
May 05 09:15:47.039736 n-d-839361-2 devstack@placement-api.service[104861]: DEBUG placement.handlers.allocation [req-949ad2e4-8df2-4b99-89ac-1ce5c212d4fa req-d2c7099e-69ee-4940-8a18-97e784f6a450 service placement] Successfully deleted allocations [, , ] {{(pid=104861) delete_allocations /opt/stack/placement/placement/handlers/allocation.py:627}}
May 05 09:15:47.040237 n-d-839361-2 devstack@placement-api.service[104861]: INFO placement.requestlog [req-949ad2e4-8df2-4b99-89ac-1ce5c212d4fa req-d2c7099e-69ee-4940-8a18-97e784f6a450 service placement] 10.222.0.36 "DELETE /placement/allocations/046d71d0-2bda-490b-9746-05c1fed5d1f5" status: 204 len: 0 microversion: 1.0
May 05 09:15:47.040894 n-d-839361-2 devstack@placement-api.service[104861]: [pid: 104861|app: 0|req: 270/540] 10.222.0.36 () {60 vars in 1355 bytes} [Thu May 5 09:15:46 2022] DELETE /placement/allocations/046d71d0-2bda-490b-9746-05c1fed5d1f5 => generated 0 bytes in 203 msecs (HTTP/1.1 204) 5 headers in 198 bytes (1 switches on core 0)
May 05 09:15:49.087150 n-d-839361-2 devstack@placement-api.service[104862]: DEBUG placement.requestlog [None req-cd742b8c-35b4-473f-b424-c223bf92683d None None] Starting request: 10.222.0.41 "GET /placement/" {{(pid=104862) __call__ /opt/stack/placement/placement/requestlog.py:55}}
May 05 09:15:49.088854 n-d-839361-2 devstack@placement-api.service[104862]: INFO placement.requestlog [None req-cd742b8c-35b4-473f-b424-c223bf92683d None None] 10.222.0.41 "GET /placement/" status: 200 len: 136 microversion: 1.0
May 05 09:15:49.089669 n-d-839361-2 devstack@placement-api.service[104862]: [pid: 104862|app: 0|req: 271/541] 10.222.0.41 () {54 vars in 916 bytes} [Thu May 5 09:15:49 2022] GET /placement => generated 136 bytes in 3 msecs (HTTP/1.1 200) 6 headers in 224 bytes (1 switches on core 0)
May 05 09:15:49.107478 n-d-839361-2 devstack@placement-api.service[104861]: DEBUG placement.requestlog [req-aa05a76b-ed9d-47c6-8d48-f6bb279841e9 req-d066b858-9ff6-41ad-bb06-7e5c0ff840f3 None None] Starting request: 10.222.0.41 "GET /placement/allocations/0812e6c9-0bcb-4c7d-99cb-2d9f0f90f365" {{(pid=104861) __call__ /opt/stack/placement/placement/requestlog.py:55}}
May 05 09:15:49.326639 n-d-839361-2 devstack@placement-api.service[104861]: INFO placement.requestlog [req-aa05a76b-ed9d-47c6-8d48-f6bb279841e9 req-d066b858-9ff6-41ad-bb06-7e5c0ff840f3 service placement] 10.222.0.41 "GET /placement/allocations/0812e6c9-0bcb-4c7d-99cb-2d9f0f90f365" status: 200 len: 259 microversion: 1.28
May 05 09:15:49.327035 n-d-839361-2 devstack@placement-api.service[104861]: [pid: 104861|app: 0|req: 271/542] 10.222.0.41 () {60 vars in 1380 bytes} [Thu May 5 09:15:49 2022] GET /placement/allocations/0812e6c9-0bcb-4c7d-99cb-2d9f0f90f365 => generated 259 bytes in 220 msecs (HTTP/1.1 200) 8 headers in 296 bytes (1 switches on core 0)
May 05 09:15:49.333781 n-d-839361-2 devstack@placement-api.service[104862]: DEBUG placement.requestlog [req-aa05a76b-ed9d-47c6-8d48-f6bb279841e9 req-dd7f6da0-de42-4304-8bf4-2bbf280d3e63 None None] Starting request: 10.222.0.41 "GET /placement/allocations/0812e6c9-0bcb-4c7d-99cb-2d9f0f90f365" {{(pid=104862) __call__ /opt/stack/placement/placement/requestlog.py:55}}
May 05 09:15:49.361333 n-d-839361-2 devstack@placement-api.service[104862]: INFO placement.requestlog [req-aa05a76b-ed9d-47c6-8d48-f6bb279841e9 req-dd7f6da0-de42-4304-8bf4-2bbf280d3e63 service placement] 10.222.0.41 "GET /placement/allocations/0812e6c9-0bcb-4c7d-99cb-2d9f0f90f365" status: 200 len: 259 microversion: 1.28
May 05 09:15:49.364891 n-d-839361-2 devstack@placement-api.service[104862]: [pid: 104862|app: 0|req: 272/543] 10.222.0.41 () {60 vars in 1380 bytes} [Thu May 5 09:15:49 2022] GET /placement/allocations/0812e6c9-0bcb-4c7d-99cb-2d9f0f90f365 => generated 259 bytes in 30 msecs (HTTP/1.1 200) 8 headers in 296 bytes (1 switches on core 0)
May 05 09:15:49.369832 n-d-839361-2 devstack@placement-api.service[104861]: DEBUG placement.requestlog [req-aa05a76b-ed9d-47c6-8d48-f6bb279841e9 req-a59bca91-8cfa-44bb-a783-1f4d74a277cd None None] Starting request: 10.222.0.41 "GET /placement/allocations/f58cacc2-7475-4d04-8c93-412d78c01998" {{(pid=104861) __call__ /opt/stack/placement/placement/requestlog.py:55}}
May 05 09:15:49.390896 n-d-839361-2 devstack@placement-api.service[104861]: INFO placement.requestlog [req-aa05a76b-ed9d-47c6-8d48-f6bb279841e9 req-a59bca91-8cfa-44bb-a783-1f4d74a277cd service placement] 10.222.0.41 "GET /placement/allocations/f58cacc2-7475-4d04-8c93-412d78c01998" status: 200 len: 19 microversion: 1.28
May 05 09:15:49.394520 n-d-839361-2 devstack@placement-api.service[104861]: [pid: 104861|app: 0|req: 272/544] 10.222.0.41 () {60 vars in 1380 bytes} [Thu May 5 09:15:49 2022] GET /placement/allocations/f58cacc2-7475-4d04-8c93-412d78c01998 => generated 19 bytes in 25 msecs (HTTP/1.1 200) 8 headers in 295 bytes (1 switches on core 0)
May 05 09:15:49.404073 n-d-839361-2 devstack@placement-api.service[104862]: DEBUG placement.requestlog [req-aa05a76b-ed9d-47c6-8d48-f6bb279841e9 req-86486680-6030-4870-a2ac-2aa0e8918d1e None None] Starting request: 10.222.0.41 "POST /placement/allocations" {{(pid=104862) __call__ /opt/stack/placement/placement/requestlog.py:55}}
May 05 09:15:49.630755 n-d-839361-2 devstack@placement-api.service[104862]: DEBUG placement.handlers.allocation [req-aa05a76b-ed9d-47c6-8d48-f6bb279841e9 req-86486680-6030-4870-a2ac-2aa0e8918d1e service placement] Successfully wrote allocations [, , , , , ] {{(pid=104862) _update_consumers_and_create_allocations /opt/stack/placement/placement/handlers/allocation.py:572}}
May 05 09:15:49.717067 n-d-839361-2 devstack@placement-api.service[104862]: INFO placement.requestlog [req-aa05a76b-ed9d-47c6-8d48-f6bb279841e9 req-86486680-6030-4870-a2ac-2aa0e8918d1e service placement] 10.222.0.41 "POST /placement/allocations" status: 204 len: 0 microversion: 1.28
May 05 09:15:49.718322 n-d-839361-2 devstack@placement-api.service[104862]: [pid: 104862|app: 0|req: 273/545] 10.222.0.41 () {64 vars in 1323 bytes} [Thu May 5 09:15:49 2022] POST /placement/allocations => generated 0 bytes in 314 msecs (HTTP/1.1 204) 5 headers in 199 bytes (1 switches on core 0)
May 05 09:15:50.084276 n-d-839361-2 devstack@placement-api.service[104861]: DEBUG placement.requestlog [req-aa05a76b-ed9d-47c6-8d48-f6bb279841e9 req-e14f3c77-2b3a-4596-a538-fa84cc5089d9 None None] Starting request: 10.222.0.41 "GET /placement/allocation_candidates?limit=1000&resources=DISK_GB%3A1%2CMEMORY_MB%3A512%2CVCPU%3A1&root_required=%21COMPUTE_STATUS_DISABLED" {{(pid=104861) __call__ /opt/stack/placement/placement/requestlog.py:55}}
May 05 09:15:50.162500 n-d-839361-2 devstack@placement-api.service[104861]: DEBUG placement.objects.research_context [req-aa05a76b-ed9d-47c6-8d48-f6bb279841e9 req-e14f3c77-2b3a-4596-a538-fa84cc5089d9 service placement] getting providers with 1 DISK_GB {{(pid=104861) __init__ /opt/stack/placement/placement/objects/research_context.py:136}}
May 05 09:15:50.171988 n-d-839361-2 devstack@placement-api.service[104861]: DEBUG placement.objects.research_context [req-aa05a76b-ed9d-47c6-8d48-f6bb279841e9 req-e14f3c77-2b3a-4596-a538-fa84cc5089d9 service placement] getting providers with 512 MEMORY_MB {{(pid=104861) __init__ /opt/stack/placement/placement/objects/research_context.py:136}}
May 05 09:15:50.182181 n-d-839361-2 devstack@placement-api.service[104861]: DEBUG placement.objects.research_context [req-aa05a76b-ed9d-47c6-8d48-f6bb279841e9 req-e14f3c77-2b3a-4596-a538-fa84cc5089d9 service placement] getting providers with 1 VCPU {{(pid=104861) __init__ /opt/stack/placement/placement/objects/research_context.py:136}}
May 05 09:15:50.196110 n-d-839361-2 devstack@placement-api.service[104861]: DEBUG placement.objects.research_context [req-aa05a76b-ed9d-47c6-8d48-f6bb279841e9 req-e14f3c77-2b3a-4596-a538-fa84cc5089d9 service placement] found 2 providers with available 1 DISK_GB {{(pid=104861) get_provider_ids_matching /opt/stack/placement/placement/objects/research_context.py:563}}
May 05 09:15:50.197993 n-d-839361-2 devstack@placement-api.service[104861]: DEBUG placement.objects.research_context [req-aa05a76b-ed9d-47c6-8d48-f6bb279841e9 req-e14f3c77-2b3a-4596-a538-fa84cc5089d9 service placement] found 2 providers with available 512 MEMORY_MB {{(pid=104861) get_provider_ids_matching /opt/stack/placement/placement/objects/research_context.py:563}}
May 05 09:15:50.198343 n-d-839361-2 devstack@placement-api.service[104861]: DEBUG placement.objects.research_context [req-aa05a76b-ed9d-47c6-8d48-f6bb279841e9 req-e14f3c77-2b3a-4596-a538-fa84cc5089d9 service placement] found 2 providers after filtering by previous result {{(pid=104861) get_provider_ids_matching /opt/stack/placement/placement/objects/research_context.py:594}}
May 05 09:15:50.198673 n-d-839361-2 devstack@placement-api.service[104861]: DEBUG placement.objects.research_context [req-aa05a76b-ed9d-47c6-8d48-f6bb279841e9 req-e14f3c77-2b3a-4596-a538-fa84cc5089d9 service placement] found 2 providers with available 1 VCPU {{(pid=104861) get_provider_ids_matching /opt/stack/placement/placement/objects/research_context.py:563}}
May 05 09:15:50.199035 n-d-839361-2 devstack@placement-api.service[104861]: DEBUG placement.objects.research_context [req-aa05a76b-ed9d-47c6-8d48-f6bb279841e9 req-e14f3c77-2b3a-4596-a538-fa84cc5089d9 service placement] found 2 providers after filtering by previous result {{(pid=104861) get_provider_ids_matching /opt/stack/placement/placement/objects/research_context.py:594}}
May 05 09:15:50.233171 n-d-839361-2 devstack@placement-api.service[104861]: DEBUG placement.objects.allocation_candidate [req-aa05a76b-ed9d-47c6-8d48-f6bb279841e9 req-e14f3c77-2b3a-4596-a538-fa84cc5089d9 service placement] RequestGroup(use_same_provider=False, resources={DISK_GB:1, MEMORY_MB:512, VCPU:1}, traits=(), aggregates=[]) (suffix '') returned 2 matches {{(pid=104861) _get_by_requests /opt/stack/placement/placement/objects/allocation_candidate.py:156}}
May 05 09:15:50.233547 n-d-839361-2 devstack@placement-api.service[104861]: DEBUG placement.objects.allocation_candidate [req-aa05a76b-ed9d-47c6-8d48-f6bb279841e9 req-e14f3c77-2b3a-4596-a538-fa84cc5089d9 service placement] Merging candidates yields 2 allocation requests and 2 provider summaries {{(pid=104861) _merge_candidates /opt/stack/placement/placement/objects/allocation_candidate.py:809}}
