Apr 29 10:49:46.232697 n-d-839091-5 devstack@n-api.service[125136]: /usr/local/lib/python3.8/dist-packages/oslo_policy/policy.py:1119: UserWarning: Policy "os_compute_api:os-aggregates:create": "rule:context_is_admin" failed scope check. The token used to make the request was project scoped but the policy requires ['system'] scope. This behavior may change in the future where using the intended scope is required
Apr 29 10:49:46.232697 n-d-839091-5 devstack@n-api.service[125136]: warnings.warn(msg)
Apr 29 10:49:46.234091 n-d-839091-5 devstack@n-api.service[125136]: DEBUG nova.objects.aggregate [None req-88633223-9be3-426e-aa54-e69b68f9ce91 tempest-AggregatesAdminTestJSON-637577833 tempest-AggregatesAdminTestJSON-637577833-project-admin] Generated uuid 97a296ea-5b1d-4f3a-9504-0ba5c7741a89 for aggregate {{(pid=125136) create /opt/stack/nova/nova/objects/aggregate.py:298}}
Apr 29 10:49:46.257671 n-d-839091-5 devstack@n-api.service[125136]: INFO nova.api.openstack.requestlog [None req-88633223-9be3-426e-aa54-e69b68f9ce91 tempest-AggregatesAdminTestJSON-637577833 tempest-AggregatesAdminTestJSON-637577833-project-admin] 10.222.0.15 "POST /compute/v2.1/os-aggregates" status: 200 len: 198 microversion: 2.1 time: 0.037766
Apr 29 10:49:46.258825 n-d-839091-5 devstack@n-api.service[125136]: [pid: 125136|app: 0|req: 106/205] 10.222.0.15 () {60 vars in 1163 bytes} [Fri Apr 29 10:49:46 2022] POST /compute/v2.1/os-aggregates => generated 198 bytes in 39 msecs (HTTP/1.1 200) 9 headers in 357 bytes (1 switches on core 0)
Apr 29 10:49:46.263799 n-d-839091-5 devstack@n-api.service[125136]: DEBUG nova.api.openstack.wsgi [None req-17ac2c37-c10c-48c8-a486-2419e079a8e9 tempest-SecurityGroupsTestAdminJSON-1899118911 tempest-SecurityGroupsTestAdminJSON-1899118911-project] Calling method '.version_select at 0x7f1fcc3129d0>' {{(pid=125136) _process_stack /opt/stack/nova/nova/api/openstack/wsgi.py:513}}
Apr 29 10:49:46.268416 n-d-839091-5 devstack@n-api.service[125137]: DEBUG nova.policy [None req-37a5f637-89b8-4eae-a4ae-8181a069a9dd tempest-ServersOnMultiNodesTest-356050107 tempest-ServersOnMultiNodesTest-356050107-project] Policy check for os_compute_api:os-extended-server-attributes failed with credentials {'is_admin': False, 'user_id': '387ddf60849b465b902c3846bfc2d299', 'user_domain_id': 'default', 'system_scope': None, 'domain_id': None, 'project_id': 'bce9b1c1e99a43cab5e8ac5650c17664', 'project_domain_id': 'default', 'roles': ['reader', 'member'], 'is_admin_project': True, 'service_user_id': None, 'service_user_domain_id': None, 'service_project_id': None, 'service_project_domain_id': None, 'service_roles': []} {{(pid=125137) authorize /opt/stack/nova/nova/policy.py:199}}
Apr 29 10:49:46.276058 n-d-839091-5 devstack@n-api.service[125137]: INFO nova.api.openstack.requestlog [None req-37a5f637-89b8-4eae-a4ae-8181a069a9dd tempest-ServersOnMultiNodesTest-356050107 tempest-ServersOnMultiNodesTest-356050107-project] 10.222.0.15 "GET /compute/v2.1/servers/f5a87733-6a60-463e-9a9a-195af7a5ba7e" status: 200 len: 1467 microversion: 2.1 time: 0.185651
Apr 29 10:49:46.276631 n-d-839091-5 devstack@n-api.service[125137]: [pid: 125137|app: 0|req: 100/206] 10.222.0.15 () {58 vars in 1235 bytes} [Fri Apr 29 10:49:46 2022] GET /compute/v2.1/servers/f5a87733-6a60-463e-9a9a-195af7a5ba7e => generated 1467 bytes in 187 msecs (HTTP/1.1 200) 9 headers in 358 bytes (1 switches on core 0)
Apr 29 10:49:46.287211 n-d-839091-5 devstack@n-api.service[125137]: DEBUG nova.api.openstack.wsgi [None req-53a901a5-6a1f-474e-9d5c-f7b9f7104ca6 tempest-AggregatesAdminTestJSON-637577833 tempest-AggregatesAdminTestJSON-637577833-project-admin] Action: 'action', calling method: >, body: {"add_host": {"host": "n-h2-839091-5"}} {{(pid=125137) _process_stack /opt/stack/nova/nova/api/openstack/wsgi.py:511}}
Apr 29 10:49:46.288697 n-d-839091-5 devstack@n-api.service[125137]: /usr/local/lib/python3.8/dist-packages/oslo_policy/policy.py:1119: UserWarning: Policy "os_compute_api:os-aggregates:add_host": "rule:context_is_admin" failed scope check. The token used to make the request was project scoped but the policy requires ['system'] scope. This behavior may change in the future where using the intended scope is required
Apr 29 10:49:46.288697 n-d-839091-5 devstack@n-api.service[125137]: warnings.warn(msg)
Apr 29 10:49:46.296956 n-d-839091-5 devstack@n-api.service[125137]: DEBUG oslo_concurrency.lockutils [None req-53a901a5-6a1f-474e-9d5c-f7b9f7104ca6 tempest-AggregatesAdminTestJSON-637577833 tempest-AggregatesAdminTestJSON-637577833-project-admin] Lock "46210a17-f7a4-4554-873f-e1632066b6b7" acquired by "nova.context.set_target_cell..get_or_set_cached_cell_and_set_connections" :: waited 0.000s {{(pid=125137) inner /usr/local/lib/python3.8/dist-packages/oslo_concurrency/lockutils.py:386}}
Apr 29 10:49:46.297411 n-d-839091-5 devstack@n-api.service[125137]: DEBUG oslo_concurrency.lockutils [None req-53a901a5-6a1f-474e-9d5c-f7b9f7104ca6 tempest-AggregatesAdminTestJSON-637577833 tempest-AggregatesAdminTestJSON-637577833-project-admin] Lock "46210a17-f7a4-4554-873f-e1632066b6b7" "released" by "nova.context.set_target_cell..get_or_set_cached_cell_and_set_connections" :: held 0.001s {{(pid=125137) inner /usr/local/lib/python3.8/dist-packages/oslo_concurrency/lockutils.py:400}}
Apr 29 10:49:46.399778 n-d-839091-5 devstack@n-api.service[125137]: INFO nova.api.openstack.requestlog [None req-53a901a5-6a1f-474e-9d5c-f7b9f7104ca6 tempest-AggregatesAdminTestJSON-637577833 tempest-AggregatesAdminTestJSON-637577833-project-admin] 10.222.0.15 "POST /compute/v2.1/os-aggregates/4/action" status: 200 len: 242 microversion: 2.1 time: 0.122129
Apr 29 10:49:46.400382 n-d-839091-5 devstack@n-api.service[125137]: [pid: 125137|app: 0|req: 101/207] 10.222.0.15 () {60 vars in 1190 bytes} [Fri Apr 29 10:49:46 2022] POST /compute/v2.1/os-aggregates/4/action => generated 242 bytes in 123 msecs (HTTP/1.1 200) 9 headers in 357 bytes (1 switches on core 0)
Apr 29 10:49:46.451058 n-d-839091-5 devstack@n-api.service[125136]: INFO nova.api.openstack.requestlog [None req-17ac2c37-c10c-48c8-a486-2419e079a8e9 tempest-SecurityGroupsTestAdminJSON-1899118911 tempest-SecurityGroupsTestAdminJSON-1899118911-project] 10.222.0.15 "DELETE /compute/v2.1/os-security-groups/196d95ac-2350-45c4-abd3-56af7144db38" status: 202 len: 0 microversion: 2.1 time: 0.188913
Apr 29 10:49:46.452821 n-d-839091-5 devstack@n-api.service[125136]: [pid: 125136|app: 0|req: 107/208] 10.222.0.15 () {58 vars in 1271 bytes} [Fri Apr 29 10:49:46 2022] DELETE /compute/v2.1/os-security-groups/196d95ac-2350-45c4-abd3-56af7144db38 => generated 0 bytes in 193 msecs (HTTP/1.1 202) 9 headers in 361 bytes (1 switches on core 0)
Apr 29 10:49:46.469143 n-d-839091-5 devstack@n-api.service[125136]: DEBUG nova.api.openstack.wsgi [None req-79e860a6-2bd6-417d-874f-645d4a1cac9c tempest-DeleteServersAdminTestJSON-1937802677 tempest-DeleteServersAdminTestJSON-1937802677-project] Calling method '>' {{(pid=125136) _process_stack /opt/stack/nova/nova/api/openstack/wsgi.py:513}}
Apr 29 10:49:46.470211 n-d-839091-5 devstack@n-api.service[125136]: DEBUG nova.compute.api [None req-79e860a6-2bd6-417d-874f-645d4a1cac9c tempest-DeleteServersAdminTestJSON-1937802677 tempest-DeleteServersAdminTestJSON-1937802677-project] [instance: 4ad0aae3-3437-4c6c-965d-2dab96b281da] Fetching instance by UUID {{(pid=125136) get /opt/stack/nova/nova/compute/api.py:2918}}
Apr 29 10:49:46.478897 n-d-839091-5 devstack@n-api.service[125136]: DEBUG oslo_concurrency.lockutils [None req-79e860a6-2bd6-417d-874f-645d4a1cac9c tempest-DeleteServersAdminTestJSON-1937802677 tempest-DeleteServersAdminTestJSON-1937802677-project] Lock "46210a17-f7a4-4554-873f-e1632066b6b7" acquired by "nova.context.set_target_cell..get_or_set_cached_cell_and_set_connections" :: waited 0.000s {{(pid=125136) inner /usr/local/lib/python3.8/dist-packages/oslo_concurrency/lockutils.py:386}}
Apr 29 10:49:46.479348 n-d-839091-5 devstack@n-api.service[125136]: DEBUG oslo_concurrency.lockutils [None req-79e860a6-2bd6-417d-874f-645d4a1cac9c tempest-DeleteServersAdminTestJSON-1937802677 tempest-DeleteServersAdminTestJSON-1937802677-project] Lock "46210a17-f7a4-4554-873f-e1632066b6b7" "released" by "nova.context.set_target_cell..get_or_set_cached_cell_and_set_connections" :: held 0.001s {{(pid=125136) inner /usr/local/lib/python3.8/dist-packages/oslo_concurrency/lockutils.py:400}}
Apr 29 10:49:46.480144 n-d-839091-5 devstack@n-api.service[125136]: DEBUG oslo_concurrency.lockutils [None req-79e860a6-2bd6-417d-874f-645d4a1cac9c tempest-DeleteServersAdminTestJSON-1937802677 tempest-DeleteServersAdminTestJSON-1937802677-project] Lock "46210a17-f7a4-4554-873f-e1632066b6b7" acquired by "nova.context.set_target_cell..get_or_set_cached_cell_and_set_connections" :: waited 0.000s {{(pid=125136) inner /usr/local/lib/python3.8/dist-packages/oslo_concurrency/lockutils.py:386}}
Apr 29 10:49:46.481349 n-d-839091-5 devstack@n-api.service[125136]: DEBUG oslo_concurrency.lockutils [None req-79e860a6-2bd6-417d-874f-645d4a1cac9c tempest-DeleteServersAdminTestJSON-1937802677 tempest-DeleteServersAdminTestJSON-1937802677-project] Lock "46210a17-f7a4-4554-873f-e1632066b6b7" "released" by "nova.context.set_target_cell..get_or_set_cached_cell_and_set_connections" :: held 0.000s {{(pid=125136) inner /usr/local/lib/python3.8/dist-packages/oslo_concurrency/lockutils.py:400}}
Apr 29 10:49:46.497976 n-d-839091-5 devstack@n-api.service[125136]: INFO nova.api.openstack.wsgi [None req-79e860a6-2bd6-417d-874f-645d4a1cac9c tempest-DeleteServersAdminTestJSON-1937802677 tempest-DeleteServersAdminTestJSON-1937802677-project] HTTP exception thrown: Instance 4ad0aae3-3437-4c6c-965d-2dab96b281da could not be found.
Apr 29 10:49:46.498823 n-d-839091-5 devstack@n-api.service[125136]: DEBUG nova.api.openstack.wsgi [None req-79e860a6-2bd6-417d-874f-645d4a1cac9c tempest-DeleteServersAdminTestJSON-1937802677 tempest-DeleteServersAdminTestJSON-1937802677-project] Returning 404 to user: Instance 4ad0aae3-3437-4c6c-965d-2dab96b281da could not be found. {{(pid=125136) __call__ /opt/stack/nova/nova/api/openstack/wsgi.py:936}}
Apr 29 10:49:46.499660 n-d-839091-5 devstack@n-api.service[125136]: INFO nova.api.openstack.requestlog [None req-79e860a6-2bd6-417d-874f-645d4a1cac9c tempest-DeleteServersAdminTestJSON-1937802677 tempest-DeleteServersAdminTestJSON-1937802677-project] 10.222.0.15 "GET /compute/v2.1/servers/4ad0aae3-3437-4c6c-965d-2dab96b281da" status: 404 len: 111 microversion: 2.1 time: 0.045780
Apr 29 10:49:46.500220 n-d-839091-5 devstack@n-api.service[125136]: [pid: 125136|app: 0|req: 108/209] 10.222.0.15 () {58 vars in 1235 bytes} [Fri Apr 29 10:49:46 2022] GET /compute/v2.1/servers/4ad0aae3-3437-4c6c-965d-2dab96b281da => generated 111 bytes in 47 msecs (HTTP/1.1 404) 9 headers in 379 bytes (1 switches on core 0)
Apr 29 10:49:46.511227 n-d-839091-5 devstack@n-api.service[125136]: DEBUG nova.api.openstack.wsgi [None req-4f518d90-afca-423f-954f-b7285366196a tempest-AggregatesAdminTestJSON-637577833 tempest-AggregatesAdminTestJSON-637577833-project-admin] Calling method '>' {{(pid=125136) _process_stack /opt/stack/nova/nova/api/openstack/wsgi.py:513}}
Apr 29 10:49:46.512667 n-d-839091-5 devstack@n-api.service[125136]: /usr/local/lib/python3.8/dist-packages/oslo_policy/policy.py:1119: UserWarning: Policy "os_compute_api:os-aggregates:index": "rule:context_is_admin" failed scope check. The token used to make the request was project scoped but the policy requires ['system'] scope. This behavior may change in the future where using the intended scope is required
Apr 29 10:49:46.512667 n-d-839091-5 devstack@n-api.service[125136]: warnings.warn(msg)
Apr 29 10:49:46.519706 n-d-839091-5 devstack@n-api.service[125136]: INFO nova.api.openstack.requestlog [None req-4f518d90-afca-423f-954f-b7285366196a tempest-AggregatesAdminTestJSON-637577833 tempest-AggregatesAdminTestJSON-637577833-project-admin] 10.222.0.15 "GET /compute/v2.1/os-aggregates" status: 200 len: 245 microversion: 2.1 time: 0.018483
Apr 29 10:49:46.520373 n-d-839091-5 devstack@n-api.service[125136]: [pid: 125136|app: 0|req: 109/210] 10.222.0.15 () {58 vars in 1142 bytes} [Fri Apr 29 10:49:46 2022] GET /compute/v2.1/os-aggregates => generated 245 bytes in 20 msecs (HTTP/1.1 200) 9 headers in 357 bytes (1 switches on core 0)
Apr 29 10:49:46.522693 n-d-839091-5 devstack@n-api.service[125137]: DEBUG nova.api.openstack.wsgi [None req-ee3f5a71-0ae5-4fb4-ab43-66fa511ada57 tempest-ServersOnMultiNodesTest-707456335 tempest-ServersOnMultiNodesTest-707456335-project-admin] Calling method '>' {{(pid=125137) _process_stack /opt/stack/nova/nova/api/openstack/wsgi.py:513}}
Apr 29 10:49:46.523482 n-d-839091-5 devstack@n-api.service[125137]: DEBUG nova.compute.api [None req-ee3f5a71-0ae5-4fb4-ab43-66fa511ada57 tempest-ServersOnMultiNodesTest-707456335 tempest-ServersOnMultiNodesTest-707456335-project-admin] [instance: f5a87733-6a60-463e-9a9a-195af7a5ba7e] Fetching instance by UUID {{(pid=125137) get /opt/stack/nova/nova/compute/api.py:2918}}
Apr 29 10:49:46.532040 n-d-839091-5 devstack@n-api.service[125136]: DEBUG nova.api.openstack.wsgi [None req-215a3f1d-ae42-44fe-af1b-774063dcbb36 tempest-AggregatesAdminTestJSON-637577833 tempest-AggregatesAdminTestJSON-637577833-project-admin] Action: 'action', calling method: >, body: {"remove_host": {"host": "n-h2-839091-5"}} {{(pid=125136) _process_stack /opt/stack/nova/nova/api/openstack/wsgi.py:511}}
Apr 29 10:49:46.532237 n-d-839091-5 devstack@n-api.service[125137]: DEBUG oslo_concurrency.lockutils [None req-ee3f5a71-0ae5-4fb4-ab43-66fa511ada57 tempest-ServersOnMultiNodesTest-707456335 tempest-ServersOnMultiNodesTest-707456335-project-admin] Lock "46210a17-f7a4-4554-873f-e1632066b6b7" acquired by "nova.context.set_target_cell..get_or_set_cached_cell_and_set_connections" :: waited 0.000s {{(pid=125137) inner /usr/local/lib/python3.8/dist-packages/oslo_concurrency/lockutils.py:386}}
Apr 29 10:49:46.532579 n-d-839091-5 devstack@n-api.service[125137]: DEBUG oslo_concurrency.lockutils [None req-ee3f5a71-0ae5-4fb4-ab43-66fa511ada57 tempest-ServersOnMultiNodesTest-707456335 tempest-ServersOnMultiNodesTest-707456335-project-admin] Lock "46210a17-f7a4-4554-873f-e1632066b6b7" "released" by "nova.context.set_target_cell..get_or_set_cached_cell_and_set_connections" :: held 0.001s {{(pid=125137) inner /usr/local/lib/python3.8/dist-packages/oslo_concurrency/lockutils.py:400}}
Apr 29 10:49:46.533268 n-d-839091-5 devstack@n-api.service[125136]: /usr/local/lib/python3.8/dist-packages/oslo_policy/policy.py:1119: UserWarning: Policy "os_compute_api:os-aggregates:remove_host": "rule:context_is_admin" failed scope check. The token used to make the request was project scoped but the policy requires ['system'] scope. This behavior may change in the future where using the intended scope is required
Apr 29 10:49:46.533268 n-d-839091-5 devstack@n-api.service[125136]: warnings.warn(msg)
Apr 29 10:49:46.533463 n-d-839091-5 devstack@n-api.service[125137]: DEBUG oslo_concurrency.lockutils [None req-ee3f5a71-0ae5-4fb4-ab43-66fa511ada57 tempest-ServersOnMultiNodesTest-707456335 tempest-ServersOnMultiNodesTest-707456335-project-admin] Lock "46210a17-f7a4-4554-873f-e1632066b6b7" acquired by "nova.context.set_target_cell..get_or_set_cached_cell_and_set_connections" :: waited 0.000s {{(pid=125137) inner /usr/local/lib/python3.8/dist-packages/oslo_concurrency/lockutils.py:386}}
Apr 29 10:49:46.538373 n-d-839091-5 devstack@n-api.service[125137]: DEBUG oslo_concurrency.lockutils [None req-ee3f5a71-0ae5-4fb4-ab43-66fa511ada57 tempest-ServersOnMultiNodesTest-707456335 tempest-ServersOnMultiNodesTest-707456335-project-admin] Lock "46210a17-f7a4-4554-873f-e1632066b6b7" "released" by "nova.context.set_target_cell..get_or_set_cached_cell_and_set_connections" :: held 0.000s {{(pid=125137) inner /usr/local/lib/python3.8/dist-packages/oslo_concurrency/lockutils.py:400}}
Apr 29 10:49:46.541110 n-d-839091-5 devstack@n-api.service[125136]: DEBUG oslo_concurrency.lockutils [None req-215a3f1d-ae42-44fe-af1b-774063dcbb36 tempest-AggregatesAdminTestJSON-637577833 tempest-AggregatesAdminTestJSON-637577833-project-admin] Lock "46210a17-f7a4-4554-873f-e1632066b6b7" acquired by "nova.context.set_target_cell..get_or_set_cached_cell_and_set_connections" :: waited 0.000s {{(pid=125136) inner /usr/local/lib/python3.8/dist-packages/oslo_concurrency/lockutils.py:386}}
Apr 29 10:49:46.541558 n-d-839091-5 devstack@n-api.service[125136]: DEBUG oslo_concurrency.lockutils [None req-215a3f1d-ae42-44fe-af1b-774063dcbb36 tempest-AggregatesAdminTestJSON-637577833 tempest-AggregatesAdminTestJSON-637577833-project-admin] Lock "46210a17-f7a4-4554-873f-e1632066b6b7" "released" by "nova.context.set_target_cell..get_or_set_cached_cell_and_set_connections" :: held 0.001s {{(pid=125136) inner /usr/local/lib/python3.8/dist-packages/oslo_concurrency/lockutils.py:400}}
Apr 29 10:49:46.661992 n-d-839091-5 devstack@n-api.service[125136]: INFO nova.api.openstack.requestlog [None req-215a3f1d-ae42-44fe-af1b-774063dcbb36 tempest-AggregatesAdminTestJSON-637577833 tempest-AggregatesAdminTestJSON-637577833-project-admin] 10.222.0.15 "POST /compute/v2.1/os-aggregates/4/action" status: 200 len: 227 microversion: 2.1 time: 0.134255
Apr 29 10:49:46.668584 n-d-839091-5 devstack@n-api.service[125136]: [pid: 125136|app: 0|req: 110/211] 10.222.0.15 () {60 vars in 1190 bytes} [Fri Apr 29 10:49:46 2022] POST /compute/v2.1/os-aggregates/4/action => generated 227 bytes in 137 msecs (HTTP/1.1 200) 9 headers in 357 bytes (1 switches on core 0)
Apr 29 10:49:46.669002 n-d-839091-5 devstack@n-api.service[125136]: DEBUG nova.api.openstack.wsgi [None req-deae5c70-52f3-4bb8-aa8e-91bd4b45ce9c tempest-DeleteServersAdminTestJSON-1937802677 tempest-DeleteServersAdminTestJSON-1937802677-project] Action: 'create', calling method: >, body: {"server": {"name": "tempest-DeleteServersAdminTestJSON-server-1069046476", "imageRef": "19c63776-e749-42c8-a4b0-19e5ca96a998", "flavorRef": "452"}} {{(pid=125136) _process_stack /opt/stack/nova/nova/api/openstack/wsgi.py:511}}
Apr 29 10:49:46.726758 n-d-839091-5 devstack@n-api.service[125136]: DEBUG nova.network.neutron [None req-deae5c70-52f3-4bb8-aa8e-91bd4b45ce9c tempest-DeleteServersAdminTestJSON-1937802677 tempest-DeleteServersAdminTestJSON-1937802677-project] validate_networks() for None {{(pid=125136) validate_networks /opt/stack/nova/nova/network/neutron.py:2632}}
Apr 29 10:49:46.813518 n-d-839091-5 devstack@n-api.service[125137]: INFO nova.api.openstack.requestlog [None req-ee3f5a71-0ae5-4fb4-ab43-66fa511ada57 tempest-ServersOnMultiNodesTest-707456335 tempest-ServersOnMultiNodesTest-707456335-project-admin] 10.222.0.15 "GET /compute/v2.1/servers/f5a87733-6a60-463e-9a9a-195af7a5ba7e" status: 200 len: 1618 microversion: 2.1 time: 0.411785
Apr 29 10:49:46.814266 n-d-839091-5 devstack@n-api.service[125137]: [pid: 125137|app: 0|req: 102/212] 10.222.0.15 () {58 vars in 1235 bytes} [Fri Apr 29 10:49:46 2022] GET /compute/v2.1/servers/f5a87733-6a60-463e-9a9a-195af7a5ba7e => generated 1618 bytes in 413 msecs (HTTP/1.1 200) 9 headers in 358 bytes (1 switches on core 0)
Apr 29 10:49:46.820936 n-d-839091-5 devstack@n-api.service[125137]: DEBUG nova.api.openstack.wsgi [None req-dd6fff15-e85e-4308-95fc-ab37792d9761 tempest-AggregatesAdminTestJSON-637577833 tempest-AggregatesAdminTestJSON-637577833-project-admin] Calling method '>' {{(pid=125137) _process_stack /opt/stack/nova/nova/api/openstack/wsgi.py:513}}
Apr 29 10:49:46.821869 n-d-839091-5 devstack@n-api.service[125137]: /usr/local/lib/python3.8/dist-packages/oslo_policy/policy.py:1119: UserWarning: Policy "os_compute_api:os-aggregates:delete": "rule:context_is_admin" failed scope check. The token used to make the request was project scoped but the policy requires ['system'] scope. This behavior may change in the future where using the intended scope is required
Apr 29 10:49:46.821869 n-d-839091-5 devstack@n-api.service[125137]: warnings.warn(msg)
Apr 29 10:49:46.844298 n-d-839091-5 devstack@n-api.service[125137]: INFO nova.api.openstack.requestlog [None req-dd6fff15-e85e-4308-95fc-ab37792d9761 tempest-AggregatesAdminTestJSON-637577833 tempest-AggregatesAdminTestJSON-637577833-project-admin] 10.222.0.15 "DELETE /compute/v2.1/os-aggregates/4" status: 200 len: 0 microversion: 2.1 time: 0.028009
Apr 29 10:49:46.844871 n-d-839091-5 devstack@n-api.service[125137]: [pid: 125137|app: 0|req: 103/213] 10.222.0.15 () {58 vars in 1151 bytes} [Fri Apr 29 10:49:46 2022] DELETE /compute/v2.1/os-aggregates/4 => generated 0 bytes in 30 msecs (HTTP/1.1 200) 9 headers in 355 bytes (1 switches on core 0)
Apr 29 10:49:46.850716 n-d-839091-5 devstack@n-api.service[125137]: DEBUG nova.api.openstack.wsgi [None req-a54b4957-2e91-4053-aca4-ce9c404c2750 tempest-ServersAdminTestJSON-2096236892 tempest-ServersAdminTestJSON-2096236892-project] Calling method '>' {{(pid=125137) _process_stack /opt/stack/nova/nova/api/openstack/wsgi.py:513}}
Apr 29 10:49:46.851354 n-d-839091-5 devstack@n-api.service[125137]: DEBUG nova.compute.api [None req-a54b4957-2e91-4053-aca4-ce9c404c2750 tempest-ServersAdminTestJSON-2096236892 tempest-ServersAdminTestJSON-2096236892-project] [instance: d21ad87d-7c3d-4ec9-9929-e41a1e79aada] Fetching instance by UUID {{(pid=125137) get /opt/stack/nova/nova/compute/api.py:2918}}
Apr 29 10:49:46.857940 n-d-839091-5 devstack@n-api.service[125137]: DEBUG oslo_concurrency.lockutils [None req-a54b4957-2e91-4053-aca4-ce9c404c2750 tempest-ServersAdminTestJSON-2096236892 tempest-ServersAdminTestJSON-2096236892-project] Lock "46210a17-f7a4-4554-873f-e1632066b6b7" acquired by "nova.context.set_target_cell..get_or_set_cached_cell_and_set_connections" :: waited 0.000s {{(pid=125137) inner /usr/local/lib/python3.8/dist-packages/oslo_concurrency/lockutils.py:386}}
Apr 29 10:49:46.858394 n-d-839091-5 devstack@n-api.service[125137]: DEBUG oslo_concurrency.lockutils [None req-a54b4957-2e91-4053-aca4-ce9c404c2750 tempest-ServersAdminTestJSON-2096236892 tempest-ServersAdminTestJSON-2096236892-project] Lock "46210a17-f7a4-4554-873f-e1632066b6b7" "released" by "nova.context.set_target_cell..get_or_set_cached_cell_and_set_connections" :: held 0.001s {{(pid=125137) inner /usr/local/lib/python3.8/dist-packages/oslo_concurrency/lockutils.py:400}}
Apr 29 10:49:46.859187 n-d-839091-5 devstack@n-api.service[125137]: DEBUG oslo_concurrency.lockutils [None req-a54b4957-2e91-4053-aca4-ce9c404c2750 tempest-ServersAdminTestJSON-2096236892 tempest-ServersAdminTestJSON-2096236892-project] Lock "46210a17-f7a4-4554-873f-e1632066b6b7" acquired by "nova.context.set_target_cell..get_or_set_cached_cell_and_set_connections" :: waited 0.000s {{(pid=125137) inner /usr/local/lib/python3.8/dist-packages/oslo_concurrency/lockutils.py:386}}
Apr 29 10:49:46.859801 n-d-839091-5 devstack@n-api.service[125137]: DEBUG oslo_concurrency.lockutils [None req-a54b4957-2e91-4053-aca4-ce9c404c2750 tempest-ServersAdminTestJSON-2096236892 tempest-ServersAdminTestJSON-2096236892-project] Lock "46210a17-f7a4-4554-873f-e1632066b6b7" "released" by "nova.context.set_target_cell..get_or_set_cached_cell_and_set_connections" :: held 0.001s {{(pid=125137) inner /usr/local/lib/python3.8/dist-packages/oslo_concurrency/lockutils.py:400}}
Apr 29 10:49:46.963667 n-d-839091-5 devstack@n-api.service[125136]: DEBUG nova.virt.hardware [None req-deae5c70-52f3-4bb8-aa8e-91bd4b45ce9c tempest-DeleteServersAdminTestJSON-1937802677 tempest-DeleteServersAdminTestJSON-1937802677-project] Flavor limits 0:0:0 {{(pid=125136) get_cpu_topology_constraints /opt/stack/nova/nova/virt/hardware.py:343}}
Apr 29 10:49:46.964173 n-d-839091-5 devstack@n-api.service[125136]: DEBUG nova.virt.hardware [None req-deae5c70-52f3-4bb8-aa8e-91bd4b45ce9c tempest-DeleteServersAdminTestJSON-1937802677 tempest-DeleteServersAdminTestJSON-1937802677-project] Image limits 0:0:0 {{(pid=125136) get_cpu_topology_constraints /opt/stack/nova/nova/virt/hardware.py:347}}
Apr 29 10:49:46.964714 n-d-839091-5 devstack@n-api.service[125136]: DEBUG nova.virt.hardware [None req-deae5c70-52f3-4bb8-aa8e-91bd4b45ce9c tempest-DeleteServersAdminTestJSON-1937802677 tempest-DeleteServersAdminTestJSON-1937802677-project] Flavor pref 0:0:0 {{(pid=125136) get_cpu_topology_constraints /opt/stack/nova/nova/virt/hardware.py:383}}
Apr 29 10:49:46.965161 n-d-839091-5 devstack@n-api.service[125136]: DEBUG nova.virt.hardware [None req-deae5c70-52f3-4bb8-aa8e-91bd4b45ce9c tempest-DeleteServersAdminTestJSON-1937802677 tempest-DeleteServersAdminTestJSON-1937802677-project] Image pref 0:0:0 {{(pid=125136) get_cpu_topology_constraints /opt/stack/nova/nova/virt/hardware.py:387}}
Apr 29 10:49:46.965604 n-d-839091-5 devstack@n-api.service[125136]: DEBUG nova.virt.hardware [None req-deae5c70-52f3-4bb8-aa8e-91bd4b45ce9c tempest-DeleteServersAdminTestJSON-1937802677 tempest-DeleteServersAdminTestJSON-1937802677-project] Chose sockets=0, cores=0, threads=0; limits were sockets=65536, cores=65536, threads=65536 {{(pid=125136) get_cpu_topology_constraints /opt/stack/nova/nova/virt/hardware.py:425}}
Apr 29 10:49:46.974507 n-d-839091-5 devstack@n-api.service[125136]: DEBUG oslo_concurrency.lockutils [None req-deae5c70-52f3-4bb8-aa8e-91bd4b45ce9c tempest-DeleteServersAdminTestJSON-1937802677 tempest-DeleteServersAdminTestJSON-1937802677-project] Lock "00000000-0000-0000-0000-000000000000" acquired by "nova.context.set_target_cell..get_or_set_cached_cell_and_set_connections" :: waited 0.000s {{(pid=125136) inner /usr/local/lib/python3.8/dist-packages/oslo_concurrency/lockutils.py:386}}
Apr 29 10:49:46.974952 n-d-839091-5 devstack@n-api.service[125136]: DEBUG oslo_concurrency.lockutils [None req-deae5c70-52f3-4bb8-aa8e-91bd4b45ce9c tempest-DeleteServersAdminTestJSON-1937802677 tempest-DeleteServersAdminTestJSON-1937802677-project] Lock "00000000-0000-0000-0000-000000000000" "released" by "nova.context.set_target_cell..get_or_set_cached_cell_and_set_connections" :: held 0.001s {{(pid=125136) inner /usr/local/lib/python3.8/dist-packages/oslo_concurrency/lockutils.py:400}}
Apr 29 10:49:46.975755 n-d-839091-5 devstack@n-api.service[125136]: DEBUG oslo_concurrency.lockutils [None req-deae5c70-52f3-4bb8-aa8e-91bd4b45ce9c tempest-DeleteServersAdminTestJSON-1937802677 tempest-DeleteServersAdminTestJSON-1937802677-project] Lock "46210a17-f7a4-4554-873f-e1632066b6b7" acquired by "nova.context.set_target_cell..get_or_set_cached_cell_and_set_connections" :: waited 0.000s {{(pid=125136) inner /usr/local/lib/python3.8/dist-packages/oslo_concurrency/lockutils.py:386}}
Apr 29 10:49:46.976186 n-d-839091-5 devstack@n-api.service[125136]: DEBUG oslo_concurrency.lockutils [None req-deae5c70-52f3-4bb8-aa8e-91bd4b45ce9c tempest-DeleteServersAdminTestJSON-1937802677 tempest-DeleteServersAdminTestJSON-1937802677-project] Lock "46210a17-f7a4-4554-873f-e1632066b6b7" "released" by "nova.context.set_target_cell..get_or_set_cached_cell_and_set_connections" :: held 0.000s {{(pid=125136) inner /usr/local/lib/python3.8/dist-packages/oslo_concurrency/lockutils.py:400}}
Apr 29 10:49:46.992450 n-d-839091-5 devstack@n-api.service[125136]: DEBUG nova.quota [None req-deae5c70-52f3-4bb8-aa8e-91bd4b45ce9c tempest-DeleteServersAdminTestJSON-1937802677 tempest-DeleteServersAdminTestJSON-1937802677-project] Getting quotas for project 9227ec6cdcce40baa5b82f080391e682. Resources: {'cores', 'ram', 'instances'} {{(pid=125136) _get_quotas /opt/stack/nova/nova/quota.py:393}}
Apr 29 10:49:46.996984 n-d-839091-5 devstack@n-api.service[125136]: DEBUG nova.quota [None req-deae5c70-52f3-4bb8-aa8e-91bd4b45ce9c tempest-DeleteServersAdminTestJSON-1937802677 tempest-DeleteServersAdminTestJSON-1937802677-project] Getting quotas for user 6c776fccbd4e4a66be709facda89d8c7 and project 9227ec6cdcce40baa5b82f080391e682. Resources: {'cores', 'ram', 'instances'} {{(pid=125136) _get_quotas /opt/stack/nova/nova/quota.py:383}}
Apr 29 10:49:47.007903 n-d-839091-5 devstack@n-api.service[125136]: DEBUG nova.compute.api [None req-deae5c70-52f3-4bb8-aa8e-91bd4b45ce9c tempest-DeleteServersAdminTestJSON-1937802677 tempest-DeleteServersAdminTestJSON-1937802677-project] Going to run 1 instances... {{(pid=125136) _provision_instances /opt/stack/nova/nova/compute/api.py:1389}}
Apr 29 10:49:47.010192 n-d-839091-5 devstack@n-api.service[125136]: DEBUG nova.compute.api [None req-deae5c70-52f3-4bb8-aa8e-91bd4b45ce9c tempest-DeleteServersAdminTestJSON-1937802677 tempest-DeleteServersAdminTestJSON-1937802677-project] [instance: d64f4fd6-aff1-4b7c-a10d-35889027aecc] block_device_mapping [BlockDeviceMapping(attachment_id=,boot_index=0,connection_info=None,created_at=,delete_on_termination=True,deleted=,deleted_at=,destination_type='local',device_name=None,device_type='disk',disk_bus=None,guest_format=None,id=,image_id='19c63776-e749-42c8-a4b0-19e5ca96a998',instance=,instance_uuid=,no_device=False,snapshot_id=None,source_type='image',tag=None,updated_at=,uuid=,volume_id=None,volume_size=None,volume_type=None)] {{(pid=125136) _bdm_validate_set_size_and_instance /opt/stack/nova/nova/compute/api.py:1807}}
Apr 29 10:49:47.030288 n-d-839091-5 devstack@n-api.service[125137]: DEBUG nova.policy [None req-a54b4957-2e91-4053-aca4-ce9c404c2750 tempest-ServersAdminTestJSON-2096236892 tempest-ServersAdminTestJSON-2096236892-project] Policy check for os_compute_api:os-extended-server-attributes failed with credentials {'is_admin': False, 'user_id': 'fa1da15716264516b0ccf2439dd09bfb', 'user_domain_id': 'default', 'system_scope': None, 'domain_id': None, 'project_id': '8c28f20f56af4972a37c071278a45ca9', 'project_domain_id': 'default', 'roles': ['reader', 'member'], 'is_admin_project': True, 'service_user_id': None, 'service_user_domain_id': None, 'service_project_id': None, 'service_project_domain_id': None, 'service_roles': []} {{(pid=125137) authorize /opt/stack/nova/nova/policy.py:199}}
Apr 29 10:49:47.037641 n-d-839091-5 devstack@n-api.service[125137]: INFO nova.api.openstack.requestlog [None req-a54b4957-2e91-4053-aca4-ce9c404c2750 tempest-ServersAdminTestJSON-2096236892 tempest-ServersAdminTestJSON-2096236892-project] 10.222.0.15 "GET /compute/v2.1/servers/d21ad87d-7c3d-4ec9-9929-e41a1e79aada" status: 200 len: 1314 microversion: 2.1 time: 0.191483
Apr 29 10:49:47.038454 n-d-839091-5 devstack@n-api.service[125137]: [pid: 125137|app: 0|req: 104/214] 10.222.0.15 () {58 vars in 1235 bytes} [Fri Apr 29 10:49:46 2022] GET /compute/v2.1/servers/d21ad87d-7c3d-4ec9-9929-e41a1e79aada => generated 1314 bytes in 193 msecs (HTTP/1.1 200) 9 headers in 358 bytes (1 switches on core 0)
Apr 29 10:49:47.043181 n-d-839091-5 devstack@n-api.service[125137]: DEBUG nova.api.openstack.wsgi [None req-fc80422e-b42c-4d0d-93f6-4d98a312fdfd tempest-ServersOnMultiNodesTest-356050107 tempest-ServersOnMultiNodesTest-356050107-project] Action: 'create', calling method: .version_select at 0x7f1fcc37e1f0>, body: {"server_group": {"name": "tempest-ServersOnMultiNodesTest-Server-Group-66467718", "policies": ["affinity"]}} {{(pid=125137) _process_stack /opt/stack/nova/nova/api/openstack/wsgi.py:511}}
Apr 29 10:49:47.061482 n-d-839091-5 devstack@n-api.service[125137]: DEBUG nova.quota [None req-fc80422e-b42c-4d0d-93f6-4d98a312fdfd tempest-ServersOnMultiNodesTest-356050107 tempest-ServersOnMultiNodesTest-356050107-project] Getting quotas for project bce9b1c1e99a43cab5e8ac5650c17664. Resources: {'server_groups'} {{(pid=125137) _get_quotas /opt/stack/nova/nova/quota.py:393}}
Apr 29 10:49:47.065348 n-d-839091-5 devstack@n-api.service[125137]: DEBUG nova.quota [None req-fc80422e-b42c-4d0d-93f6-4d98a312fdfd tempest-ServersOnMultiNodesTest-356050107 tempest-ServersOnMultiNodesTest-356050107-project] Getting quotas for user 387ddf60849b465b902c3846bfc2d299 and project bce9b1c1e99a43cab5e8ac5650c17664. Resources: {'server_groups'} {{(pid=125137) _get_quotas /opt/stack/nova/nova/quota.py:383}}
Apr 29 10:49:47.074489 n-d-839091-5 devstack@n-api.service[125136]: INFO nova.api.openstack.requestlog [None req-deae5c70-52f3-4bb8-aa8e-91bd4b45ce9c tempest-DeleteServersAdminTestJSON-1937802677 tempest-DeleteServersAdminTestJSON-1937802677-project] 10.222.0.15 "POST /compute/v2.1/servers" status: 202 len: 380 microversion: 2.1 time: 0.408357
Apr 29 10:49:47.076548 n-d-839091-5 devstack@n-api.service[125136]: [pid: 125136|app: 0|req: 111/215] 10.222.0.15 () {60 vars in 1146 bytes} [Fri Apr 29 10:49:46 2022] POST /compute/v2.1/servers => generated 380 bytes in 412 msecs (HTTP/1.1 202) 10 headers in 451 bytes (1 switches on core 0)
Apr 29 10:49:47.083175 n-d-839091-5 devstack@n-api.service[125136]: DEBUG nova.api.openstack.wsgi [None req-946deda7-c888-47a4-b87b-935aea780ac0 tempest-AggregatesAdminTestJSON-637577833 tempest-AggregatesAdminTestJSON-637577833-project-admin] Action: 'create', calling method: >, body: {"aggregate": {"name": "tempest-test_aggregate-420875158"}} {{(pid=125136) _process_stack /opt/stack/nova/nova/api/openstack/wsgi.py:511}}
Apr 29 10:49:47.084787 n-d-839091-5 devstack@n-api.service[125136]: /usr/local/lib/python3.8/dist-packages/oslo_policy/policy.py:1119: UserWarning: Policy "os_compute_api:os-aggregates:create": "rule:context_is_admin" failed scope check. The token used to make the request was project scoped but the policy requires ['system'] scope. This behavior may change in the future where using the intended scope is required
Apr 29 10:49:47.084787 n-d-839091-5 devstack@n-api.service[125136]: warnings.warn(msg)
Apr 29 10:49:47.086204 n-d-839091-5 devstack@n-api.service[125136]: DEBUG nova.objects.aggregate [None req-946deda7-c888-47a4-b87b-935aea780ac0 tempest-AggregatesAdminTestJSON-637577833 tempest-AggregatesAdminTestJSON-637577833-project-admin] Generated uuid 109a7bb6-3932-4c1a-8129-d6619af401a4 for aggregate {{(pid=125136) create /opt/stack/nova/nova/objects/aggregate.py:298}}
Apr 29 10:49:47.115232 n-d-839091-5 devstack@n-api.service[125136]: INFO nova.api.openstack.requestlog [None req-946deda7-c888-47a4-b87b-935aea780ac0 tempest-AggregatesAdminTestJSON-637577833 tempest-AggregatesAdminTestJSON-637577833-project-admin] 10.222.0.15 "POST /compute/v2.1/os-aggregates" status: 200 len: 197 microversion: 2.1 time: 0.037400
Apr 29 10:49:47.122502 n-d-839091-5 devstack@n-api.service[125136]: [pid: 125136|app: 0|req: 112/216] 10.222.0.15 () {60 vars in 1163 bytes} [Fri Apr 29 10:49:47 2022] POST /compute/v2.1/os-aggregates => generated 197 bytes in 45 msecs (HTTP/1.1 200) 9 headers in 357 bytes (1 switches on core 0)
Apr 29 10:49:47.129026 n-d-839091-5 devstack@n-api.service[125136]: DEBUG nova.api.openstack.wsgi [None req-789f62d2-0cf3-44a8-97f5-13ef78608bbb tempest-DeleteServersAdminTestJSON-1937802677 tempest-DeleteServersAdminTestJSON-1937802677-project] Calling method '>' {{(pid=125136) _process_stack /opt/stack/nova/nova/api/openstack/wsgi.py:513}}
Apr 29 10:49:47.129900 n-d-839091-5 devstack@n-api.service[125136]: DEBUG nova.compute.api [None req-789f62d2-0cf3-44a8-97f5-13ef78608bbb tempest-DeleteServersAdminTestJSON-1937802677 tempest-DeleteServersAdminTestJSON-1937802677-project] [instance: d64f4fd6-aff1-4b7c-a10d-35889027aecc] Fetching instance by UUID {{(pid=125136) get /opt/stack/nova/nova/compute/api.py:2918}}
Apr 29 10:49:47.137509 n-d-839091-5 devstack@n-api.service[125137]: DEBUG nova.quota [None req-fc80422e-b42c-4d0d-93f6-4d98a312fdfd tempest-ServersOnMultiNodesTest-356050107 tempest-ServersOnMultiNodesTest-356050107-project] Getting quotas for project bce9b1c1e99a43cab5e8ac5650c17664. Resources: {'server_groups'} {{(pid=125137) _get_quotas /opt/stack/nova/nova/quota.py:393}}
Apr 29 10:49:47.142236 n-d-839091-5 devstack@n-api.service[125137]: DEBUG nova.quota [None req-fc80422e-b42c-4d0d-93f6-4d98a312fdfd tempest-ServersOnMultiNodesTest-356050107 tempest-ServersOnMultiNodesTest-356050107-project] Getting quotas for user 387ddf60849b465b902c3846bfc2d299 and project bce9b1c1e99a43cab5e8ac5650c17664. Resources: {'server_groups'} {{(pid=125137) _get_quotas /opt/stack/nova/nova/quota.py:383}}
Apr 29 10:49:47.165799 n-d-839091-5 devstack@n-api.service[125137]: INFO nova.api.openstack.requestlog [None req-fc80422e-b42c-4d0d-93f6-4d98a312fdfd tempest-ServersOnMultiNodesTest-356050107 tempest-ServersOnMultiNodesTest-356050107-project] 10.222.0.15 "POST /compute/v2.1/os-server-groups" status: 200 len: 186 microversion: 2.1 time: 0.122859
Apr 29 10:49:47.166623 n-d-839091-5 devstack@n-api.service[125137]: [pid: 125137|app: 0|req: 105/217] 10.222.0.15 () {60 vars in 1173 bytes} [Fri Apr 29 10:49:47 2022] POST /compute/v2.1/os-server-groups => generated 186 bytes in 127 msecs (HTTP/1.1 200) 9 headers in 357 bytes (1 switches on core 0)
Apr 29 10:49:47.172216 n-d-839091-5 devstack@n-api.service[125137]: DEBUG nova.api.openstack.wsgi [None req-bce322ac-14d0-45b6-bbe2-8a668a42604e tempest-LiveMigrationNegativeTest-1822414558 tempest-LiveMigrationNegativeTest-1822414558-project] Calling method '>' {{(pid=125137) _process_stack /opt/stack/nova/nova/api/openstack/wsgi.py:513}}
Apr 29 10:49:47.173120 n-d-839091-5 devstack@n-api.service[125137]: DEBUG nova.compute.api [None req-bce322ac-14d0-45b6-bbe2-8a668a42604e tempest-LiveMigrationNegativeTest-1822414558 tempest-LiveMigrationNegativeTest-1822414558-project] [instance: 67abe28a-becf-4986-931c-5d57405324e5] Fetching instance by UUID {{(pid=125137) get /opt/stack/nova/nova/compute/api.py:2918}}
Apr 29 10:49:47.180494 n-d-839091-5 devstack@n-api.service[125137]: DEBUG oslo_concurrency.lockutils [None req-bce322ac-14d0-45b6-bbe2-8a668a42604e tempest-LiveMigrationNegativeTest-1822414558 tempest-LiveMigrationNegativeTest-1822414558-project] Lock "46210a17-f7a4-4554-873f-e1632066b6b7" acquired by "nova.context.set_target_cell..get_or_set_cached_cell_and_set_connections" :: waited 0.000s {{(pid=125137) inner /usr/local/lib/python3.8/dist-packages/oslo_concurrency/lockutils.py:386}}
Apr 29 10:49:47.181117 n-d-839091-5 devstack@n-api.service[125137]: DEBUG oslo_concurrency.lockutils [None req-bce322ac-14d0-45b6-bbe2-8a668a42604e tempest-LiveMigrationNegativeTest-1822414558 tempest-LiveMigrationNegativeTest-1822414558-project] Lock "46210a17-f7a4-4554-873f-e1632066b6b7" "released" by "nova.context.set_target_cell..get_or_set_cached_cell_and_set_connections" :: held 0.001s {{(pid=125137) inner /usr/local/lib/python3.8/dist-packages/oslo_concurrency/lockutils.py:400}}
Apr 29 10:49:47.181930 n-d-839091-5 devstack@n-api.service[125137]: DEBUG oslo_concurrency.lockutils [None req-bce322ac-14d0-45b6-bbe2-8a668a42604e tempest-LiveMigrationNegativeTest-1822414558 tempest-LiveMigrationNegativeTest-1822414558-project] Lock "46210a17-f7a4-4554-873f-e1632066b6b7" acquired by "nova.context.set_target_cell..get_or_set_cached_cell_and_set_connections" :: waited 0.000s {{(pid=125137) inner /usr/local/lib/python3.8/dist-packages/oslo_concurrency/lockutils.py:386}}
Apr 29 10:49:47.182364 n-d-839091-5 devstack@n-api.service[125137]: DEBUG oslo_concurrency.lockutils [None req-bce322ac-14d0-45b6-bbe2-8a668a42604e tempest-LiveMigrationNegativeTest-1822414558 tempest-LiveMigrationNegativeTest-1822414558-project] Lock "46210a17-f7a4-4554-873f-e1632066b6b7" "released" by "nova.context.set_target_cell..get_or_set_cached_cell_and_set_connections" :: held 0.000s {{(pid=125137) inner /usr/local/lib/python3.8/dist-packages/oslo_concurrency/lockutils.py:400}}
Apr 29 10:49:47.203286 n-d-839091-5 devstack@n-api.service[125136]: DEBUG nova.policy [None req-789f62d2-0cf3-44a8-97f5-13ef78608bbb tempest-DeleteServersAdminTestJSON-1937802677 tempest-DeleteServersAdminTestJSON-1937802677-project] Policy check for os_compute_api:os-extended-server-attributes failed with credentials {'is_admin': False, 'user_id': '6c776fccbd4e4a66be709facda89d8c7', 'user_domain_id': 'default', 'system_scope': None, 'domain_id': None, 'project_id': '9227ec6cdcce40baa5b82f080391e682', 'project_domain_id': 'default', 'roles': ['reader', 'member'], 'is_admin_project': True, 'service_user_id': None, 'service_user_domain_id': None, 'service_project_id': None, 'service_project_domain_id': None, 'service_roles': []} {{(pid=125136) authorize /opt/stack/nova/nova/policy.py:199}}
Apr 29 10:49:47.213421 n-d-839091-5 devstack@n-api.service[125136]: INFO nova.api.openstack.requestlog [None req-789f62d2-0cf3-44a8-97f5-13ef78608bbb tempest-DeleteServersAdminTestJSON-1937802677 tempest-DeleteServersAdminTestJSON-1937802677-project] 10.222.0.15 "GET /compute/v2.1/servers/d64f4fd6-aff1-4b7c-a10d-35889027aecc" status: 200 len: 1220 microversion: 2.1 time: 0.088966
Apr 29 10:49:47.214512 n-d-839091-5 devstack@n-api.service[125136]: [pid: 125136|app: 0|req: 113/218] 10.222.0.15 () {58 vars in 1235 bytes} [Fri Apr 29 10:49:47 2022] GET /compute/v2.1/servers/d64f4fd6-aff1-4b7c-a10d-35889027aecc => generated 1220 bytes in 91 msecs (HTTP/1.1 200) 9 headers in 358 bytes (1 switches on core 0)
Apr 29 10:49:47.219509 n-d-839091-5 devstack@n-api.service[125136]: DEBUG nova.api.openstack.wsgi [None req-a59b9f1b-bfef-41bc-aada-b58c962624ee tempest-AggregatesAdminTestJSON-637577833 tempest-AggregatesAdminTestJSON-637577833-project-admin] Action: 'action', calling method: >, body: {"add_host": {"host": "n-h2-839091-5"}} {{(pid=125136) _process_stack /opt/stack/nova/nova/api/openstack/wsgi.py:511}}
Apr 29 10:49:47.220803 n-d-839091-5 devstack@n-api.service[125136]: /usr/local/lib/python3.8/dist-packages/oslo_policy/policy.py:1119: UserWarning: Policy "os_compute_api:os-aggregates:add_host": "rule:context_is_admin" failed scope check. The token used to make the request was project scoped but the policy requires ['system'] scope. This behavior may change in the future where using the intended scope is required
Apr 29 10:49:47.220803 n-d-839091-5 devstack@n-api.service[125136]: warnings.warn(msg)
Apr 29 10:49:47.236379 n-d-839091-5 devstack@n-api.service[125136]: DEBUG oslo_concurrency.lockutils [None req-a59b9f1b-bfef-41bc-aada-b58c962624ee tempest-AggregatesAdminTestJSON-637577833 tempest-AggregatesAdminTestJSON-637577833-project-admin] Lock "46210a17-f7a4-4554-873f-e1632066b6b7" acquired by "nova.context.set_target_cell..get_or_set_cached_cell_and_set_connections" :: waited 0.000s {{(pid=125136) inner /usr/local/lib/python3.8/dist-packages/oslo_concurrency/lockutils.py:386}}
Apr 29 10:49:47.237323 n-d-839091-5 devstack@n-api.service[125136]: DEBUG oslo_concurrency.lockutils [None req-a59b9f1b-bfef-41bc-aada-b58c962624ee tempest-AggregatesAdminTestJSON-637577833 tempest-AggregatesAdminTestJSON-637577833-project-admin] Lock "46210a17-f7a4-4554-873f-e1632066b6b7" "released" by "nova.context.set_target_cell..get_or_set_cached_cell_and_set_connections" :: held 0.001s {{(pid=125136) inner /usr/local/lib/python3.8/dist-packages/oslo_concurrency/lockutils.py:400}}
Apr 29 10:49:47.426634 n-d-839091-5 devstack@n-api.service[125137]: DEBUG nova.policy [None req-bce322ac-14d0-45b6-bbe2-8a668a42604e tempest-LiveMigrationNegativeTest-1822414558 tempest-LiveMigrationNegativeTest-1822414558-project] Policy check for os_compute_api:os-extended-server-attributes failed with credentials {'is_admin': False, 'user_id': '4546c9723d904545a8026ca299aab28b', 'user_domain_id': 'default', 'system_scope': None, 'domain_id': None, 'project_id': 'ad5bf7ab9af445deb858e8c390c8f333', 'project_domain_id': 'default', 'roles': ['reader', 'member'], 'is_admin_project': True, 'service_user_id': None, 'service_user_domain_id': None, 'service_project_id': None, 'service_project_domain_id': None, 'service_roles': []} {{(pid=125137) authorize /opt/stack/nova/nova/policy.py:199}}
Apr 29 10:49:47.429117 n-d-839091-5 devstack@n-api.service[125136]: INFO nova.api.openstack.requestlog [None req-a59b9f1b-bfef-41bc-aada-b58c962624ee tempest-AggregatesAdminTestJSON-637577833 tempest-AggregatesAdminTestJSON-637577833-project-admin] 10.222.0.15 "POST /compute/v2.1/os-aggregates/5/action" status: 200 len: 241 microversion: 2.1 time: 0.213354
Apr 29 10:49:47.429675 n-d-839091-5 devstack@n-api.service[125136]: [pid: 125136|app: 0|req: 114/219] 10.222.0.15 () {60 vars in 1190 bytes} [Fri Apr 29 10:49:47 2022] POST /compute/v2.1/os-aggregates/5/action => generated 241 bytes in 215 msecs (HTTP/1.1 200) 9 headers in 357 bytes (1 switches on core 0)
Apr 29 10:49:47.438543 n-d-839091-5 devstack@n-api.service[125137]: INFO nova.api.openstack.requestlog [None req-bce322ac-14d0-45b6-bbe2-8a668a42604e tempest-LiveMigrationNegativeTest-1822414558 tempest-LiveMigrationNegativeTest-1822414558-project] 10.222.0.15 "GET /compute/v2.1/servers/67abe28a-becf-4986-931c-5d57405324e5" status: 200 len: 1468 microversion: 2.1 time: 0.268178
Apr 29 10:49:47.440989 n-d-839091-5 devstack@n-api.service[125136]: DEBUG nova.api.openstack.wsgi [None req-47d215e6-89ce-4713-b77f-e52223a34d16 tempest-ServersOnMultiNodesTest-356050107 tempest-ServersOnMultiNodesTest-356050107-project] Action: 'create', calling method: >, body: {"server": {"name": "tempest-ServersOnMultiNodesTest-server-1835445706", "imageRef": "19c63776-e749-42c8-a4b0-19e5ca96a998", "flavorRef": "452", "min_count": 2, "return_reservation_id": true}, "os:scheduler_hints": {"group": "1aa4df33-b6b2-4c78-b9b8-d082abef5227"}} {{(pid=125136) _process_stack /opt/stack/nova/nova/api/openstack/wsgi.py:511}}
Apr 29 10:49:47.454943 n-d-839091-5 devstack@n-api.service[125137]: [pid: 125137|app: 0|req: 106/220] 10.222.0.15 () {58 vars in 1235 bytes} [Fri Apr 29 10:49:47 2022] GET /compute/v2.1/servers/67abe28a-becf-4986-931c-5d57405324e5 => generated 1468 bytes in 288 msecs (HTTP/1.1 200) 9 headers in 358 bytes (1 switches on core 0)
Apr 29 10:49:47.470150 n-d-839091-5 devstack@n-api.service[125137]: DEBUG nova.api.openstack.wsgi [None req-c9c2a12d-f89e-459c-89b1-1b2ebbede950 tempest-AggregatesAdminTestJSON-637577833 tempest-AggregatesAdminTestJSON-637577833-project-admin] Action: 'action', calling method: >, body: {"remove_host": {"host": "n-h2-839091-5"}} {{(pid=125137) _process_stack /opt/stack/nova/nova/api/openstack/wsgi.py:511}}
Apr 29 10:49:47.471805 n-d-839091-5 devstack@n-api.service[125137]: /usr/local/lib/python3.8/dist-packages/oslo_policy/policy.py:1119: UserWarning: Policy "os_compute_api:os-aggregates:remove_host": "rule:context_is_admin" failed scope check. The token used to make the request was project scoped but the policy requires ['system'] scope. This behavior may change in the future where using the intended scope is required
Apr 29 10:49:47.471805 n-d-839091-5 devstack@n-api.service[125137]: warnings.warn(msg)
Apr 29 10:49:47.491049 n-d-839091-5 devstack@n-api.service[125137]: DEBUG oslo_concurrency.lockutils [None req-c9c2a12d-f89e-459c-89b1-1b2ebbede950 tempest-AggregatesAdminTestJSON-637577833 tempest-AggregatesAdminTestJSON-637577833-project-admin] Lock "46210a17-f7a4-4554-873f-e1632066b6b7" acquired by "nova.context.set_target_cell..get_or_set_cached_cell_and_set_connections" :: waited 0.000s {{(pid=125137) inner /usr/local/lib/python3.8/dist-packages/oslo_concurrency/lockutils.py:386}}
Apr 29 10:49:47.494389 n-d-839091-5 devstack@n-api.service[125137]: DEBUG oslo_concurrency.lockutils [None req-c9c2a12d-f89e-459c-89b1-1b2ebbede950 tempest-AggregatesAdminTestJSON-637577833 tempest-AggregatesAdminTestJSON-637577833-project-admin] Lock "46210a17-f7a4-4554-873f-e1632066b6b7" "released" by "nova.context.set_target_cell..get_or_set_cached_cell_and_set_connections" :: held 0.004s {{(pid=125137) inner /usr/local/lib/python3.8/dist-packages/oslo_concurrency/lockutils.py:400}}
Apr 29 10:49:47.548212 n-d-839091-5 devstack@n-api.service[125136]: DEBUG nova.network.neutron [None req-47d215e6-89ce-4713-b77f-e52223a34d16 tempest-ServersOnMultiNodesTest-356050107 tempest-ServersOnMultiNodesTest-356050107-project] validate_networks() for None {{(pid=125136) validate_networks /opt/stack/nova/nova/network/neutron.py:2632}}
Apr 29 10:49:47.681588 n-d-839091-5 devstack@n-api.service[125137]: INFO nova.api.openstack.requestlog [None req-c9c2a12d-f89e-459c-89b1-1b2ebbede950 tempest-AggregatesAdminTestJSON-637577833 tempest-AggregatesAdminTestJSON-637577833-project-admin] 10.222.0.15 "POST /compute/v2.1/os-aggregates/5/action" status: 200 len: 226 microversion: 2.1 time: 0.223546
Apr 29 10:49:47.687005 n-d-839091-5 devstack@n-api.service[125137]: [pid: 125137|app: 0|req: 107/221] 10.222.0.15 () {60 vars in 1190 bytes} [Fri Apr 29 10:49:47 2022] POST /compute/v2.1/os-aggregates/5/action => generated 226 bytes in 231 msecs (HTTP/1.1 200) 9 headers in 357 bytes (1 switches on core 0)
Apr 29 10:49:47.947547 n-d-839091-5 devstack@n-api.service[125136]: DEBUG nova.virt.hardware [None req-47d215e6-89ce-4713-b77f-e52223a34d16 tempest-ServersOnMultiNodesTest-356050107 tempest-ServersOnMultiNodesTest-356050107-project] Flavor limits 0:0:0 {{(pid=125136) get_cpu_topology_constraints /opt/stack/nova/nova/virt/hardware.py:343}}
Apr 29 10:49:47.948096 n-d-839091-5 devstack@n-api.service[125136]: DEBUG nova.virt.hardware [None req-47d215e6-89ce-4713-b77f-e52223a34d16 tempest-ServersOnMultiNodesTest-356050107 tempest-ServersOnMultiNodesTest-356050107-project] Image limits 0:0:0 {{(pid=125136) get_cpu_topology_constraints /opt/stack/nova/nova/virt/hardware.py:347}}
Apr 29 10:49:47.948816 n-d-839091-5 devstack@n-api.service[125136]: DEBUG nova.virt.hardware [None req-47d215e6-89ce-4713-b77f-e52223a34d16 tempest-ServersOnMultiNodesTest-356050107 tempest-ServersOnMultiNodesTest-356050107-project] Flavor pref 0:0:0 {{(pid=125136) get_cpu_topology_constraints /opt/stack/nova/nova/virt/hardware.py:383}}
Apr 29 10:49:47.949626 n-d-839091-5 devstack@n-api.service[125136]: DEBUG nova.virt.hardware [None req-47d215e6-89ce-4713-b77f-e52223a34d16 tempest-ServersOnMultiNodesTest-356050107 tempest-ServersOnMultiNodesTest-356050107-project] Image pref 0:0:0 {{(pid=125136) get_cpu_topology_constraints /opt/stack/nova/nova/virt/hardware.py:387}}
