May 09 09:59:16.127251 n-d-839029-2 devstack@placement-api.service[116219]: DEBUG placement.requestlog [req-1502cbcf-f09f-4c3e-ac04-ba14d99d6cb2 req-18d0d287-d021-4ca7-b973-9e11a975b212 None None] Starting request: 10.222.0.23 "DELETE /placement/allocations/2e61a61e-1290-4cab-9598-a729e7092d30" {{(pid=116219) __call__ /opt/stack/placement/placement/requestlog.py:55}}
May 09 09:59:16.194472 n-d-839029-2 devstack@placement-api.service[116219]: DEBUG placement.handlers.allocation [req-1502cbcf-f09f-4c3e-ac04-ba14d99d6cb2 req-18d0d287-d021-4ca7-b973-9e11a975b212 service placement] Successfully deleted allocations [, , ] {{(pid=116219) delete_allocations /opt/stack/placement/placement/handlers/allocation.py:627}}
May 09 09:59:16.195315 n-d-839029-2 devstack@placement-api.service[116219]: INFO placement.requestlog [req-1502cbcf-f09f-4c3e-ac04-ba14d99d6cb2 req-18d0d287-d021-4ca7-b973-9e11a975b212 service placement] 10.222.0.23 "DELETE /placement/allocations/2e61a61e-1290-4cab-9598-a729e7092d30" status: 204 len: 0 microversion: 1.0
May 09 09:59:16.195860 n-d-839029-2 devstack@placement-api.service[116219]: [pid: 116219|app: 0|req: 175/346] 10.222.0.23 () {60 vars in 1355 bytes} [Mon May 9 09:59:16 2022] DELETE /placement/allocations/2e61a61e-1290-4cab-9598-a729e7092d30 => generated 0 bytes in 69 msecs (HTTP/1.1 204) 5 headers in 198 bytes (1 switches on core 0)
May 09 09:59:16.478375 n-d-839029-2 devstack@placement-api.service[116218]: DEBUG placement.requestlog [req-8611f13d-0bbe-4026-a230-95e98a51b522 req-19dc6788-de44-433b-9685-28ac1496b3e6 None None] Starting request: 10.222.0.52 "GET /placement/allocation_candidates?limit=1000&resources=DISK_GB%3A1%2CMEMORY_MB%3A1024%2CVCPU%3A1&root_required=%21COMPUTE_STATUS_DISABLED" {{(pid=116218) __call__ /opt/stack/placement/placement/requestlog.py:55}}
May 09 09:59:16.545649 n-d-839029-2 devstack@placement-api.service[116218]: DEBUG placement.objects.research_context [req-8611f13d-0bbe-4026-a230-95e98a51b522 req-19dc6788-de44-433b-9685-28ac1496b3e6 service placement] getting providers with 1 DISK_GB {{(pid=116218) __init__ /opt/stack/placement/placement/objects/research_context.py:136}}
May 09 09:59:16.550996 n-d-839029-2 devstack@placement-api.service[116218]: DEBUG placement.objects.research_context [req-8611f13d-0bbe-4026-a230-95e98a51b522 req-19dc6788-de44-433b-9685-28ac1496b3e6 service placement] getting providers with 1024 MEMORY_MB {{(pid=116218) __init__ /opt/stack/placement/placement/objects/research_context.py:136}}
May 09 09:59:16.556679 n-d-839029-2 devstack@placement-api.service[116218]: DEBUG placement.objects.research_context [req-8611f13d-0bbe-4026-a230-95e98a51b522 req-19dc6788-de44-433b-9685-28ac1496b3e6 service placement] getting providers with 1 VCPU {{(pid=116218) __init__ /opt/stack/placement/placement/objects/research_context.py:136}}
May 09 09:59:16.561842 n-d-839029-2 devstack@placement-api.service[116218]: DEBUG placement.objects.research_context [req-8611f13d-0bbe-4026-a230-95e98a51b522 req-19dc6788-de44-433b-9685-28ac1496b3e6 service placement] found 2 providers with available 1 DISK_GB {{(pid=116218) get_provider_ids_matching /opt/stack/placement/placement/objects/research_context.py:563}}
May 09 09:59:16.562305 n-d-839029-2 devstack@placement-api.service[116218]: DEBUG placement.objects.research_context [req-8611f13d-0bbe-4026-a230-95e98a51b522 req-19dc6788-de44-433b-9685-28ac1496b3e6 service placement] found 2 providers with available 1024 MEMORY_MB {{(pid=116218) get_provider_ids_matching /opt/stack/placement/placement/objects/research_context.py:563}}
May 09 09:59:16.562767 n-d-839029-2 devstack@placement-api.service[116218]: DEBUG placement.objects.research_context [req-8611f13d-0bbe-4026-a230-95e98a51b522 req-19dc6788-de44-433b-9685-28ac1496b3e6 service placement] found 2 providers after filtering by previous result {{(pid=116218) get_provider_ids_matching /opt/stack/placement/placement/objects/research_context.py:594}}
May 09 09:59:16.563167 n-d-839029-2 devstack@placement-api.service[116218]: DEBUG placement.objects.research_context [req-8611f13d-0bbe-4026-a230-95e98a51b522 req-19dc6788-de44-433b-9685-28ac1496b3e6 service placement] found 2 providers with available 1 VCPU {{(pid=116218) get_provider_ids_matching /opt/stack/placement/placement/objects/research_context.py:563}}
May 09 09:59:16.563586 n-d-839029-2 devstack@placement-api.service[116218]: DEBUG placement.objects.research_context [req-8611f13d-0bbe-4026-a230-95e98a51b522 req-19dc6788-de44-433b-9685-28ac1496b3e6 service placement] found 2 providers after filtering by previous result {{(pid=116218) get_provider_ids_matching /opt/stack/placement/placement/objects/research_context.py:594}}
May 09 09:59:16.574681 n-d-839029-2 devstack@placement-api.service[116218]: DEBUG placement.objects.allocation_candidate [req-8611f13d-0bbe-4026-a230-95e98a51b522 req-19dc6788-de44-433b-9685-28ac1496b3e6 service placement] RequestGroup(use_same_provider=False, resources={DISK_GB:1, MEMORY_MB:1024, VCPU:1}, traits=(), aggregates=[]) (suffix '') returned 2 matches {{(pid=116218) _get_by_requests /opt/stack/placement/placement/objects/allocation_candidate.py:156}}
May 09 09:59:16.575235 n-d-839029-2 devstack@placement-api.service[116218]: DEBUG placement.objects.allocation_candidate [req-8611f13d-0bbe-4026-a230-95e98a51b522 req-19dc6788-de44-433b-9685-28ac1496b3e6 service placement] Merging candidates yields 2 allocation requests and 2 provider summaries {{(pid=116218) _merge_candidates /opt/stack/placement/placement/objects/allocation_candidate.py:809}}
May 09 09:59:16.577202 n-d-839029-2 devstack@placement-api.service[116218]: INFO placement.requestlog [req-8611f13d-0bbe-4026-a230-95e98a51b522 req-19dc6788-de44-433b-9685-28ac1496b3e6 service placement] 10.222.0.52 "GET /placement/allocation_candidates?limit=1000&resources=DISK_GB%3A1%2CMEMORY_MB%3A1024%2CVCPU%3A1&root_required=%21COMPUTE_STATUS_DISABLED" status: 200 len: 1309 microversion: 1.36
May 09 09:59:16.577974 n-d-839029-2 devstack@placement-api.service[116218]: [pid: 116218|app: 0|req: 172/347] 10.222.0.52 () {60 vars in 1506 bytes} [Mon May 9 09:59:16 2022] GET /placement/allocation_candidates?limit=1000&resources=DISK_GB%3A1%2CMEMORY_MB%3A1024%2CVCPU%3A1&root_required=%21COMPUTE_STATUS_DISABLED => generated 1309 bytes in 103 msecs (HTTP/1.1 200) 8 headers in 297 bytes (1 switches on core 0)
May 09 09:59:16.665668 n-d-839029-2 devstack@placement-api.service[116219]: DEBUG placement.requestlog [req-8611f13d-0bbe-4026-a230-95e98a51b522 req-f52a653c-4902-498b-9345-07165ba04681 None None] Starting request: 10.222.0.52 "GET /placement/allocations/29e04763-4868-48b6-b64a-3ebbdf8dd0c1" {{(pid=116219) __call__ /opt/stack/placement/placement/requestlog.py:55}}
May 09 09:59:16.678854 n-d-839029-2 devstack@placement-api.service[116219]: INFO placement.requestlog [req-8611f13d-0bbe-4026-a230-95e98a51b522 req-f52a653c-4902-498b-9345-07165ba04681 service placement] 10.222.0.52 "GET /placement/allocations/29e04763-4868-48b6-b64a-3ebbdf8dd0c1" status: 200 len: 19 microversion: 1.28
May 09 09:59:16.684738 n-d-839029-2 devstack@placement-api.service[116219]: [pid: 116219|app: 0|req: 176/348] 10.222.0.52 () {60 vars in 1380 bytes} [Mon May 9 09:59:16 2022] GET /placement/allocations/29e04763-4868-48b6-b64a-3ebbdf8dd0c1 => generated 19 bytes in 19 msecs (HTTP/1.1 200) 8 headers in 295 bytes (1 switches on core 0)
May 09 09:59:16.686830 n-d-839029-2 devstack@placement-api.service[116218]: DEBUG placement.requestlog [req-8611f13d-0bbe-4026-a230-95e98a51b522 req-24a7397a-020c-4cc9-9de2-b1b882378903 None None] Starting request: 10.222.0.52 "PUT /placement/allocations/29e04763-4868-48b6-b64a-3ebbdf8dd0c1" {{(pid=116218) __call__ /opt/stack/placement/placement/requestlog.py:55}}
May 09 09:59:16.801905 n-d-839029-2 devstack@placement-api.service[116218]: DEBUG placement.handlers.allocation [req-8611f13d-0bbe-4026-a230-95e98a51b522 req-24a7397a-020c-4cc9-9de2-b1b882378903 service placement] Successfully wrote allocations [, , ] {{(pid=116218) _update_consumers_and_create_allocations /opt/stack/placement/placement/handlers/allocation.py:462}}
May 09 09:59:16.809348 n-d-839029-2 devstack@placement-api.service[116218]: INFO placement.requestlog [req-8611f13d-0bbe-4026-a230-95e98a51b522 req-24a7397a-020c-4cc9-9de2-b1b882378903 service placement] 10.222.0.52 "PUT /placement/allocations/29e04763-4868-48b6-b64a-3ebbdf8dd0c1" status: 204 len: 0 microversion: 1.36
May 09 09:59:16.813263 n-d-839029-2 devstack@placement-api.service[116218]: [pid: 116218|app: 0|req: 173/349] 10.222.0.52 () {64 vars in 1433 bytes} [Mon May 9 09:59:16 2022] PUT /placement/allocations/29e04763-4868-48b6-b64a-3ebbdf8dd0c1 => generated 0 bytes in 124 msecs (HTTP/1.1 204) 5 headers in 199 bytes (1 switches on core 0)
May 09 09:59:18.376691 n-d-839029-2 devstack@placement-api.service[116219]: DEBUG placement.requestlog [req-8611f13d-0bbe-4026-a230-95e98a51b522 req-a73660f9-0549-45d7-a47a-a824ba9d8275 None None] Starting request: 10.222.0.23 "GET /placement/allocations/29e04763-4868-48b6-b64a-3ebbdf8dd0c1" {{(pid=116219) __call__ /opt/stack/placement/placement/requestlog.py:55}}
May 09 09:59:18.424263 n-d-839029-2 devstack@placement-api.service[116219]: INFO placement.requestlog [req-8611f13d-0bbe-4026-a230-95e98a51b522 req-a73660f9-0549-45d7-a47a-a824ba9d8275 service placement] 10.222.0.23 "GET /placement/allocations/29e04763-4868-48b6-b64a-3ebbdf8dd0c1" status: 200 len: 259 microversion: 1.28
May 09 09:59:18.437159 n-d-839029-2 devstack@placement-api.service[116219]: [pid: 116219|app: 0|req: 177/350] 10.222.0.23 () {60 vars in 1377 bytes} [Mon May 9 09:59:18 2022] GET /placement/allocations/29e04763-4868-48b6-b64a-3ebbdf8dd0c1 => generated 259 bytes in 61 msecs (HTTP/1.1 200) 8 headers in 296 bytes (1 switches on core 0)
May 09 09:59:21.500376 n-d-839029-2 devstack@placement-api.service[116218]: DEBUG placement.requestlog [req-5ec26ab6-df35-433c-b1f6-226ac311b8c9 req-e604f1e2-596c-4fb6-807a-7cf76a0584f3 None None] Starting request: 10.222.0.23 "DELETE /placement/allocations/11f3ce29-92fa-4b0b-89c7-1f75c18b13cd" {{(pid=116218) __call__ /opt/stack/placement/placement/requestlog.py:55}}
May 09 09:59:21.553384 n-d-839029-2 devstack@placement-api.service[116218]: DEBUG placement.handlers.allocation [req-5ec26ab6-df35-433c-b1f6-226ac311b8c9 req-e604f1e2-596c-4fb6-807a-7cf76a0584f3 service placement] Successfully deleted allocations [, , ] {{(pid=116218) delete_allocations /opt/stack/placement/placement/handlers/allocation.py:627}}
May 09 09:59:21.555314 n-d-839029-2 devstack@placement-api.service[116218]: INFO placement.requestlog [req-5ec26ab6-df35-433c-b1f6-226ac311b8c9 req-e604f1e2-596c-4fb6-807a-7cf76a0584f3 service placement] 10.222.0.23 "DELETE /placement/allocations/11f3ce29-92fa-4b0b-89c7-1f75c18b13cd" status: 204 len: 0 microversion: 1.0
May 09 09:59:21.556036 n-d-839029-2 devstack@placement-api.service[116218]: [pid: 116218|app: 0|req: 174/351] 10.222.0.23 () {60 vars in 1355 bytes} [Mon May 9 09:59:21 2022] DELETE /placement/allocations/11f3ce29-92fa-4b0b-89c7-1f75c18b13cd => generated 0 bytes in 56 msecs (HTTP/1.1 204) 5 headers in 198 bytes (1 switches on core 0)
May 09 09:59:26.523475 n-d-839029-2 devstack@placement-api.service[116219]: DEBUG placement.requestlog [req-54a69273-cfbe-4aeb-ab9c-fc2cff20bdc2 req-8b730cde-d825-4828-b899-98a586cbd8e3 None None] Starting request: 10.222.0.13 "DELETE /placement/allocations/1931c6c7-a72f-4c08-9b6a-7fdd56d7372d" {{(pid=116219) __call__ /opt/stack/placement/placement/requestlog.py:55}}
May 09 09:59:26.586790 n-d-839029-2 devstack@placement-api.service[116219]: DEBUG placement.handlers.allocation [req-54a69273-cfbe-4aeb-ab9c-fc2cff20bdc2 req-8b730cde-d825-4828-b899-98a586cbd8e3 service placement] Successfully deleted allocations [, , ] {{(pid=116219) delete_allocations /opt/stack/placement/placement/handlers/allocation.py:627}}
May 09 09:59:26.587326 n-d-839029-2 devstack@placement-api.service[116219]: INFO placement.requestlog [req-54a69273-cfbe-4aeb-ab9c-fc2cff20bdc2 req-8b730cde-d825-4828-b899-98a586cbd8e3 service placement] 10.222.0.13 "DELETE /placement/allocations/1931c6c7-a72f-4c08-9b6a-7fdd56d7372d" status: 204 len: 0 microversion: 1.0
May 09 09:59:26.589304 n-d-839029-2 devstack@placement-api.service[116219]: [pid: 116219|app: 0|req: 178/352] 10.222.0.13 () {60 vars in 1355 bytes} [Mon May 9 09:59:26 2022] DELETE /placement/allocations/1931c6c7-a72f-4c08-9b6a-7fdd56d7372d => generated 0 bytes in 66 msecs (HTTP/1.1 204) 5 headers in 198 bytes (1 switches on core 0)
May 09 09:59:27.283287 n-d-839029-2 devstack@placement-api.service[116218]: DEBUG placement.requestlog [req-4f6ebb85-a452-4155-8ad6-70fe78e8bf93 req-a744d4e3-e564-499b-870f-fee17b078e56 None None] Starting request: 10.222.0.23 "DELETE /placement/allocations/749e4e33-c3be-47cb-99f0-76c069a10626" {{(pid=116218) __call__ /opt/stack/placement/placement/requestlog.py:55}}
May 09 09:59:27.338925 n-d-839029-2 devstack@placement-api.service[116218]: DEBUG placement.handlers.allocation [req-4f6ebb85-a452-4155-8ad6-70fe78e8bf93 req-a744d4e3-e564-499b-870f-fee17b078e56 service placement] Successfully deleted allocations [, , ] {{(pid=116218) delete_allocations /opt/stack/placement/placement/handlers/allocation.py:627}}
May 09 09:59:27.339404 n-d-839029-2 devstack@placement-api.service[116218]: INFO placement.requestlog [req-4f6ebb85-a452-4155-8ad6-70fe78e8bf93 req-a744d4e3-e564-499b-870f-fee17b078e56 service placement] 10.222.0.23 "DELETE /placement/allocations/749e4e33-c3be-47cb-99f0-76c069a10626" status: 204 len: 0 microversion: 1.0
May 09 09:59:27.340577 n-d-839029-2 devstack@placement-api.service[116218]: [pid: 116218|app: 0|req: 175/353] 10.222.0.23 () {60 vars in 1355 bytes} [Mon May 9 09:59:27 2022] DELETE /placement/allocations/749e4e33-c3be-47cb-99f0-76c069a10626 => generated 0 bytes in 57 msecs (HTTP/1.1 204) 5 headers in 198 bytes (1 switches on core 0)
May 09 09:59:31.443292 n-d-839029-2 devstack@placement-api.service[116219]: DEBUG placement.requestlog [req-986750fa-78cc-4557-a785-4673a750d88c req-1571f842-0f6b-4579-a095-da95caa913e3 None None] Starting request: 10.222.0.13 "DELETE /placement/allocations/ac820024-ec18-4051-9e68-d0549dd07086" {{(pid=116219) __call__ /opt/stack/placement/placement/requestlog.py:55}}
May 09 09:59:31.516590 n-d-839029-2 devstack@placement-api.service[116219]: DEBUG placement.handlers.allocation [req-986750fa-78cc-4557-a785-4673a750d88c req-1571f842-0f6b-4579-a095-da95caa913e3 service placement] Successfully deleted allocations [, , ] {{(pid=116219) delete_allocations /opt/stack/placement/placement/handlers/allocation.py:627}}
May 09 09:59:31.516832 n-d-839029-2 devstack@placement-api.service[116219]: INFO placement.requestlog [req-986750fa-78cc-4557-a785-4673a750d88c req-1571f842-0f6b-4579-a095-da95caa913e3 service placement] 10.222.0.13 "DELETE /placement/allocations/ac820024-ec18-4051-9e68-d0549dd07086" status: 204 len: 0 microversion: 1.0
May 09 09:59:31.517727 n-d-839029-2 devstack@placement-api.service[116219]: [pid: 116219|app: 0|req: 179/354] 10.222.0.13 () {60 vars in 1355 bytes} [Mon May 9 09:59:31 2022] DELETE /placement/allocations/ac820024-ec18-4051-9e68-d0549dd07086 => generated 0 bytes in 75 msecs (HTTP/1.1 204) 5 headers in 198 bytes (2 switches on core 0)
May 09 09:59:32.659304 n-d-839029-2 devstack@placement-api.service[116218]: DEBUG placement.requestlog [None req-38cb126d-9a39-4c1c-8c5f-65639fc8ca00 None None] Starting request: 10.222.0.52 "GET /placement/" {{(pid=116218) __call__ /opt/stack/placement/placement/requestlog.py:55}}
May 09 09:59:32.660276 n-d-839029-2 devstack@placement-api.service[116218]: INFO placement.requestlog [None req-38cb126d-9a39-4c1c-8c5f-65639fc8ca00 None None] 10.222.0.52 "GET /placement/" status: 200 len: 136 microversion: 1.0
May 09 09:59:32.661980 n-d-839029-2 devstack@placement-api.service[116218]: [pid: 116218|app: 0|req: 176/355] 10.222.0.52 () {54 vars in 916 bytes} [Mon May 9 09:59:32 2022] GET /placement => generated 136 bytes in 2 msecs (HTTP/1.1 200) 6 headers in 224 bytes (1 switches on core 0)
May 09 09:59:32.704045 n-d-839029-2 devstack@placement-api.service[116219]: DEBUG placement.requestlog [req-e99dbb85-c97c-4325-b42d-d0b4446de0fe req-13616a99-b0cf-469e-ae56-2f80781d3322 None None] Starting request: 10.222.0.52 "GET /placement/allocations/894d76ca-be60-4077-b779-60ce776f326b" {{(pid=116219) __call__ /opt/stack/placement/placement/requestlog.py:55}}
May 09 09:59:32.845982 n-d-839029-2 devstack@placement-api.service[116219]: INFO placement.requestlog [req-e99dbb85-c97c-4325-b42d-d0b4446de0fe req-13616a99-b0cf-469e-ae56-2f80781d3322 service placement] 10.222.0.52 "GET /placement/allocations/894d76ca-be60-4077-b779-60ce776f326b" status: 200 len: 245 microversion: 1.28
May 09 09:59:32.852048 n-d-839029-2 devstack@placement-api.service[116219]: [pid: 116219|app: 0|req: 180/356] 10.222.0.52 () {60 vars in 1380 bytes} [Mon May 9 09:59:32 2022] GET /placement/allocations/894d76ca-be60-4077-b779-60ce776f326b => generated 245 bytes in 148 msecs (HTTP/1.1 200) 8 headers in 296 bytes (1 switches on core 0)
May 09 09:59:32.852702 n-d-839029-2 devstack@placement-api.service[116218]: DEBUG placement.requestlog [req-e99dbb85-c97c-4325-b42d-d0b4446de0fe req-8a16324d-d277-49a2-9ee5-95380327778b None None] Starting request: 10.222.0.52 "GET /placement/allocations/894d76ca-be60-4077-b779-60ce776f326b" {{(pid=116218) __call__ /opt/stack/placement/placement/requestlog.py:55}}
May 09 09:59:32.872652 n-d-839029-2 devstack@placement-api.service[116218]: INFO placement.requestlog [req-e99dbb85-c97c-4325-b42d-d0b4446de0fe req-8a16324d-d277-49a2-9ee5-95380327778b service placement] 10.222.0.52 "GET /placement/allocations/894d76ca-be60-4077-b779-60ce776f326b" status: 200 len: 245 microversion: 1.28
May 09 09:59:32.873407 n-d-839029-2 devstack@placement-api.service[116218]: [pid: 116218|app: 0|req: 177/357] 10.222.0.52 () {60 vars in 1380 bytes} [Mon May 9 09:59:32 2022] GET /placement/allocations/894d76ca-be60-4077-b779-60ce776f326b => generated 245 bytes in 21 msecs (HTTP/1.1 200) 8 headers in 296 bytes (2 switches on core 0)
May 09 09:59:32.880583 n-d-839029-2 devstack@placement-api.service[116219]: DEBUG placement.requestlog [req-e99dbb85-c97c-4325-b42d-d0b4446de0fe req-37907805-558b-4dca-bde7-190f1703c415 None None] Starting request: 10.222.0.52 "GET /placement/allocations/c952226b-a64e-4936-ab6e-7a113e769b9a" {{(pid=116219) __call__ /opt/stack/placement/placement/requestlog.py:55}}
May 09 09:59:32.895456 n-d-839029-2 devstack@placement-api.service[116219]: INFO placement.requestlog [req-e99dbb85-c97c-4325-b42d-d0b4446de0fe req-37907805-558b-4dca-bde7-190f1703c415 service placement] 10.222.0.52 "GET /placement/allocations/c952226b-a64e-4936-ab6e-7a113e769b9a" status: 200 len: 19 microversion: 1.28
May 09 09:59:32.903807 n-d-839029-2 devstack@placement-api.service[116218]: DEBUG placement.requestlog [req-e99dbb85-c97c-4325-b42d-d0b4446de0fe req-4aeef311-d695-4c53-b9ca-5462016e0a9a None None] Starting request: 10.222.0.52 "POST /placement/allocations" {{(pid=116218) __call__ /opt/stack/placement/placement/requestlog.py:55}}
May 09 09:59:32.909715 n-d-839029-2 devstack@placement-api.service[116219]: [pid: 116219|app: 0|req: 181/358] 10.222.0.52 () {60 vars in 1380 bytes} [Mon May 9 09:59:32 2022] GET /placement/allocations/c952226b-a64e-4936-ab6e-7a113e769b9a => generated 19 bytes in 29 msecs (HTTP/1.1 200) 8 headers in 295 bytes (1 switches on core 0)
May 09 09:59:32.994733 n-d-839029-2 devstack@placement-api.service[116218]: DEBUG placement.handlers.allocation [req-e99dbb85-c97c-4325-b42d-d0b4446de0fe req-4aeef311-d695-4c53-b9ca-5462016e0a9a service placement] Successfully wrote allocations [, , , ] {{(pid=116218) _update_consumers_and_create_allocations /opt/stack/placement/placement/handlers/allocation.py:572}}
May 09 09:59:33.006280 n-d-839029-2 devstack@placement-api.service[116218]: INFO placement.requestlog [req-e99dbb85-c97c-4325-b42d-d0b4446de0fe req-4aeef311-d695-4c53-b9ca-5462016e0a9a service placement] 10.222.0.52 "POST /placement/allocations" status: 204 len: 0 microversion: 1.28
May 09 09:59:33.019634 n-d-839029-2 devstack@placement-api.service[116218]: [pid: 116218|app: 0|req: 178/359] 10.222.0.52 () {64 vars in 1323 bytes} [Mon May 9 09:59:32 2022] POST /placement/allocations => generated 0 bytes in 107 msecs (HTTP/1.1 204) 5 headers in 199 bytes (1 switches on core 0)
May 09 09:59:33.056753 n-d-839029-2 devstack@placement-api.service[116219]: DEBUG placement.requestlog [req-0ad953c8-60ea-4f3c-99db-1c6bb28f760e req-2cebe9cf-43fa-49c7-966b-aaa87ff37ed4 None None] Starting request: 10.222.0.23 "GET /placement/resource_providers/a547e19d-500b-450f-8fe7-d5bff15276c9/allocations" {{(pid=116219) __call__ /opt/stack/placement/placement/requestlog.py:55}}
May 09 09:59:33.070829 n-d-839029-2 devstack@placement-api.service[116218]: DEBUG placement.requestlog [req-e99dbb85-c97c-4325-b42d-d0b4446de0fe req-72710e44-8c55-4f32-82c7-47d860f319ce None None] Starting request: 10.222.0.52 "GET /placement/allocations/894d76ca-be60-4077-b779-60ce776f326b" {{(pid=116218) __call__ /opt/stack/placement/placement/requestlog.py:55}}
May 09 09:59:33.152822 n-d-839029-2 devstack@placement-api.service[116219]: INFO placement.requestlog [req-0ad953c8-60ea-4f3c-99db-1c6bb28f760e req-2cebe9cf-43fa-49c7-966b-aaa87ff37ed4 service placement] 10.222.0.23 "GET /placement/resource_providers/a547e19d-500b-450f-8fe7-d5bff15276c9/allocations" status: 200 len: 659 microversion: 1.0
May 09 09:59:33.157652 n-d-839029-2 devstack@placement-api.service[116219]: [pid: 116219|app: 0|req: 182/360] 10.222.0.23 () {58 vars in 1390 bytes} [Mon May 9 09:59:33 2022] GET /placement/resource_providers/a547e19d-500b-450f-8fe7-d5bff15276c9/allocations => generated 659 bytes in 101 msecs (HTTP/1.1 200) 6 headers in 224 bytes (1 switches on core 0)
May 09 09:59:33.265347 n-d-839029-2 devstack@placement-api.service[116218]: INFO placement.requestlog [req-e99dbb85-c97c-4325-b42d-d0b4446de0fe req-72710e44-8c55-4f32-82c7-47d860f319ce service placement] 10.222.0.52 "GET /placement/allocations/894d76ca-be60-4077-b779-60ce776f326b" status: 200 len: 19 microversion: 1.28
May 09 09:59:33.272890 n-d-839029-2 devstack@placement-api.service[116219]: DEBUG placement.requestlog [req-e99dbb85-c97c-4325-b42d-d0b4446de0fe req-74e9997d-8c71-48f5-809c-4f34c5052404 None None] Starting request: 10.222.0.52 "PUT /placement/allocations/894d76ca-be60-4077-b779-60ce776f326b" {{(pid=116219) __call__ /opt/stack/placement/placement/requestlog.py:55}}
May 09 09:59:33.283810 n-d-839029-2 devstack@placement-api.service[116218]: [pid: 116218|app: 0|req: 179/361] 10.222.0.52 () {60 vars in 1380 bytes} [Mon May 9 09:59:33 2022] GET /placement/allocations/894d76ca-be60-4077-b779-60ce776f326b => generated 19 bytes in 213 msecs (HTTP/1.1 200) 8 headers in 295 bytes (2 switches on core 0)
May 09 09:59:33.338109 n-d-839029-2 devstack@placement-api.service[116219]: DEBUG placement.handlers.allocation [req-e99dbb85-c97c-4325-b42d-d0b4446de0fe req-74e9997d-8c71-48f5-809c-4f34c5052404 service placement] Successfully wrote allocations [, ] {{(pid=116219) _update_consumers_and_create_allocations /opt/stack/placement/placement/handlers/allocation.py:462}}
May 09 09:59:33.346870 n-d-839029-2 devstack@placement-api.service[116219]: INFO placement.requestlog [req-e99dbb85-c97c-4325-b42d-d0b4446de0fe req-74e9997d-8c71-48f5-809c-4f34c5052404 service placement] 10.222.0.52 "PUT /placement/allocations/894d76ca-be60-4077-b779-60ce776f326b" status: 204 len: 0 microversion: 1.28
May 09 09:59:33.363858 n-d-839029-2 devstack@placement-api.service[116219]: [pid: 116219|app: 0|req: 183/362] 10.222.0.52 () {64 vars in 1433 bytes} [Mon May 9 09:59:33 2022] PUT /placement/allocations/894d76ca-be60-4077-b779-60ce776f326b => generated 0 bytes in 76 msecs (HTTP/1.1 204) 5 headers in 199 bytes (2 switches on core 0)
May 09 09:59:33.612122 n-d-839029-2 devstack@placement-api.service[116218]: DEBUG placement.requestlog [req-e99dbb85-c97c-4325-b42d-d0b4446de0fe req-5683195e-5260-45f4-a549-e420823baa8e None None] Starting request: 10.222.0.23 "GET /placement/allocations/894d76ca-be60-4077-b779-60ce776f326b" {{(pid=116218) __call__ /opt/stack/placement/placement/requestlog.py:55}}
May 09 09:59:33.641259 n-d-839029-2 devstack@placement-api.service[116218]: INFO placement.requestlog [req-e99dbb85-c97c-4325-b42d-d0b4446de0fe req-5683195e-5260-45f4-a549-e420823baa8e service placement] 10.222.0.23 "GET /placement/allocations/894d76ca-be60-4077-b779-60ce776f326b" status: 200 len: 245 microversion: 1.28
May 09 09:59:33.641948 n-d-839029-2 devstack@placement-api.service[116218]: [pid: 116218|app: 0|req: 180/363] 10.222.0.23 () {60 vars in 1377 bytes} [Mon May 9 09:59:33 2022] GET /placement/allocations/894d76ca-be60-4077-b779-60ce776f326b => generated 245 bytes in 31 msecs (HTTP/1.1 200) 8 headers in 296 bytes (1 switches on core 0)
May 09 09:59:35.761893 n-d-839029-2 devstack@placement-api.service[116219]: DEBUG placement.requestlog [req-5f46d5fb-fe23-4f7c-8353-c15e5dad12a1 req-576f4de3-a383-4fd4-8f6d-305d699bcc49 None None] Starting request: 10.222.0.13 "GET /placement/resource_providers/9678eee9-9cac-4e73-84ee-d90c718a6b6a/allocations" {{(pid=116219) __call__ /opt/stack/placement/placement/requestlog.py:55}}
May 09 09:59:35.814754 n-d-839029-2 devstack@placement-api.service[116219]: INFO placement.requestlog [req-5f46d5fb-fe23-4f7c-8353-c15e5dad12a1 req-576f4de3-a383-4fd4-8f6d-305d699bcc49 service placement] 10.222.0.13 "GET /placement/resource_providers/9678eee9-9cac-4e73-84ee-d90c718a6b6a/allocations" status: 200 len: 544 microversion: 1.0
May 09 09:59:35.819199 n-d-839029-2 devstack@placement-api.service[116219]: [pid: 116219|app: 0|req: 184/364] 10.222.0.13 () {58 vars in 1390 bytes} [Mon May 9 09:59:35 2022] GET /placement/resource_providers/9678eee9-9cac-4e73-84ee-d90c718a6b6a/allocations => generated 544 bytes in 57 msecs (HTTP/1.1 200) 6 headers in 224 bytes (1 switches on core 0)
May 09 09:59:38.325925 n-d-839029-2 devstack@placement-api.service[116218]: DEBUG placement.requestlog [req-1afe5876-d8ef-4e1a-8663-c35709f658f7 req-66028a80-48eb-4cd7-abbd-cc29e8171edb None None] Starting request: 10.222.0.13 "DELETE /placement/allocations/bee3a7df-c67c-4750-8a6b-7f15d42f03fc" {{(pid=116218) __call__ /opt/stack/placement/placement/requestlog.py:55}}
May 09 09:59:38.387319 n-d-839029-2 devstack@placement-api.service[116218]: DEBUG placement.handlers.allocation [req-1afe5876-d8ef-4e1a-8663-c35709f658f7 req-66028a80-48eb-4cd7-abbd-cc29e8171edb service placement] Successfully deleted allocations [, , ] {{(pid=116218) delete_allocations /opt/stack/placement/placement/handlers/allocation.py:627}}
May 09 09:59:38.387953 n-d-839029-2 devstack@placement-api.service[116218]: INFO placement.requestlog [req-1afe5876-d8ef-4e1a-8663-c35709f658f7 req-66028a80-48eb-4cd7-abbd-cc29e8171edb service placement] 10.222.0.13 "DELETE /placement/allocations/bee3a7df-c67c-4750-8a6b-7f15d42f03fc" status: 204 len: 0 microversion: 1.0
May 09 09:59:38.388763 n-d-839029-2 devstack@placement-api.service[116218]: [pid: 116218|app: 0|req: 181/365] 10.222.0.13 () {60 vars in 1355 bytes} [Mon May 9 09:59:38 2022] DELETE /placement/allocations/bee3a7df-c67c-4750-8a6b-7f15d42f03fc => generated 0 bytes in 63 msecs (HTTP/1.1 204) 5 headers in 198 bytes (1 switches on core 0)
May 09 09:59:38.500061 n-d-839029-2 devstack@placement-api.service[116219]: DEBUG placement.requestlog [req-52f9bd04-7ea8-4344-9175-9e9c271163b1 req-2f6fbe37-0b98-48cf-8d0a-96c842115dc6 None None] Starting request: 10.222.0.52 "GET /placement/allocation_candidates?limit=1000&resources=DISK_GB%3A1%2CMEMORY_MB%3A1024%2CVCPU%3A1&root_required=%21COMPUTE_STATUS_DISABLED" {{(pid=116219) __call__ /opt/stack/placement/placement/requestlog.py:55}}
May 09 09:59:38.556648 n-d-839029-2 devstack@placement-api.service[116219]: DEBUG placement.objects.research_context [req-52f9bd04-7ea8-4344-9175-9e9c271163b1 req-2f6fbe37-0b98-48cf-8d0a-96c842115dc6 service placement] getting providers with 1 DISK_GB {{(pid=116219) __init__ /opt/stack/placement/placement/objects/research_context.py:136}}
May 09 09:59:38.563992 n-d-839029-2 devstack@placement-api.service[116219]: DEBUG placement.objects.research_context [req-52f9bd04-7ea8-4344-9175-9e9c271163b1 req-2f6fbe37-0b98-48cf-8d0a-96c842115dc6 service placement] getting providers with 1024 MEMORY_MB {{(pid=116219) __init__ /opt/stack/placement/placement/objects/research_context.py:136}}
May 09 09:59:38.571878 n-d-839029-2 devstack@placement-api.service[116219]: DEBUG placement.objects.research_context [req-52f9bd04-7ea8-4344-9175-9e9c271163b1 req-2f6fbe37-0b98-48cf-8d0a-96c842115dc6 service placement] getting providers with 1 VCPU {{(pid=116219) __init__ /opt/stack/placement/placement/objects/research_context.py:136}}
May 09 09:59:38.577904 n-d-839029-2 devstack@placement-api.service[116219]: DEBUG placement.objects.research_context [req-52f9bd04-7ea8-4344-9175-9e9c271163b1 req-2f6fbe37-0b98-48cf-8d0a-96c842115dc6 service placement] found 2 providers with available 1 DISK_GB {{(pid=116219) get_provider_ids_matching /opt/stack/placement/placement/objects/research_context.py:563}}
May 09 09:59:38.578484 n-d-839029-2 devstack@placement-api.service[116219]: DEBUG placement.objects.research_context [req-52f9bd04-7ea8-4344-9175-9e9c271163b1 req-2f6fbe37-0b98-48cf-8d0a-96c842115dc6 service placement] found 2 providers with available 1024 MEMORY_MB {{(pid=116219) get_provider_ids_matching /opt/stack/placement/placement/objects/research_context.py:563}}
May 09 09:59:38.579112 n-d-839029-2 devstack@placement-api.service[116219]: DEBUG placement.objects.research_context [req-52f9bd04-7ea8-4344-9175-9e9c271163b1 req-2f6fbe37-0b98-48cf-8d0a-96c842115dc6 service placement] found 2 providers after filtering by previous result {{(pid=116219) get_provider_ids_matching /opt/stack/placement/placement/objects/research_context.py:594}}
May 09 09:59:38.579696 n-d-839029-2 devstack@placement-api.service[116219]: DEBUG placement.objects.research_context [req-52f9bd04-7ea8-4344-9175-9e9c271163b1 req-2f6fbe37-0b98-48cf-8d0a-96c842115dc6 service placement] found 2 providers with available 1 VCPU {{(pid=116219) get_provider_ids_matching /opt/stack/placement/placement/objects/research_context.py:563}}
May 09 09:59:38.580324 n-d-839029-2 devstack@placement-api.service[116219]: DEBUG placement.objects.research_context [req-52f9bd04-7ea8-4344-9175-9e9c271163b1 req-2f6fbe37-0b98-48cf-8d0a-96c842115dc6 service placement] found 2 providers after filtering by previous result {{(pid=116219) get_provider_ids_matching /opt/stack/placement/placement/objects/research_context.py:594}}
May 09 09:59:38.593014 n-d-839029-2 devstack@placement-api.service[116219]: DEBUG placement.objects.allocation_candidate [req-52f9bd04-7ea8-4344-9175-9e9c271163b1 req-2f6fbe37-0b98-48cf-8d0a-96c842115dc6 service placement] RequestGroup(use_same_provider=False, resources={DISK_GB:1, MEMORY_MB:1024, VCPU:1}, traits=(), aggregates=[]) (suffix '') returned 2 matches {{(pid=116219) _get_by_requests /opt/stack/placement/placement/objects/allocation_candidate.py:156}}
May 09 09:59:38.593630 n-d-839029-2 devstack@placement-api.service[116219]: DEBUG placement.objects.allocation_candidate [req-52f9bd04-7ea8-4344-9175-9e9c271163b1 req-2f6fbe37-0b98-48cf-8d0a-96c842115dc6 service placement] Merging candidates yields 2 allocation requests and 2 provider summaries {{(pid=116219) _merge_candidates /opt/stack/placement/placement/objects/allocation_candidate.py:809}}
May 09 09:59:38.602435 n-d-839029-2 devstack@placement-api.service[116219]: INFO placement.requestlog [req-52f9bd04-7ea8-4344-9175-9e9c271163b1 req-2f6fbe37-0b98-48cf-8d0a-96c842115dc6 service placement] 10.222.0.52 "GET /placement/allocation_candidates?limit=1000&resources=DISK_GB%3A1%2CMEMORY_MB%3A1024%2CVCPU%3A1&root_required=%21COMPUTE_STATUS_DISABLED" status: 200 len: 1309 microversion: 1.36
May 09 09:59:38.603151 n-d-839029-2 devstack@placement-api.service[116219]: [pid: 116219|app: 0|req: 185/366] 10.222.0.52 () {60 vars in 1506 bytes} [Mon May 9 09:59:38 2022] GET /placement/allocation_candidates?limit=1000&resources=DISK_GB%3A1%2CMEMORY_MB%3A1024%2CVCPU%3A1&root_required=%21COMPUTE_STATUS_DISABLED => generated 1309 bytes in 104 msecs (HTTP/1.1 200) 8 headers in 297 bytes (1 switches on core 0)
May 09 09:59:38.757012 n-d-839029-2 devstack@placement-api.service[116218]: DEBUG placement.requestlog [req-52f9bd04-7ea8-4344-9175-9e9c271163b1 req-7a8cdb56-388d-4eed-a21e-3d04282c40fe None None] Starting request: 10.222.0.52 "GET /placement/allocations/4e1a7faa-8f40-46fa-ab53-44454d7b51b7" {{(pid=116218) __call__ /opt/stack/placement/placement/requestlog.py:55}}
May 09 09:59:38.769897 n-d-839029-2 devstack@placement-api.service[116218]: INFO placement.requestlog [req-52f9bd04-7ea8-4344-9175-9e9c271163b1 req-7a8cdb56-388d-4eed-a21e-3d04282c40fe service placement] 10.222.0.52 "GET /placement/allocations/4e1a7faa-8f40-46fa-ab53-44454d7b51b7" status: 200 len: 19 microversion: 1.28
May 09 09:59:38.771415 n-d-839029-2 devstack@placement-api.service[116218]: [pid: 116218|app: 0|req: 182/367] 10.222.0.52 () {60 vars in 1380 bytes} [Mon May 9 09:59:38 2022] GET /placement/allocations/4e1a7faa-8f40-46fa-ab53-44454d7b51b7 => generated 19 bytes in 15 msecs (HTTP/1.1 200) 8 headers in 295 bytes (1 switches on core 0)
May 09 09:59:38.778614 n-d-839029-2 devstack@placement-api.service[116219]: DEBUG placement.requestlog [req-52f9bd04-7ea8-4344-9175-9e9c271163b1 req-bce381e1-0d36-47a4-9527-65ee1e4e1567 None None] Starting request: 10.222.0.52 "PUT /placement/allocations/4e1a7faa-8f40-46fa-ab53-44454d7b51b7" {{(pid=116219) __call__ /opt/stack/placement/placement/requestlog.py:55}}
May 09 09:59:38.908061 n-d-839029-2 devstack@placement-api.service[116219]: DEBUG placement.handlers.allocation [req-52f9bd04-7ea8-4344-9175-9e9c271163b1 req-bce381e1-0d36-47a4-9527-65ee1e4e1567 service placement] Successfully wrote allocations [, , ] {{(pid=116219) _update_consumers_and_create_allocations /opt/stack/placement/placement/handlers/allocation.py:462}}
May 09 09:59:38.919194 n-d-839029-2 devstack@placement-api.service[116219]: INFO placement.requestlog [req-52f9bd04-7ea8-4344-9175-9e9c271163b1 req-bce381e1-0d36-47a4-9527-65ee1e4e1567 service placement] 10.222.0.52 "PUT /placement/allocations/4e1a7faa-8f40-46fa-ab53-44454d7b51b7" status: 204 len: 0 microversion: 1.36
May 09 09:59:38.919956 n-d-839029-2 devstack@placement-api.service[116219]: [pid: 116219|app: 0|req: 186/368] 10.222.0.52 () {64 vars in 1433 bytes} [Mon May 9 09:59:38 2022] PUT /placement/allocations/4e1a7faa-8f40-46fa-ab53-44454d7b51b7 => generated 0 bytes in 142 msecs (HTTP/1.1 204) 5 headers in 199 bytes (1 switches on core 0)
May 09 09:59:39.382097 n-d-839029-2 devstack@placement-api.service[116218]: DEBUG placement.requestlog [req-52f9bd04-7ea8-4344-9175-9e9c271163b1 req-24a79618-06be-4fd8-bbff-e5fa65f3a93a None None] Starting request: 10.222.0.13 "GET /placement/allocations/4e1a7faa-8f40-46fa-ab53-44454d7b51b7" {{(pid=116218) __call__ /opt/stack/placement/placement/requestlog.py:55}}
May 09 09:59:39.414260 n-d-839029-2 devstack@placement-api.service[116218]: INFO placement.requestlog [req-52f9bd04-7ea8-4344-9175-9e9c271163b1 req-24a79618-06be-4fd8-bbff-e5fa65f3a93a service placement] 10.222.0.13 "GET /placement/allocations/4e1a7faa-8f40-46fa-ab53-44454d7b51b7" status: 200 len: 259 microversion: 1.28
May 09 09:59:39.414788 n-d-839029-2 devstack@placement-api.service[116218]: [pid: 116218|app: 0|req: 183/369] 10.222.0.13 () {60 vars in 1377 bytes} [Mon May 9 09:59:39 2022] GET /placement/allocations/4e1a7faa-8f40-46fa-ab53-44454d7b51b7 => generated 259 bytes in 40 msecs (HTTP/1.1 200) 8 headers in 296 bytes (1 switches on core 0)
May 09 09:59:46.114659 n-d-839029-2 devstack@placement-api.service[116219]: DEBUG placement.requestlog [req-89bab50a-e222-4072-bc77-300d51985b4c req-6d9c70bb-e5fb-457a-82f2-5eba31647504 None None] Starting request: 10.222.0.13 "DELETE /placement/allocations/717b6835-e4dd-42f2-8bab-282db67e998f" {{(pid=116219) __call__ /opt/stack/placement/placement/requestlog.py:55}}
May 09 09:59:46.178501 n-d-839029-2 devstack@placement-api.service[116219]: DEBUG placement.handlers.allocation [req-89bab50a-e222-4072-bc77-300d51985b4c req-6d9c70bb-e5fb-457a-82f2-5eba31647504 service placement] Successfully deleted allocations [, , ] {{(pid=116219) delete_allocations /opt/stack/placement/placement/handlers/allocation.py:627}}
May 09 09:59:46.179737 n-d-839029-2 devstack@placement-api.service[116219]: INFO placement.requestlog [req-89bab50a-e222-4072-bc77-300d51985b4c req-6d9c70bb-e5fb-457a-82f2-5eba31647504 service placement] 10.222.0.13 "DELETE /placement/allocations/717b6835-e4dd-42f2-8bab-282db67e998f" status: 204 len: 0 microversion: 1.0
May 09 09:59:46.180606 n-d-839029-2 devstack@placement-api.service[116219]: [pid: 116219|app: 0|req: 187/370] 10.222.0.13 () {60 vars in 1355 bytes} [Mon May 9 09:59:46 2022] DELETE /placement/allocations/717b6835-e4dd-42f2-8bab-282db67e998f => generated 0 bytes in 67 msecs (HTTP/1.1 204) 5 headers in 198 bytes (1 switches on core 0)
May 09 09:59:49.541172 n-d-839029-2 devstack@placement-api.service[116218]: DEBUG placement.requestlog [req-17847c50-3645-4421-9042-02f6ff06b0c5 req-eae30a46-6f7b-4de0-9fd7-6ef21c455073 None None] Starting request: 10.222.0.52 "GET /placement/allocation_candidates?limit=1000&resources=DISK_GB%3A1%2CMEMORY_MB%3A1024%2CVCPU%3A1&root_required=%21COMPUTE_STATUS_DISABLED" {{(pid=116218) __call__ /opt/stack/placement/placement/requestlog.py:55}}
May 09 09:59:49.604197 n-d-839029-2 devstack@placement-api.service[116218]: DEBUG placement.objects.research_context [req-17847c50-3645-4421-9042-02f6ff06b0c5 req-eae30a46-6f7b-4de0-9fd7-6ef21c455073 service placement] getting providers with 1 DISK_GB {{(pid=116218) __init__ /opt/stack/placement/placement/objects/research_context.py:136}}
May 09 09:59:49.611978 n-d-839029-2 devstack@placement-api.service[116218]: DEBUG placement.objects.research_context [req-17847c50-3645-4421-9042-02f6ff06b0c5 req-eae30a46-6f7b-4de0-9fd7-6ef21c455073 service placement] getting providers with 1024 MEMORY_MB {{(pid=116218) __init__ /opt/stack/placement/placement/objects/research_context.py:136}}
May 09 09:59:49.619255 n-d-839029-2 devstack@placement-api.service[116218]: DEBUG placement.objects.research_context [req-17847c50-3645-4421-9042-02f6ff06b0c5 req-eae30a46-6f7b-4de0-9fd7-6ef21c455073 service placement] getting providers with 1 VCPU {{(pid=116218) __init__ /opt/stack/placement/placement/objects/research_context.py:136}}
May 09 09:59:49.624944 n-d-839029-2 devstack@placement-api.service[116218]: DEBUG placement.objects.research_context [req-17847c50-3645-4421-9042-02f6ff06b0c5 req-eae30a46-6f7b-4de0-9fd7-6ef21c455073 service placement] found 2 providers with available 1 DISK_GB {{(pid=116218) get_provider_ids_matching /opt/stack/placement/placement/objects/research_context.py:563}}
May 09 09:59:49.625447 n-d-839029-2 devstack@placement-api.service[116218]: DEBUG placement.objects.research_context [req-17847c50-3645-4421-9042-02f6ff06b0c5 req-eae30a46-6f7b-4de0-9fd7-6ef21c455073 service placement] found 2 providers with available 1024 MEMORY_MB {{(pid=116218) get_provider_ids_matching /opt/stack/placement/placement/objects/research_context.py:563}}
May 09 09:59:49.625866 n-d-839029-2 devstack@placement-api.service[116218]: DEBUG placement.objects.research_context [req-17847c50-3645-4421-9042-02f6ff06b0c5 req-eae30a46-6f7b-4de0-9fd7-6ef21c455073 service placement] found 2 providers after filtering by previous result {{(pid=116218) get_provider_ids_matching /opt/stack/placement/placement/objects/research_context.py:594}}
May 09 09:59:49.626281 n-d-839029-2 devstack@placement-api.service[116218]: DEBUG placement.objects.research_context [req-17847c50-3645-4421-9042-02f6ff06b0c5 req-eae30a46-6f7b-4de0-9fd7-6ef21c455073 service placement] found 2 providers with available 1 VCPU {{(pid=116218) get_provider_ids_matching /opt/stack/placement/placement/objects/research_context.py:563}}
May 09 09:59:49.626725 n-d-839029-2 devstack@placement-api.service[116218]: DEBUG placement.objects.research_context [req-17847c50-3645-4421-9042-02f6ff06b0c5 req-eae30a46-6f7b-4de0-9fd7-6ef21c455073 service placement] found 2 providers after filtering by previous result {{(pid=116218) get_provider_ids_matching /opt/stack/placement/placement/objects/research_context.py:594}}
May 09 09:59:49.638801 n-d-839029-2 devstack@placement-api.service[116218]: DEBUG placement.objects.allocation_candidate [req-17847c50-3645-4421-9042-02f6ff06b0c5 req-eae30a46-6f7b-4de0-9fd7-6ef21c455073 service placement] RequestGroup(use_same_provider=False, resources={DISK_GB:1, MEMORY_MB:1024, VCPU:1}, traits=(), aggregates=[]) (suffix '') returned 2 matches {{(pid=116218) _get_by_requests /opt/stack/placement/placement/objects/allocation_candidate.py:156}}
May 09 09:59:49.639456 n-d-839029-2 devstack@placement-api.service[116218]: DEBUG placement.objects.allocation_candidate [req-17847c50-3645-4421-9042-02f6ff06b0c5 req-eae30a46-6f7b-4de0-9fd7-6ef21c455073 service placement] Merging candidates yields 2 allocation requests and 2 provider summaries {{(pid=116218) _merge_candidates /opt/stack/placement/placement/objects/allocation_candidate.py:809}}
May 09 09:59:49.641420 n-d-839029-2 devstack@placement-api.service[116218]: INFO placement.requestlog [req-17847c50-3645-4421-9042-02f6ff06b0c5 req-eae30a46-6f7b-4de0-9fd7-6ef21c455073 service placement] 10.222.0.52 "GET /placement/allocation_candidates?limit=1000&resources=DISK_GB%3A1%2CMEMORY_MB%3A1024%2CVCPU%3A1&root_required=%21COMPUTE_STATUS_DISABLED" status: 200 len: 1309 microversion: 1.36
May 09 09:59:49.642351 n-d-839029-2 devstack@placement-api.service[116218]: [pid: 116218|app: 0|req: 184/371] 10.222.0.52 () {60 vars in 1506 bytes} [Mon May 9 09:59:49 2022] GET /placement/allocation_candidates?limit=1000&resources=DISK_GB%3A1%2CMEMORY_MB%3A1024%2CVCPU%3A1&root_required=%21COMPUTE_STATUS_DISABLED => generated 1309 bytes in 102 msecs (HTTP/1.1 200) 8 headers in 297 bytes (1 switches on core 0)
May 09 09:59:49.750742 n-d-839029-2 devstack@placement-api.service[116219]: DEBUG placement.requestlog [req-17847c50-3645-4421-9042-02f6ff06b0c5 req-249fe60f-4cda-49f8-a515-ffc931c0559a None None] Starting request: 10.222.0.52 "GET /placement/allocations/7c713fd6-d1e4-4ce3-bd5f-3504b3c6b651" {{(pid=116219) __call__ /opt/stack/placement/placement/requestlog.py:55}}
May 09 09:59:49.764655 n-d-839029-2 devstack@placement-api.service[116219]: INFO placement.requestlog [req-17847c50-3645-4421-9042-02f6ff06b0c5 req-249fe60f-4cda-49f8-a515-ffc931c0559a service placement] 10.222.0.52 "GET /placement/allocations/7c713fd6-d1e4-4ce3-bd5f-3504b3c6b651" status: 200 len: 19 microversion: 1.28
May 09 09:59:49.769532 n-d-839029-2 devstack@placement-api.service[116219]: [pid: 116219|app: 0|req: 188/372] 10.222.0.52 () {60 vars in 1380 bytes} [Mon May 9 09:59:49 2022] GET /placement/allocations/7c713fd6-d1e4-4ce3-bd5f-3504b3c6b651 => generated 19 bytes in 19 msecs (HTTP/1.1 200) 8 headers in 295 bytes (1 switches on core 0)
May 09 09:59:49.776378 n-d-839029-2 devstack@placement-api.service[116218]: DEBUG placement.requestlog [req-17847c50-3645-4421-9042-02f6ff06b0c5 req-cddc8b64-6ebb-4435-893a-41f9b7b03ad3 None None] Starting request: 10.222.0.52 "PUT /placement/allocations/7c713fd6-d1e4-4ce3-bd5f-3504b3c6b651" {{(pid=116218) __call__ /opt/stack/placement/placement/requestlog.py:55}}
May 09 09:59:49.840290 n-d-839029-2 devstack@placement-api.service[116218]: DEBUG placement.handlers.allocation [req-17847c50-3645-4421-9042-02f6ff06b0c5 req-cddc8b64-6ebb-4435-893a-41f9b7b03ad3 service placement] Successfully wrote allocations [, , ] {{(pid=116218) _update_consumers_and_create_allocations /opt/stack/placement/placement/handlers/allocation.py:462}}
May 09 09:59:49.851834 n-d-839029-2 devstack@placement-api.service[116218]: INFO placement.requestlog [req-17847c50-3645-4421-9042-02f6ff06b0c5 req-cddc8b64-6ebb-4435-893a-41f9b7b03ad3 service placement] 10.222.0.52 "PUT /placement/allocations/7c713fd6-d1e4-4ce3-bd5f-3504b3c6b651" status: 204 len: 0 microversion: 1.36
May 09 09:59:49.857270 n-d-839029-2 devstack@placement-api.service[116218]: [pid: 116218|app: 0|req: 185/373] 10.222.0.52 () {64 vars in 1433 bytes} [Mon May 9 09:59:49 2022] PUT /placement/allocations/7c713fd6-d1e4-4ce3-bd5f-3504b3c6b651 => generated 0 bytes in 77 msecs (HTTP/1.1 204) 5 headers in 199 bytes (2 switches on core 0)
May 09 09:59:50.428827 n-d-839029-2 devstack@placement-api.service[116219]: DEBUG placement.requestlog [req-17847c50-3645-4421-9042-02f6ff06b0c5 req-13aa1e46-f04d-455d-ba50-33afcb7b84d1 None None] Starting request: 10.222.0.23 "GET /placement/allocations/7c713fd6-d1e4-4ce3-bd5f-3504b3c6b651" {{(pid=116219) __call__ /opt/stack/placement/placement/requestlog.py:55}}
May 09 09:59:50.454279 n-d-839029-2 devstack@placement-api.service[116219]: INFO placement.requestlog [req-17847c50-3645-4421-9042-02f6ff06b0c5 req-13aa1e46-f04d-455d-ba50-33afcb7b84d1 service placement] 10.222.0.23 "GET /placement/allocations/7c713fd6-d1e4-4ce3-bd5f-3504b3c6b651" status: 200 len: 259 microversion: 1.28
May 09 09:59:50.455001 n-d-839029-2 devstack@placement-api.service[116219]: [pid: 116219|app: 0|req: 189/374] 10.222.0.23 () {60 vars in 1377 bytes} [Mon May 9 09:59:50 2022] GET /placement/allocations/7c713fd6-d1e4-4ce3-bd5f-3504b3c6b651 => generated 259 bytes in 27 msecs (HTTP/1.1 200) 8 headers in 296 bytes (1 switches on core 0)
May 09 09:59:50.588205 n-d-839029-2 devstack@placement-api.service[116218]: DEBUG placement.requestlog [req-8e86a653-d666-4154-b2bf-6629eb766831 req-e5ea4465-8268-470a-8b3b-bf2166f49ba5 None None] Starting request: 10.222.0.52 "GET /placement/allocation_candidates?limit=1000&resources=DISK_GB%3A1%2CMEMORY_MB%3A1024%2CVCPU%3A1&root_required=%21COMPUTE_STATUS_DISABLED" {{(pid=116218) __call__ /opt/stack/placement/placement/requestlog.py:55}}
May 09 09:59:50.653451 n-d-839029-2 devstack@placement-api.service[116218]: DEBUG placement.objects.research_context [req-8e86a653-d666-4154-b2bf-6629eb766831 req-e5ea4465-8268-470a-8b3b-bf2166f49ba5 service placement] getting providers with 1 DISK_GB {{(pid=116218) __init__ /opt/stack/placement/placement/objects/research_context.py:136}}
May 09 09:59:50.664069 n-d-839029-2 devstack@placement-api.service[116218]: DEBUG placement.objects.research_context [req-8e86a653-d666-4154-b2bf-6629eb766831 req-e5ea4465-8268-470a-8b3b-bf2166f49ba5 service placement] getting providers with 1024 MEMORY_MB {{(pid=116218) __init__ /opt/stack/placement/placement/objects/research_context.py:136}}
May 09 09:59:50.681593 n-d-839029-2 devstack@placement-api.service[116218]: DEBUG placement.objects.research_context [req-8e86a653-d666-4154-b2bf-6629eb766831 req-e5ea4465-8268-470a-8b3b-bf2166f49ba5 service placement] getting providers with 1 VCPU {{(pid=116218) __init__ /opt/stack/placement/placement/objects/research_context.py:136}}
May 09 09:59:50.688186 n-d-839029-2 devstack@placement-api.service[116218]: DEBUG placement.objects.research_context [req-8e86a653-d666-4154-b2bf-6629eb766831 req-e5ea4465-8268-470a-8b3b-bf2166f49ba5 service placement] found 2 providers with available 1 DISK_GB {{(pid=116218) get_provider_ids_matching /opt/stack/placement/placement/objects/research_context.py:563}}
May 09 09:59:50.688774 n-d-839029-2 devstack@placement-api.service[116218]: DEBUG placement.objects.research_context [req-8e86a653-d666-4154-b2bf-6629eb766831 req-e5ea4465-8268-470a-8b3b-bf2166f49ba5 service placement] found 2 providers with available 1024 MEMORY_MB {{(pid=116218) get_provider_ids_matching /opt/stack/placement/placement/objects/research_context.py:563}}
May 09 09:59:50.689201 n-d-839029-2 devstack@placement-api.service[116218]: DEBUG placement.objects.research_context [req-8e86a653-d666-4154-b2bf-6629eb766831 req-e5ea4465-8268-470a-8b3b-bf2166f49ba5 service placement] found 2 providers after filtering by previous result {{(pid=116218) get_provider_ids_matching /opt/stack/placement/placement/objects/research_context.py:594}}
May 09 09:59:50.689751 n-d-839029-2 devstack@placement-api.service[116218]: DEBUG placement.objects.research_context [req-8e86a653-d666-4154-b2bf-6629eb766831 req-e5ea4465-8268-470a-8b3b-bf2166f49ba5 service placement] found 2 providers with available 1 VCPU {{(pid=116218) get_provider_ids_matching /opt/stack/placement/placement/objects/research_context.py:563}}
May 09 09:59:50.690173 n-d-839029-2 devstack@placement-api.service[116218]: DEBUG placement.objects.research_context [req-8e86a653-d666-4154-b2bf-6629eb766831 req-e5ea4465-8268-470a-8b3b-bf2166f49ba5 service placement] found 2 providers after filtering by previous result {{(pid=116218) get_provider_ids_matching /opt/stack/placement/placement/objects/research_context.py:594}}
May 09 09:59:50.725401 n-d-839029-2 devstack@placement-api.service[116218]: DEBUG placement.objects.allocation_candidate [req-8e86a653-d666-4154-b2bf-6629eb766831 req-e5ea4465-8268-470a-8b3b-bf2166f49ba5 service placement] RequestGroup(use_same_provider=False, resources={DISK_GB:1, MEMORY_MB:1024, VCPU:1}, traits=(), aggregates=[]) (suffix '') returned 2 matches {{(pid=116218) _get_by_requests /opt/stack/placement/placement/objects/allocation_candidate.py:156}}
May 09 09:59:50.726126 n-d-839029-2 devstack@placement-api.service[116218]: DEBUG placement.objects.allocation_candidate [req-8e86a653-d666-4154-b2bf-6629eb766831 req-e5ea4465-8268-470a-8b3b-bf2166f49ba5 service placement] Merging candidates yields 2 allocation requests and 2 provider summaries {{(pid=116218) _merge_candidates /opt/stack/placement/placement/objects/allocation_candidate.py:809}}
