Jun 05 02:01:12.716956 n-d-838991-4 devstack@placement-api.service[105100]: DEBUG placement.requestlog [req-a3386e1c-752c-41e0-b4d1-5889a4a768e5 req-972f6e29-c773-445e-9c90-37d078356980 None None] Starting request: 10.222.0.17 "GET /placement/allocations/e843316c-5549-481e-ae7d-6169033c34e3" {{(pid=105100) __call__ /opt/stack/placement/placement/requestlog.py:55}}
Jun 05 02:01:12.731272 n-d-838991-4 devstack@placement-api.service[105100]: INFO placement.requestlog [req-a3386e1c-752c-41e0-b4d1-5889a4a768e5 req-972f6e29-c773-445e-9c90-37d078356980 service placement] 10.222.0.17 "GET /placement/allocations/e843316c-5549-481e-ae7d-6169033c34e3" status: 200 len: 19 microversion: 1.28
Jun 05 02:01:12.738824 n-d-838991-4 devstack@placement-api.service[105100]: [pid: 105100|app: 0|req: 129/253] 10.222.0.17 () {60 vars in 1380 bytes} [Sun Jun 5 02:01:12 2022] GET /placement/allocations/e843316c-5549-481e-ae7d-6169033c34e3 => generated 19 bytes in 22 msecs (HTTP/1.1 200) 8 headers in 295 bytes (1 switches on core 0)
Jun 05 02:01:12.741121 n-d-838991-4 devstack@placement-api.service[105101]: DEBUG placement.requestlog [req-a3386e1c-752c-41e0-b4d1-5889a4a768e5 req-66308ba2-db28-4ba3-a34b-2362a6c6e784 None None] Starting request: 10.222.0.17 "PUT /placement/allocations/e843316c-5549-481e-ae7d-6169033c34e3" {{(pid=105101) __call__ /opt/stack/placement/placement/requestlog.py:55}}
Jun 05 02:01:12.825278 n-d-838991-4 devstack@placement-api.service[105101]: DEBUG placement.handlers.allocation [req-a3386e1c-752c-41e0-b4d1-5889a4a768e5 req-66308ba2-db28-4ba3-a34b-2362a6c6e784 service placement] Successfully wrote allocations [, , ] {{(pid=105101) _update_consumers_and_create_allocations /opt/stack/placement/placement/handlers/allocation.py:462}}
Jun 05 02:01:12.837760 n-d-838991-4 devstack@placement-api.service[105101]: INFO placement.requestlog [req-a3386e1c-752c-41e0-b4d1-5889a4a768e5 req-66308ba2-db28-4ba3-a34b-2362a6c6e784 service placement] 10.222.0.17 "PUT /placement/allocations/e843316c-5549-481e-ae7d-6169033c34e3" status: 204 len: 0 microversion: 1.36
Jun 05 02:01:12.838651 n-d-838991-4 devstack@placement-api.service[105101]: [pid: 105101|app: 0|req: 125/254] 10.222.0.17 () {64 vars in 1433 bytes} [Sun Jun 5 02:01:12 2022] PUT /placement/allocations/e843316c-5549-481e-ae7d-6169033c34e3 => generated 0 bytes in 98 msecs (HTTP/1.1 204) 5 headers in 199 bytes (1 switches on core 0)
Jun 05 02:01:13.294658 n-d-838991-4 devstack@placement-api.service[105100]: DEBUG placement.requestlog [req-56c97f5a-1e78-4647-92e9-6001761365ea req-65873ecf-c849-450a-b3f5-0d0db1e638ef None None] Starting request: 10.222.0.45 "GET /placement/resource_providers/007ff2d5-7159-4e02-8550-01c9cc9f9696/allocations" {{(pid=105100) __call__ /opt/stack/placement/placement/requestlog.py:55}}
Jun 05 02:01:13.358305 n-d-838991-4 devstack@placement-api.service[105100]: INFO placement.requestlog [req-56c97f5a-1e78-4647-92e9-6001761365ea req-65873ecf-c849-450a-b3f5-0d0db1e638ef service placement] 10.222.0.45 "GET /placement/resource_providers/007ff2d5-7159-4e02-8550-01c9cc9f9696/allocations" status: 200 len: 760 microversion: 1.0
Jun 05 02:01:13.358698 n-d-838991-4 devstack@placement-api.service[105100]: [pid: 105100|app: 0|req: 130/255] 10.222.0.45 () {58 vars in 1390 bytes} [Sun Jun 5 02:01:13 2022] GET /placement/resource_providers/007ff2d5-7159-4e02-8550-01c9cc9f9696/allocations => generated 760 bytes in 64 msecs (HTTP/1.1 200) 6 headers in 224 bytes (1 switches on core 0)
Jun 05 02:01:13.437351 n-d-838991-4 devstack@placement-api.service[105101]: DEBUG placement.requestlog [req-a3386e1c-752c-41e0-b4d1-5889a4a768e5 req-6247b274-2b7d-4806-9a10-7c31e932ffb1 None None] Starting request: 10.222.0.45 "GET /placement/allocations/e843316c-5549-481e-ae7d-6169033c34e3" {{(pid=105101) __call__ /opt/stack/placement/placement/requestlog.py:55}}
Jun 05 02:01:13.466994 n-d-838991-4 devstack@placement-api.service[105101]: INFO placement.requestlog [req-a3386e1c-752c-41e0-b4d1-5889a4a768e5 req-6247b274-2b7d-4806-9a10-7c31e932ffb1 service placement] 10.222.0.45 "GET /placement/allocations/e843316c-5549-481e-ae7d-6169033c34e3" status: 200 len: 259 microversion: 1.28
Jun 05 02:01:13.468103 n-d-838991-4 devstack@placement-api.service[105101]: [pid: 105101|app: 0|req: 126/256] 10.222.0.45 () {60 vars in 1377 bytes} [Sun Jun 5 02:01:13 2022] GET /placement/allocations/e843316c-5549-481e-ae7d-6169033c34e3 => generated 259 bytes in 31 msecs (HTTP/1.1 200) 8 headers in 296 bytes (1 switches on core 0)
Jun 05 02:01:17.790287 n-d-838991-4 devstack@placement-api.service[105100]: DEBUG placement.requestlog [req-25e78789-438f-4a0d-83f5-95d1a55139cc req-3f66d83f-795c-4d9f-8ef1-0444c7a173cf None None] Starting request: 10.222.0.17 "GET /placement/allocation_candidates?limit=1000&resources=DISK_GB%3A1%2CMEMORY_MB%3A1024%2CVCPU%3A1&root_required=%21COMPUTE_STATUS_DISABLED" {{(pid=105100) __call__ /opt/stack/placement/placement/requestlog.py:55}}
Jun 05 02:01:17.887018 n-d-838991-4 devstack@placement-api.service[105100]: DEBUG placement.objects.research_context [req-25e78789-438f-4a0d-83f5-95d1a55139cc req-3f66d83f-795c-4d9f-8ef1-0444c7a173cf service placement] getting providers with 1 DISK_GB {{(pid=105100) __init__ /opt/stack/placement/placement/objects/research_context.py:136}}
Jun 05 02:01:17.902766 n-d-838991-4 devstack@placement-api.service[105100]: DEBUG placement.objects.research_context [req-25e78789-438f-4a0d-83f5-95d1a55139cc req-3f66d83f-795c-4d9f-8ef1-0444c7a173cf service placement] getting providers with 1024 MEMORY_MB {{(pid=105100) __init__ /opt/stack/placement/placement/objects/research_context.py:136}}
Jun 05 02:01:17.911207 n-d-838991-4 devstack@placement-api.service[105100]: DEBUG placement.objects.research_context [req-25e78789-438f-4a0d-83f5-95d1a55139cc req-3f66d83f-795c-4d9f-8ef1-0444c7a173cf service placement] getting providers with 1 VCPU {{(pid=105100) __init__ /opt/stack/placement/placement/objects/research_context.py:136}}
Jun 05 02:01:17.942764 n-d-838991-4 devstack@placement-api.service[105100]: DEBUG placement.objects.research_context [req-25e78789-438f-4a0d-83f5-95d1a55139cc req-3f66d83f-795c-4d9f-8ef1-0444c7a173cf service placement] found 2 providers with available 1 DISK_GB {{(pid=105100) get_provider_ids_matching /opt/stack/placement/placement/objects/research_context.py:563}}
Jun 05 02:01:17.944357 n-d-838991-4 devstack@placement-api.service[105100]: DEBUG placement.objects.research_context [req-25e78789-438f-4a0d-83f5-95d1a55139cc req-3f66d83f-795c-4d9f-8ef1-0444c7a173cf service placement] found 2 providers with available 1024 MEMORY_MB {{(pid=105100) get_provider_ids_matching /opt/stack/placement/placement/objects/research_context.py:563}}
Jun 05 02:01:17.944799 n-d-838991-4 devstack@placement-api.service[105100]: DEBUG placement.objects.research_context [req-25e78789-438f-4a0d-83f5-95d1a55139cc req-3f66d83f-795c-4d9f-8ef1-0444c7a173cf service placement] found 2 providers after filtering by previous result {{(pid=105100) get_provider_ids_matching /opt/stack/placement/placement/objects/research_context.py:594}}
Jun 05 02:01:17.945207 n-d-838991-4 devstack@placement-api.service[105100]: DEBUG placement.objects.research_context [req-25e78789-438f-4a0d-83f5-95d1a55139cc req-3f66d83f-795c-4d9f-8ef1-0444c7a173cf service placement] found 2 providers with available 1 VCPU {{(pid=105100) get_provider_ids_matching /opt/stack/placement/placement/objects/research_context.py:563}}
Jun 05 02:01:17.945634 n-d-838991-4 devstack@placement-api.service[105100]: DEBUG placement.objects.research_context [req-25e78789-438f-4a0d-83f5-95d1a55139cc req-3f66d83f-795c-4d9f-8ef1-0444c7a173cf service placement] found 2 providers after filtering by previous result {{(pid=105100) get_provider_ids_matching /opt/stack/placement/placement/objects/research_context.py:594}}
Jun 05 02:01:17.985545 n-d-838991-4 devstack@placement-api.service[105100]: DEBUG placement.objects.allocation_candidate [req-25e78789-438f-4a0d-83f5-95d1a55139cc req-3f66d83f-795c-4d9f-8ef1-0444c7a173cf service placement] RequestGroup(use_same_provider=False, resources={DISK_GB:1, MEMORY_MB:1024, VCPU:1}, traits=(), aggregates=[]) (suffix '') returned 2 matches {{(pid=105100) _get_by_requests /opt/stack/placement/placement/objects/allocation_candidate.py:156}}
Jun 05 02:01:17.986466 n-d-838991-4 devstack@placement-api.service[105100]: DEBUG placement.objects.allocation_candidate [req-25e78789-438f-4a0d-83f5-95d1a55139cc req-3f66d83f-795c-4d9f-8ef1-0444c7a173cf service placement] Merging candidates yields 2 allocation requests and 2 provider summaries {{(pid=105100) _merge_candidates /opt/stack/placement/placement/objects/allocation_candidate.py:809}}
Jun 05 02:01:17.988313 n-d-838991-4 devstack@placement-api.service[105100]: INFO placement.requestlog [req-25e78789-438f-4a0d-83f5-95d1a55139cc req-3f66d83f-795c-4d9f-8ef1-0444c7a173cf service placement] 10.222.0.17 "GET /placement/allocation_candidates?limit=1000&resources=DISK_GB%3A1%2CMEMORY_MB%3A1024%2CVCPU%3A1&root_required=%21COMPUTE_STATUS_DISABLED" status: 200 len: 1309 microversion: 1.36
Jun 05 02:01:17.989221 n-d-838991-4 devstack@placement-api.service[105100]: [pid: 105100|app: 0|req: 131/257] 10.222.0.17 () {60 vars in 1506 bytes} [Sun Jun 5 02:01:17 2022] GET /placement/allocation_candidates?limit=1000&resources=DISK_GB%3A1%2CMEMORY_MB%3A1024%2CVCPU%3A1&root_required=%21COMPUTE_STATUS_DISABLED => generated 1309 bytes in 199 msecs (HTTP/1.1 200) 8 headers in 297 bytes (1 switches on core 0)
Jun 05 02:01:18.117687 n-d-838991-4 devstack@placement-api.service[105101]: DEBUG placement.requestlog [req-25e78789-438f-4a0d-83f5-95d1a55139cc req-fdad723c-a6af-42b9-b314-6394d37f8e20 None None] Starting request: 10.222.0.17 "GET /placement/allocations/ce94e99b-9562-4dd1-bd19-95e5adddd4f3" {{(pid=105101) __call__ /opt/stack/placement/placement/requestlog.py:55}}
Jun 05 02:01:18.134801 n-d-838991-4 devstack@placement-api.service[105101]: INFO placement.requestlog [req-25e78789-438f-4a0d-83f5-95d1a55139cc req-fdad723c-a6af-42b9-b314-6394d37f8e20 service placement] 10.222.0.17 "GET /placement/allocations/ce94e99b-9562-4dd1-bd19-95e5adddd4f3" status: 200 len: 19 microversion: 1.28
Jun 05 02:01:18.135765 n-d-838991-4 devstack@placement-api.service[105101]: [pid: 105101|app: 0|req: 127/258] 10.222.0.17 () {60 vars in 1380 bytes} [Sun Jun 5 02:01:18 2022] GET /placement/allocations/ce94e99b-9562-4dd1-bd19-95e5adddd4f3 => generated 19 bytes in 18 msecs (HTTP/1.1 200) 8 headers in 295 bytes (1 switches on core 0)
Jun 05 02:01:18.142699 n-d-838991-4 devstack@placement-api.service[105100]: DEBUG placement.requestlog [req-25e78789-438f-4a0d-83f5-95d1a55139cc req-9b1b2553-fee2-4f70-80bc-a864e95da7c9 None None] Starting request: 10.222.0.17 "PUT /placement/allocations/ce94e99b-9562-4dd1-bd19-95e5adddd4f3" {{(pid=105100) __call__ /opt/stack/placement/placement/requestlog.py:55}}
Jun 05 02:01:18.268849 n-d-838991-4 devstack@placement-api.service[105100]: DEBUG placement.handlers.allocation [req-25e78789-438f-4a0d-83f5-95d1a55139cc req-9b1b2553-fee2-4f70-80bc-a864e95da7c9 service placement] Successfully wrote allocations [, , ] {{(pid=105100) _update_consumers_and_create_allocations /opt/stack/placement/placement/handlers/allocation.py:462}}
Jun 05 02:01:18.277173 n-d-838991-4 devstack@placement-api.service[105100]: INFO placement.requestlog [req-25e78789-438f-4a0d-83f5-95d1a55139cc req-9b1b2553-fee2-4f70-80bc-a864e95da7c9 service placement] 10.222.0.17 "PUT /placement/allocations/ce94e99b-9562-4dd1-bd19-95e5adddd4f3" status: 204 len: 0 microversion: 1.36
Jun 05 02:01:18.277947 n-d-838991-4 devstack@placement-api.service[105100]: [pid: 105100|app: 0|req: 132/259] 10.222.0.17 () {64 vars in 1433 bytes} [Sun Jun 5 02:01:18 2022] PUT /placement/allocations/ce94e99b-9562-4dd1-bd19-95e5adddd4f3 => generated 0 bytes in 136 msecs (HTTP/1.1 204) 5 headers in 199 bytes (1 switches on core 0)
Jun 05 02:01:18.711156 n-d-838991-4 devstack@placement-api.service[105101]: DEBUG placement.requestlog [req-ae2dc530-0810-4821-99c5-5728fdb9ae8a req-9c3b58c0-fabd-4697-bb66-a529719d44f9 None None] Starting request: 10.222.0.17 "GET /placement/allocation_candidates?limit=1000&resources=DISK_GB%3A1%2CMEMORY_MB%3A1024%2CVCPU%3A1&root_required=%21COMPUTE_STATUS_DISABLED" {{(pid=105101) __call__ /opt/stack/placement/placement/requestlog.py:55}}
Jun 05 02:01:18.743588 n-d-838991-4 devstack@placement-api.service[105100]: DEBUG placement.requestlog [req-25e78789-438f-4a0d-83f5-95d1a55139cc req-727ded19-66b6-480d-a3c5-0c1682a2549e None None] Starting request: 10.222.0.41 "GET /placement/allocations/ce94e99b-9562-4dd1-bd19-95e5adddd4f3" {{(pid=105100) __call__ /opt/stack/placement/placement/requestlog.py:55}}
Jun 05 02:01:18.784764 n-d-838991-4 devstack@placement-api.service[105100]: INFO placement.requestlog [req-25e78789-438f-4a0d-83f5-95d1a55139cc req-727ded19-66b6-480d-a3c5-0c1682a2549e service placement] 10.222.0.41 "GET /placement/allocations/ce94e99b-9562-4dd1-bd19-95e5adddd4f3" status: 200 len: 259 microversion: 1.28
Jun 05 02:01:18.785520 n-d-838991-4 devstack@placement-api.service[105100]: [pid: 105100|app: 0|req: 133/260] 10.222.0.41 () {60 vars in 1377 bytes} [Sun Jun 5 02:01:18 2022] GET /placement/allocations/ce94e99b-9562-4dd1-bd19-95e5adddd4f3 => generated 259 bytes in 43 msecs (HTTP/1.1 200) 8 headers in 296 bytes (1 switches on core 0)
Jun 05 02:01:18.806747 n-d-838991-4 devstack@placement-api.service[105101]: DEBUG placement.objects.research_context [req-ae2dc530-0810-4821-99c5-5728fdb9ae8a req-9c3b58c0-fabd-4697-bb66-a529719d44f9 service placement] getting providers with 1 DISK_GB {{(pid=105101) __init__ /opt/stack/placement/placement/objects/research_context.py:136}}
Jun 05 02:01:18.813405 n-d-838991-4 devstack@placement-api.service[105101]: DEBUG placement.objects.research_context [req-ae2dc530-0810-4821-99c5-5728fdb9ae8a req-9c3b58c0-fabd-4697-bb66-a529719d44f9 service placement] getting providers with 1024 MEMORY_MB {{(pid=105101) __init__ /opt/stack/placement/placement/objects/research_context.py:136}}
Jun 05 02:01:18.823413 n-d-838991-4 devstack@placement-api.service[105101]: DEBUG placement.objects.research_context [req-ae2dc530-0810-4821-99c5-5728fdb9ae8a req-9c3b58c0-fabd-4697-bb66-a529719d44f9 service placement] getting providers with 1 VCPU {{(pid=105101) __init__ /opt/stack/placement/placement/objects/research_context.py:136}}
Jun 05 02:01:18.837127 n-d-838991-4 devstack@placement-api.service[105101]: DEBUG placement.objects.research_context [req-ae2dc530-0810-4821-99c5-5728fdb9ae8a req-9c3b58c0-fabd-4697-bb66-a529719d44f9 service placement] found 2 providers with available 1 DISK_GB {{(pid=105101) get_provider_ids_matching /opt/stack/placement/placement/objects/research_context.py:563}}
Jun 05 02:01:18.837657 n-d-838991-4 devstack@placement-api.service[105101]: DEBUG placement.objects.research_context [req-ae2dc530-0810-4821-99c5-5728fdb9ae8a req-9c3b58c0-fabd-4697-bb66-a529719d44f9 service placement] found 2 providers with available 1024 MEMORY_MB {{(pid=105101) get_provider_ids_matching /opt/stack/placement/placement/objects/research_context.py:563}}
Jun 05 02:01:18.838106 n-d-838991-4 devstack@placement-api.service[105101]: DEBUG placement.objects.research_context [req-ae2dc530-0810-4821-99c5-5728fdb9ae8a req-9c3b58c0-fabd-4697-bb66-a529719d44f9 service placement] found 2 providers after filtering by previous result {{(pid=105101) get_provider_ids_matching /opt/stack/placement/placement/objects/research_context.py:594}}
Jun 05 02:01:18.838529 n-d-838991-4 devstack@placement-api.service[105101]: DEBUG placement.objects.research_context [req-ae2dc530-0810-4821-99c5-5728fdb9ae8a req-9c3b58c0-fabd-4697-bb66-a529719d44f9 service placement] found 2 providers with available 1 VCPU {{(pid=105101) get_provider_ids_matching /opt/stack/placement/placement/objects/research_context.py:563}}
Jun 05 02:01:18.838961 n-d-838991-4 devstack@placement-api.service[105101]: DEBUG placement.objects.research_context [req-ae2dc530-0810-4821-99c5-5728fdb9ae8a req-9c3b58c0-fabd-4697-bb66-a529719d44f9 service placement] found 2 providers after filtering by previous result {{(pid=105101) get_provider_ids_matching /opt/stack/placement/placement/objects/research_context.py:594}}
Jun 05 02:01:18.854312 n-d-838991-4 devstack@placement-api.service[105101]: DEBUG placement.objects.allocation_candidate [req-ae2dc530-0810-4821-99c5-5728fdb9ae8a req-9c3b58c0-fabd-4697-bb66-a529719d44f9 service placement] RequestGroup(use_same_provider=False, resources={DISK_GB:1, MEMORY_MB:1024, VCPU:1}, traits=(), aggregates=[]) (suffix '') returned 2 matches {{(pid=105101) _get_by_requests /opt/stack/placement/placement/objects/allocation_candidate.py:156}}
Jun 05 02:01:18.854691 n-d-838991-4 devstack@placement-api.service[105101]: DEBUG placement.objects.allocation_candidate [req-ae2dc530-0810-4821-99c5-5728fdb9ae8a req-9c3b58c0-fabd-4697-bb66-a529719d44f9 service placement] Merging candidates yields 2 allocation requests and 2 provider summaries {{(pid=105101) _merge_candidates /opt/stack/placement/placement/objects/allocation_candidate.py:809}}
Jun 05 02:01:18.856301 n-d-838991-4 devstack@placement-api.service[105101]: INFO placement.requestlog [req-ae2dc530-0810-4821-99c5-5728fdb9ae8a req-9c3b58c0-fabd-4697-bb66-a529719d44f9 service placement] 10.222.0.17 "GET /placement/allocation_candidates?limit=1000&resources=DISK_GB%3A1%2CMEMORY_MB%3A1024%2CVCPU%3A1&root_required=%21COMPUTE_STATUS_DISABLED" status: 200 len: 1309 microversion: 1.36
Jun 05 02:01:18.868586 n-d-838991-4 devstack@placement-api.service[105101]: [pid: 105101|app: 0|req: 128/261] 10.222.0.17 () {60 vars in 1506 bytes} [Sun Jun 5 02:01:18 2022] GET /placement/allocation_candidates?limit=1000&resources=DISK_GB%3A1%2CMEMORY_MB%3A1024%2CVCPU%3A1&root_required=%21COMPUTE_STATUS_DISABLED => generated 1309 bytes in 156 msecs (HTTP/1.1 200) 8 headers in 297 bytes (1 switches on core 0)
Jun 05 02:01:18.978490 n-d-838991-4 devstack@placement-api.service[105100]: DEBUG placement.requestlog [req-ae2dc530-0810-4821-99c5-5728fdb9ae8a req-335fe5d0-41e7-4f56-b640-3e100ab73184 None None] Starting request: 10.222.0.17 "GET /placement/allocations/d4e66192-8bc4-4d09-81b6-54ca8bba9f10" {{(pid=105100) __call__ /opt/stack/placement/placement/requestlog.py:55}}
Jun 05 02:01:19.022803 n-d-838991-4 devstack@placement-api.service[105100]: INFO placement.requestlog [req-ae2dc530-0810-4821-99c5-5728fdb9ae8a req-335fe5d0-41e7-4f56-b640-3e100ab73184 service placement] 10.222.0.17 "GET /placement/allocations/d4e66192-8bc4-4d09-81b6-54ca8bba9f10" status: 200 len: 19 microversion: 1.28
Jun 05 02:01:19.024849 n-d-838991-4 devstack@placement-api.service[105100]: [pid: 105100|app: 0|req: 134/262] 10.222.0.17 () {60 vars in 1380 bytes} [Sun Jun 5 02:01:18 2022] GET /placement/allocations/d4e66192-8bc4-4d09-81b6-54ca8bba9f10 => generated 19 bytes in 45 msecs (HTTP/1.1 200) 8 headers in 295 bytes (1 switches on core 0)
Jun 05 02:01:19.034677 n-d-838991-4 devstack@placement-api.service[105101]: DEBUG placement.requestlog [req-ae2dc530-0810-4821-99c5-5728fdb9ae8a req-f68d05e4-1633-4c07-8a0c-3684397fda86 None None] Starting request: 10.222.0.17 "PUT /placement/allocations/d4e66192-8bc4-4d09-81b6-54ca8bba9f10" {{(pid=105101) __call__ /opt/stack/placement/placement/requestlog.py:55}}
Jun 05 02:01:19.087425 n-d-838991-4 devstack@placement-api.service[105101]: DEBUG dbcounter [-] [105101] Writing DB stats placement:SELECT=80,placement:INSERT=11,placement:DELETE=5,placement:UPDATE=4 {{(pid=105101) stat_writer /usr/local/lib/python3.8/dist-packages/dbcounter.py:114}}
Jun 05 02:01:19.126308 n-d-838991-4 devstack@placement-api.service[105101]: DEBUG placement.handlers.allocation [req-ae2dc530-0810-4821-99c5-5728fdb9ae8a req-f68d05e4-1633-4c07-8a0c-3684397fda86 service placement] Successfully wrote allocations [, , ] {{(pid=105101) _update_consumers_and_create_allocations /opt/stack/placement/placement/handlers/allocation.py:462}}
Jun 05 02:01:19.133953 n-d-838991-4 devstack@placement-api.service[105101]: INFO placement.requestlog [req-ae2dc530-0810-4821-99c5-5728fdb9ae8a req-f68d05e4-1633-4c07-8a0c-3684397fda86 service placement] 10.222.0.17 "PUT /placement/allocations/d4e66192-8bc4-4d09-81b6-54ca8bba9f10" status: 204 len: 0 microversion: 1.36
Jun 05 02:01:19.135124 n-d-838991-4 devstack@placement-api.service[105101]: [pid: 105101|app: 0|req: 129/263] 10.222.0.17 () {64 vars in 1433 bytes} [Sun Jun 5 02:01:19 2022] PUT /placement/allocations/d4e66192-8bc4-4d09-81b6-54ca8bba9f10 => generated 0 bytes in 103 msecs (HTTP/1.1 204) 5 headers in 199 bytes (2 switches on core 0)
Jun 05 02:01:20.001595 n-d-838991-4 devstack@placement-api.service[105100]: DEBUG placement.requestlog [req-2e647fcb-b172-4ce7-970a-7391a445c5dc req-280db1a7-0a16-4f57-8fe3-978013fb44c0 None None] Starting request: 10.222.0.17 "GET /placement/allocation_candidates?resources=DISK_GB%3A1%2CMEMORY_MB%3A1024%2CVCPU%3A1&root_required=%21COMPUTE_STATUS_DISABLED" {{(pid=105100) __call__ /opt/stack/placement/placement/requestlog.py:55}}
Jun 05 02:01:20.035279 n-d-838991-4 devstack@placement-api.service[105100]: DEBUG placement.objects.research_context [req-2e647fcb-b172-4ce7-970a-7391a445c5dc req-280db1a7-0a16-4f57-8fe3-978013fb44c0 service placement] getting providers with 1 DISK_GB {{(pid=105100) __init__ /opt/stack/placement/placement/objects/research_context.py:136}}
Jun 05 02:01:20.041383 n-d-838991-4 devstack@placement-api.service[105100]: DEBUG placement.objects.research_context [req-2e647fcb-b172-4ce7-970a-7391a445c5dc req-280db1a7-0a16-4f57-8fe3-978013fb44c0 service placement] getting providers with 1024 MEMORY_MB {{(pid=105100) __init__ /opt/stack/placement/placement/objects/research_context.py:136}}
Jun 05 02:01:20.047206 n-d-838991-4 devstack@placement-api.service[105100]: DEBUG placement.objects.research_context [req-2e647fcb-b172-4ce7-970a-7391a445c5dc req-280db1a7-0a16-4f57-8fe3-978013fb44c0 service placement] getting providers with 1 VCPU {{(pid=105100) __init__ /opt/stack/placement/placement/objects/research_context.py:136}}
Jun 05 02:01:20.053549 n-d-838991-4 devstack@placement-api.service[105100]: DEBUG placement.objects.research_context [req-2e647fcb-b172-4ce7-970a-7391a445c5dc req-280db1a7-0a16-4f57-8fe3-978013fb44c0 service placement] found 2 providers with available 1 DISK_GB {{(pid=105100) get_provider_ids_matching /opt/stack/placement/placement/objects/research_context.py:563}}
Jun 05 02:01:20.053828 n-d-838991-4 devstack@placement-api.service[105100]: DEBUG placement.objects.research_context [req-2e647fcb-b172-4ce7-970a-7391a445c5dc req-280db1a7-0a16-4f57-8fe3-978013fb44c0 service placement] found 2 providers with available 1024 MEMORY_MB {{(pid=105100) get_provider_ids_matching /opt/stack/placement/placement/objects/research_context.py:563}}
Jun 05 02:01:20.054112 n-d-838991-4 devstack@placement-api.service[105100]: DEBUG placement.objects.research_context [req-2e647fcb-b172-4ce7-970a-7391a445c5dc req-280db1a7-0a16-4f57-8fe3-978013fb44c0 service placement] found 2 providers after filtering by previous result {{(pid=105100) get_provider_ids_matching /opt/stack/placement/placement/objects/research_context.py:594}}
Jun 05 02:01:20.054373 n-d-838991-4 devstack@placement-api.service[105100]: DEBUG placement.objects.research_context [req-2e647fcb-b172-4ce7-970a-7391a445c5dc req-280db1a7-0a16-4f57-8fe3-978013fb44c0 service placement] found 2 providers with available 1 VCPU {{(pid=105100) get_provider_ids_matching /opt/stack/placement/placement/objects/research_context.py:563}}
Jun 05 02:01:20.054638 n-d-838991-4 devstack@placement-api.service[105100]: DEBUG placement.objects.research_context [req-2e647fcb-b172-4ce7-970a-7391a445c5dc req-280db1a7-0a16-4f57-8fe3-978013fb44c0 service placement] found 2 providers after filtering by previous result {{(pid=105100) get_provider_ids_matching /opt/stack/placement/placement/objects/research_context.py:594}}
Jun 05 02:01:20.066150 n-d-838991-4 devstack@placement-api.service[105100]: DEBUG placement.objects.allocation_candidate [req-2e647fcb-b172-4ce7-970a-7391a445c5dc req-280db1a7-0a16-4f57-8fe3-978013fb44c0 service placement] RequestGroup(use_same_provider=False, resources={DISK_GB:1, MEMORY_MB:1024, VCPU:1}, traits=(), aggregates=[]) (suffix '') returned 2 matches {{(pid=105100) _get_by_requests /opt/stack/placement/placement/objects/allocation_candidate.py:156}}
Jun 05 02:01:20.066526 n-d-838991-4 devstack@placement-api.service[105100]: DEBUG placement.objects.allocation_candidate [req-2e647fcb-b172-4ce7-970a-7391a445c5dc req-280db1a7-0a16-4f57-8fe3-978013fb44c0 service placement] Merging candidates yields 2 allocation requests and 2 provider summaries {{(pid=105100) _merge_candidates /opt/stack/placement/placement/objects/allocation_candidate.py:809}}
Jun 05 02:01:20.068241 n-d-838991-4 devstack@placement-api.service[105100]: INFO placement.requestlog [req-2e647fcb-b172-4ce7-970a-7391a445c5dc req-280db1a7-0a16-4f57-8fe3-978013fb44c0 service placement] 10.222.0.17 "GET /placement/allocation_candidates?resources=DISK_GB%3A1%2CMEMORY_MB%3A1024%2CVCPU%3A1&root_required=%21COMPUTE_STATUS_DISABLED" status: 200 len: 1309 microversion: 1.36
Jun 05 02:01:20.068925 n-d-838991-4 devstack@placement-api.service[105100]: [pid: 105100|app: 0|req: 135/264] 10.222.0.17 () {60 vars in 1484 bytes} [Sun Jun 5 02:01:20 2022] GET /placement/allocation_candidates?resources=DISK_GB%3A1%2CMEMORY_MB%3A1024%2CVCPU%3A1&root_required=%21COMPUTE_STATUS_DISABLED => generated 1309 bytes in 68 msecs (HTTP/1.1 200) 8 headers in 297 bytes (1 switches on core 0)
Jun 05 02:01:20.139302 n-d-838991-4 devstack@placement-api.service[105101]: DEBUG placement.requestlog [req-2e647fcb-b172-4ce7-970a-7391a445c5dc req-02db6c5b-40e8-4857-9098-4a1af891f2b4 None None] Starting request: 10.222.0.17 "GET /placement/allocations/17b09cbc-fb7f-488d-8e1b-3f9dca4ae6aa" {{(pid=105101) __call__ /opt/stack/placement/placement/requestlog.py:55}}
Jun 05 02:01:20.143128 n-d-838991-4 devstack@placement-api.service[105100]: DEBUG placement.requestlog [req-ae2dc530-0810-4821-99c5-5728fdb9ae8a req-c26be2da-7c9a-424b-92e7-46a8f6b1a68d None None] Starting request: 10.222.0.41 "GET /placement/allocations/d4e66192-8bc4-4d09-81b6-54ca8bba9f10" {{(pid=105100) __call__ /opt/stack/placement/placement/requestlog.py:55}}
Jun 05 02:01:20.162735 n-d-838991-4 devstack@placement-api.service[105100]: INFO placement.requestlog [req-ae2dc530-0810-4821-99c5-5728fdb9ae8a req-c26be2da-7c9a-424b-92e7-46a8f6b1a68d service placement] 10.222.0.41 "GET /placement/allocations/d4e66192-8bc4-4d09-81b6-54ca8bba9f10" status: 200 len: 259 microversion: 1.28
Jun 05 02:01:20.168674 n-d-838991-4 devstack@placement-api.service[105101]: INFO placement.requestlog [req-2e647fcb-b172-4ce7-970a-7391a445c5dc req-02db6c5b-40e8-4857-9098-4a1af891f2b4 service placement] 10.222.0.17 "GET /placement/allocations/17b09cbc-fb7f-488d-8e1b-3f9dca4ae6aa" status: 200 len: 19 microversion: 1.28
Jun 05 02:01:20.169100 n-d-838991-4 devstack@placement-api.service[105100]: [pid: 105100|app: 0|req: 136/265] 10.222.0.41 () {60 vars in 1377 bytes} [Sun Jun 5 02:01:20 2022] GET /placement/allocations/d4e66192-8bc4-4d09-81b6-54ca8bba9f10 => generated 259 bytes in 26 msecs (HTTP/1.1 200) 8 headers in 296 bytes (1 switches on core 0)
Jun 05 02:01:20.174243 n-d-838991-4 devstack@placement-api.service[105101]: [pid: 105101|app: 0|req: 130/266] 10.222.0.17 () {60 vars in 1380 bytes} [Sun Jun 5 02:01:20 2022] GET /placement/allocations/17b09cbc-fb7f-488d-8e1b-3f9dca4ae6aa => generated 19 bytes in 35 msecs (HTTP/1.1 200) 8 headers in 295 bytes (1 switches on core 0)
Jun 05 02:01:20.177375 n-d-838991-4 devstack@placement-api.service[105100]: DEBUG placement.requestlog [req-2e647fcb-b172-4ce7-970a-7391a445c5dc req-828c321b-7463-456d-9490-168c5d9910b5 None None] Starting request: 10.222.0.17 "PUT /placement/allocations/17b09cbc-fb7f-488d-8e1b-3f9dca4ae6aa" {{(pid=105100) __call__ /opt/stack/placement/placement/requestlog.py:55}}
Jun 05 02:01:20.253352 n-d-838991-4 devstack@placement-api.service[105100]: DEBUG dbcounter [-] [105100] Writing DB stats placement:SELECT=82,placement:INSERT=10,placement:DELETE=4,placement:UPDATE=4 {{(pid=105100) stat_writer /usr/local/lib/python3.8/dist-packages/dbcounter.py:114}}
Jun 05 02:01:20.255265 n-d-838991-4 devstack@placement-api.service[105100]: DEBUG placement.handlers.allocation [req-2e647fcb-b172-4ce7-970a-7391a445c5dc req-828c321b-7463-456d-9490-168c5d9910b5 service placement] Successfully wrote allocations [, , ] {{(pid=105100) _update_consumers_and_create_allocations /opt/stack/placement/placement/handlers/allocation.py:462}}
Jun 05 02:01:20.262688 n-d-838991-4 devstack@placement-api.service[105100]: INFO placement.requestlog [req-2e647fcb-b172-4ce7-970a-7391a445c5dc req-828c321b-7463-456d-9490-168c5d9910b5 service placement] 10.222.0.17 "PUT /placement/allocations/17b09cbc-fb7f-488d-8e1b-3f9dca4ae6aa" status: 204 len: 0 microversion: 1.36
Jun 05 02:01:20.265733 n-d-838991-4 devstack@placement-api.service[105100]: [pid: 105100|app: 0|req: 137/267] 10.222.0.17 () {64 vars in 1433 bytes} [Sun Jun 5 02:01:20 2022] PUT /placement/allocations/17b09cbc-fb7f-488d-8e1b-3f9dca4ae6aa => generated 0 bytes in 87 msecs (HTTP/1.1 204) 5 headers in 199 bytes (1 switches on core 0)
Jun 05 02:01:20.277041 n-d-838991-4 devstack@placement-api.service[105101]: DEBUG placement.requestlog [req-2e647fcb-b172-4ce7-970a-7391a445c5dc req-78005ac5-7395-4d66-ad02-535965a464af None None] Starting request: 10.222.0.17 "GET /placement/allocations/ef0c9c8c-fa57-4ab5-8486-4106046ce3c0" {{(pid=105101) __call__ /opt/stack/placement/placement/requestlog.py:55}}
Jun 05 02:01:20.289040 n-d-838991-4 devstack@placement-api.service[105101]: INFO placement.requestlog [req-2e647fcb-b172-4ce7-970a-7391a445c5dc req-78005ac5-7395-4d66-ad02-535965a464af service placement] 10.222.0.17 "GET /placement/allocations/ef0c9c8c-fa57-4ab5-8486-4106046ce3c0" status: 200 len: 19 microversion: 1.28
Jun 05 02:01:20.294293 n-d-838991-4 devstack@placement-api.service[105101]: [pid: 105101|app: 0|req: 131/268] 10.222.0.17 () {60 vars in 1380 bytes} [Sun Jun 5 02:01:20 2022] GET /placement/allocations/ef0c9c8c-fa57-4ab5-8486-4106046ce3c0 => generated 19 bytes in 18 msecs (HTTP/1.1 200) 8 headers in 295 bytes (1 switches on core 0)
Jun 05 02:01:20.296091 n-d-838991-4 devstack@placement-api.service[105100]: DEBUG placement.requestlog [req-2e647fcb-b172-4ce7-970a-7391a445c5dc req-c5b68631-f209-4eaa-8387-088f8bcf2092 None None] Starting request: 10.222.0.17 "PUT /placement/allocations/ef0c9c8c-fa57-4ab5-8486-4106046ce3c0" {{(pid=105100) __call__ /opt/stack/placement/placement/requestlog.py:55}}
Jun 05 02:01:20.359654 n-d-838991-4 devstack@placement-api.service[105100]: DEBUG placement.handlers.allocation [req-2e647fcb-b172-4ce7-970a-7391a445c5dc req-c5b68631-f209-4eaa-8387-088f8bcf2092 service placement] Successfully wrote allocations [, , ] {{(pid=105100) _update_consumers_and_create_allocations /opt/stack/placement/placement/handlers/allocation.py:462}}
Jun 05 02:01:20.366628 n-d-838991-4 devstack@placement-api.service[105100]: INFO placement.requestlog [req-2e647fcb-b172-4ce7-970a-7391a445c5dc req-c5b68631-f209-4eaa-8387-088f8bcf2092 service placement] 10.222.0.17 "PUT /placement/allocations/ef0c9c8c-fa57-4ab5-8486-4106046ce3c0" status: 204 len: 0 microversion: 1.36
Jun 05 02:01:20.367346 n-d-838991-4 devstack@placement-api.service[105100]: [pid: 105100|app: 0|req: 138/269] 10.222.0.17 () {64 vars in 1433 bytes} [Sun Jun 5 02:01:20 2022] PUT /placement/allocations/ef0c9c8c-fa57-4ab5-8486-4106046ce3c0 => generated 0 bytes in 72 msecs (HTTP/1.1 204) 5 headers in 199 bytes (1 switches on core 0)
Jun 05 02:01:20.916630 n-d-838991-4 devstack@placement-api.service[105101]: DEBUG placement.requestlog [req-2e647fcb-b172-4ce7-970a-7391a445c5dc req-9d4c6da8-d57d-44b7-8113-16c9838e355d None None] Starting request: 10.222.0.41 "GET /placement/allocations/17b09cbc-fb7f-488d-8e1b-3f9dca4ae6aa" {{(pid=105101) __call__ /opt/stack/placement/placement/requestlog.py:55}}
Jun 05 02:01:20.952213 n-d-838991-4 devstack@placement-api.service[105101]: INFO placement.requestlog [req-2e647fcb-b172-4ce7-970a-7391a445c5dc req-9d4c6da8-d57d-44b7-8113-16c9838e355d service placement] 10.222.0.41 "GET /placement/allocations/17b09cbc-fb7f-488d-8e1b-3f9dca4ae6aa" status: 200 len: 259 microversion: 1.28
Jun 05 02:01:20.953191 n-d-838991-4 devstack@placement-api.service[105101]: [pid: 105101|app: 0|req: 132/270] 10.222.0.41 () {60 vars in 1377 bytes} [Sun Jun 5 02:01:20 2022] GET /placement/allocations/17b09cbc-fb7f-488d-8e1b-3f9dca4ae6aa => generated 259 bytes in 36 msecs (HTTP/1.1 200) 8 headers in 296 bytes (2 switches on core 0)
Jun 05 02:01:21.108287 n-d-838991-4 devstack@placement-api.service[105100]: DEBUG placement.requestlog [req-2e647fcb-b172-4ce7-970a-7391a445c5dc req-1b15591f-bf70-4a70-8c24-fbbd3679b19f None None] Starting request: 10.222.0.41 "GET /placement/allocations/ef0c9c8c-fa57-4ab5-8486-4106046ce3c0" {{(pid=105100) __call__ /opt/stack/placement/placement/requestlog.py:55}}
Jun 05 02:01:21.133159 n-d-838991-4 devstack@placement-api.service[105100]: INFO placement.requestlog [req-2e647fcb-b172-4ce7-970a-7391a445c5dc req-1b15591f-bf70-4a70-8c24-fbbd3679b19f service placement] 10.222.0.41 "GET /placement/allocations/ef0c9c8c-fa57-4ab5-8486-4106046ce3c0" status: 200 len: 259 microversion: 1.28
Jun 05 02:01:21.136375 n-d-838991-4 devstack@placement-api.service[105100]: [pid: 105100|app: 0|req: 139/271] 10.222.0.41 () {60 vars in 1377 bytes} [Sun Jun 5 02:01:21 2022] GET /placement/allocations/ef0c9c8c-fa57-4ab5-8486-4106046ce3c0 => generated 259 bytes in 28 msecs (HTTP/1.1 200) 8 headers in 296 bytes (1 switches on core 0)
Jun 05 02:01:30.946203 n-d-838991-4 devstack@placement-api.service[105101]: DEBUG dbcounter [-] [105101] Writing DB stats placement:SELECT=11,placement:INSERT=3,placement:UPDATE=2,placement:DELETE=1 {{(pid=105101) stat_writer /usr/local/lib/python3.8/dist-packages/dbcounter.py:114}}
Jun 05 02:01:31.130040 n-d-838991-4 devstack@placement-api.service[105100]: DEBUG dbcounter [-] [105100] Writing DB stats placement:SELECT=17,placement:INSERT=4,placement:DELETE=2,placement:UPDATE=2 {{(pid=105100) stat_writer /usr/local/lib/python3.8/dist-packages/dbcounter.py:114}}
Jun 05 02:01:35.387283 n-d-838991-4 devstack@placement-api.service[105101]: DEBUG placement.requestlog [req-fc22b134-76eb-415a-afb4-2991ce04bc24 req-ca3774b4-0e9c-4eec-acc1-ef90be341598 None None] Starting request: 10.222.0.45 "DELETE /placement/allocations/266c79c7-3381-4cc7-af87-c7ad8b66da44" {{(pid=105101) __call__ /opt/stack/placement/placement/requestlog.py:55}}
Jun 05 02:01:35.446117 n-d-838991-4 devstack@placement-api.service[105101]: DEBUG placement.handlers.allocation [req-fc22b134-76eb-415a-afb4-2991ce04bc24 req-ca3774b4-0e9c-4eec-acc1-ef90be341598 service placement] Successfully deleted allocations [, , ] {{(pid=105101) delete_allocations /opt/stack/placement/placement/handlers/allocation.py:627}}
Jun 05 02:01:35.446739 n-d-838991-4 devstack@placement-api.service[105101]: INFO placement.requestlog [req-fc22b134-76eb-415a-afb4-2991ce04bc24 req-ca3774b4-0e9c-4eec-acc1-ef90be341598 service placement] 10.222.0.45 "DELETE /placement/allocations/266c79c7-3381-4cc7-af87-c7ad8b66da44" status: 204 len: 0 microversion: 1.0
Jun 05 02:01:35.447125 n-d-838991-4 devstack@placement-api.service[105101]: [pid: 105101|app: 0|req: 133/272] 10.222.0.45 () {60 vars in 1355 bytes} [Sun Jun 5 02:01:35 2022] DELETE /placement/allocations/266c79c7-3381-4cc7-af87-c7ad8b66da44 => generated 0 bytes in 61 msecs (HTTP/1.1 204) 5 headers in 198 bytes (1 switches on core 0)
Jun 05 02:01:40.281303 n-d-838991-4 devstack@placement-api.service[105100]: DEBUG placement.requestlog [req-2c5c6b8e-a3d4-4006-ba5c-a2717833825f req-7462f058-bddc-4666-af74-476e8ff773ff None None] Starting request: 10.222.0.41 "DELETE /placement/allocations/05029175-04e9-45dc-9afd-a68dc96bbf8f" {{(pid=105100) __call__ /opt/stack/placement/placement/requestlog.py:55}}
Jun 05 02:01:40.342092 n-d-838991-4 devstack@placement-api.service[105100]: DEBUG placement.handlers.allocation [req-2c5c6b8e-a3d4-4006-ba5c-a2717833825f req-7462f058-bddc-4666-af74-476e8ff773ff service placement] Successfully deleted allocations [, , ] {{(pid=105100) delete_allocations /opt/stack/placement/placement/handlers/allocation.py:627}}
Jun 05 02:01:40.342592 n-d-838991-4 devstack@placement-api.service[105100]: INFO placement.requestlog [req-2c5c6b8e-a3d4-4006-ba5c-a2717833825f req-7462f058-bddc-4666-af74-476e8ff773ff service placement] 10.222.0.41 "DELETE /placement/allocations/05029175-04e9-45dc-9afd-a68dc96bbf8f" status: 204 len: 0 microversion: 1.0
Jun 05 02:01:40.343430 n-d-838991-4 devstack@placement-api.service[105100]: [pid: 105100|app: 0|req: 140/273] 10.222.0.41 () {60 vars in 1355 bytes} [Sun Jun 5 02:01:40 2022] DELETE /placement/allocations/05029175-04e9-45dc-9afd-a68dc96bbf8f => generated 0 bytes in 62 msecs (HTTP/1.1 204) 5 headers in 198 bytes (1 switches on core 0)
Jun 05 02:01:45.437373 n-d-838991-4 devstack@placement-api.service[105101]: DEBUG dbcounter [-] [105101] Writing DB stats placement:SELECT=7,placement:DELETE=2 {{(pid=105101) stat_writer /usr/local/lib/python3.8/dist-packages/dbcounter.py:114}}
Jun 05 02:01:49.701272 n-d-838991-4 devstack@placement-api.service[105101]: DEBUG placement.requestlog [req-e702a868-e64e-4c88-b5ce-c973c695ca2e req-b81ac875-f78e-4846-80d7-177058aab021 None None] Starting request: 10.222.0.41 "GET /placement/resource_providers/f07e67db-ced3-4b81-8a96-84188dee97c9/allocations" {{(pid=105101) __call__ /opt/stack/placement/placement/requestlog.py:55}}
Jun 05 02:01:49.746762 n-d-838991-4 devstack@placement-api.service[105101]: INFO placement.requestlog [req-e702a868-e64e-4c88-b5ce-c973c695ca2e req-b81ac875-f78e-4846-80d7-177058aab021 service placement] 10.222.0.41 "GET /placement/resource_providers/f07e67db-ced3-4b81-8a96-84188dee97c9/allocations" status: 200 len: 962 microversion: 1.0
Jun 05 02:01:49.747219 n-d-838991-4 devstack@placement-api.service[105101]: [pid: 105101|app: 0|req: 134/274] 10.222.0.41 () {58 vars in 1390 bytes} [Sun Jun 5 02:01:49 2022] GET /placement/resource_providers/f07e67db-ced3-4b81-8a96-84188dee97c9/allocations => generated 962 bytes in 46 msecs (HTTP/1.1 200) 6 headers in 224 bytes (1 switches on core 0)
Jun 05 02:01:50.330878 n-d-838991-4 devstack@placement-api.service[105100]: DEBUG dbcounter [-] [105100] Writing DB stats placement:SELECT=7,placement:DELETE=2 {{(pid=105100) stat_writer /usr/local/lib/python3.8/dist-packages/dbcounter.py:114}}
Jun 05 02:01:50.359688 n-d-838991-4 devstack@placement-api.service[105100]: DEBUG placement.requestlog [req-e702a868-e64e-4c88-b5ce-c973c695ca2e req-d23b1ba2-9776-4ab7-95d0-1cb3e9bd7bc8 None None] Starting request: 10.222.0.41 "GET /placement/allocations/98c9ad45-477f-45a0-9f96-f0dd8198c4c2" {{(pid=105100) __call__ /opt/stack/placement/placement/requestlog.py:55}}
Jun 05 02:01:50.411559 n-d-838991-4 devstack@placement-api.service[105100]: INFO placement.requestlog [req-e702a868-e64e-4c88-b5ce-c973c695ca2e req-d23b1ba2-9776-4ab7-95d0-1cb3e9bd7bc8 service placement] 10.222.0.41 "GET /placement/allocations/98c9ad45-477f-45a0-9f96-f0dd8198c4c2" status: 200 len: 259 microversion: 1.28
Jun 05 02:01:50.413892 n-d-838991-4 devstack@placement-api.service[105100]: [pid: 105100|app: 0|req: 141/275] 10.222.0.41 () {60 vars in 1377 bytes} [Sun Jun 5 02:01:50 2022] GET /placement/allocations/98c9ad45-477f-45a0-9f96-f0dd8198c4c2 => generated 259 bytes in 54 msecs (HTTP/1.1 200) 8 headers in 296 bytes (1 switches on core 0)
Jun 05 02:01:50.421668 n-d-838991-4 devstack@placement-api.service[105101]: DEBUG placement.requestlog [req-e702a868-e64e-4c88-b5ce-c973c695ca2e req-a35393fe-2bac-4f20-8298-9ad0eadedfb4 None None] Starting request: 10.222.0.41 "PUT /placement/allocations/98c9ad45-477f-45a0-9f96-f0dd8198c4c2" {{(pid=105101) __call__ /opt/stack/placement/placement/requestlog.py:55}}
Jun 05 02:01:50.533504 n-d-838991-4 devstack@placement-api.service[105101]: DEBUG placement.handlers.allocation [req-e702a868-e64e-4c88-b5ce-c973c695ca2e req-a35393fe-2bac-4f20-8298-9ad0eadedfb4 service placement] Successfully wrote allocations [, , ] {{(pid=105101) _update_consumers_and_create_allocations /opt/stack/placement/placement/handlers/allocation.py:462}}
Jun 05 02:01:50.543546 n-d-838991-4 devstack@placement-api.service[105101]: INFO placement.requestlog [req-e702a868-e64e-4c88-b5ce-c973c695ca2e req-a35393fe-2bac-4f20-8298-9ad0eadedfb4 service placement] 10.222.0.41 "PUT /placement/allocations/98c9ad45-477f-45a0-9f96-f0dd8198c4c2" status: 204 len: 0 microversion: 1.28
Jun 05 02:01:50.544289 n-d-838991-4 devstack@placement-api.service[105101]: [pid: 105101|app: 0|req: 135/276] 10.222.0.41 () {64 vars in 1430 bytes} [Sun Jun 5 02:01:50 2022] PUT /placement/allocations/98c9ad45-477f-45a0-9f96-f0dd8198c4c2 => generated 0 bytes in 123 msecs (HTTP/1.1 204) 5 headers in 199 bytes (2 switches on core 0)
Jun 05 02:01:51.812026 n-d-838991-4 devstack@placement-api.service[105100]: DEBUG placement.requestlog [req-0ed33094-e1d0-4e4c-b3b0-4e741057d9d7 req-effacf9f-071f-4626-bb3b-13f46a492646 None None] Starting request: 10.222.0.17 "GET /placement/allocation_candidates?limit=1000&resources=MEMORY_MB%3A1024%2CVCPU%3A1&root_required=%21COMPUTE_STATUS_DISABLED" {{(pid=105100) __call__ /opt/stack/placement/placement/requestlog.py:55}}
Jun 05 02:01:51.885487 n-d-838991-4 devstack@placement-api.service[105100]: DEBUG placement.objects.research_context [req-0ed33094-e1d0-4e4c-b3b0-4e741057d9d7 req-effacf9f-071f-4626-bb3b-13f46a492646 service placement] getting providers with 1024 MEMORY_MB {{(pid=105100) __init__ /opt/stack/placement/placement/objects/research_context.py:136}}
Jun 05 02:01:51.897807 n-d-838991-4 devstack@placement-api.service[105100]: DEBUG placement.objects.research_context [req-0ed33094-e1d0-4e4c-b3b0-4e741057d9d7 req-effacf9f-071f-4626-bb3b-13f46a492646 service placement] getting providers with 1 VCPU {{(pid=105100) __init__ /opt/stack/placement/placement/objects/research_context.py:136}}
Jun 05 02:01:51.912955 n-d-838991-4 devstack@placement-api.service[105100]: DEBUG placement.objects.research_context [req-0ed33094-e1d0-4e4c-b3b0-4e741057d9d7 req-effacf9f-071f-4626-bb3b-13f46a492646 service placement] found 2 providers with available 1024 MEMORY_MB {{(pid=105100) get_provider_ids_matching /opt/stack/placement/placement/objects/research_context.py:563}}
Jun 05 02:01:51.913229 n-d-838991-4 devstack@placement-api.service[105100]: DEBUG placement.objects.research_context [req-0ed33094-e1d0-4e4c-b3b0-4e741057d9d7 req-effacf9f-071f-4626-bb3b-13f46a492646 service placement] found 2 providers with available 1 VCPU {{(pid=105100) get_provider_ids_matching /opt/stack/placement/placement/objects/research_context.py:563}}
Jun 05 02:01:51.913507 n-d-838991-4 devstack@placement-api.service[105100]: DEBUG placement.objects.research_context [req-0ed33094-e1d0-4e4c-b3b0-4e741057d9d7 req-effacf9f-071f-4626-bb3b-13f46a492646 service placement] found 2 providers after filtering by previous result {{(pid=105100) get_provider_ids_matching /opt/stack/placement/placement/objects/research_context.py:594}}
Jun 05 02:01:51.952116 n-d-838991-4 devstack@placement-api.service[105100]: DEBUG placement.objects.allocation_candidate [req-0ed33094-e1d0-4e4c-b3b0-4e741057d9d7 req-effacf9f-071f-4626-bb3b-13f46a492646 service placement] RequestGroup(use_same_provider=False, resources={MEMORY_MB:1024, VCPU:1}, traits=(), aggregates=[]) (suffix '') returned 2 matches {{(pid=105100) _get_by_requests /opt/stack/placement/placement/objects/allocation_candidate.py:156}}
Jun 05 02:01:51.953918 n-d-838991-4 devstack@placement-api.service[105100]: DEBUG placement.objects.allocation_candidate [req-0ed33094-e1d0-4e4c-b3b0-4e741057d9d7 req-effacf9f-071f-4626-bb3b-13f46a492646 service placement] Merging candidates yields 2 allocation requests and 2 provider summaries {{(pid=105100) _merge_candidates /opt/stack/placement/placement/objects/allocation_candidate.py:809}}
Jun 05 02:01:51.957908 n-d-838991-4 devstack@placement-api.service[105100]: INFO placement.requestlog [req-0ed33094-e1d0-4e4c-b3b0-4e741057d9d7 req-effacf9f-071f-4626-bb3b-13f46a492646 service placement] 10.222.0.17 "GET /placement/allocation_candidates?limit=1000&resources=MEMORY_MB%3A1024%2CVCPU%3A1&root_required=%21COMPUTE_STATUS_DISABLED" status: 200 len: 1281 microversion: 1.36
Jun 05 02:01:51.973620 n-d-838991-4 devstack@placement-api.service[105100]: [pid: 105100|app: 0|req: 142/277] 10.222.0.17 () {60 vars in 1478 bytes} [Sun Jun 5 02:01:51 2022] GET /placement/allocation_candidates?limit=1000&resources=MEMORY_MB%3A1024%2CVCPU%3A1&root_required=%21COMPUTE_STATUS_DISABLED => generated 1281 bytes in 153 msecs (HTTP/1.1 200) 8 headers in 297 bytes (1 switches on core 0)
Jun 05 02:01:52.162302 n-d-838991-4 devstack@placement-api.service[105101]: DEBUG placement.requestlog [req-0ed33094-e1d0-4e4c-b3b0-4e741057d9d7 req-4bcfbb34-e2b5-4619-a507-664ae0b3346a None None] Starting request: 10.222.0.17 "GET /placement/allocations/00cafae3-f331-494f-8088-3fdcf946dac4" {{(pid=105101) __call__ /opt/stack/placement/placement/requestlog.py:55}}
Jun 05 02:01:52.194889 n-d-838991-4 devstack@placement-api.service[105100]: DEBUG placement.requestlog [None req-e030adb4-c83b-4502-b60e-7ad44274ecd8 None None] Starting request: 10.222.0.17 "GET /placement/resource_providers/b64a6713-d6c4-47b7-a599-b2c186be9e8b/aggregates" {{(pid=105100) __call__ /opt/stack/placement/placement/requestlog.py:55}}
Jun 05 02:01:52.223760 n-d-838991-4 devstack@placement-api.service[105100]: INFO placement.requestlog [None req-e030adb4-c83b-4502-b60e-7ad44274ecd8 service placement] 10.222.0.17 "GET /placement/resource_providers/b64a6713-d6c4-47b7-a599-b2c186be9e8b/aggregates" status: 404 len: 235 microversion: 1.1
Jun 05 02:01:52.225023 n-d-838991-4 devstack@placement-api.service[105100]: [pid: 105100|app: 0|req: 143/278] 10.222.0.17 () {58 vars in 1362 bytes} [Sun Jun 5 02:01:52 2022] GET /placement/resource_providers/b64a6713-d6c4-47b7-a599-b2c186be9e8b/aggregates => generated 235 bytes in 31 msecs (HTTP/1.1 404) 5 headers in 202 bytes (1 switches on core 0)
Jun 05 02:01:52.226171 n-d-838991-4 devstack@placement-api.service[105101]: INFO placement.requestlog [req-0ed33094-e1d0-4e4c-b3b0-4e741057d9d7 req-4bcfbb34-e2b5-4619-a507-664ae0b3346a service placement] 10.222.0.17 "GET /placement/allocations/00cafae3-f331-494f-8088-3fdcf946dac4" status: 200 len: 19 microversion: 1.28
Jun 05 02:01:52.228129 n-d-838991-4 devstack@placement-api.service[105101]: [pid: 105101|app: 0|req: 136/279] 10.222.0.17 () {60 vars in 1380 bytes} [Sun Jun 5 02:01:52 2022] GET /placement/allocations/00cafae3-f331-494f-8088-3fdcf946dac4 => generated 19 bytes in 66 msecs (HTTP/1.1 200) 8 headers in 295 bytes (1 switches on core 0)
Jun 05 02:01:52.237552 n-d-838991-4 devstack@placement-api.service[105100]: DEBUG placement.requestlog [req-0ed33094-e1d0-4e4c-b3b0-4e741057d9d7 req-6ed5ff44-bbb7-4b3f-8a97-d40bb16beaee None None] Starting request: 10.222.0.17 "PUT /placement/allocations/00cafae3-f331-494f-8088-3fdcf946dac4" {{(pid=105100) __call__ /opt/stack/placement/placement/requestlog.py:55}}
Jun 05 02:01:52.276688 n-d-838991-4 devstack@placement-api.service[105101]: DEBUG placement.requestlog [None req-78b9a425-6a12-4b86-acc9-11d0c9a45db8 None None] Starting request: 10.222.0.17 "DELETE /placement/resource_providers/b64a6713-d6c4-47b7-a599-b2c186be9e8b" {{(pid=105101) __call__ /opt/stack/placement/placement/requestlog.py:55}}
Jun 05 02:01:52.311669 n-d-838991-4 devstack@placement-api.service[105101]: DEBUG placement.wsgi_wrapper [None req-78b9a425-6a12-4b86-acc9-11d0c9a45db8 service placement] Placement API returning an error response: No resource provider with uuid b64a6713-d6c4-47b7-a599-b2c186be9e8b found for delete {{(pid=105101) call_func /opt/stack/placement/placement/wsgi_wrapper.py:31}}
Jun 05 02:01:52.313266 n-d-838991-4 devstack@placement-api.service[105101]: INFO placement.requestlog [None req-78b9a425-6a12-4b86-acc9-11d0c9a45db8 service placement] 10.222.0.17 "DELETE /placement/resource_providers/b64a6713-d6c4-47b7-a599-b2c186be9e8b" status: 404 len: 246 microversion: 1.1
Jun 05 02:01:52.322064 n-d-838991-4 devstack@placement-api.service[105101]: [pid: 105101|app: 0|req: 137/280] 10.222.0.17 () {60 vars in 1351 bytes} [Sun Jun 5 02:01:52 2022] DELETE /placement/resource_providers/b64a6713-d6c4-47b7-a599-b2c186be9e8b => generated 246 bytes in 45 msecs (HTTP/1.1 404) 6 headers in 231 bytes (1 switches on core 0)
Jun 05 02:01:52.418229 n-d-838991-4 devstack@placement-api.service[105100]: DEBUG placement.handlers.allocation [req-0ed33094-e1d0-4e4c-b3b0-4e741057d9d7 req-6ed5ff44-bbb7-4b3f-8a97-d40bb16beaee service placement] Successfully wrote allocations [, ] {{(pid=105100) _update_consumers_and_create_allocations /opt/stack/placement/placement/handlers/allocation.py:462}}
Jun 05 02:01:52.431355 n-d-838991-4 devstack@placement-api.service[105100]: INFO placement.requestlog [req-0ed33094-e1d0-4e4c-b3b0-4e741057d9d7 req-6ed5ff44-bbb7-4b3f-8a97-d40bb16beaee service placement] 10.222.0.17 "PUT /placement/allocations/00cafae3-f331-494f-8088-3fdcf946dac4" status: 204 len: 0 microversion: 1.36
Jun 05 02:01:52.432270 n-d-838991-4 devstack@placement-api.service[105100]: [pid: 105100|app: 0|req: 144/281] 10.222.0.17 () {64 vars in 1433 bytes} [Sun Jun 5 02:01:52 2022] PUT /placement/allocations/00cafae3-f331-494f-8088-3fdcf946dac4 => generated 0 bytes in 195 msecs (HTTP/1.1 204) 5 headers in 199 bytes (1 switches on core 0)
