Jul 25 20:19:19.532639 n-d-838976-2 devstack@placement-api.service[105409]: INFO placement.requestlog [req-58c08226-b573-4b8c-a1fe-97543c7bf430 req-a8c7dfbf-0139-4aec-ae50-c6ce4c4c6a0c service placement] 10.222.0.141 "GET /placement/allocation_candidates?limit=1000&resources=DISK_GB%3A1%2CMEMORY_MB%3A1024%2CVCPU%3A1&root_required=%21COMPUTE_STATUS_DISABLED" status: 200 len: 1309 microversion: 1.36
Jul 25 20:19:19.539136 n-d-838976-2 devstack@placement-api.service[105409]: [pid: 105409|app: 0|req: 77/152] 10.222.0.141 () {60 vars in 1511 bytes} [Mon Jul 25 20:19:19 2022] GET /placement/allocation_candidates?limit=1000&resources=DISK_GB%3A1%2CMEMORY_MB%3A1024%2CVCPU%3A1&root_required=%21COMPUTE_STATUS_DISABLED => generated 1309 bytes in 374 msecs (HTTP/1.1 200) 8 headers in 297 bytes (1 switches on core 0)
Jul 25 20:19:19.833194 n-d-838976-2 devstack@placement-api.service[105410]: DEBUG placement.requestlog [req-58c08226-b573-4b8c-a1fe-97543c7bf430 req-d7d2bcc6-4974-47ec-8105-a92a3f136a6d None None] Starting request: 10.222.0.141 "GET /placement/allocations/b3e45462-7745-433f-aff3-8ddf158b978f" {{(pid=105410) __call__ /opt/stack/placement/placement/requestlog.py:55}}
Jul 25 20:19:19.852703 n-d-838976-2 devstack@placement-api.service[105410]: DEBUG dbcounter [-] [105410] Writing DB stats placement:SELECT=77,placement:INSERT=6,placement:DELETE=4,placement:UPDATE=4 {{(pid=105410) stat_writer /usr/local/lib/python3.8/dist-packages/dbcounter.py:114}}
Jul 25 20:19:19.861546 n-d-838976-2 devstack@placement-api.service[105410]: INFO placement.requestlog [req-58c08226-b573-4b8c-a1fe-97543c7bf430 req-d7d2bcc6-4974-47ec-8105-a92a3f136a6d service placement] 10.222.0.141 "GET /placement/allocations/b3e45462-7745-433f-aff3-8ddf158b978f" status: 200 len: 19 microversion: 1.28
Jul 25 20:19:19.862585 n-d-838976-2 devstack@placement-api.service[105410]: [pid: 105410|app: 0|req: 76/153] 10.222.0.141 () {60 vars in 1385 bytes} [Mon Jul 25 20:19:19 2022] GET /placement/allocations/b3e45462-7745-433f-aff3-8ddf158b978f => generated 19 bytes in 29 msecs (HTTP/1.1 200) 8 headers in 295 bytes (1 switches on core 0)
Jul 25 20:19:19.872271 n-d-838976-2 devstack@placement-api.service[105409]: DEBUG placement.requestlog [req-58c08226-b573-4b8c-a1fe-97543c7bf430 req-20dbda45-4b3b-490e-bf5d-81802a33127d None None] Starting request: 10.222.0.141 "PUT /placement/allocations/b3e45462-7745-433f-aff3-8ddf158b978f" {{(pid=105409) __call__ /opt/stack/placement/placement/requestlog.py:55}}
Jul 25 20:19:20.035319 n-d-838976-2 devstack@placement-api.service[105409]: DEBUG placement.handlers.allocation [req-58c08226-b573-4b8c-a1fe-97543c7bf430 req-20dbda45-4b3b-490e-bf5d-81802a33127d service placement] Successfully wrote allocations [, , ] {{(pid=105409) _update_consumers_and_create_allocations /opt/stack/placement/placement/handlers/allocation.py:462}}
Jul 25 20:19:20.047379 n-d-838976-2 devstack@placement-api.service[105409]: INFO placement.requestlog [req-58c08226-b573-4b8c-a1fe-97543c7bf430 req-20dbda45-4b3b-490e-bf5d-81802a33127d service placement] 10.222.0.141 "PUT /placement/allocations/b3e45462-7745-433f-aff3-8ddf158b978f" status: 204 len: 0 microversion: 1.36
Jul 25 20:19:20.048200 n-d-838976-2 devstack@placement-api.service[105409]: [pid: 105409|app: 0|req: 78/154] 10.222.0.141 () {64 vars in 1438 bytes} [Mon Jul 25 20:19:19 2022] PUT /placement/allocations/b3e45462-7745-433f-aff3-8ddf158b978f => generated 0 bytes in 176 msecs (HTTP/1.1 204) 5 headers in 199 bytes (1 switches on core 0)
Jul 25 20:19:20.694663 n-d-838976-2 devstack@placement-api.service[105410]: DEBUG placement.requestlog [req-58c08226-b573-4b8c-a1fe-97543c7bf430 req-7c384d9e-580f-4147-86ab-3ec0d7931b58 None None] Starting request: 10.222.0.140 "GET /placement/allocations/b3e45462-7745-433f-aff3-8ddf158b978f" {{(pid=105410) __call__ /opt/stack/placement/placement/requestlog.py:55}}
Jul 25 20:19:20.721086 n-d-838976-2 devstack@placement-api.service[105410]: INFO placement.requestlog [req-58c08226-b573-4b8c-a1fe-97543c7bf430 req-7c384d9e-580f-4147-86ab-3ec0d7931b58 service placement] 10.222.0.140 "GET /placement/allocations/b3e45462-7745-433f-aff3-8ddf158b978f" status: 200 len: 259 microversion: 1.28
Jul 25 20:19:20.724304 n-d-838976-2 devstack@placement-api.service[105410]: [pid: 105410|app: 0|req: 77/155] 10.222.0.140 () {60 vars in 1382 bytes} [Mon Jul 25 20:19:20 2022] GET /placement/allocations/b3e45462-7745-433f-aff3-8ddf158b978f => generated 259 bytes in 30 msecs (HTTP/1.1 200) 8 headers in 296 bytes (1 switches on core 0)
Jul 25 20:19:21.533908 n-d-838976-2 devstack@placement-api.service[105409]: DEBUG placement.requestlog [req-dcab4a3b-43bc-41b5-9b8c-d63f86481024 req-cfd53266-02c6-4958-9272-1ba12a644ef5 None None] Starting request: 10.222.0.85 "DELETE /placement/allocations/1b04ab2a-dd23-48fb-ad88-b857c90e89fa" {{(pid=105409) __call__ /opt/stack/placement/placement/requestlog.py:55}}
Jul 25 20:19:21.678050 n-d-838976-2 devstack@placement-api.service[105409]: DEBUG placement.handlers.allocation [req-dcab4a3b-43bc-41b5-9b8c-d63f86481024 req-cfd53266-02c6-4958-9272-1ba12a644ef5 service placement] Successfully deleted allocations [, , ] {{(pid=105409) delete_allocations /opt/stack/placement/placement/handlers/allocation.py:627}}
Jul 25 20:19:21.680772 n-d-838976-2 devstack@placement-api.service[105409]: INFO placement.requestlog [req-dcab4a3b-43bc-41b5-9b8c-d63f86481024 req-cfd53266-02c6-4958-9272-1ba12a644ef5 service placement] 10.222.0.85 "DELETE /placement/allocations/1b04ab2a-dd23-48fb-ad88-b857c90e89fa" status: 204 len: 0 microversion: 1.0
Jul 25 20:19:21.681812 n-d-838976-2 devstack@placement-api.service[105409]: [pid: 105409|app: 0|req: 79/156] 10.222.0.85 () {60 vars in 1359 bytes} [Mon Jul 25 20:19:21 2022] DELETE /placement/allocations/1b04ab2a-dd23-48fb-ad88-b857c90e89fa => generated 0 bytes in 148 msecs (HTTP/1.1 204) 5 headers in 198 bytes (1 switches on core 0)
Jul 25 20:19:23.355347 n-d-838976-2 devstack@placement-api.service[105410]: DEBUG placement.requestlog [req-38c21d14-96ce-4abf-8b9f-cfecf4b4c56b req-d8a4a1c0-5d04-4b05-be18-64d10ad53ba7 None None] Starting request: 10.222.0.141 "GET /placement/allocation_candidates?limit=1000&resources=DISK_GB%3A1%2CMEMORY_MB%3A1024%2CVCPU%3A1&root_required=%21COMPUTE_STATUS_DISABLED" {{(pid=105410) __call__ /opt/stack/placement/placement/requestlog.py:55}}
Jul 25 20:19:23.546490 n-d-838976-2 devstack@placement-api.service[105410]: DEBUG placement.objects.research_context [req-38c21d14-96ce-4abf-8b9f-cfecf4b4c56b req-d8a4a1c0-5d04-4b05-be18-64d10ad53ba7 service placement] getting providers with 1 DISK_GB {{(pid=105410) __init__ /opt/stack/placement/placement/objects/research_context.py:136}}
Jul 25 20:19:23.590796 n-d-838976-2 devstack@placement-api.service[105410]: DEBUG placement.objects.research_context [req-38c21d14-96ce-4abf-8b9f-cfecf4b4c56b req-d8a4a1c0-5d04-4b05-be18-64d10ad53ba7 service placement] getting providers with 1024 MEMORY_MB {{(pid=105410) __init__ /opt/stack/placement/placement/objects/research_context.py:136}}
Jul 25 20:19:23.622098 n-d-838976-2 devstack@placement-api.service[105410]: DEBUG placement.objects.research_context [req-38c21d14-96ce-4abf-8b9f-cfecf4b4c56b req-d8a4a1c0-5d04-4b05-be18-64d10ad53ba7 service placement] getting providers with 1 VCPU {{(pid=105410) __init__ /opt/stack/placement/placement/objects/research_context.py:136}}
Jul 25 20:19:23.640772 n-d-838976-2 devstack@placement-api.service[105410]: DEBUG placement.objects.research_context [req-38c21d14-96ce-4abf-8b9f-cfecf4b4c56b req-d8a4a1c0-5d04-4b05-be18-64d10ad53ba7 service placement] found 2 providers with available 1 DISK_GB {{(pid=105410) get_provider_ids_matching /opt/stack/placement/placement/objects/research_context.py:563}}
Jul 25 20:19:23.643811 n-d-838976-2 devstack@placement-api.service[105410]: DEBUG placement.objects.research_context [req-38c21d14-96ce-4abf-8b9f-cfecf4b4c56b req-d8a4a1c0-5d04-4b05-be18-64d10ad53ba7 service placement] found 2 providers with available 1024 MEMORY_MB {{(pid=105410) get_provider_ids_matching /opt/stack/placement/placement/objects/research_context.py:563}}
Jul 25 20:19:23.644329 n-d-838976-2 devstack@placement-api.service[105410]: DEBUG placement.objects.research_context [req-38c21d14-96ce-4abf-8b9f-cfecf4b4c56b req-d8a4a1c0-5d04-4b05-be18-64d10ad53ba7 service placement] found 2 providers after filtering by previous result {{(pid=105410) get_provider_ids_matching /opt/stack/placement/placement/objects/research_context.py:594}}
Jul 25 20:19:23.645290 n-d-838976-2 devstack@placement-api.service[105410]: DEBUG placement.objects.research_context [req-38c21d14-96ce-4abf-8b9f-cfecf4b4c56b req-d8a4a1c0-5d04-4b05-be18-64d10ad53ba7 service placement] found 2 providers with available 1 VCPU {{(pid=105410) get_provider_ids_matching /opt/stack/placement/placement/objects/research_context.py:563}}
Jul 25 20:19:23.645800 n-d-838976-2 devstack@placement-api.service[105410]: DEBUG placement.objects.research_context [req-38c21d14-96ce-4abf-8b9f-cfecf4b4c56b req-d8a4a1c0-5d04-4b05-be18-64d10ad53ba7 service placement] found 2 providers after filtering by previous result {{(pid=105410) get_provider_ids_matching /opt/stack/placement/placement/objects/research_context.py:594}}
Jul 25 20:19:23.743853 n-d-838976-2 devstack@placement-api.service[105410]: DEBUG placement.objects.allocation_candidate [req-38c21d14-96ce-4abf-8b9f-cfecf4b4c56b req-d8a4a1c0-5d04-4b05-be18-64d10ad53ba7 service placement] RequestGroup(use_same_provider=False, resources={DISK_GB:1, MEMORY_MB:1024, VCPU:1}, traits=(), aggregates=[]) (suffix '') returned 2 matches {{(pid=105410) _get_by_requests /opt/stack/placement/placement/objects/allocation_candidate.py:156}}
Jul 25 20:19:23.748241 n-d-838976-2 devstack@placement-api.service[105410]: DEBUG placement.objects.allocation_candidate [req-38c21d14-96ce-4abf-8b9f-cfecf4b4c56b req-d8a4a1c0-5d04-4b05-be18-64d10ad53ba7 service placement] Merging candidates yields 2 allocation requests and 2 provider summaries {{(pid=105410) _merge_candidates /opt/stack/placement/placement/objects/allocation_candidate.py:809}}
Jul 25 20:19:23.751637 n-d-838976-2 devstack@placement-api.service[105410]: INFO placement.requestlog [req-38c21d14-96ce-4abf-8b9f-cfecf4b4c56b req-d8a4a1c0-5d04-4b05-be18-64d10ad53ba7 service placement] 10.222.0.141 "GET /placement/allocation_candidates?limit=1000&resources=DISK_GB%3A1%2CMEMORY_MB%3A1024%2CVCPU%3A1&root_required=%21COMPUTE_STATUS_DISABLED" status: 200 len: 1309 microversion: 1.36
Jul 25 20:19:23.752551 n-d-838976-2 devstack@placement-api.service[105410]: [pid: 105410|app: 0|req: 78/157] 10.222.0.141 () {60 vars in 1511 bytes} [Mon Jul 25 20:19:23 2022] GET /placement/allocation_candidates?limit=1000&resources=DISK_GB%3A1%2CMEMORY_MB%3A1024%2CVCPU%3A1&root_required=%21COMPUTE_STATUS_DISABLED => generated 1309 bytes in 397 msecs (HTTP/1.1 200) 8 headers in 297 bytes (1 switches on core 0)
Jul 25 20:19:23.978841 n-d-838976-2 devstack@placement-api.service[105409]: DEBUG placement.requestlog [req-38c21d14-96ce-4abf-8b9f-cfecf4b4c56b req-bfd4a919-ac7e-4d2f-af88-728f7c670c26 None None] Starting request: 10.222.0.141 "GET /placement/allocations/4306f66b-0ed1-4e37-b766-b0f365163987" {{(pid=105409) __call__ /opt/stack/placement/placement/requestlog.py:55}}
Jul 25 20:19:23.994463 n-d-838976-2 devstack@placement-api.service[105409]: INFO placement.requestlog [req-38c21d14-96ce-4abf-8b9f-cfecf4b4c56b req-bfd4a919-ac7e-4d2f-af88-728f7c670c26 service placement] 10.222.0.141 "GET /placement/allocations/4306f66b-0ed1-4e37-b766-b0f365163987" status: 200 len: 19 microversion: 1.28
Jul 25 20:19:24.000995 n-d-838976-2 devstack@placement-api.service[105409]: [pid: 105409|app: 0|req: 80/158] 10.222.0.141 () {60 vars in 1385 bytes} [Mon Jul 25 20:19:23 2022] GET /placement/allocations/4306f66b-0ed1-4e37-b766-b0f365163987 => generated 19 bytes in 22 msecs (HTTP/1.1 200) 8 headers in 295 bytes (1 switches on core 0)
Jul 25 20:19:24.004677 n-d-838976-2 devstack@placement-api.service[105410]: DEBUG placement.requestlog [req-38c21d14-96ce-4abf-8b9f-cfecf4b4c56b req-e19b1065-99a6-4e51-ae90-b8194ada49ee None None] Starting request: 10.222.0.141 "PUT /placement/allocations/4306f66b-0ed1-4e37-b766-b0f365163987" {{(pid=105410) __call__ /opt/stack/placement/placement/requestlog.py:55}}
Jul 25 20:19:24.281880 n-d-838976-2 devstack@placement-api.service[105410]: DEBUG placement.handlers.allocation [req-38c21d14-96ce-4abf-8b9f-cfecf4b4c56b req-e19b1065-99a6-4e51-ae90-b8194ada49ee service placement] Successfully wrote allocations [, , ] {{(pid=105410) _update_consumers_and_create_allocations /opt/stack/placement/placement/handlers/allocation.py:462}}
Jul 25 20:19:24.299112 n-d-838976-2 devstack@placement-api.service[105410]: INFO placement.requestlog [req-38c21d14-96ce-4abf-8b9f-cfecf4b4c56b req-e19b1065-99a6-4e51-ae90-b8194ada49ee service placement] 10.222.0.141 "PUT /placement/allocations/4306f66b-0ed1-4e37-b766-b0f365163987" status: 204 len: 0 microversion: 1.36
Jul 25 20:19:24.302989 n-d-838976-2 devstack@placement-api.service[105410]: [pid: 105410|app: 0|req: 79/159] 10.222.0.141 () {64 vars in 1438 bytes} [Mon Jul 25 20:19:24 2022] PUT /placement/allocations/4306f66b-0ed1-4e37-b766-b0f365163987 => generated 0 bytes in 297 msecs (HTTP/1.1 204) 5 headers in 199 bytes (1 switches on core 0)
Jul 25 20:19:25.153246 n-d-838976-2 devstack@placement-api.service[105409]: DEBUG placement.requestlog [req-38c21d14-96ce-4abf-8b9f-cfecf4b4c56b req-f2e59a26-94b0-4836-9d0d-ce5a950b07c4 None None] Starting request: 10.222.0.85 "GET /placement/allocations/4306f66b-0ed1-4e37-b766-b0f365163987" {{(pid=105409) __call__ /opt/stack/placement/placement/requestlog.py:55}}
Jul 25 20:19:25.220783 n-d-838976-2 devstack@placement-api.service[105409]: INFO placement.requestlog [req-38c21d14-96ce-4abf-8b9f-cfecf4b4c56b req-f2e59a26-94b0-4836-9d0d-ce5a950b07c4 service placement] 10.222.0.85 "GET /placement/allocations/4306f66b-0ed1-4e37-b766-b0f365163987" status: 200 len: 259 microversion: 1.28
Jul 25 20:19:25.222135 n-d-838976-2 devstack@placement-api.service[105409]: [pid: 105409|app: 0|req: 81/160] 10.222.0.85 () {60 vars in 1381 bytes} [Mon Jul 25 20:19:25 2022] GET /placement/allocations/4306f66b-0ed1-4e37-b766-b0f365163987 => generated 259 bytes in 69 msecs (HTTP/1.1 200) 8 headers in 296 bytes (1 switches on core 0)
Jul 25 20:19:34.277010 n-d-838976-2 devstack@placement-api.service[105410]: DEBUG dbcounter [-] [105410] Writing DB stats placement:SELECT=32,placement:INSERT=6,placement:DELETE=2,placement:UPDATE=2 {{(pid=105410) stat_writer /usr/local/lib/python3.8/dist-packages/dbcounter.py:114}}
Jul 25 20:19:34.494358 n-d-838976-2 devstack@placement-api.service[105410]: DEBUG placement.requestlog [None req-1ad01338-e0de-4fd9-a1c4-8b02ff3d9502 None None] Starting request: 10.222.0.141 "GET /placement/" {{(pid=105410) __call__ /opt/stack/placement/placement/requestlog.py:55}}
Jul 25 20:19:34.495550 n-d-838976-2 devstack@placement-api.service[105410]: INFO placement.requestlog [None req-1ad01338-e0de-4fd9-a1c4-8b02ff3d9502 None None] 10.222.0.141 "GET /placement/" status: 200 len: 136 microversion: 1.0
Jul 25 20:19:34.496678 n-d-838976-2 devstack@placement-api.service[105410]: [pid: 105410|app: 0|req: 80/161] 10.222.0.141 () {54 vars in 921 bytes} [Mon Jul 25 20:19:34 2022] GET /placement => generated 136 bytes in 3 msecs (HTTP/1.1 200) 6 headers in 224 bytes (2 switches on core 0)
Jul 25 20:19:34.508770 n-d-838976-2 devstack@placement-api.service[105409]: DEBUG placement.requestlog [req-4ee95546-2f32-496d-bd77-ff6de013abb6 req-8c749ba8-7dda-4658-bf74-12d811547b09 None None] Starting request: 10.222.0.141 "GET /placement/allocations/b9e6d08d-5084-4cd5-9593-3e567e59958c" {{(pid=105409) __call__ /opt/stack/placement/placement/requestlog.py:55}}
Jul 25 20:19:34.628055 n-d-838976-2 devstack@placement-api.service[105409]: INFO placement.requestlog [req-4ee95546-2f32-496d-bd77-ff6de013abb6 req-8c749ba8-7dda-4658-bf74-12d811547b09 service placement] 10.222.0.141 "GET /placement/allocations/b9e6d08d-5084-4cd5-9593-3e567e59958c" status: 200 len: 259 microversion: 1.28
Jul 25 20:19:34.629508 n-d-838976-2 devstack@placement-api.service[105409]: [pid: 105409|app: 0|req: 82/162] 10.222.0.141 () {60 vars in 1385 bytes} [Mon Jul 25 20:19:34 2022] GET /placement/allocations/b9e6d08d-5084-4cd5-9593-3e567e59958c => generated 259 bytes in 122 msecs (HTTP/1.1 200) 8 headers in 296 bytes (1 switches on core 0)
Jul 25 20:19:34.640851 n-d-838976-2 devstack@placement-api.service[105410]: DEBUG placement.requestlog [req-4ee95546-2f32-496d-bd77-ff6de013abb6 req-b51ad2c3-5dc1-4a7b-86a4-aceedb469dcd None None] Starting request: 10.222.0.141 "GET /placement/allocations/b9e6d08d-5084-4cd5-9593-3e567e59958c" {{(pid=105410) __call__ /opt/stack/placement/placement/requestlog.py:55}}
Jul 25 20:19:34.669026 n-d-838976-2 devstack@placement-api.service[105410]: INFO placement.requestlog [req-4ee95546-2f32-496d-bd77-ff6de013abb6 req-b51ad2c3-5dc1-4a7b-86a4-aceedb469dcd service placement] 10.222.0.141 "GET /placement/allocations/b9e6d08d-5084-4cd5-9593-3e567e59958c" status: 200 len: 259 microversion: 1.28
Jul 25 20:19:34.669555 n-d-838976-2 devstack@placement-api.service[105410]: [pid: 105410|app: 0|req: 81/163] 10.222.0.141 () {60 vars in 1385 bytes} [Mon Jul 25 20:19:34 2022] GET /placement/allocations/b9e6d08d-5084-4cd5-9593-3e567e59958c => generated 259 bytes in 29 msecs (HTTP/1.1 200) 8 headers in 296 bytes (1 switches on core 0)
Jul 25 20:19:34.677000 n-d-838976-2 devstack@placement-api.service[105409]: DEBUG placement.requestlog [req-4ee95546-2f32-496d-bd77-ff6de013abb6 req-f597f2d3-bdf1-4194-84c5-d572b317a233 None None] Starting request: 10.222.0.141 "GET /placement/allocations/2ef1ecfd-d8cd-43ee-829e-ba3324fdc4cf" {{(pid=105409) __call__ /opt/stack/placement/placement/requestlog.py:55}}
Jul 25 20:19:34.698061 n-d-838976-2 devstack@placement-api.service[105409]: INFO placement.requestlog [req-4ee95546-2f32-496d-bd77-ff6de013abb6 req-f597f2d3-bdf1-4194-84c5-d572b317a233 service placement] 10.222.0.141 "GET /placement/allocations/2ef1ecfd-d8cd-43ee-829e-ba3324fdc4cf" status: 200 len: 19 microversion: 1.28
Jul 25 20:19:34.698995 n-d-838976-2 devstack@placement-api.service[105409]: [pid: 105409|app: 0|req: 83/164] 10.222.0.141 () {60 vars in 1385 bytes} [Mon Jul 25 20:19:34 2022] GET /placement/allocations/2ef1ecfd-d8cd-43ee-829e-ba3324fdc4cf => generated 19 bytes in 22 msecs (HTTP/1.1 200) 8 headers in 295 bytes (1 switches on core 0)
Jul 25 20:19:34.720968 n-d-838976-2 devstack@placement-api.service[105410]: DEBUG placement.requestlog [req-4ee95546-2f32-496d-bd77-ff6de013abb6 req-c35a20ac-625f-4af9-94b2-bfbc291a5764 None None] Starting request: 10.222.0.141 "POST /placement/allocations" {{(pid=105410) __call__ /opt/stack/placement/placement/requestlog.py:55}}
Jul 25 20:19:34.856752 n-d-838976-2 devstack@placement-api.service[105410]: DEBUG placement.handlers.allocation [req-4ee95546-2f32-496d-bd77-ff6de013abb6 req-c35a20ac-625f-4af9-94b2-bfbc291a5764 service placement] Successfully wrote allocations [, , , , , ] {{(pid=105410) _update_consumers_and_create_allocations /opt/stack/placement/placement/handlers/allocation.py:572}}
Jul 25 20:19:34.871411 n-d-838976-2 devstack@placement-api.service[105410]: INFO placement.requestlog [req-4ee95546-2f32-496d-bd77-ff6de013abb6 req-c35a20ac-625f-4af9-94b2-bfbc291a5764 service placement] 10.222.0.141 "POST /placement/allocations" status: 204 len: 0 microversion: 1.28
Jul 25 20:19:34.872075 n-d-838976-2 devstack@placement-api.service[105410]: [pid: 105410|app: 0|req: 82/165] 10.222.0.141 () {64 vars in 1328 bytes} [Mon Jul 25 20:19:34 2022] POST /placement/allocations => generated 0 bytes in 155 msecs (HTTP/1.1 204) 5 headers in 199 bytes (2 switches on core 0)
Jul 25 20:19:34.922748 n-d-838976-2 devstack@placement-api.service[105409]: DEBUG placement.requestlog [req-4ee95546-2f32-496d-bd77-ff6de013abb6 req-b1f8b98d-d261-4f40-bba8-02d04a6ea20a None None] Starting request: 10.222.0.141 "GET /placement/allocations/b9e6d08d-5084-4cd5-9593-3e567e59958c" {{(pid=105409) __call__ /opt/stack/placement/placement/requestlog.py:55}}
Jul 25 20:19:34.936920 n-d-838976-2 devstack@placement-api.service[105409]: INFO placement.requestlog [req-4ee95546-2f32-496d-bd77-ff6de013abb6 req-b1f8b98d-d261-4f40-bba8-02d04a6ea20a service placement] 10.222.0.141 "GET /placement/allocations/b9e6d08d-5084-4cd5-9593-3e567e59958c" status: 200 len: 19 microversion: 1.28
Jul 25 20:19:34.937511 n-d-838976-2 devstack@placement-api.service[105409]: [pid: 105409|app: 0|req: 84/166] 10.222.0.141 () {60 vars in 1385 bytes} [Mon Jul 25 20:19:34 2022] GET /placement/allocations/b9e6d08d-5084-4cd5-9593-3e567e59958c => generated 19 bytes in 15 msecs (HTTP/1.1 200) 8 headers in 295 bytes (1 switches on core 0)
Jul 25 20:19:34.949059 n-d-838976-2 devstack@placement-api.service[105410]: DEBUG placement.requestlog [req-4ee95546-2f32-496d-bd77-ff6de013abb6 req-c622e350-6247-4efc-8bf1-f220c29e27be None None] Starting request: 10.222.0.141 "PUT /placement/allocations/b9e6d08d-5084-4cd5-9593-3e567e59958c" {{(pid=105410) __call__ /opt/stack/placement/placement/requestlog.py:55}}
Jul 25 20:19:35.063959 n-d-838976-2 devstack@placement-api.service[105410]: DEBUG placement.handlers.allocation [req-4ee95546-2f32-496d-bd77-ff6de013abb6 req-c622e350-6247-4efc-8bf1-f220c29e27be service placement] Successfully wrote allocations [, , ] {{(pid=105410) _update_consumers_and_create_allocations /opt/stack/placement/placement/handlers/allocation.py:462}}
Jul 25 20:19:35.070944 n-d-838976-2 devstack@placement-api.service[105410]: INFO placement.requestlog [req-4ee95546-2f32-496d-bd77-ff6de013abb6 req-c622e350-6247-4efc-8bf1-f220c29e27be service placement] 10.222.0.141 "PUT /placement/allocations/b9e6d08d-5084-4cd5-9593-3e567e59958c" status: 204 len: 0 microversion: 1.28
Jul 25 20:19:35.071373 n-d-838976-2 devstack@placement-api.service[105410]: [pid: 105410|app: 0|req: 83/167] 10.222.0.141 () {64 vars in 1438 bytes} [Mon Jul 25 20:19:34 2022] PUT /placement/allocations/b9e6d08d-5084-4cd5-9593-3e567e59958c => generated 0 bytes in 123 msecs (HTTP/1.1 204) 5 headers in 199 bytes (2 switches on core 0)
Jul 25 20:19:35.261438 n-d-838976-2 devstack@placement-api.service[105409]: DEBUG placement.requestlog [req-4ee95546-2f32-496d-bd77-ff6de013abb6 req-6c7f7c47-66cc-4e0c-86a5-d09d6f3f6b70 None None] Starting request: 10.222.0.85 "GET /placement/allocations/b9e6d08d-5084-4cd5-9593-3e567e59958c" {{(pid=105409) __call__ /opt/stack/placement/placement/requestlog.py:55}}
Jul 25 20:19:35.282305 n-d-838976-2 devstack@placement-api.service[105409]: INFO placement.requestlog [req-4ee95546-2f32-496d-bd77-ff6de013abb6 req-6c7f7c47-66cc-4e0c-86a5-d09d6f3f6b70 service placement] 10.222.0.85 "GET /placement/allocations/b9e6d08d-5084-4cd5-9593-3e567e59958c" status: 200 len: 259 microversion: 1.28
Jul 25 20:19:35.282762 n-d-838976-2 devstack@placement-api.service[105409]: [pid: 105409|app: 0|req: 85/168] 10.222.0.85 () {60 vars in 1381 bytes} [Mon Jul 25 20:19:35 2022] GET /placement/allocations/b9e6d08d-5084-4cd5-9593-3e567e59958c => generated 259 bytes in 22 msecs (HTTP/1.1 200) 8 headers in 296 bytes (1 switches on core 0)
Jul 25 20:19:43.744921 n-d-838976-2 devstack@placement-api.service[105410]: DEBUG placement.requestlog [req-aff59486-daad-4b74-b8da-9bc1cba3d460 req-c42afdd0-5a3e-4106-a1cc-be0b5a9fb211 None None] Starting request: 10.222.0.141 "GET /placement/allocation_candidates?limit=1000&resources=DISK_GB%3A1%2CMEMORY_MB%3A1024%2CVCPU%3A1&root_required=%21COMPUTE_STATUS_DISABLED" {{(pid=105410) __call__ /opt/stack/placement/placement/requestlog.py:55}}
Jul 25 20:19:43.839083 n-d-838976-2 devstack@placement-api.service[105410]: DEBUG placement.objects.research_context [req-aff59486-daad-4b74-b8da-9bc1cba3d460 req-c42afdd0-5a3e-4106-a1cc-be0b5a9fb211 service placement] getting providers with 1 DISK_GB {{(pid=105410) __init__ /opt/stack/placement/placement/objects/research_context.py:136}}
Jul 25 20:19:43.846644 n-d-838976-2 devstack@placement-api.service[105410]: DEBUG placement.objects.research_context [req-aff59486-daad-4b74-b8da-9bc1cba3d460 req-c42afdd0-5a3e-4106-a1cc-be0b5a9fb211 service placement] getting providers with 1024 MEMORY_MB {{(pid=105410) __init__ /opt/stack/placement/placement/objects/research_context.py:136}}
Jul 25 20:19:43.864555 n-d-838976-2 devstack@placement-api.service[105410]: DEBUG placement.objects.research_context [req-aff59486-daad-4b74-b8da-9bc1cba3d460 req-c42afdd0-5a3e-4106-a1cc-be0b5a9fb211 service placement] getting providers with 1 VCPU {{(pid=105410) __init__ /opt/stack/placement/placement/objects/research_context.py:136}}
Jul 25 20:19:43.876077 n-d-838976-2 devstack@placement-api.service[105410]: DEBUG placement.objects.research_context [req-aff59486-daad-4b74-b8da-9bc1cba3d460 req-c42afdd0-5a3e-4106-a1cc-be0b5a9fb211 service placement] found 2 providers with available 1 DISK_GB {{(pid=105410) get_provider_ids_matching /opt/stack/placement/placement/objects/research_context.py:563}}
Jul 25 20:19:43.876469 n-d-838976-2 devstack@placement-api.service[105410]: DEBUG placement.objects.research_context [req-aff59486-daad-4b74-b8da-9bc1cba3d460 req-c42afdd0-5a3e-4106-a1cc-be0b5a9fb211 service placement] found 2 providers with available 1024 MEMORY_MB {{(pid=105410) get_provider_ids_matching /opt/stack/placement/placement/objects/research_context.py:563}}
Jul 25 20:19:43.876759 n-d-838976-2 devstack@placement-api.service[105410]: DEBUG placement.objects.research_context [req-aff59486-daad-4b74-b8da-9bc1cba3d460 req-c42afdd0-5a3e-4106-a1cc-be0b5a9fb211 service placement] found 2 providers after filtering by previous result {{(pid=105410) get_provider_ids_matching /opt/stack/placement/placement/objects/research_context.py:594}}
Jul 25 20:19:43.877043 n-d-838976-2 devstack@placement-api.service[105410]: DEBUG placement.objects.research_context [req-aff59486-daad-4b74-b8da-9bc1cba3d460 req-c42afdd0-5a3e-4106-a1cc-be0b5a9fb211 service placement] found 2 providers with available 1 VCPU {{(pid=105410) get_provider_ids_matching /opt/stack/placement/placement/objects/research_context.py:563}}
Jul 25 20:19:43.877317 n-d-838976-2 devstack@placement-api.service[105410]: DEBUG placement.objects.research_context [req-aff59486-daad-4b74-b8da-9bc1cba3d460 req-c42afdd0-5a3e-4106-a1cc-be0b5a9fb211 service placement] found 2 providers after filtering by previous result {{(pid=105410) get_provider_ids_matching /opt/stack/placement/placement/objects/research_context.py:594}}
Jul 25 20:19:43.907162 n-d-838976-2 devstack@placement-api.service[105410]: DEBUG placement.objects.allocation_candidate [req-aff59486-daad-4b74-b8da-9bc1cba3d460 req-c42afdd0-5a3e-4106-a1cc-be0b5a9fb211 service placement] RequestGroup(use_same_provider=False, resources={DISK_GB:1, MEMORY_MB:1024, VCPU:1}, traits=(), aggregates=[]) (suffix '') returned 2 matches {{(pid=105410) _get_by_requests /opt/stack/placement/placement/objects/allocation_candidate.py:156}}
Jul 25 20:19:43.907871 n-d-838976-2 devstack@placement-api.service[105410]: DEBUG placement.objects.allocation_candidate [req-aff59486-daad-4b74-b8da-9bc1cba3d460 req-c42afdd0-5a3e-4106-a1cc-be0b5a9fb211 service placement] Merging candidates yields 2 allocation requests and 2 provider summaries {{(pid=105410) _merge_candidates /opt/stack/placement/placement/objects/allocation_candidate.py:809}}
Jul 25 20:19:43.909770 n-d-838976-2 devstack@placement-api.service[105410]: INFO placement.requestlog [req-aff59486-daad-4b74-b8da-9bc1cba3d460 req-c42afdd0-5a3e-4106-a1cc-be0b5a9fb211 service placement] 10.222.0.141 "GET /placement/allocation_candidates?limit=1000&resources=DISK_GB%3A1%2CMEMORY_MB%3A1024%2CVCPU%3A1&root_required=%21COMPUTE_STATUS_DISABLED" status: 200 len: 1309 microversion: 1.36
Jul 25 20:19:43.915627 n-d-838976-2 devstack@placement-api.service[105410]: [pid: 105410|app: 0|req: 84/169] 10.222.0.141 () {60 vars in 1511 bytes} [Mon Jul 25 20:19:43 2022] GET /placement/allocation_candidates?limit=1000&resources=DISK_GB%3A1%2CMEMORY_MB%3A1024%2CVCPU%3A1&root_required=%21COMPUTE_STATUS_DISABLED => generated 1309 bytes in 171 msecs (HTTP/1.1 200) 8 headers in 297 bytes (2 switches on core 0)
Jul 25 20:19:43.993893 n-d-838976-2 devstack@placement-api.service[105409]: DEBUG placement.requestlog [req-aff59486-daad-4b74-b8da-9bc1cba3d460 req-a991621a-fec4-4087-b707-6b17427f2471 None None] Starting request: 10.222.0.141 "GET /placement/allocations/a66a3081-77b2-4234-9680-6841b4d1e70e" {{(pid=105409) __call__ /opt/stack/placement/placement/requestlog.py:55}}
Jul 25 20:19:44.002422 n-d-838976-2 devstack@placement-api.service[105409]: DEBUG dbcounter [-] [105409] Writing DB stats placement:SELECT=77,placement:INSERT=10,placement:DELETE=6,placement:UPDATE=4 {{(pid=105409) stat_writer /usr/local/lib/python3.8/dist-packages/dbcounter.py:114}}
Jul 25 20:19:44.008401 n-d-838976-2 devstack@placement-api.service[105409]: INFO placement.requestlog [req-aff59486-daad-4b74-b8da-9bc1cba3d460 req-a991621a-fec4-4087-b707-6b17427f2471 service placement] 10.222.0.141 "GET /placement/allocations/a66a3081-77b2-4234-9680-6841b4d1e70e" status: 200 len: 19 microversion: 1.28
Jul 25 20:19:44.016326 n-d-838976-2 devstack@placement-api.service[105409]: [pid: 105409|app: 0|req: 86/170] 10.222.0.141 () {60 vars in 1385 bytes} [Mon Jul 25 20:19:43 2022] GET /placement/allocations/a66a3081-77b2-4234-9680-6841b4d1e70e => generated 19 bytes in 22 msecs (HTTP/1.1 200) 8 headers in 295 bytes (1 switches on core 0)
Jul 25 20:19:44.023673 n-d-838976-2 devstack@placement-api.service[105410]: DEBUG placement.requestlog [req-aff59486-daad-4b74-b8da-9bc1cba3d460 req-1c5758bc-b000-4640-8098-4d8a5738ca5d None None] Starting request: 10.222.0.141 "PUT /placement/allocations/a66a3081-77b2-4234-9680-6841b4d1e70e" {{(pid=105410) __call__ /opt/stack/placement/placement/requestlog.py:55}}
Jul 25 20:19:44.192226 n-d-838976-2 devstack@placement-api.service[105410]: DEBUG placement.handlers.allocation [req-aff59486-daad-4b74-b8da-9bc1cba3d460 req-1c5758bc-b000-4640-8098-4d8a5738ca5d service placement] Successfully wrote allocations [, , ] {{(pid=105410) _update_consumers_and_create_allocations /opt/stack/placement/placement/handlers/allocation.py:462}}
Jul 25 20:19:44.199983 n-d-838976-2 devstack@placement-api.service[105410]: INFO placement.requestlog [req-aff59486-daad-4b74-b8da-9bc1cba3d460 req-1c5758bc-b000-4640-8098-4d8a5738ca5d service placement] 10.222.0.141 "PUT /placement/allocations/a66a3081-77b2-4234-9680-6841b4d1e70e" status: 204 len: 0 microversion: 1.36
Jul 25 20:19:44.201192 n-d-838976-2 devstack@placement-api.service[105410]: [pid: 105410|app: 0|req: 85/171] 10.222.0.141 () {64 vars in 1438 bytes} [Mon Jul 25 20:19:44 2022] PUT /placement/allocations/a66a3081-77b2-4234-9680-6841b4d1e70e => generated 0 bytes in 178 msecs (HTTP/1.1 204) 5 headers in 199 bytes (1 switches on core 0)
Jul 25 20:19:44.709775 n-d-838976-2 devstack@placement-api.service[105409]: DEBUG placement.requestlog [None req-7e199d80-c744-4ad5-8216-04bc7bcc978f None None] Starting request: 10.222.0.141 "GET /placement/resource_providers/cb63d8b3-1c98-4c38-a488-8fb086aa6401/aggregates" {{(pid=105409) __call__ /opt/stack/placement/placement/requestlog.py:55}}
Jul 25 20:19:44.730652 n-d-838976-2 devstack@placement-api.service[105409]: INFO placement.requestlog [None req-7e199d80-c744-4ad5-8216-04bc7bcc978f service placement] 10.222.0.141 "GET /placement/resource_providers/cb63d8b3-1c98-4c38-a488-8fb086aa6401/aggregates" status: 404 len: 235 microversion: 1.1
Jul 25 20:19:44.732124 n-d-838976-2 devstack@placement-api.service[105409]: [pid: 105409|app: 0|req: 87/172] 10.222.0.141 () {58 vars in 1367 bytes} [Mon Jul 25 20:19:44 2022] GET /placement/resource_providers/cb63d8b3-1c98-4c38-a488-8fb086aa6401/aggregates => generated 235 bytes in 23 msecs (HTTP/1.1 404) 5 headers in 202 bytes (1 switches on core 0)
Jul 25 20:19:44.775936 n-d-838976-2 devstack@placement-api.service[105410]: DEBUG placement.requestlog [req-aff59486-daad-4b74-b8da-9bc1cba3d460 req-79e46949-756f-4f21-baab-002d68c13b3f None None] Starting request: 10.222.0.140 "GET /placement/allocations/a66a3081-77b2-4234-9680-6841b4d1e70e" {{(pid=105410) __call__ /opt/stack/placement/placement/requestlog.py:55}}
Jul 25 20:19:44.781792 n-d-838976-2 devstack@placement-api.service[105409]: DEBUG placement.requestlog [None req-2206e2e9-b321-4325-93f0-2cbebe0692a7 None None] Starting request: 10.222.0.141 "DELETE /placement/resource_providers/cb63d8b3-1c98-4c38-a488-8fb086aa6401" {{(pid=105409) __call__ /opt/stack/placement/placement/requestlog.py:55}}
Jul 25 20:19:44.797921 n-d-838976-2 devstack@placement-api.service[105410]: INFO placement.requestlog [req-aff59486-daad-4b74-b8da-9bc1cba3d460 req-79e46949-756f-4f21-baab-002d68c13b3f service placement] 10.222.0.140 "GET /placement/allocations/a66a3081-77b2-4234-9680-6841b4d1e70e" status: 200 len: 259 microversion: 1.28
Jul 25 20:19:44.799225 n-d-838976-2 devstack@placement-api.service[105410]: [pid: 105410|app: 0|req: 86/173] 10.222.0.140 () {60 vars in 1382 bytes} [Mon Jul 25 20:19:44 2022] GET /placement/allocations/a66a3081-77b2-4234-9680-6841b4d1e70e => generated 259 bytes in 24 msecs (HTTP/1.1 200) 8 headers in 296 bytes (1 switches on core 0)
Jul 25 20:19:44.806879 n-d-838976-2 devstack@placement-api.service[105409]: DEBUG placement.wsgi_wrapper [None req-2206e2e9-b321-4325-93f0-2cbebe0692a7 service placement] Placement API returning an error response: No resource provider with uuid cb63d8b3-1c98-4c38-a488-8fb086aa6401 found for delete {{(pid=105409) call_func /opt/stack/placement/placement/wsgi_wrapper.py:31}}
Jul 25 20:19:44.816388 n-d-838976-2 devstack@placement-api.service[105409]: INFO placement.requestlog [None req-2206e2e9-b321-4325-93f0-2cbebe0692a7 service placement] 10.222.0.141 "DELETE /placement/resource_providers/cb63d8b3-1c98-4c38-a488-8fb086aa6401" status: 404 len: 246 microversion: 1.1
Jul 25 20:19:44.817368 n-d-838976-2 devstack@placement-api.service[105409]: [pid: 105409|app: 0|req: 88/174] 10.222.0.141 () {60 vars in 1356 bytes} [Mon Jul 25 20:19:44 2022] DELETE /placement/resource_providers/cb63d8b3-1c98-4c38-a488-8fb086aa6401 => generated 246 bytes in 36 msecs (HTTP/1.1 404) 6 headers in 231 bytes (1 switches on core 0)
Jul 25 20:19:46.661150 n-d-838976-2 devstack@placement-api.service[105410]: DEBUG placement.requestlog [req-dd41ec09-f9d8-4835-ba04-5f8627a5966a req-a3c9960d-a668-4dce-84fa-034a61154b57 None None] Starting request: 10.222.0.141 "GET /placement/allocation_candidates?limit=1000&resources=DISK_GB%3A1%2CMEMORY_MB%3A1024%2CVCPU%3A1&root_required=%21COMPUTE_STATUS_DISABLED" {{(pid=105410) __call__ /opt/stack/placement/placement/requestlog.py:55}}
Jul 25 20:19:46.701860 n-d-838976-2 devstack@placement-api.service[105410]: DEBUG dbcounter [-] [105410] Writing DB stats placement:SELECT=72,placement:INSERT=14,placement:DELETE=7,placement:UPDATE=7 {{(pid=105410) stat_writer /usr/local/lib/python3.8/dist-packages/dbcounter.py:114}}
Jul 25 20:19:46.791557 n-d-838976-2 devstack@placement-api.service[105410]: DEBUG placement.objects.research_context [req-dd41ec09-f9d8-4835-ba04-5f8627a5966a req-a3c9960d-a668-4dce-84fa-034a61154b57 service placement] getting providers with 1 DISK_GB {{(pid=105410) __init__ /opt/stack/placement/placement/objects/research_context.py:136}}
Jul 25 20:19:46.805124 n-d-838976-2 devstack@placement-api.service[105410]: DEBUG placement.objects.research_context [req-dd41ec09-f9d8-4835-ba04-5f8627a5966a req-a3c9960d-a668-4dce-84fa-034a61154b57 service placement] getting providers with 1024 MEMORY_MB {{(pid=105410) __init__ /opt/stack/placement/placement/objects/research_context.py:136}}
Jul 25 20:19:46.823393 n-d-838976-2 devstack@placement-api.service[105410]: DEBUG placement.objects.research_context [req-dd41ec09-f9d8-4835-ba04-5f8627a5966a req-a3c9960d-a668-4dce-84fa-034a61154b57 service placement] getting providers with 1 VCPU {{(pid=105410) __init__ /opt/stack/placement/placement/objects/research_context.py:136}}
Jul 25 20:19:46.844241 n-d-838976-2 devstack@placement-api.service[105410]: DEBUG placement.objects.research_context [req-dd41ec09-f9d8-4835-ba04-5f8627a5966a req-a3c9960d-a668-4dce-84fa-034a61154b57 service placement] found 2 providers with available 1 DISK_GB {{(pid=105410) get_provider_ids_matching /opt/stack/placement/placement/objects/research_context.py:563}}
Jul 25 20:19:46.844987 n-d-838976-2 devstack@placement-api.service[105410]: DEBUG placement.objects.research_context [req-dd41ec09-f9d8-4835-ba04-5f8627a5966a req-a3c9960d-a668-4dce-84fa-034a61154b57 service placement] found 2 providers with available 1024 MEMORY_MB {{(pid=105410) get_provider_ids_matching /opt/stack/placement/placement/objects/research_context.py:563}}
Jul 25 20:19:46.846063 n-d-838976-2 devstack@placement-api.service[105410]: DEBUG placement.objects.research_context [req-dd41ec09-f9d8-4835-ba04-5f8627a5966a req-a3c9960d-a668-4dce-84fa-034a61154b57 service placement] found 2 providers after filtering by previous result {{(pid=105410) get_provider_ids_matching /opt/stack/placement/placement/objects/research_context.py:594}}
Jul 25 20:19:46.846682 n-d-838976-2 devstack@placement-api.service[105410]: DEBUG placement.objects.research_context [req-dd41ec09-f9d8-4835-ba04-5f8627a5966a req-a3c9960d-a668-4dce-84fa-034a61154b57 service placement] found 2 providers with available 1 VCPU {{(pid=105410) get_provider_ids_matching /opt/stack/placement/placement/objects/research_context.py:563}}
Jul 25 20:19:46.847581 n-d-838976-2 devstack@placement-api.service[105410]: DEBUG placement.objects.research_context [req-dd41ec09-f9d8-4835-ba04-5f8627a5966a req-a3c9960d-a668-4dce-84fa-034a61154b57 service placement] found 2 providers after filtering by previous result {{(pid=105410) get_provider_ids_matching /opt/stack/placement/placement/objects/research_context.py:594}}
Jul 25 20:19:46.872626 n-d-838976-2 devstack@placement-api.service[105409]: DEBUG placement.requestlog [None req-7d89375b-009b-4af9-ba20-136b9f4ab0d8 None None] Starting request: 10.222.0.141 "GET /placement/" {{(pid=105409) __call__ /opt/stack/placement/placement/requestlog.py:55}}
Jul 25 20:19:46.874391 n-d-838976-2 devstack@placement-api.service[105409]: INFO placement.requestlog [None req-7d89375b-009b-4af9-ba20-136b9f4ab0d8 None None] 10.222.0.141 "GET /placement/" status: 200 len: 136 microversion: 1.0
Jul 25 20:19:46.874952 n-d-838976-2 devstack@placement-api.service[105409]: [pid: 105409|app: 0|req: 89/175] 10.222.0.141 () {54 vars in 921 bytes} [Mon Jul 25 20:19:46 2022] GET /placement => generated 136 bytes in 3 msecs (HTTP/1.1 200) 6 headers in 224 bytes (2 switches on core 0)
Jul 25 20:19:46.886934 n-d-838976-2 devstack@placement-api.service[105410]: DEBUG placement.objects.allocation_candidate [req-dd41ec09-f9d8-4835-ba04-5f8627a5966a req-a3c9960d-a668-4dce-84fa-034a61154b57 service placement] RequestGroup(use_same_provider=False, resources={DISK_GB:1, MEMORY_MB:1024, VCPU:1}, traits=(), aggregates=[]) (suffix '') returned 2 matches {{(pid=105410) _get_by_requests /opt/stack/placement/placement/objects/allocation_candidate.py:156}}
Jul 25 20:19:46.887502 n-d-838976-2 devstack@placement-api.service[105410]: DEBUG placement.objects.allocation_candidate [req-dd41ec09-f9d8-4835-ba04-5f8627a5966a req-a3c9960d-a668-4dce-84fa-034a61154b57 service placement] Merging candidates yields 2 allocation requests and 2 provider summaries {{(pid=105410) _merge_candidates /opt/stack/placement/placement/objects/allocation_candidate.py:809}}
Jul 25 20:19:46.889464 n-d-838976-2 devstack@placement-api.service[105410]: INFO placement.requestlog [req-dd41ec09-f9d8-4835-ba04-5f8627a5966a req-a3c9960d-a668-4dce-84fa-034a61154b57 service placement] 10.222.0.141 "GET /placement/allocation_candidates?limit=1000&resources=DISK_GB%3A1%2CMEMORY_MB%3A1024%2CVCPU%3A1&root_required=%21COMPUTE_STATUS_DISABLED" status: 200 len: 1309 microversion: 1.36
Jul 25 20:19:46.890308 n-d-838976-2 devstack@placement-api.service[105410]: [pid: 105410|app: 0|req: 87/176] 10.222.0.141 () {60 vars in 1511 bytes} [Mon Jul 25 20:19:46 2022] GET /placement/allocation_candidates?limit=1000&resources=DISK_GB%3A1%2CMEMORY_MB%3A1024%2CVCPU%3A1&root_required=%21COMPUTE_STATUS_DISABLED => generated 1309 bytes in 229 msecs (HTTP/1.1 200) 8 headers in 297 bytes (1 switches on core 0)
Jul 25 20:19:46.910380 n-d-838976-2 devstack@placement-api.service[105409]: DEBUG placement.requestlog [req-75085c97-d545-4c0f-8b7a-41eb8133a131 req-df8ade20-64b8-42f6-ae42-768cfc930213 None None] Starting request: 10.222.0.141 "GET /placement/allocations/b3e45462-7745-433f-aff3-8ddf158b978f" {{(pid=105409) __call__ /opt/stack/placement/placement/requestlog.py:55}}
Jul 25 20:19:47.129787 n-d-838976-2 devstack@placement-api.service[105410]: DEBUG placement.requestlog [req-dd41ec09-f9d8-4835-ba04-5f8627a5966a req-e39de65e-9873-48a9-b909-83ae61c68c1d None None] Starting request: 10.222.0.141 "GET /placement/allocations/59ab1d88-0b76-4327-bc60-5fc7c1be2cab" {{(pid=105410) __call__ /opt/stack/placement/placement/requestlog.py:55}}
Jul 25 20:19:47.173432 n-d-838976-2 devstack@placement-api.service[105410]: INFO placement.requestlog [req-dd41ec09-f9d8-4835-ba04-5f8627a5966a req-e39de65e-9873-48a9-b909-83ae61c68c1d service placement] 10.222.0.141 "GET /placement/allocations/59ab1d88-0b76-4327-bc60-5fc7c1be2cab" status: 200 len: 19 microversion: 1.28
Jul 25 20:19:47.176141 n-d-838976-2 devstack@placement-api.service[105410]: [pid: 105410|app: 0|req: 88/177] 10.222.0.141 () {60 vars in 1385 bytes} [Mon Jul 25 20:19:47 2022] GET /placement/allocations/59ab1d88-0b76-4327-bc60-5fc7c1be2cab => generated 19 bytes in 47 msecs (HTTP/1.1 200) 8 headers in 295 bytes (2 switches on core 0)
Jul 25 20:19:47.189279 n-d-838976-2 devstack@placement-api.service[105410]: DEBUG placement.requestlog [req-dd41ec09-f9d8-4835-ba04-5f8627a5966a req-b37ad539-85ee-4ae0-8dd0-e4ca735d63d8 None None] Starting request: 10.222.0.141 "PUT /placement/allocations/59ab1d88-0b76-4327-bc60-5fc7c1be2cab" {{(pid=105410) __call__ /opt/stack/placement/placement/requestlog.py:55}}
Jul 25 20:19:47.221474 n-d-838976-2 devstack@placement-api.service[105409]: INFO placement.requestlog [req-75085c97-d545-4c0f-8b7a-41eb8133a131 req-df8ade20-64b8-42f6-ae42-768cfc930213 service placement] 10.222.0.141 "GET /placement/allocations/b3e45462-7745-433f-aff3-8ddf158b978f" status: 200 len: 259 microversion: 1.28
Jul 25 20:19:47.223947 n-d-838976-2 devstack@placement-api.service[105409]: [pid: 105409|app: 0|req: 90/178] 10.222.0.141 () {60 vars in 1385 bytes} [Mon Jul 25 20:19:46 2022] GET /placement/allocations/b3e45462-7745-433f-aff3-8ddf158b978f => generated 259 bytes in 314 msecs (HTTP/1.1 200) 8 headers in 296 bytes (1 switches on core 0)
Jul 25 20:19:47.230031 n-d-838976-2 devstack@placement-api.service[105409]: DEBUG placement.requestlog [req-75085c97-d545-4c0f-8b7a-41eb8133a131 req-4415418e-68c8-4438-8471-5c09b6b4aa84 None None] Starting request: 10.222.0.141 "GET /placement/allocations/b3e45462-7745-433f-aff3-8ddf158b978f" {{(pid=105409) __call__ /opt/stack/placement/placement/requestlog.py:55}}
Jul 25 20:19:47.302811 n-d-838976-2 devstack@placement-api.service[105409]: INFO placement.requestlog [req-75085c97-d545-4c0f-8b7a-41eb8133a131 req-4415418e-68c8-4438-8471-5c09b6b4aa84 service placement] 10.222.0.141 "GET /placement/allocations/b3e45462-7745-433f-aff3-8ddf158b978f" status: 200 len: 259 microversion: 1.28
Jul 25 20:19:47.305734 n-d-838976-2 devstack@placement-api.service[105409]: [pid: 105409|app: 0|req: 91/179] 10.222.0.141 () {60 vars in 1385 bytes} [Mon Jul 25 20:19:47 2022] GET /placement/allocations/b3e45462-7745-433f-aff3-8ddf158b978f => generated 259 bytes in 76 msecs (HTTP/1.1 200) 8 headers in 296 bytes (1 switches on core 0)
Jul 25 20:19:47.315030 n-d-838976-2 devstack@placement-api.service[105409]: DEBUG placement.requestlog [req-75085c97-d545-4c0f-8b7a-41eb8133a131 req-b980fa50-eeac-4d7c-8395-a3f62895ee3f None None] Starting request: 10.222.0.141 "GET /placement/allocations/6702fb29-aaee-4068-9547-25b478f95021" {{(pid=105409) __call__ /opt/stack/placement/placement/requestlog.py:55}}
Jul 25 20:19:47.352399 n-d-838976-2 devstack@placement-api.service[105409]: INFO placement.requestlog [req-75085c97-d545-4c0f-8b7a-41eb8133a131 req-b980fa50-eeac-4d7c-8395-a3f62895ee3f service placement] 10.222.0.141 "GET /placement/allocations/6702fb29-aaee-4068-9547-25b478f95021" status: 200 len: 19 microversion: 1.28
Jul 25 20:19:47.352796 n-d-838976-2 devstack@placement-api.service[105409]: [pid: 105409|app: 0|req: 92/180] 10.222.0.141 () {60 vars in 1385 bytes} [Mon Jul 25 20:19:47 2022] GET /placement/allocations/6702fb29-aaee-4068-9547-25b478f95021 => generated 19 bytes in 38 msecs (HTTP/1.1 200) 8 headers in 295 bytes (1 switches on core 0)
Jul 25 20:19:47.360792 n-d-838976-2 devstack@placement-api.service[105409]: DEBUG placement.requestlog [req-75085c97-d545-4c0f-8b7a-41eb8133a131 req-37a58090-2ad5-4c9c-ab77-48fff6d3d568 None None] Starting request: 10.222.0.141 "POST /placement/allocations" {{(pid=105409) __call__ /opt/stack/placement/placement/requestlog.py:55}}
Jul 25 20:19:47.393746 n-d-838976-2 devstack@placement-api.service[105410]: DEBUG placement.handlers.allocation [req-dd41ec09-f9d8-4835-ba04-5f8627a5966a req-b37ad539-85ee-4ae0-8dd0-e4ca735d63d8 service placement] Successfully wrote allocations [, , ] {{(pid=105410) _update_consumers_and_create_allocations /opt/stack/placement/placement/handlers/allocation.py:462}}
Jul 25 20:19:47.409114 n-d-838976-2 devstack@placement-api.service[105410]: INFO placement.requestlog [req-dd41ec09-f9d8-4835-ba04-5f8627a5966a req-b37ad539-85ee-4ae0-8dd0-e4ca735d63d8 service placement] 10.222.0.141 "PUT /placement/allocations/59ab1d88-0b76-4327-bc60-5fc7c1be2cab" status: 204 len: 0 microversion: 1.36
Jul 25 20:19:47.410090 n-d-838976-2 devstack@placement-api.service[105410]: [pid: 105410|app: 0|req: 89/181] 10.222.0.141 () {64 vars in 1438 bytes} [Mon Jul 25 20:19:47 2022] PUT /placement/allocations/59ab1d88-0b76-4327-bc60-5fc7c1be2cab => generated 0 bytes in 222 msecs (HTTP/1.1 204) 5 headers in 199 bytes (2 switches on core 0)
Jul 25 20:19:47.629612 n-d-838976-2 devstack@placement-api.service[105409]: DEBUG placement.handlers.allocation [req-75085c97-d545-4c0f-8b7a-41eb8133a131 req-37a58090-2ad5-4c9c-ab77-48fff6d3d568 service placement] Successfully wrote allocations [, , , , , ] {{(pid=105409) _update_consumers_and_create_allocations /opt/stack/placement/placement/handlers/allocation.py:572}}
Jul 25 20:19:47.641609 n-d-838976-2 devstack@placement-api.service[105409]: INFO placement.requestlog [req-75085c97-d545-4c0f-8b7a-41eb8133a131 req-37a58090-2ad5-4c9c-ab77-48fff6d3d568 service placement] 10.222.0.141 "POST /placement/allocations" status: 204 len: 0 microversion: 1.28
Jul 25 20:19:47.642432 n-d-838976-2 devstack@placement-api.service[105409]: [pid: 105409|app: 0|req: 93/182] 10.222.0.141 () {64 vars in 1328 bytes} [Mon Jul 25 20:19:47 2022] POST /placement/allocations => generated 0 bytes in 282 msecs (HTTP/1.1 204) 5 headers in 199 bytes (1 switches on core 0)
Jul 25 20:19:47.761435 n-d-838976-2 devstack@placement-api.service[105410]: DEBUG placement.requestlog [req-75085c97-d545-4c0f-8b7a-41eb8133a131 req-9baa82a8-805c-4cb9-9d0c-7722a6a3f385 None None] Starting request: 10.222.0.141 "GET /placement/allocations/b3e45462-7745-433f-aff3-8ddf158b978f" {{(pid=105410) __call__ /opt/stack/placement/placement/requestlog.py:55}}
Jul 25 20:19:47.786903 n-d-838976-2 devstack@placement-api.service[105410]: INFO placement.requestlog [req-75085c97-d545-4c0f-8b7a-41eb8133a131 req-9baa82a8-805c-4cb9-9d0c-7722a6a3f385 service placement] 10.222.0.141 "GET /placement/allocations/b3e45462-7745-433f-aff3-8ddf158b978f" status: 200 len: 19 microversion: 1.28
Jul 25 20:19:47.789762 n-d-838976-2 devstack@placement-api.service[105410]: [pid: 105410|app: 0|req: 90/183] 10.222.0.141 () {60 vars in 1385 bytes} [Mon Jul 25 20:19:47 2022] GET /placement/allocations/b3e45462-7745-433f-aff3-8ddf158b978f => generated 19 bytes in 29 msecs (HTTP/1.1 200) 8 headers in 295 bytes (1 switches on core 0)
Jul 25 20:19:47.796884 n-d-838976-2 devstack@placement-api.service[105409]: DEBUG placement.requestlog [req-75085c97-d545-4c0f-8b7a-41eb8133a131 req-9e15c72e-262e-466e-b165-df428052735d None None] Starting request: 10.222.0.141 "PUT /placement/allocations/b3e45462-7745-433f-aff3-8ddf158b978f" {{(pid=105409) __call__ /opt/stack/placement/placement/requestlog.py:55}}
Jul 25 20:19:47.982337 n-d-838976-2 devstack@placement-api.service[105409]: DEBUG placement.handlers.allocation [req-75085c97-d545-4c0f-8b7a-41eb8133a131 req-9e15c72e-262e-466e-b165-df428052735d service placement] Successfully wrote allocations [, , ] {{(pid=105409) _update_consumers_and_create_allocations /opt/stack/placement/placement/handlers/allocation.py:462}}
Jul 25 20:19:47.996387 n-d-838976-2 devstack@placement-api.service[105409]: INFO placement.requestlog [req-75085c97-d545-4c0f-8b7a-41eb8133a131 req-9e15c72e-262e-466e-b165-df428052735d service placement] 10.222.0.141 "PUT /placement/allocations/b3e45462-7745-433f-aff3-8ddf158b978f" status: 204 len: 0 microversion: 1.28
Jul 25 20:19:47.997421 n-d-838976-2 devstack@placement-api.service[105409]: [pid: 105409|app: 0|req: 94/184] 10.222.0.141 () {64 vars in 1438 bytes} [Mon Jul 25 20:19:47 2022] PUT /placement/allocations/b3e45462-7745-433f-aff3-8ddf158b978f => generated 0 bytes in 201 msecs (HTTP/1.1 204) 5 headers in 199 bytes (1 switches on core 0)
