Jul 25 20:17:00.176795 n-d-838976-2 devstack@placement-api.service[105409]: [pid: 105409|app: 0|req: 31/62] 10.222.0.141 () {64 vars in 1482 bytes} [Mon Jul 25 20:17:00 2022] PUT /placement/resource_providers/a8bf677d-9e9f-4150-aa58-097552889523/aggregates => generated 54 bytes in 73 msecs (HTTP/1.1 200) 8 headers in 295 bytes (1 switches on core 0)
Jul 25 20:17:00.505529 n-d-838976-2 devstack@placement-api.service[105410]: DEBUG placement.requestlog [req-503156fc-7784-4ab5-9447-151301b4e58c req-8b50f739-9ca3-45a3-b6c0-043c992eb461 None None] Starting request: 10.222.0.141 "GET /placement/resource_providers?name=n-h2-838976-2" {{(pid=105410) __call__ /opt/stack/placement/placement/requestlog.py:55}}
Jul 25 20:17:00.550479 n-d-838976-2 devstack@placement-api.service[105410]: INFO placement.requestlog [req-503156fc-7784-4ab5-9447-151301b4e58c req-8b50f739-9ca3-45a3-b6c0-043c992eb461 service placement] 10.222.0.141 "GET /placement/resource_providers?name=n-h2-838976-2" status: 200 len: 441 microversion: 1.0
Jul 25 20:17:00.553548 n-d-838976-2 devstack@placement-api.service[105410]: [pid: 105410|app: 0|req: 32/63] 10.222.0.141 () {58 vars in 1279 bytes} [Mon Jul 25 20:17:00 2022] GET /placement/resource_providers?name=n-h2-838976-2 => generated 441 bytes in 48 msecs (HTTP/1.1 200) 6 headers in 224 bytes (1 switches on core 0)
Jul 25 20:17:00.570200 n-d-838976-2 devstack@placement-api.service[105409]: DEBUG placement.requestlog [req-503156fc-7784-4ab5-9447-151301b4e58c req-4a666787-44fb-446c-917e-6a8543f90099 None None] Starting request: 10.222.0.141 "GET /placement/resource_providers/a8bf677d-9e9f-4150-aa58-097552889523/aggregates" {{(pid=105409) __call__ /opt/stack/placement/placement/requestlog.py:55}}
Jul 25 20:17:00.598550 n-d-838976-2 devstack@placement-api.service[105409]: INFO placement.requestlog [req-503156fc-7784-4ab5-9447-151301b4e58c req-4a666787-44fb-446c-917e-6a8543f90099 service placement] 10.222.0.141 "GET /placement/resource_providers/a8bf677d-9e9f-4150-aa58-097552889523/aggregates" status: 200 len: 54 microversion: 1.19
Jul 25 20:17:00.612036 n-d-838976-2 devstack@placement-api.service[105410]: DEBUG placement.requestlog [req-503156fc-7784-4ab5-9447-151301b4e58c req-d80b3865-9754-4cb3-8f1b-1750ac82a9df None None] Starting request: 10.222.0.141 "PUT /placement/resource_providers/a8bf677d-9e9f-4150-aa58-097552889523/aggregates" {{(pid=105410) __call__ /opt/stack/placement/placement/requestlog.py:55}}
Jul 25 20:17:00.619155 n-d-838976-2 devstack@placement-api.service[105409]: [pid: 105409|app: 0|req: 32/64] 10.222.0.141 () {60 vars in 1430 bytes} [Mon Jul 25 20:17:00 2022] GET /placement/resource_providers/a8bf677d-9e9f-4150-aa58-097552889523/aggregates => generated 54 bytes in 49 msecs (HTTP/1.1 200) 8 headers in 295 bytes (1 switches on core 0)
Jul 25 20:17:00.672534 n-d-838976-2 devstack@placement-api.service[105410]: DEBUG placement.objects.resource_provider [req-503156fc-7784-4ab5-9447-151301b4e58c req-d80b3865-9754-4cb3-8f1b-1750ac82a9df service placement] _ensure_aggregate() did not find aggregate 76de0fcb-7ec9-4b22-a118-f38b7136b12c. Attempting to create it. {{(pid=105410) _ensure_aggregate /opt/stack/placement/placement/objects/resource_provider.py:321}}
Jul 25 20:17:00.675593 n-d-838976-2 devstack@placement-api.service[105410]: DEBUG placement.objects.resource_provider [req-503156fc-7784-4ab5-9447-151301b4e58c req-d80b3865-9754-4cb3-8f1b-1750ac82a9df service placement] _ensure_aggregate() created new aggregate 76de0fcb-7ec9-4b22-a118-f38b7136b12c (id=4). {{(pid=105410) _ensure_aggregate /opt/stack/placement/placement/objects/resource_provider.py:327}}
Jul 25 20:17:00.678917 n-d-838976-2 devstack@placement-api.service[105410]: DEBUG placement.objects.resource_provider [req-503156fc-7784-4ab5-9447-151301b4e58c req-d80b3865-9754-4cb3-8f1b-1750ac82a9df service placement] Setting aggregates for provider a8bf677d-9e9f-4150-aa58-097552889523. Successfully associated aggregate 76de0fcb-7ec9-4b22-a118-f38b7136b12c. {{(pid=105410) _set_aggregates /opt/stack/placement/placement/objects/resource_provider.py:389}}
Jul 25 20:17:00.694842 n-d-838976-2 devstack@placement-api.service[105410]: INFO placement.requestlog [req-503156fc-7784-4ab5-9447-151301b4e58c req-d80b3865-9754-4cb3-8f1b-1750ac82a9df service placement] 10.222.0.141 "PUT /placement/resource_providers/a8bf677d-9e9f-4150-aa58-097552889523/aggregates" status: 200 len: 92 microversion: 1.19
Jul 25 20:17:00.695558 n-d-838976-2 devstack@placement-api.service[105410]: [pid: 105410|app: 0|req: 33/65] 10.222.0.141 () {64 vars in 1482 bytes} [Mon Jul 25 20:17:00 2022] PUT /placement/resource_providers/a8bf677d-9e9f-4150-aa58-097552889523/aggregates => generated 92 bytes in 84 msecs (HTTP/1.1 200) 8 headers in 295 bytes (2 switches on core 0)
Jul 25 20:17:00.801366 n-d-838976-2 devstack@placement-api.service[105409]: DEBUG placement.requestlog [req-c4aa9d08-9ca6-43a8-b2cd-351d8b9e3a9c req-86da8e34-38a9-49c2-9397-98c041d454c1 None None] Starting request: 10.222.0.141 "GET /placement/resource_providers?name=n-h2-838976-2" {{(pid=105409) __call__ /opt/stack/placement/placement/requestlog.py:55}}
Jul 25 20:17:00.827066 n-d-838976-2 devstack@placement-api.service[105409]: INFO placement.requestlog [req-c4aa9d08-9ca6-43a8-b2cd-351d8b9e3a9c req-86da8e34-38a9-49c2-9397-98c041d454c1 service placement] 10.222.0.141 "GET /placement/resource_providers?name=n-h2-838976-2" status: 200 len: 441 microversion: 1.0
Jul 25 20:17:00.828234 n-d-838976-2 devstack@placement-api.service[105409]: [pid: 105409|app: 0|req: 33/66] 10.222.0.141 () {58 vars in 1279 bytes} [Mon Jul 25 20:17:00 2022] GET /placement/resource_providers?name=n-h2-838976-2 => generated 441 bytes in 29 msecs (HTTP/1.1 200) 6 headers in 224 bytes (1 switches on core 0)
Jul 25 20:17:00.844955 n-d-838976-2 devstack@placement-api.service[105410]: DEBUG placement.requestlog [req-c4aa9d08-9ca6-43a8-b2cd-351d8b9e3a9c req-edb76da9-b89f-42e8-8291-c5ea0193918a None None] Starting request: 10.222.0.141 "GET /placement/resource_providers/a8bf677d-9e9f-4150-aa58-097552889523/aggregates" {{(pid=105410) __call__ /opt/stack/placement/placement/requestlog.py:55}}
Jul 25 20:17:00.868090 n-d-838976-2 devstack@placement-api.service[105410]: INFO placement.requestlog [req-c4aa9d08-9ca6-43a8-b2cd-351d8b9e3a9c req-edb76da9-b89f-42e8-8291-c5ea0193918a service placement] 10.222.0.141 "GET /placement/resource_providers/a8bf677d-9e9f-4150-aa58-097552889523/aggregates" status: 200 len: 92 microversion: 1.19
Jul 25 20:17:00.868858 n-d-838976-2 devstack@placement-api.service[105410]: [pid: 105410|app: 0|req: 34/67] 10.222.0.141 () {60 vars in 1430 bytes} [Mon Jul 25 20:17:00 2022] GET /placement/resource_providers/a8bf677d-9e9f-4150-aa58-097552889523/aggregates => generated 92 bytes in 24 msecs (HTTP/1.1 200) 8 headers in 295 bytes (1 switches on core 0)
Jul 25 20:17:00.902170 n-d-838976-2 devstack@placement-api.service[105409]: DEBUG placement.requestlog [req-c4aa9d08-9ca6-43a8-b2cd-351d8b9e3a9c req-528adef3-cca8-47ae-a7fa-8b62b9ab7b3f None None] Starting request: 10.222.0.141 "PUT /placement/resource_providers/a8bf677d-9e9f-4150-aa58-097552889523/aggregates" {{(pid=105409) __call__ /opt/stack/placement/placement/requestlog.py:55}}
Jul 25 20:17:00.942062 n-d-838976-2 devstack@placement-api.service[105409]: DEBUG placement.objects.resource_provider [req-c4aa9d08-9ca6-43a8-b2cd-351d8b9e3a9c req-528adef3-cca8-47ae-a7fa-8b62b9ab7b3f service placement] Setting aggregates for provider a8bf677d-9e9f-4150-aa58-097552889523. Successfully disassociated aggregate 76de0fcb-7ec9-4b22-a118-f38b7136b12c. {{(pid=105409) _set_aggregates /opt/stack/placement/placement/objects/resource_provider.py:404}}
Jul 25 20:17:00.952480 n-d-838976-2 devstack@placement-api.service[105409]: INFO placement.requestlog [req-c4aa9d08-9ca6-43a8-b2cd-351d8b9e3a9c req-528adef3-cca8-47ae-a7fa-8b62b9ab7b3f service placement] 10.222.0.141 "PUT /placement/resource_providers/a8bf677d-9e9f-4150-aa58-097552889523/aggregates" status: 200 len: 54 microversion: 1.19
Jul 25 20:17:00.953424 n-d-838976-2 devstack@placement-api.service[105409]: [pid: 105409|app: 0|req: 34/68] 10.222.0.141 () {64 vars in 1482 bytes} [Mon Jul 25 20:17:00 2022] PUT /placement/resource_providers/a8bf677d-9e9f-4150-aa58-097552889523/aggregates => generated 54 bytes in 52 msecs (HTTP/1.1 200) 8 headers in 295 bytes (1 switches on core 0)
Jul 25 20:17:01.550613 n-d-838976-2 devstack@placement-api.service[105410]: DEBUG placement.requestlog [req-aefe325d-b987-4b54-8b09-341b881b5ddc req-69a2be38-1447-4246-9d20-ec33dc716f5a None None] Starting request: 10.222.0.141 "GET /placement/resource_providers?name=n-h2-838976-2" {{(pid=105410) __call__ /opt/stack/placement/placement/requestlog.py:55}}
Jul 25 20:17:01.587381 n-d-838976-2 devstack@placement-api.service[105410]: INFO placement.requestlog [req-aefe325d-b987-4b54-8b09-341b881b5ddc req-69a2be38-1447-4246-9d20-ec33dc716f5a service placement] 10.222.0.141 "GET /placement/resource_providers?name=n-h2-838976-2" status: 200 len: 441 microversion: 1.0
Jul 25 20:17:01.594671 n-d-838976-2 devstack@placement-api.service[105410]: [pid: 105410|app: 0|req: 35/69] 10.222.0.141 () {58 vars in 1279 bytes} [Mon Jul 25 20:17:01 2022] GET /placement/resource_providers?name=n-h2-838976-2 => generated 441 bytes in 44 msecs (HTTP/1.1 200) 6 headers in 224 bytes (2 switches on core 0)
Jul 25 20:17:01.595776 n-d-838976-2 devstack@placement-api.service[105409]: DEBUG placement.requestlog [req-aefe325d-b987-4b54-8b09-341b881b5ddc req-79daf271-6990-4ce2-9afd-4fe107964de8 None None] Starting request: 10.222.0.141 "GET /placement/resource_providers/a8bf677d-9e9f-4150-aa58-097552889523/aggregates" {{(pid=105409) __call__ /opt/stack/placement/placement/requestlog.py:55}}
Jul 25 20:17:01.626360 n-d-838976-2 devstack@placement-api.service[105409]: INFO placement.requestlog [req-aefe325d-b987-4b54-8b09-341b881b5ddc req-79daf271-6990-4ce2-9afd-4fe107964de8 service placement] 10.222.0.141 "GET /placement/resource_providers/a8bf677d-9e9f-4150-aa58-097552889523/aggregates" status: 200 len: 54 microversion: 1.19
Jul 25 20:17:01.639842 n-d-838976-2 devstack@placement-api.service[105410]: DEBUG placement.requestlog [req-aefe325d-b987-4b54-8b09-341b881b5ddc req-36a974c3-db09-49aa-9456-00d5f5e3a6c1 None None] Starting request: 10.222.0.141 "PUT /placement/resource_providers/a8bf677d-9e9f-4150-aa58-097552889523/aggregates" {{(pid=105410) __call__ /opt/stack/placement/placement/requestlog.py:55}}
Jul 25 20:17:01.651102 n-d-838976-2 devstack@placement-api.service[105409]: [pid: 105409|app: 0|req: 35/70] 10.222.0.141 () {60 vars in 1430 bytes} [Mon Jul 25 20:17:01 2022] GET /placement/resource_providers/a8bf677d-9e9f-4150-aa58-097552889523/aggregates => generated 54 bytes in 46 msecs (HTTP/1.1 200) 8 headers in 295 bytes (2 switches on core 0)
Jul 25 20:17:01.657704 n-d-838976-2 devstack@placement-api.service[105410]: DEBUG dbcounter [-] [105410] Writing DB stats placement:SELECT=84,placement:DELETE=4,placement:INSERT=8,placement:UPDATE=4 {{(pid=105410) stat_writer /usr/local/lib/python3.8/dist-packages/dbcounter.py:114}}
Jul 25 20:17:01.689736 n-d-838976-2 devstack@placement-api.service[105410]: DEBUG placement.objects.resource_provider [req-aefe325d-b987-4b54-8b09-341b881b5ddc req-36a974c3-db09-49aa-9456-00d5f5e3a6c1 service placement] _ensure_aggregate() did not find aggregate 2d65ed32-8c36-4cff-b0bd-8da3e8a75b6f. Attempting to create it. {{(pid=105410) _ensure_aggregate /opt/stack/placement/placement/objects/resource_provider.py:321}}
Jul 25 20:17:01.691407 n-d-838976-2 devstack@placement-api.service[105410]: DEBUG placement.objects.resource_provider [req-aefe325d-b987-4b54-8b09-341b881b5ddc req-36a974c3-db09-49aa-9456-00d5f5e3a6c1 service placement] _ensure_aggregate() created new aggregate 2d65ed32-8c36-4cff-b0bd-8da3e8a75b6f (id=5). {{(pid=105410) _ensure_aggregate /opt/stack/placement/placement/objects/resource_provider.py:327}}
Jul 25 20:17:01.693286 n-d-838976-2 devstack@placement-api.service[105410]: DEBUG placement.objects.resource_provider [req-aefe325d-b987-4b54-8b09-341b881b5ddc req-36a974c3-db09-49aa-9456-00d5f5e3a6c1 service placement] Setting aggregates for provider a8bf677d-9e9f-4150-aa58-097552889523. Successfully associated aggregate 2d65ed32-8c36-4cff-b0bd-8da3e8a75b6f. {{(pid=105410) _set_aggregates /opt/stack/placement/placement/objects/resource_provider.py:389}}
Jul 25 20:17:01.706095 n-d-838976-2 devstack@placement-api.service[105410]: INFO placement.requestlog [req-aefe325d-b987-4b54-8b09-341b881b5ddc req-36a974c3-db09-49aa-9456-00d5f5e3a6c1 service placement] 10.222.0.141 "PUT /placement/resource_providers/a8bf677d-9e9f-4150-aa58-097552889523/aggregates" status: 200 len: 92 microversion: 1.19
Jul 25 20:17:01.737909 n-d-838976-2 devstack@placement-api.service[105410]: [pid: 105410|app: 0|req: 36/71] 10.222.0.141 () {64 vars in 1482 bytes} [Mon Jul 25 20:17:01 2022] PUT /placement/resource_providers/a8bf677d-9e9f-4150-aa58-097552889523/aggregates => generated 92 bytes in 103 msecs (HTTP/1.1 200) 8 headers in 295 bytes (2 switches on core 0)
Jul 25 20:17:01.883212 n-d-838976-2 devstack@placement-api.service[105409]: DEBUG placement.requestlog [req-22755958-02e0-4ab0-ae07-158225ab20aa req-fb157fce-b512-49cd-914b-5f3df578cfdf None None] Starting request: 10.222.0.141 "GET /placement/resource_providers?name=n-h2-838976-2" {{(pid=105409) __call__ /opt/stack/placement/placement/requestlog.py:55}}
Jul 25 20:17:01.908802 n-d-838976-2 devstack@placement-api.service[105409]: INFO placement.requestlog [req-22755958-02e0-4ab0-ae07-158225ab20aa req-fb157fce-b512-49cd-914b-5f3df578cfdf service placement] 10.222.0.141 "GET /placement/resource_providers?name=n-h2-838976-2" status: 200 len: 441 microversion: 1.0
Jul 25 20:17:01.910244 n-d-838976-2 devstack@placement-api.service[105409]: [pid: 105409|app: 0|req: 36/72] 10.222.0.141 () {58 vars in 1279 bytes} [Mon Jul 25 20:17:01 2022] GET /placement/resource_providers?name=n-h2-838976-2 => generated 441 bytes in 27 msecs (HTTP/1.1 200) 6 headers in 224 bytes (1 switches on core 0)
Jul 25 20:17:01.927444 n-d-838976-2 devstack@placement-api.service[105410]: DEBUG placement.requestlog [req-22755958-02e0-4ab0-ae07-158225ab20aa req-3ac057fe-4c62-44ae-8d5b-c7051a7ec5e8 None None] Starting request: 10.222.0.141 "GET /placement/resource_providers/a8bf677d-9e9f-4150-aa58-097552889523/aggregates" {{(pid=105410) __call__ /opt/stack/placement/placement/requestlog.py:55}}
Jul 25 20:17:01.965732 n-d-838976-2 devstack@placement-api.service[105410]: INFO placement.requestlog [req-22755958-02e0-4ab0-ae07-158225ab20aa req-3ac057fe-4c62-44ae-8d5b-c7051a7ec5e8 service placement] 10.222.0.141 "GET /placement/resource_providers/a8bf677d-9e9f-4150-aa58-097552889523/aggregates" status: 200 len: 92 microversion: 1.19
Jul 25 20:17:01.979763 n-d-838976-2 devstack@placement-api.service[105410]: [pid: 105410|app: 0|req: 37/73] 10.222.0.141 () {60 vars in 1430 bytes} [Mon Jul 25 20:17:01 2022] GET /placement/resource_providers/a8bf677d-9e9f-4150-aa58-097552889523/aggregates => generated 92 bytes in 53 msecs (HTTP/1.1 200) 8 headers in 295 bytes (1 switches on core 0)
Jul 25 20:17:01.984849 n-d-838976-2 devstack@placement-api.service[105409]: DEBUG placement.requestlog [req-22755958-02e0-4ab0-ae07-158225ab20aa req-5962b2ca-4735-4496-b54d-042e98b5d561 None None] Starting request: 10.222.0.141 "PUT /placement/resource_providers/a8bf677d-9e9f-4150-aa58-097552889523/aggregates" {{(pid=105409) __call__ /opt/stack/placement/placement/requestlog.py:55}}
Jul 25 20:17:02.036505 n-d-838976-2 devstack@placement-api.service[105409]: DEBUG placement.objects.resource_provider [req-22755958-02e0-4ab0-ae07-158225ab20aa req-5962b2ca-4735-4496-b54d-042e98b5d561 service placement] Setting aggregates for provider a8bf677d-9e9f-4150-aa58-097552889523. Successfully disassociated aggregate 2d65ed32-8c36-4cff-b0bd-8da3e8a75b6f. {{(pid=105409) _set_aggregates /opt/stack/placement/placement/objects/resource_provider.py:404}}
Jul 25 20:17:02.047303 n-d-838976-2 devstack@placement-api.service[105409]: INFO placement.requestlog [req-22755958-02e0-4ab0-ae07-158225ab20aa req-5962b2ca-4735-4496-b54d-042e98b5d561 service placement] 10.222.0.141 "PUT /placement/resource_providers/a8bf677d-9e9f-4150-aa58-097552889523/aggregates" status: 200 len: 54 microversion: 1.19
Jul 25 20:17:02.048117 n-d-838976-2 devstack@placement-api.service[105409]: [pid: 105409|app: 0|req: 37/74] 10.222.0.141 () {64 vars in 1482 bytes} [Mon Jul 25 20:17:01 2022] PUT /placement/resource_providers/a8bf677d-9e9f-4150-aa58-097552889523/aggregates => generated 54 bytes in 65 msecs (HTTP/1.1 200) 8 headers in 295 bytes (1 switches on core 0)
Jul 25 20:17:05.535749 n-d-838976-2 devstack@placement-api.service[105410]: DEBUG placement.requestlog [req-7c3db570-3cf2-4e07-882b-16131e41a24d req-ea88083e-f90f-413a-ac9d-aafde9f02297 None None] Starting request: 10.222.0.141 "GET /placement/allocation_candidates?limit=1000&resources=DISK_GB%3A1%2CMEMORY_MB%3A1024%2CVCPU%3A1&root_required=%21COMPUTE_STATUS_DISABLED" {{(pid=105410) __call__ /opt/stack/placement/placement/requestlog.py:55}}
Jul 25 20:17:05.653283 n-d-838976-2 devstack@placement-api.service[105410]: DEBUG placement.objects.research_context [req-7c3db570-3cf2-4e07-882b-16131e41a24d req-ea88083e-f90f-413a-ac9d-aafde9f02297 service placement] getting providers with 1 DISK_GB {{(pid=105410) __init__ /opt/stack/placement/placement/objects/research_context.py:136}}
Jul 25 20:17:05.666192 n-d-838976-2 devstack@placement-api.service[105410]: DEBUG placement.objects.research_context [req-7c3db570-3cf2-4e07-882b-16131e41a24d req-ea88083e-f90f-413a-ac9d-aafde9f02297 service placement] getting providers with 1024 MEMORY_MB {{(pid=105410) __init__ /opt/stack/placement/placement/objects/research_context.py:136}}
Jul 25 20:17:05.694991 n-d-838976-2 devstack@placement-api.service[105410]: DEBUG placement.objects.research_context [req-7c3db570-3cf2-4e07-882b-16131e41a24d req-ea88083e-f90f-413a-ac9d-aafde9f02297 service placement] getting providers with 1 VCPU {{(pid=105410) __init__ /opt/stack/placement/placement/objects/research_context.py:136}}
Jul 25 20:17:05.709144 n-d-838976-2 devstack@placement-api.service[105410]: DEBUG placement.objects.research_context [req-7c3db570-3cf2-4e07-882b-16131e41a24d req-ea88083e-f90f-413a-ac9d-aafde9f02297 service placement] found 2 providers with available 1 DISK_GB {{(pid=105410) get_provider_ids_matching /opt/stack/placement/placement/objects/research_context.py:563}}
Jul 25 20:17:05.709618 n-d-838976-2 devstack@placement-api.service[105410]: DEBUG placement.objects.research_context [req-7c3db570-3cf2-4e07-882b-16131e41a24d req-ea88083e-f90f-413a-ac9d-aafde9f02297 service placement] found 2 providers with available 1024 MEMORY_MB {{(pid=105410) get_provider_ids_matching /opt/stack/placement/placement/objects/research_context.py:563}}
Jul 25 20:17:05.710306 n-d-838976-2 devstack@placement-api.service[105410]: DEBUG placement.objects.research_context [req-7c3db570-3cf2-4e07-882b-16131e41a24d req-ea88083e-f90f-413a-ac9d-aafde9f02297 service placement] found 2 providers after filtering by previous result {{(pid=105410) get_provider_ids_matching /opt/stack/placement/placement/objects/research_context.py:594}}
Jul 25 20:17:05.710870 n-d-838976-2 devstack@placement-api.service[105410]: DEBUG placement.objects.research_context [req-7c3db570-3cf2-4e07-882b-16131e41a24d req-ea88083e-f90f-413a-ac9d-aafde9f02297 service placement] found 2 providers with available 1 VCPU {{(pid=105410) get_provider_ids_matching /opt/stack/placement/placement/objects/research_context.py:563}}
Jul 25 20:17:05.711530 n-d-838976-2 devstack@placement-api.service[105410]: DEBUG placement.objects.research_context [req-7c3db570-3cf2-4e07-882b-16131e41a24d req-ea88083e-f90f-413a-ac9d-aafde9f02297 service placement] found 2 providers after filtering by previous result {{(pid=105410) get_provider_ids_matching /opt/stack/placement/placement/objects/research_context.py:594}}
Jul 25 20:17:05.736821 n-d-838976-2 devstack@placement-api.service[105410]: DEBUG placement.objects.allocation_candidate [req-7c3db570-3cf2-4e07-882b-16131e41a24d req-ea88083e-f90f-413a-ac9d-aafde9f02297 service placement] RequestGroup(use_same_provider=False, resources={DISK_GB:1, MEMORY_MB:1024, VCPU:1}, traits=(), aggregates=[]) (suffix '') returned 2 matches {{(pid=105410) _get_by_requests /opt/stack/placement/placement/objects/allocation_candidate.py:156}}
Jul 25 20:17:05.738238 n-d-838976-2 devstack@placement-api.service[105410]: DEBUG placement.objects.allocation_candidate [req-7c3db570-3cf2-4e07-882b-16131e41a24d req-ea88083e-f90f-413a-ac9d-aafde9f02297 service placement] Merging candidates yields 2 allocation requests and 2 provider summaries {{(pid=105410) _merge_candidates /opt/stack/placement/placement/objects/allocation_candidate.py:809}}
Jul 25 20:17:05.740342 n-d-838976-2 devstack@placement-api.service[105410]: INFO placement.requestlog [req-7c3db570-3cf2-4e07-882b-16131e41a24d req-ea88083e-f90f-413a-ac9d-aafde9f02297 service placement] 10.222.0.141 "GET /placement/allocation_candidates?limit=1000&resources=DISK_GB%3A1%2CMEMORY_MB%3A1024%2CVCPU%3A1&root_required=%21COMPUTE_STATUS_DISABLED" status: 200 len: 1306 microversion: 1.36
Jul 25 20:17:05.757792 n-d-838976-2 devstack@placement-api.service[105410]: [pid: 105410|app: 0|req: 38/75] 10.222.0.141 () {60 vars in 1511 bytes} [Mon Jul 25 20:17:05 2022] GET /placement/allocation_candidates?limit=1000&resources=DISK_GB%3A1%2CMEMORY_MB%3A1024%2CVCPU%3A1&root_required=%21COMPUTE_STATUS_DISABLED => generated 1306 bytes in 222 msecs (HTTP/1.1 200) 8 headers in 297 bytes (1 switches on core 0)
Jul 25 20:17:05.864008 n-d-838976-2 devstack@placement-api.service[105409]: DEBUG placement.requestlog [req-7c3db570-3cf2-4e07-882b-16131e41a24d req-421e1fc4-96e7-4bc6-87ea-befe8397129d None None] Starting request: 10.222.0.141 "GET /placement/allocations/f64ca7ce-8514-41eb-8bb5-b34421cf0ee7" {{(pid=105409) __call__ /opt/stack/placement/placement/requestlog.py:55}}
Jul 25 20:17:05.897834 n-d-838976-2 devstack@placement-api.service[105409]: DEBUG dbcounter [-] [105409] Writing DB stats placement:SELECT=67,placement:DELETE=7,placement:UPDATE=6,placement:INSERT=2 {{(pid=105409) stat_writer /usr/local/lib/python3.8/dist-packages/dbcounter.py:114}}
Jul 25 20:17:05.917799 n-d-838976-2 devstack@placement-api.service[105409]: INFO placement.requestlog [req-7c3db570-3cf2-4e07-882b-16131e41a24d req-421e1fc4-96e7-4bc6-87ea-befe8397129d service placement] 10.222.0.141 "GET /placement/allocations/f64ca7ce-8514-41eb-8bb5-b34421cf0ee7" status: 200 len: 19 microversion: 1.28
Jul 25 20:17:05.918560 n-d-838976-2 devstack@placement-api.service[105409]: [pid: 105409|app: 0|req: 38/76] 10.222.0.141 () {60 vars in 1385 bytes} [Mon Jul 25 20:17:05 2022] GET /placement/allocations/f64ca7ce-8514-41eb-8bb5-b34421cf0ee7 => generated 19 bytes in 56 msecs (HTTP/1.1 200) 8 headers in 295 bytes (1 switches on core 0)
Jul 25 20:17:05.930403 n-d-838976-2 devstack@placement-api.service[105410]: DEBUG placement.requestlog [req-7c3db570-3cf2-4e07-882b-16131e41a24d req-0d93740d-42e5-4622-befb-3999c07fbc76 None None] Starting request: 10.222.0.141 "PUT /placement/allocations/f64ca7ce-8514-41eb-8bb5-b34421cf0ee7" {{(pid=105410) __call__ /opt/stack/placement/placement/requestlog.py:55}}
Jul 25 20:17:06.109523 n-d-838976-2 devstack@placement-api.service[105410]: DEBUG placement.handlers.allocation [req-7c3db570-3cf2-4e07-882b-16131e41a24d req-0d93740d-42e5-4622-befb-3999c07fbc76 service placement] Successfully wrote allocations [, , ] {{(pid=105410) _update_consumers_and_create_allocations /opt/stack/placement/placement/handlers/allocation.py:462}}
Jul 25 20:17:06.123957 n-d-838976-2 devstack@placement-api.service[105410]: INFO placement.requestlog [req-7c3db570-3cf2-4e07-882b-16131e41a24d req-0d93740d-42e5-4622-befb-3999c07fbc76 service placement] 10.222.0.141 "PUT /placement/allocations/f64ca7ce-8514-41eb-8bb5-b34421cf0ee7" status: 204 len: 0 microversion: 1.36
Jul 25 20:17:06.125077 n-d-838976-2 devstack@placement-api.service[105410]: [pid: 105410|app: 0|req: 39/77] 10.222.0.141 () {64 vars in 1438 bytes} [Mon Jul 25 20:17:05 2022] PUT /placement/allocations/f64ca7ce-8514-41eb-8bb5-b34421cf0ee7 => generated 0 bytes in 196 msecs (HTTP/1.1 204) 5 headers in 199 bytes (1 switches on core 0)
Jul 25 20:17:06.766294 n-d-838976-2 devstack@placement-api.service[105409]: DEBUG placement.requestlog [req-7c3db570-3cf2-4e07-882b-16131e41a24d req-4b3a32e1-2acf-43fd-a7cb-1a53f5b17d7f None None] Starting request: 10.222.0.85 "GET /placement/allocations/f64ca7ce-8514-41eb-8bb5-b34421cf0ee7" {{(pid=105409) __call__ /opt/stack/placement/placement/requestlog.py:55}}
Jul 25 20:17:06.809963 n-d-838976-2 devstack@placement-api.service[105409]: INFO placement.requestlog [req-7c3db570-3cf2-4e07-882b-16131e41a24d req-4b3a32e1-2acf-43fd-a7cb-1a53f5b17d7f service placement] 10.222.0.85 "GET /placement/allocations/f64ca7ce-8514-41eb-8bb5-b34421cf0ee7" status: 200 len: 259 microversion: 1.28
Jul 25 20:17:06.811451 n-d-838976-2 devstack@placement-api.service[105409]: [pid: 105409|app: 0|req: 39/78] 10.222.0.85 () {60 vars in 1381 bytes} [Mon Jul 25 20:17:06 2022] GET /placement/allocations/f64ca7ce-8514-41eb-8bb5-b34421cf0ee7 => generated 259 bytes in 46 msecs (HTTP/1.1 200) 8 headers in 296 bytes (2 switches on core 0)
Jul 25 20:17:16.110214 n-d-838976-2 devstack@placement-api.service[105410]: DEBUG dbcounter [-] [105410] Writing DB stats placement:SELECT=34,placement:INSERT=8,placement:UPDATE=3,placement:DELETE=2 {{(pid=105410) stat_writer /usr/local/lib/python3.8/dist-packages/dbcounter.py:114}}
Jul 25 20:17:16.793402 n-d-838976-2 devstack@placement-api.service[105409]: DEBUG dbcounter [-] [105409] Writing DB stats placement:SELECT=5 {{(pid=105409) stat_writer /usr/local/lib/python3.8/dist-packages/dbcounter.py:114}}
Jul 25 20:17:18.881239 n-d-838976-2 devstack@placement-api.service[105410]: DEBUG placement.requestlog [req-479c0b27-ae21-4094-b35b-07401e01dadb req-f9093cb7-712c-462e-9117-3922f7bc110b None None] Starting request: 10.222.0.141 "GET /placement/allocation_candidates?limit=1000&resources=DISK_GB%3A1%2CMEMORY_MB%3A1024%2CVCPU%3A1&root_required=%21COMPUTE_STATUS_DISABLED" {{(pid=105410) __call__ /opt/stack/placement/placement/requestlog.py:55}}
Jul 25 20:17:19.092588 n-d-838976-2 devstack@placement-api.service[105410]: DEBUG placement.objects.research_context [req-479c0b27-ae21-4094-b35b-07401e01dadb req-f9093cb7-712c-462e-9117-3922f7bc110b service placement] getting providers with 1 DISK_GB {{(pid=105410) __init__ /opt/stack/placement/placement/objects/research_context.py:136}}
Jul 25 20:17:19.106228 n-d-838976-2 devstack@placement-api.service[105410]: DEBUG placement.objects.research_context [req-479c0b27-ae21-4094-b35b-07401e01dadb req-f9093cb7-712c-462e-9117-3922f7bc110b service placement] getting providers with 1024 MEMORY_MB {{(pid=105410) __init__ /opt/stack/placement/placement/objects/research_context.py:136}}
Jul 25 20:17:19.120538 n-d-838976-2 devstack@placement-api.service[105410]: DEBUG placement.objects.research_context [req-479c0b27-ae21-4094-b35b-07401e01dadb req-f9093cb7-712c-462e-9117-3922f7bc110b service placement] getting providers with 1 VCPU {{(pid=105410) __init__ /opt/stack/placement/placement/objects/research_context.py:136}}
Jul 25 20:17:19.134580 n-d-838976-2 devstack@placement-api.service[105410]: DEBUG placement.objects.research_context [req-479c0b27-ae21-4094-b35b-07401e01dadb req-f9093cb7-712c-462e-9117-3922f7bc110b service placement] found 2 providers with available 1 DISK_GB {{(pid=105410) get_provider_ids_matching /opt/stack/placement/placement/objects/research_context.py:563}}
Jul 25 20:17:19.136254 n-d-838976-2 devstack@placement-api.service[105410]: DEBUG placement.objects.research_context [req-479c0b27-ae21-4094-b35b-07401e01dadb req-f9093cb7-712c-462e-9117-3922f7bc110b service placement] found 2 providers with available 1024 MEMORY_MB {{(pid=105410) get_provider_ids_matching /opt/stack/placement/placement/objects/research_context.py:563}}
Jul 25 20:17:19.137190 n-d-838976-2 devstack@placement-api.service[105410]: DEBUG placement.objects.research_context [req-479c0b27-ae21-4094-b35b-07401e01dadb req-f9093cb7-712c-462e-9117-3922f7bc110b service placement] found 2 providers after filtering by previous result {{(pid=105410) get_provider_ids_matching /opt/stack/placement/placement/objects/research_context.py:594}}
Jul 25 20:17:19.138417 n-d-838976-2 devstack@placement-api.service[105410]: DEBUG placement.objects.research_context [req-479c0b27-ae21-4094-b35b-07401e01dadb req-f9093cb7-712c-462e-9117-3922f7bc110b service placement] found 2 providers with available 1 VCPU {{(pid=105410) get_provider_ids_matching /opt/stack/placement/placement/objects/research_context.py:563}}
Jul 25 20:17:19.142680 n-d-838976-2 devstack@placement-api.service[105410]: DEBUG placement.objects.research_context [req-479c0b27-ae21-4094-b35b-07401e01dadb req-f9093cb7-712c-462e-9117-3922f7bc110b service placement] found 2 providers after filtering by previous result {{(pid=105410) get_provider_ids_matching /opt/stack/placement/placement/objects/research_context.py:594}}
Jul 25 20:17:19.196484 n-d-838976-2 devstack@placement-api.service[105410]: DEBUG placement.objects.allocation_candidate [req-479c0b27-ae21-4094-b35b-07401e01dadb req-f9093cb7-712c-462e-9117-3922f7bc110b service placement] RequestGroup(use_same_provider=False, resources={DISK_GB:1, MEMORY_MB:1024, VCPU:1}, traits=(), aggregates=[]) (suffix '') returned 2 matches {{(pid=105410) _get_by_requests /opt/stack/placement/placement/objects/allocation_candidate.py:156}}
Jul 25 20:17:19.197474 n-d-838976-2 devstack@placement-api.service[105410]: DEBUG placement.objects.allocation_candidate [req-479c0b27-ae21-4094-b35b-07401e01dadb req-f9093cb7-712c-462e-9117-3922f7bc110b service placement] Merging candidates yields 2 allocation requests and 2 provider summaries {{(pid=105410) _merge_candidates /opt/stack/placement/placement/objects/allocation_candidate.py:809}}
Jul 25 20:17:19.203392 n-d-838976-2 devstack@placement-api.service[105410]: INFO placement.requestlog [req-479c0b27-ae21-4094-b35b-07401e01dadb req-f9093cb7-712c-462e-9117-3922f7bc110b service placement] 10.222.0.141 "GET /placement/allocation_candidates?limit=1000&resources=DISK_GB%3A1%2CMEMORY_MB%3A1024%2CVCPU%3A1&root_required=%21COMPUTE_STATUS_DISABLED" status: 200 len: 1309 microversion: 1.36
Jul 25 20:17:19.208641 n-d-838976-2 devstack@placement-api.service[105410]: [pid: 105410|app: 0|req: 40/79] 10.222.0.141 () {60 vars in 1511 bytes} [Mon Jul 25 20:17:18 2022] GET /placement/allocation_candidates?limit=1000&resources=DISK_GB%3A1%2CMEMORY_MB%3A1024%2CVCPU%3A1&root_required=%21COMPUTE_STATUS_DISABLED => generated 1309 bytes in 329 msecs (HTTP/1.1 200) 8 headers in 297 bytes (1 switches on core 0)
Jul 25 20:17:19.467689 n-d-838976-2 devstack@placement-api.service[105409]: DEBUG placement.requestlog [req-479c0b27-ae21-4094-b35b-07401e01dadb req-cd7e313f-ddd8-4092-878e-8155dc76359a None None] Starting request: 10.222.0.141 "GET /placement/allocations/a99e2157-ccab-40ca-8038-6cef8e2a5842" {{(pid=105409) __call__ /opt/stack/placement/placement/requestlog.py:55}}
Jul 25 20:17:19.490750 n-d-838976-2 devstack@placement-api.service[105409]: INFO placement.requestlog [req-479c0b27-ae21-4094-b35b-07401e01dadb req-cd7e313f-ddd8-4092-878e-8155dc76359a service placement] 10.222.0.141 "GET /placement/allocations/a99e2157-ccab-40ca-8038-6cef8e2a5842" status: 200 len: 19 microversion: 1.28
Jul 25 20:17:19.491914 n-d-838976-2 devstack@placement-api.service[105409]: [pid: 105409|app: 0|req: 40/80] 10.222.0.141 () {60 vars in 1385 bytes} [Mon Jul 25 20:17:19 2022] GET /placement/allocations/a99e2157-ccab-40ca-8038-6cef8e2a5842 => generated 19 bytes in 25 msecs (HTTP/1.1 200) 8 headers in 295 bytes (1 switches on core 0)
Jul 25 20:17:19.501707 n-d-838976-2 devstack@placement-api.service[105410]: DEBUG placement.requestlog [req-479c0b27-ae21-4094-b35b-07401e01dadb req-147c079d-bd19-4fd0-88e1-fa44ae5c2021 None None] Starting request: 10.222.0.141 "PUT /placement/allocations/a99e2157-ccab-40ca-8038-6cef8e2a5842" {{(pid=105410) __call__ /opt/stack/placement/placement/requestlog.py:55}}
Jul 25 20:17:19.566720 n-d-838976-2 devstack@placement-api.service[105409]: DEBUG placement.requestlog [req-6bed0533-9ffc-4343-89df-fd3221186817 req-a1115aa0-97a7-4c4a-a5b4-719f7effe723 None None] Starting request: 10.222.0.141 "GET /placement/resource_providers?name=n-h2-838976-2" {{(pid=105409) __call__ /opt/stack/placement/placement/requestlog.py:55}}
Jul 25 20:17:19.614754 n-d-838976-2 devstack@placement-api.service[105409]: INFO placement.requestlog [req-6bed0533-9ffc-4343-89df-fd3221186817 req-a1115aa0-97a7-4c4a-a5b4-719f7effe723 service placement] 10.222.0.141 "GET /placement/resource_providers?name=n-h2-838976-2" status: 200 len: 441 microversion: 1.0
Jul 25 20:17:19.615566 n-d-838976-2 devstack@placement-api.service[105409]: [pid: 105409|app: 0|req: 41/81] 10.222.0.141 () {58 vars in 1279 bytes} [Mon Jul 25 20:17:19 2022] GET /placement/resource_providers?name=n-h2-838976-2 => generated 441 bytes in 50 msecs (HTTP/1.1 200) 6 headers in 224 bytes (1 switches on core 0)
Jul 25 20:17:19.627338 n-d-838976-2 devstack@placement-api.service[105409]: DEBUG placement.requestlog [req-6bed0533-9ffc-4343-89df-fd3221186817 req-e81ea616-ed25-4eac-95db-ee6dea167ed6 None None] Starting request: 10.222.0.141 "GET /placement/resource_providers/a8bf677d-9e9f-4150-aa58-097552889523/aggregates" {{(pid=105409) __call__ /opt/stack/placement/placement/requestlog.py:55}}
Jul 25 20:17:19.677315 n-d-838976-2 devstack@placement-api.service[105410]: DEBUG placement.handlers.allocation [req-479c0b27-ae21-4094-b35b-07401e01dadb req-147c079d-bd19-4fd0-88e1-fa44ae5c2021 service placement] Successfully wrote allocations [, , ] {{(pid=105410) _update_consumers_and_create_allocations /opt/stack/placement/placement/handlers/allocation.py:462}}
Jul 25 20:17:19.681962 n-d-838976-2 devstack@placement-api.service[105409]: INFO placement.requestlog [req-6bed0533-9ffc-4343-89df-fd3221186817 req-e81ea616-ed25-4eac-95db-ee6dea167ed6 service placement] 10.222.0.141 "GET /placement/resource_providers/a8bf677d-9e9f-4150-aa58-097552889523/aggregates" status: 200 len: 54 microversion: 1.19
Jul 25 20:17:19.683049 n-d-838976-2 devstack@placement-api.service[105409]: [pid: 105409|app: 0|req: 42/82] 10.222.0.141 () {60 vars in 1430 bytes} [Mon Jul 25 20:17:19 2022] GET /placement/resource_providers/a8bf677d-9e9f-4150-aa58-097552889523/aggregates => generated 54 bytes in 56 msecs (HTTP/1.1 200) 8 headers in 295 bytes (2 switches on core 0)
Jul 25 20:17:19.687062 n-d-838976-2 devstack@placement-api.service[105410]: INFO placement.requestlog [req-479c0b27-ae21-4094-b35b-07401e01dadb req-147c079d-bd19-4fd0-88e1-fa44ae5c2021 service placement] 10.222.0.141 "PUT /placement/allocations/a99e2157-ccab-40ca-8038-6cef8e2a5842" status: 204 len: 0 microversion: 1.36
Jul 25 20:17:19.700859 n-d-838976-2 devstack@placement-api.service[105409]: DEBUG placement.requestlog [req-6bed0533-9ffc-4343-89df-fd3221186817 req-8e4adf97-e47a-4e9e-acf7-da5e6d138c7b None None] Starting request: 10.222.0.141 "PUT /placement/resource_providers/a8bf677d-9e9f-4150-aa58-097552889523/aggregates" {{(pid=105409) __call__ /opt/stack/placement/placement/requestlog.py:55}}
Jul 25 20:17:19.713678 n-d-838976-2 devstack@placement-api.service[105410]: [pid: 105410|app: 0|req: 41/83] 10.222.0.141 () {64 vars in 1438 bytes} [Mon Jul 25 20:17:19 2022] PUT /placement/allocations/a99e2157-ccab-40ca-8038-6cef8e2a5842 => generated 0 bytes in 190 msecs (HTTP/1.1 204) 5 headers in 199 bytes (1 switches on core 0)
Jul 25 20:17:19.740852 n-d-838976-2 devstack@placement-api.service[105409]: DEBUG placement.objects.resource_provider [req-6bed0533-9ffc-4343-89df-fd3221186817 req-8e4adf97-e47a-4e9e-acf7-da5e6d138c7b service placement] _ensure_aggregate() did not find aggregate dcedce6c-a908-4e6c-a429-4c39361cbd54. Attempting to create it. {{(pid=105409) _ensure_aggregate /opt/stack/placement/placement/objects/resource_provider.py:321}}
Jul 25 20:17:19.743118 n-d-838976-2 devstack@placement-api.service[105409]: DEBUG placement.objects.resource_provider [req-6bed0533-9ffc-4343-89df-fd3221186817 req-8e4adf97-e47a-4e9e-acf7-da5e6d138c7b service placement] _ensure_aggregate() created new aggregate dcedce6c-a908-4e6c-a429-4c39361cbd54 (id=6). {{(pid=105409) _ensure_aggregate /opt/stack/placement/placement/objects/resource_provider.py:327}}
Jul 25 20:17:19.746366 n-d-838976-2 devstack@placement-api.service[105409]: DEBUG placement.objects.resource_provider [req-6bed0533-9ffc-4343-89df-fd3221186817 req-8e4adf97-e47a-4e9e-acf7-da5e6d138c7b service placement] Setting aggregates for provider a8bf677d-9e9f-4150-aa58-097552889523. Successfully associated aggregate dcedce6c-a908-4e6c-a429-4c39361cbd54. {{(pid=105409) _set_aggregates /opt/stack/placement/placement/objects/resource_provider.py:389}}
Jul 25 20:17:19.766907 n-d-838976-2 devstack@placement-api.service[105409]: INFO placement.requestlog [req-6bed0533-9ffc-4343-89df-fd3221186817 req-8e4adf97-e47a-4e9e-acf7-da5e6d138c7b service placement] 10.222.0.141 "PUT /placement/resource_providers/a8bf677d-9e9f-4150-aa58-097552889523/aggregates" status: 200 len: 92 microversion: 1.19
Jul 25 20:17:19.768484 n-d-838976-2 devstack@placement-api.service[105409]: [pid: 105409|app: 0|req: 43/84] 10.222.0.141 () {64 vars in 1482 bytes} [Mon Jul 25 20:17:19 2022] PUT /placement/resource_providers/a8bf677d-9e9f-4150-aa58-097552889523/aggregates => generated 92 bytes in 68 msecs (HTTP/1.1 200) 8 headers in 295 bytes (2 switches on core 0)
Jul 25 20:17:20.269460 n-d-838976-2 devstack@placement-api.service[105410]: DEBUG placement.requestlog [req-a686206c-c603-459e-a2c7-dcb137fe5bf3 req-d4289281-7457-45c6-867c-98f9959408b6 None None] Starting request: 10.222.0.141 "GET /placement/resource_providers?name=n-h2-838976-2" {{(pid=105410) __call__ /opt/stack/placement/placement/requestlog.py:55}}
Jul 25 20:17:20.295624 n-d-838976-2 devstack@placement-api.service[105410]: INFO placement.requestlog [req-a686206c-c603-459e-a2c7-dcb137fe5bf3 req-d4289281-7457-45c6-867c-98f9959408b6 service placement] 10.222.0.141 "GET /placement/resource_providers?name=n-h2-838976-2" status: 200 len: 441 microversion: 1.0
Jul 25 20:17:20.303891 n-d-838976-2 devstack@placement-api.service[105409]: DEBUG placement.requestlog [req-a686206c-c603-459e-a2c7-dcb137fe5bf3 req-890903ba-7b0a-4b02-b585-09140afdbca4 None None] Starting request: 10.222.0.141 "GET /placement/resource_providers/a8bf677d-9e9f-4150-aa58-097552889523/aggregates" {{(pid=105409) __call__ /opt/stack/placement/placement/requestlog.py:55}}
Jul 25 20:17:20.313384 n-d-838976-2 devstack@placement-api.service[105410]: [pid: 105410|app: 0|req: 42/85] 10.222.0.141 () {58 vars in 1279 bytes} [Mon Jul 25 20:17:20 2022] GET /placement/resource_providers?name=n-h2-838976-2 => generated 441 bytes in 36 msecs (HTTP/1.1 200) 6 headers in 224 bytes (1 switches on core 0)
Jul 25 20:17:20.335918 n-d-838976-2 devstack@placement-api.service[105409]: INFO placement.requestlog [req-a686206c-c603-459e-a2c7-dcb137fe5bf3 req-890903ba-7b0a-4b02-b585-09140afdbca4 service placement] 10.222.0.141 "GET /placement/resource_providers/a8bf677d-9e9f-4150-aa58-097552889523/aggregates" status: 200 len: 92 microversion: 1.19
Jul 25 20:17:20.344260 n-d-838976-2 devstack@placement-api.service[105410]: DEBUG placement.requestlog [req-a686206c-c603-459e-a2c7-dcb137fe5bf3 req-e63bfb73-8d22-4e7b-beff-0ef88101b9a1 None None] Starting request: 10.222.0.141 "PUT /placement/resource_providers/a8bf677d-9e9f-4150-aa58-097552889523/aggregates" {{(pid=105410) __call__ /opt/stack/placement/placement/requestlog.py:55}}
Jul 25 20:17:20.351774 n-d-838976-2 devstack@placement-api.service[105409]: [pid: 105409|app: 0|req: 44/86] 10.222.0.141 () {60 vars in 1430 bytes} [Mon Jul 25 20:17:20 2022] GET /placement/resource_providers/a8bf677d-9e9f-4150-aa58-097552889523/aggregates => generated 92 bytes in 48 msecs (HTTP/1.1 200) 8 headers in 295 bytes (2 switches on core 0)
Jul 25 20:17:20.381399 n-d-838976-2 devstack@placement-api.service[105410]: DEBUG placement.objects.resource_provider [req-a686206c-c603-459e-a2c7-dcb137fe5bf3 req-e63bfb73-8d22-4e7b-beff-0ef88101b9a1 service placement] Setting aggregates for provider a8bf677d-9e9f-4150-aa58-097552889523. Successfully disassociated aggregate dcedce6c-a908-4e6c-a429-4c39361cbd54. {{(pid=105410) _set_aggregates /opt/stack/placement/placement/objects/resource_provider.py:404}}
Jul 25 20:17:20.395314 n-d-838976-2 devstack@placement-api.service[105410]: INFO placement.requestlog [req-a686206c-c603-459e-a2c7-dcb137fe5bf3 req-e63bfb73-8d22-4e7b-beff-0ef88101b9a1 service placement] 10.222.0.141 "PUT /placement/resource_providers/a8bf677d-9e9f-4150-aa58-097552889523/aggregates" status: 200 len: 54 microversion: 1.19
Jul 25 20:17:20.395314 n-d-838976-2 devstack@placement-api.service[105410]: [pid: 105410|app: 0|req: 43/87] 10.222.0.141 () {64 vars in 1482 bytes} [Mon Jul 25 20:17:20 2022] PUT /placement/resource_providers/a8bf677d-9e9f-4150-aa58-097552889523/aggregates => generated 54 bytes in 51 msecs (HTTP/1.1 200) 8 headers in 295 bytes (2 switches on core 0)
Jul 25 20:17:20.499412 n-d-838976-2 devstack@placement-api.service[105409]: DEBUG placement.requestlog [req-479c0b27-ae21-4094-b35b-07401e01dadb req-88a4dbc2-e70f-4019-ab5a-93d84fce1d0d None None] Starting request: 10.222.0.140 "GET /placement/allocations/a99e2157-ccab-40ca-8038-6cef8e2a5842" {{(pid=105409) __call__ /opt/stack/placement/placement/requestlog.py:55}}
Jul 25 20:17:20.538398 n-d-838976-2 devstack@placement-api.service[105409]: INFO placement.requestlog [req-479c0b27-ae21-4094-b35b-07401e01dadb req-88a4dbc2-e70f-4019-ab5a-93d84fce1d0d service placement] 10.222.0.140 "GET /placement/allocations/a99e2157-ccab-40ca-8038-6cef8e2a5842" status: 200 len: 258 microversion: 1.28
Jul 25 20:17:20.539306 n-d-838976-2 devstack@placement-api.service[105409]: [pid: 105409|app: 0|req: 45/88] 10.222.0.140 () {60 vars in 1382 bytes} [Mon Jul 25 20:17:20 2022] GET /placement/allocations/a99e2157-ccab-40ca-8038-6cef8e2a5842 => generated 258 bytes in 40 msecs (HTTP/1.1 200) 8 headers in 296 bytes (1 switches on core 0)
Jul 25 20:17:24.073977 n-d-838976-2 devstack@placement-api.service[105410]: DEBUG placement.requestlog [req-6e7e4fa9-7d74-4254-a99a-d348ebce9f7c req-03881b07-15f7-4d8d-88f3-39c01ad48ca5 None None] Starting request: 10.222.0.141 "GET /placement/allocation_candidates?limit=1000&resources=DISK_GB%3A1%2CMEMORY_MB%3A1024%2CVCPU%3A1&root_required=%21COMPUTE_STATUS_DISABLED" {{(pid=105410) __call__ /opt/stack/placement/placement/requestlog.py:55}}
Jul 25 20:17:24.219272 n-d-838976-2 devstack@placement-api.service[105410]: DEBUG placement.objects.research_context [req-6e7e4fa9-7d74-4254-a99a-d348ebce9f7c req-03881b07-15f7-4d8d-88f3-39c01ad48ca5 service placement] getting providers with 1 DISK_GB {{(pid=105410) __init__ /opt/stack/placement/placement/objects/research_context.py:136}}
Jul 25 20:17:24.265260 n-d-838976-2 devstack@placement-api.service[105410]: DEBUG placement.objects.research_context [req-6e7e4fa9-7d74-4254-a99a-d348ebce9f7c req-03881b07-15f7-4d8d-88f3-39c01ad48ca5 service placement] getting providers with 1024 MEMORY_MB {{(pid=105410) __init__ /opt/stack/placement/placement/objects/research_context.py:136}}
Jul 25 20:17:24.287176 n-d-838976-2 devstack@placement-api.service[105410]: DEBUG placement.objects.research_context [req-6e7e4fa9-7d74-4254-a99a-d348ebce9f7c req-03881b07-15f7-4d8d-88f3-39c01ad48ca5 service placement] getting providers with 1 VCPU {{(pid=105410) __init__ /opt/stack/placement/placement/objects/research_context.py:136}}
Jul 25 20:17:24.332903 n-d-838976-2 devstack@placement-api.service[105410]: DEBUG placement.objects.research_context [req-6e7e4fa9-7d74-4254-a99a-d348ebce9f7c req-03881b07-15f7-4d8d-88f3-39c01ad48ca5 service placement] found 2 providers with available 1 DISK_GB {{(pid=105410) get_provider_ids_matching /opt/stack/placement/placement/objects/research_context.py:563}}
Jul 25 20:17:24.332903 n-d-838976-2 devstack@placement-api.service[105410]: DEBUG placement.objects.research_context [req-6e7e4fa9-7d74-4254-a99a-d348ebce9f7c req-03881b07-15f7-4d8d-88f3-39c01ad48ca5 service placement] found 2 providers with available 1024 MEMORY_MB {{(pid=105410) get_provider_ids_matching /opt/stack/placement/placement/objects/research_context.py:563}}
Jul 25 20:17:24.333292 n-d-838976-2 devstack@placement-api.service[105410]: DEBUG placement.objects.research_context [req-6e7e4fa9-7d74-4254-a99a-d348ebce9f7c req-03881b07-15f7-4d8d-88f3-39c01ad48ca5 service placement] found 2 providers after filtering by previous result {{(pid=105410) get_provider_ids_matching /opt/stack/placement/placement/objects/research_context.py:594}}
Jul 25 20:17:24.333958 n-d-838976-2 devstack@placement-api.service[105410]: DEBUG placement.objects.research_context [req-6e7e4fa9-7d74-4254-a99a-d348ebce9f7c req-03881b07-15f7-4d8d-88f3-39c01ad48ca5 service placement] found 2 providers with available 1 VCPU {{(pid=105410) get_provider_ids_matching /opt/stack/placement/placement/objects/research_context.py:563}}
Jul 25 20:17:24.334384 n-d-838976-2 devstack@placement-api.service[105410]: DEBUG placement.objects.research_context [req-6e7e4fa9-7d74-4254-a99a-d348ebce9f7c req-03881b07-15f7-4d8d-88f3-39c01ad48ca5 service placement] found 2 providers after filtering by previous result {{(pid=105410) get_provider_ids_matching /opt/stack/placement/placement/objects/research_context.py:594}}
Jul 25 20:17:24.391111 n-d-838976-2 devstack@placement-api.service[105410]: DEBUG placement.objects.allocation_candidate [req-6e7e4fa9-7d74-4254-a99a-d348ebce9f7c req-03881b07-15f7-4d8d-88f3-39c01ad48ca5 service placement] RequestGroup(use_same_provider=False, resources={DISK_GB:1, MEMORY_MB:1024, VCPU:1}, traits=(), aggregates=[]) (suffix '') returned 2 matches {{(pid=105410) _get_by_requests /opt/stack/placement/placement/objects/allocation_candidate.py:156}}
Jul 25 20:17:24.392806 n-d-838976-2 devstack@placement-api.service[105410]: DEBUG placement.objects.allocation_candidate [req-6e7e4fa9-7d74-4254-a99a-d348ebce9f7c req-03881b07-15f7-4d8d-88f3-39c01ad48ca5 service placement] Merging candidates yields 2 allocation requests and 2 provider summaries {{(pid=105410) _merge_candidates /opt/stack/placement/placement/objects/allocation_candidate.py:809}}
Jul 25 20:17:24.396706 n-d-838976-2 devstack@placement-api.service[105410]: INFO placement.requestlog [req-6e7e4fa9-7d74-4254-a99a-d348ebce9f7c req-03881b07-15f7-4d8d-88f3-39c01ad48ca5 service placement] 10.222.0.141 "GET /placement/allocation_candidates?limit=1000&resources=DISK_GB%3A1%2CMEMORY_MB%3A1024%2CVCPU%3A1&root_required=%21COMPUTE_STATUS_DISABLED" status: 200 len: 1309 microversion: 1.36
Jul 25 20:17:24.404125 n-d-838976-2 devstack@placement-api.service[105410]: [pid: 105410|app: 0|req: 44/89] 10.222.0.141 () {60 vars in 1511 bytes} [Mon Jul 25 20:17:24 2022] GET /placement/allocation_candidates?limit=1000&resources=DISK_GB%3A1%2CMEMORY_MB%3A1024%2CVCPU%3A1&root_required=%21COMPUTE_STATUS_DISABLED => generated 1309 bytes in 330 msecs (HTTP/1.1 200) 8 headers in 297 bytes (1 switches on core 0)
Jul 25 20:17:24.597021 n-d-838976-2 devstack@placement-api.service[105409]: DEBUG placement.requestlog [req-6e7e4fa9-7d74-4254-a99a-d348ebce9f7c req-ffcdef1d-781d-45ac-af2a-35b1f08798f4 None None] Starting request: 10.222.0.141 "GET /placement/allocations/2dda2969-073e-4f3f-afc0-1df7cd933c7f" {{(pid=105409) __call__ /opt/stack/placement/placement/requestlog.py:55}}
Jul 25 20:17:24.632334 n-d-838976-2 devstack@placement-api.service[105409]: INFO placement.requestlog [req-6e7e4fa9-7d74-4254-a99a-d348ebce9f7c req-ffcdef1d-781d-45ac-af2a-35b1f08798f4 service placement] 10.222.0.141 "GET /placement/allocations/2dda2969-073e-4f3f-afc0-1df7cd933c7f" status: 200 len: 19 microversion: 1.28
Jul 25 20:17:24.640319 n-d-838976-2 devstack@placement-api.service[105409]: [pid: 105409|app: 0|req: 46/90] 10.222.0.141 () {60 vars in 1385 bytes} [Mon Jul 25 20:17:24 2022] GET /placement/allocations/2dda2969-073e-4f3f-afc0-1df7cd933c7f => generated 19 bytes in 44 msecs (HTTP/1.1 200) 8 headers in 295 bytes (1 switches on core 0)
Jul 25 20:17:24.649110 n-d-838976-2 devstack@placement-api.service[105410]: DEBUG placement.requestlog [req-6e7e4fa9-7d74-4254-a99a-d348ebce9f7c req-876f0f81-e329-413d-bda7-bd564fba1684 None None] Starting request: 10.222.0.141 "PUT /placement/allocations/2dda2969-073e-4f3f-afc0-1df7cd933c7f" {{(pid=105410) __call__ /opt/stack/placement/placement/requestlog.py:55}}
Jul 25 20:17:24.972338 n-d-838976-2 devstack@placement-api.service[105410]: DEBUG placement.handlers.allocation [req-6e7e4fa9-7d74-4254-a99a-d348ebce9f7c req-876f0f81-e329-413d-bda7-bd564fba1684 service placement] Successfully wrote allocations [, , ] {{(pid=105410) _update_consumers_and_create_allocations /opt/stack/placement/placement/handlers/allocation.py:462}}
Jul 25 20:17:24.980647 n-d-838976-2 devstack@placement-api.service[105410]: INFO placement.requestlog [req-6e7e4fa9-7d74-4254-a99a-d348ebce9f7c req-876f0f81-e329-413d-bda7-bd564fba1684 service placement] 10.222.0.141 "PUT /placement/allocations/2dda2969-073e-4f3f-afc0-1df7cd933c7f" status: 204 len: 0 microversion: 1.36
Jul 25 20:17:24.982304 n-d-838976-2 devstack@placement-api.service[105410]: [pid: 105410|app: 0|req: 45/91] 10.222.0.141 () {64 vars in 1438 bytes} [Mon Jul 25 20:17:24 2022] PUT /placement/allocations/2dda2969-073e-4f3f-afc0-1df7cd933c7f => generated 0 bytes in 334 msecs (HTTP/1.1 204) 5 headers in 199 bytes (1 switches on core 0)
