Apr 29 19:23:08.637539 n-d-838934-9 neutron-server[104415]: DEBUG neutron.pecan_wsgi.hooks.policy_enforcement [req-33ac7742-23c3-4ddd-99c1-99a364697c14 req-149c4303-6158-4761-b7eb-c31be6718e8e tempest-DeleteServersAdminTestJSON-1309989365 tempest-DeleteServersAdminTestJSON-1309989365-project] Attributes excluded by policy engine: ['standard_attr_id', 'binding:profile', 'binding:host_id', 'binding:vif_type', 'binding:vif_details'] {{(pid=104415) _exclude_attributes_by_policy /opt/stack/neutron/neutron/pecan_wsgi/hooks/policy_enforcement.py:259}}
Apr 29 19:23:08.646030 n-d-838934-9 neutron-server[104415]: INFO neutron.wsgi [req-33ac7742-23c3-4ddd-99c1-99a364697c14 req-149c4303-6158-4761-b7eb-c31be6718e8e tempest-DeleteServersAdminTestJSON-1309989365 tempest-DeleteServersAdminTestJSON-1309989365-project] 10.222.0.24 "GET /v2.0/ports?device_id=fcd54d73-4a4f-401e-a235-42c6a5296650 HTTP/1.1" status: 200 len: 948 time: 0.1591971
Apr 29 19:23:08.686114 n-d-838934-9 neutron-server[104416]: DEBUG neutron.plugins.ml2.db [None req-92afa3ec-5f61-4742-acf4-eb7cbe6cecea None None] For port 3b8ece80-7770-474e-a6ae-691f0954a477, host n-h2-838934-9, got binding levels [PortBindingLevel(driver='hyperv',host='n-h2-838934-9',level=0,port_id=3b8ece80-7770-474e-a6ae-691f0954a477,segment=NetworkSegment(3f97db6c-283e-4895-aa74-a334cff51db2),segment_id=3f97db6c-283e-4895-aa74-a334cff51db2)] {{(pid=104416) get_binding_level_objs /opt/stack/neutron/neutron/plugins/ml2/db.py:74}}
Apr 29 19:23:08.709857 n-d-838934-9 neutron-server[104416]: DEBUG neutron.api.rpc.handlers.l3_rpc [None req-4ec261fd-5baf-46c3-bca3-34af0fb4e30c None None] Sync routers for ids ['cc7641cb-3702-41f9-bb0a-440418ce5141'] in n-d-838934-9 {{(pid=104416) sync_routers /opt/stack/neutron/neutron/api/rpc/handlers/l3_rpc.py:125}}
Apr 29 19:23:08.721651 n-d-838934-9 neutron-server[104416]: DEBUG neutron.plugins.ml2.rpc [None req-92afa3ec-5f61-4742-acf4-eb7cbe6cecea None None] Returning: {'device': '3b8ece80-7770-474e-a6ae-691f0954a477', 'network_id': '0db99793-57fe-4864-81d0-93973d66cb90', 'port_id': '3b8ece80-7770-474e-a6ae-691f0954a477', 'mac_address': 'fa:16:3e:3f:a0:56', 'admin_state_up': True, 'network_type': 'vlan', 'segmentation_id': 205, 'physical_network': 'physnet1', 'mtu': 1500, 'fixed_ips': [{'subnet_id': '99ac320d-67d2-4811-9a3a-d6062be4be4e', 'ip_address': '192.168.233.213'}], 'device_owner': 'compute:nova', 'allowed_address_pairs': [], 'port_security_enabled': True, 'qos_policy_id': None, 'network_qos_policy_id': None, 'profile': {}, 'propagate_uplink_status': False} {{(pid=104416) _get_device_details /opt/stack/neutron/neutron/plugins/ml2/rpc.py:184}}
Apr 29 19:23:08.726185 n-d-838934-9 neutron-server[104416]: DEBUG neutron.db.provisioning_blocks [None req-b304899a-cbf0-4105-8d60-9b2b044bee74 None None] Provisioning complete for port 25f288e1-b8de-4e8d-8ba5-1f749ed0d12f triggered by entity L2. {{(pid=104416) provisioning_complete /opt/stack/neutron/neutron/db/provisioning_blocks.py:145}}
Apr 29 19:23:08.726802 n-d-838934-9 neutron-server[104416]: DEBUG neutron_lib.callbacks.manager [None req-b304899a-cbf0-4105-8d60-9b2b044bee74 None None] Publish callbacks ['neutron.plugins.ml2.plugin.Ml2Plugin._port_provisioned-738213'] for port (25f288e1-b8de-4e8d-8ba5-1f749ed0d12f), provisioning_complete {{(pid=104416) _notify_loop /usr/local/lib/python3.8/dist-packages/neutron_lib/callbacks/manager.py:176}}
Apr 29 19:23:08.738500 n-d-838934-9 neutron-server[104415]: INFO neutron.wsgi [req-33ac7742-23c3-4ddd-99c1-99a364697c14 req-0efd89b4-e731-49ab-bc69-1cf0d67ab8d5 tempest-DeleteServersAdminTestJSON-1309989365 tempest-DeleteServersAdminTestJSON-1309989365-project] 10.222.0.24 "GET /v2.0/security-groups?id=818974c1-3b5a-4fb5-bd96-15a18937829d&fields=id&fields=name HTTP/1.1" status: 200 len: 286 time: 0.0910275
Apr 29 19:23:08.794128 n-d-838934-9 neutron-server[104414]: DEBUG neutron.pecan_wsgi.hooks.policy_enforcement [req-43d847a4-4bae-4786-9fda-dba04a0630d9 req-d9c9a622-3f34-4038-b9dc-a7295954b1f1 service neutron] Attributes excluded by policy engine: ['standard_attr_id', 'vlan_transparent'] {{(pid=104414) _exclude_attributes_by_policy /opt/stack/neutron/neutron/pecan_wsgi/hooks/policy_enforcement.py:259}}
Apr 29 19:23:08.795702 n-d-838934-9 neutron-server[104416]: DEBUG neutron.db.l3_dvrscheduler_db [None req-4ec261fd-5baf-46c3-bca3-34af0fb4e30c None None] Routers {'cc7641cb-3702-41f9-bb0a-440418ce5141'} bound to L3 agent in host n-d-838934-9 {{(pid=104416) _get_router_ids_for_agent /opt/stack/neutron/neutron/db/l3_dvrscheduler_db.py:421}}
Apr 29 19:23:08.796082 n-d-838934-9 neutron-server[104416]: DEBUG neutron.db.l3_hamode_db [None req-4ec261fd-5baf-46c3-bca3-34af0fb4e30c None None] neutron.services.l3_router.l3_router_plugin.L3RouterPlugin method get_ha_sync_data_for_host called with arguments (, 'n-d-838934-9', Agent(admin_state_up=True,agent_type='L3 agent',availability_zone='nova',binary='neutron-l3-agent',configurations={"agent_mode": "legacy", "ex_gw_ports": 3, "extensions": [], "floating_ips": 0, "handle_internal_only_routers": true, "interface_driver": "openvswitch", "interfaces": 3, "log_agent_heartbeats": false, "routers": 3},created_at=2022-04-29T19:11:31Z,description=,heartbeat_timestamp=2022-04-29T19:23:01Z,host='n-d-838934-9',id=abc3a63c-19f8-4359-87fe-e8eac13f6400,load=0,resource_versions=,resources_synced=,started_at=2022-04-29T19:11:31Z,topic='l3_agent')) {'router_ids': ['cc7641cb-3702-41f9-bb0a-440418ce5141'], 'active': True} {{(pid=104416) wrapper /usr/local/lib/python3.8/dist-packages/oslo_log/helpers.py:65}}
Apr 29 19:23:08.796207 n-d-838934-9 neutron-server[104414]: INFO neutron.wsgi [req-43d847a4-4bae-4786-9fda-dba04a0630d9 req-d9c9a622-3f34-4038-b9dc-a7295954b1f1 service neutron] 10.222.0.26 "GET /v2.0/networks?id=4aa34139-aa85-4197-ac50-cc08f613dd6e HTTP/1.1" status: 200 len: 921 time: 0.3014259
Apr 29 19:23:08.859761 n-d-838934-9 neutron-server[104414]: INFO neutron.wsgi [req-43d847a4-4bae-4786-9fda-dba04a0630d9 req-7692d986-43a4-4911-92fe-3d309edd7b02 service neutron] 10.222.0.26 "GET /v2.0/floatingips?fixed_ip_address=172.20.0.3&port_id=1311877b-0501-4198-9127-5adf47f98e7c HTTP/1.1" status: 200 len: 217 time: 0.0525753
Apr 29 19:23:08.925113 n-d-838934-9 neutron-server[104414]: DEBUG neutron.pecan_wsgi.hooks.policy_enforcement [req-43d847a4-4bae-4786-9fda-dba04a0630d9 req-a0cf4b71-b727-4ecd-bbf7-daabd5e70358 service neutron] Attributes excluded by policy engine: ['standard_attr_id', 'shared', 'segment_id'] {{(pid=104414) _exclude_attributes_by_policy /opt/stack/neutron/neutron/pecan_wsgi/hooks/policy_enforcement.py:259}}
Apr 29 19:23:08.929155 n-d-838934-9 neutron-server[104414]: INFO neutron.wsgi [req-43d847a4-4bae-4786-9fda-dba04a0630d9 req-a0cf4b71-b727-4ecd-bbf7-daabd5e70358 service neutron] 10.222.0.26 "GET /v2.0/subnets?id=03285320-4bea-413e-8926-96d68835d11b HTTP/1.1" status: 200 len: 860 time: 0.0624299
Apr 29 19:23:08.945293 n-d-838934-9 neutron-server[104416]: DEBUG neutron.plugins.ml2.plugin [None req-92afa3ec-5f61-4742-acf4-eb7cbe6cecea None None] Current status of the port 3a9ebb98-f9f4-4374-bbec-0f34d7c40a89 is: BUILD; New status is: ACTIVE {{(pid=104416) _update_individual_port_db_status /opt/stack/neutron/neutron/plugins/ml2/plugin.py:2297}}
Apr 29 19:23:08.945566 n-d-838934-9 neutron-server[104416]: DEBUG neutron_lib.callbacks.manager [None req-92afa3ec-5f61-4742-acf4-eb7cbe6cecea None None] Publish callbacks ['neutron.plugins.ml2.plugin.SecurityGroupDbMixin._ensure_default_security_group_handler-602533'] for port (3a9ebb98-f9f4-4374-bbec-0f34d7c40a89), before_update {{(pid=104416) _notify_loop /usr/local/lib/python3.8/dist-packages/neutron_lib/callbacks/manager.py:176}}
Apr 29 19:23:08.947320 n-d-838934-9 neutron-server[104416]: DEBUG neutron.plugins.ml2.plugin [None req-92afa3ec-5f61-4742-acf4-eb7cbe6cecea None None] Current status of the port 3b8ece80-7770-474e-a6ae-691f0954a477 is: DOWN; New status is: BUILD {{(pid=104416) _update_individual_port_db_status /opt/stack/neutron/neutron/plugins/ml2/plugin.py:2297}}
Apr 29 19:23:08.947696 n-d-838934-9 neutron-server[104416]: DEBUG neutron_lib.callbacks.manager [None req-92afa3ec-5f61-4742-acf4-eb7cbe6cecea None None] Publish callbacks ['neutron.plugins.ml2.plugin.SecurityGroupDbMixin._ensure_default_security_group_handler-602533'] for port (3b8ece80-7770-474e-a6ae-691f0954a477), before_update {{(pid=104416) _notify_loop /usr/local/lib/python3.8/dist-packages/neutron_lib/callbacks/manager.py:176}}
Apr 29 19:23:08.976169 n-d-838934-9 neutron-server[104414]: INFO neutron.wsgi [req-43d847a4-4bae-4786-9fda-dba04a0630d9 req-f8e334c2-862b-4520-9d21-ea28a2415ad7 service neutron] 10.222.0.26 "GET /v2.0/ports?network_id=4aa34139-aa85-4197-ac50-cc08f613dd6e&device_owner=network%3Adhcp HTTP/1.1" status: 200 len: 210 time: 0.0394404
Apr 29 19:23:09.027751 n-d-838934-9 neutron-server[104416]: DEBUG neutron.notifiers.nova [None req-92afa3ec-5f61-4742-acf4-eb7cbe6cecea None None] Ignoring state change previous_port_status: DOWN current_port_status: BUILD port_id 3b8ece80-7770-474e-a6ae-691f0954a477 {{(pid=104416) record_port_status_changed /opt/stack/neutron/neutron/notifiers/nova.py:233}}
Apr 29 19:23:09.073217 n-d-838934-9 neutron-server[104416]: DEBUG neutron.notifiers.nova [-] Sending events: [{'server_uuid': 'fcd54d73-4a4f-401e-a235-42c6a5296650', 'name': 'network-vif-plugged', 'status': 'completed', 'tag': '3a9ebb98-f9f4-4374-bbec-0f34d7c40a89'}] {{(pid=104416) send_events /opt/stack/neutron/neutron/notifiers/nova.py:271}}
Apr 29 19:23:09.075592 n-d-838934-9 neutron-server[104416]: DEBUG novaclient.v2.client [-] REQ: curl -g -i --cacert "/opt/stack/data/ca-bundle.pem" -X POST http://10.222.0.24/compute/v2.1/os-server-external-events -H "Accept: application/json" -H "Content-Type: application/json" -H "User-Agent: python-novaclient" -H "X-Auth-Token: {SHA256}6922cbdddd795b781e4970fb98125131e5f61b78b2c9117f4132a2b72c2e530f" -H "X-OpenStack-Nova-API-Version: 2.1" -H "X-OpenStack-Request-ID: req-49f9f279-4497-4eec-bf38-2a1d9f5486c5" -d '{"events": [{"server_uuid": "fcd54d73-4a4f-401e-a235-42c6a5296650", "name": "network-vif-plugged", "status": "completed", "tag": "3a9ebb98-f9f4-4374-bbec-0f34d7c40a89"}]}' {{(pid=104416) _http_log_request /usr/local/lib/python3.8/dist-packages/keystoneauth1/session.py:519}}
Apr 29 19:23:09.104555 n-d-838934-9 neutron-server[104416]: DEBUG neutron.db.l3_dvr_db [None req-4ec261fd-5baf-46c3-bca3-34af0fb4e30c None None] Set router cc7641cb-3702-41f9-bb0a-440418ce5141 gateway port host: n-d-838934-9 {{(pid=104416) _build_routers_list /opt/stack/neutron/neutron/db/l3_dvr_db.py:906}}
Apr 29 19:23:09.109343 n-d-838934-9 neutron-server[104416]: DEBUG neutron.plugins.ml2.db [None req-92afa3ec-5f61-4742-acf4-eb7cbe6cecea None None] For port 3b8ece80-7770-474e-a6ae-691f0954a477, host n-h2-838934-9, got binding levels [PortBindingLevel(driver='hyperv',host='n-h2-838934-9',level=0,port_id=3b8ece80-7770-474e-a6ae-691f0954a477,segment=NetworkSegment(3f97db6c-283e-4895-aa74-a334cff51db2),segment_id=3f97db6c-283e-4895-aa74-a334cff51db2)] {{(pid=104416) get_binding_level_objs /opt/stack/neutron/neutron/plugins/ml2/db.py:74}}
Apr 29 19:23:09.135747 n-d-838934-9 neutron-server[104416]: DEBUG neutron.plugins.ml2.db [None req-92afa3ec-5f61-4742-acf4-eb7cbe6cecea None None] For port 3a9ebb98-f9f4-4374-bbec-0f34d7c40a89, host n-h2-838934-9, got binding levels [PortBindingLevel(driver='hyperv',host='n-h2-838934-9',level=0,port_id=3a9ebb98-f9f4-4374-bbec-0f34d7c40a89,segment=NetworkSegment(3f97db6c-283e-4895-aa74-a334cff51db2),segment_id=3f97db6c-283e-4895-aa74-a334cff51db2)] {{(pid=104416) get_binding_level_objs /opt/stack/neutron/neutron/plugins/ml2/db.py:74}}
Apr 29 19:23:09.136685 n-d-838934-9 neutron-server[104416]: DEBUG neutron.plugins.ml2.plugin [None req-b304899a-cbf0-4105-8d60-9b2b044bee74 None None] Current status of the port 25f288e1-b8de-4e8d-8ba5-1f749ed0d12f is: DOWN; New status is: ACTIVE {{(pid=104416) _update_individual_port_db_status /opt/stack/neutron/neutron/plugins/ml2/plugin.py:2297}}
Apr 29 19:23:09.137151 n-d-838934-9 neutron-server[104416]: DEBUG neutron_lib.callbacks.manager [None req-b304899a-cbf0-4105-8d60-9b2b044bee74 None None] Publish callbacks ['neutron.plugins.ml2.plugin.SecurityGroupDbMixin._ensure_default_security_group_handler-602533'] for port (25f288e1-b8de-4e8d-8ba5-1f749ed0d12f), before_update {{(pid=104416) _notify_loop /usr/local/lib/python3.8/dist-packages/neutron_lib/callbacks/manager.py:176}}
Apr 29 19:23:09.145413 n-d-838934-9 neutron-server[104416]: DEBUG neutron_lib.callbacks.manager [None req-92afa3ec-5f61-4742-acf4-eb7cbe6cecea None None] Publish callbacks ['neutron.plugins.ml2.plugin.SecurityGroupServerNotifierRpcMixin._notify_sg_on_port_change-602984', 'neutron.plugins.ml2.ovo_rpc._ObjectChangeHandler.handle_event-4094707', 'neutron.api.rpc.agentnotifiers.dhcp_rpc_agent_api.DhcpAgentNotifyAPI._native_event_send_dhcp_notification-3685100', 'neutron.db.l3_db.L3RpcNotifierMixin._notify_gateway_port_ip_changed-8739287659987', 'neutron.db.l3_dvrscheduler_db._notify_l3_agent_port_update-8739287122297', 'neutron.db.l3_hascheduler_db._notify_l3_agent_ha_port_update-8739287122315'] for port (3b8ece80-7770-474e-a6ae-691f0954a477), after_update {{(pid=104416) _notify_loop /usr/local/lib/python3.8/dist-packages/neutron_lib/callbacks/manager.py:176}}
Apr 29 19:23:09.152345 n-d-838934-9 neutron-server[104416]: DEBUG neutron_lib.callbacks.manager [None req-92afa3ec-5f61-4742-acf4-eb7cbe6cecea None None] Publish callbacks ['neutron.plugins.ml2.plugin.SecurityGroupServerNotifierRpcMixin._notify_sg_on_port_change-602984', 'neutron.plugins.ml2.ovo_rpc._ObjectChangeHandler.handle_event-4094707', 'neutron.api.rpc.agentnotifiers.dhcp_rpc_agent_api.DhcpAgentNotifyAPI._native_event_send_dhcp_notification-3685100', 'neutron.db.l3_db.L3RpcNotifierMixin._notify_gateway_port_ip_changed-8739287659987', 'neutron.db.l3_dvrscheduler_db._notify_l3_agent_port_update-8739287122297', 'neutron.db.l3_hascheduler_db._notify_l3_agent_ha_port_update-8739287122315'] for port (3a9ebb98-f9f4-4374-bbec-0f34d7c40a89), after_update {{(pid=104416) _notify_loop /usr/local/lib/python3.8/dist-packages/neutron_lib/callbacks/manager.py:176}}
Apr 29 19:23:09.201119 n-d-838934-9 neutron-server[104414]: INFO neutron.wsgi [req-43d847a4-4bae-4786-9fda-dba04a0630d9 req-3a9e9ab4-3d7a-4c07-aa06-70e711760fc7 service neutron] 10.222.0.26 "GET /v2.0/networks/4aa34139-aa85-4197-ac50-cc08f613dd6e?fields=segments HTTP/1.1" status: 200 len: 212 time: 0.2084157
Apr 29 19:23:09.243570 n-d-838934-9 neutron-server[104415]: DEBUG neutron.pecan_wsgi.hooks.policy_enforcement [req-0d3e7340-2d8a-489b-86c1-9164bed6b7df req-c10daa53-e793-477e-a271-e57937b3bb2c tempest-LiveAutoBlockMigrationV225Test-1992969711 tempest-LiveAutoBlockMigrationV225Test-1992969711-project] Attributes excluded by policy engine: ['standard_attr_id', 'binding:profile', 'binding:host_id', 'binding:vif_type', 'binding:vif_details'] {{(pid=104415) _exclude_attributes_by_policy /opt/stack/neutron/neutron/pecan_wsgi/hooks/policy_enforcement.py:259}}
Apr 29 19:23:09.248608 n-d-838934-9 neutron-server[104416]: DEBUG neutron.plugins.ml2.db [None req-b304899a-cbf0-4105-8d60-9b2b044bee74 None None] For port 25f288e1-b8de-4e8d-8ba5-1f749ed0d12f, host n-d-838934-9, got binding levels [PortBindingLevel(driver='openvswitch',host='n-d-838934-9',level=0,port_id=25f288e1-b8de-4e8d-8ba5-1f749ed0d12f,segment=NetworkSegment(ac0e7e0b-e531-4cba-b35a-4143bdbd02d6),segment_id=ac0e7e0b-e531-4cba-b35a-4143bdbd02d6)] {{(pid=104416) get_binding_level_objs /opt/stack/neutron/neutron/plugins/ml2/db.py:74}}
Apr 29 19:23:09.252809 n-d-838934-9 neutron-server[104415]: INFO neutron.wsgi [req-0d3e7340-2d8a-489b-86c1-9164bed6b7df req-c10daa53-e793-477e-a271-e57937b3bb2c tempest-LiveAutoBlockMigrationV225Test-1992969711 tempest-LiveAutoBlockMigrationV225Test-1992969711-project] 10.222.0.24 "GET /v2.0/ports?device_id=a1581694-3896-4766-af88-f244a90370b4 HTTP/1.1" status: 200 len: 943 time: 0.4209607
Apr 29 19:23:09.275547 n-d-838934-9 neutron-server[104416]: DEBUG neutron_lib.callbacks.manager [None req-b304899a-cbf0-4105-8d60-9b2b044bee74 None None] Publish callbacks ['neutron.plugins.ml2.plugin.SecurityGroupServerNotifierRpcMixin._notify_sg_on_port_change-602984', 'neutron.plugins.ml2.ovo_rpc._ObjectChangeHandler.handle_event-4094707', 'neutron.api.rpc.agentnotifiers.dhcp_rpc_agent_api.DhcpAgentNotifyAPI._native_event_send_dhcp_notification-3685100', 'neutron.db.l3_db.L3RpcNotifierMixin._notify_gateway_port_ip_changed-8739287659987', 'neutron.db.l3_dvrscheduler_db._notify_l3_agent_port_update-8739287122297', 'neutron.db.l3_hascheduler_db._notify_l3_agent_ha_port_update-8739287122315'] for port (25f288e1-b8de-4e8d-8ba5-1f749ed0d12f), after_update {{(pid=104416) _notify_loop /usr/local/lib/python3.8/dist-packages/neutron_lib/callbacks/manager.py:176}}
Apr 29 19:23:09.342087 n-d-838934-9 neutron-server[104414]: INFO neutron.wsgi [req-43d847a4-4bae-4786-9fda-dba04a0630d9 req-f8f00c9d-26fc-4189-a987-9477487d716b service neutron] 10.222.0.26 "GET /v2.0/networks/4aa34139-aa85-4197-ac50-cc08f613dd6e?fields=provider%3Aphysical_network&fields=provider%3Anetwork_type HTTP/1.1" status: 200 len: 281 time: 0.1183908
Apr 29 19:23:09.418610 n-d-838934-9 neutron-server[104416]: DEBUG neutron.plugins.ml2.db [None req-92afa3ec-5f61-4742-acf4-eb7cbe6cecea None None] get_ports_and_sgs() called for port_ids ['3b8ece80-7770-474e-a6ae-691f0954a477'] {{(pid=104416) get_ports_and_sgs /opt/stack/neutron/neutron/plugins/ml2/db.py:156}}
Apr 29 19:23:09.433276 n-d-838934-9 neutron-server[104416]: DEBUG neutron.api.rpc.handlers.resources_rpc [None req-92afa3ec-5f61-4742-acf4-eb7cbe6cecea None None] Pushing event updated for resources: {'Port': ['ID=3b8ece80-7770-474e-a6ae-691f0954a477,revision_number=4']} {{(pid=104416) push /opt/stack/neutron/neutron/api/rpc/handlers/resources_rpc.py:237}}
Apr 29 19:23:09.473344 n-d-838934-9 neutron-server[104416]: DEBUG neutron.api.rpc.callbacks.version_manager [None req-92afa3ec-5f61-4742-acf4-eb7cbe6cecea None None] Version for resource type AddressGroup changed None to 1.2 on consumer Open vSwitch agent@n-d-838934-9 {{(pid=104416) _set_version /opt/stack/neutron/neutron/api/rpc/callbacks/version_manager.py:113}}
Apr 29 19:23:09.473692 n-d-838934-9 neutron-server[104416]: DEBUG neutron.api.rpc.callbacks.version_manager [None req-92afa3ec-5f61-4742-acf4-eb7cbe6cecea None None] Version for resource type Agent changed None to 1.1 on consumer Open vSwitch agent@n-d-838934-9 {{(pid=104416) _set_version /opt/stack/neutron/neutron/api/rpc/callbacks/version_manager.py:113}}
Apr 29 19:23:09.474716 n-d-838934-9 neutron-server[104416]: DEBUG neutron.api.rpc.callbacks.version_manager [None req-92afa3ec-5f61-4742-acf4-eb7cbe6cecea None None] Version for resource type ConntrackHelper changed None to 1.0 on consumer Open vSwitch agent@n-d-838934-9 {{(pid=104416) _set_version /opt/stack/neutron/neutron/api/rpc/callbacks/version_manager.py:113}}
Apr 29 19:23:09.474716 n-d-838934-9 neutron-server[104416]: DEBUG neutron.api.rpc.callbacks.version_manager [None req-92afa3ec-5f61-4742-acf4-eb7cbe6cecea None None] Version for resource type LocalIPAssociation changed None to 1.0 on consumer Open vSwitch agent@n-d-838934-9 {{(pid=104416) _set_version /opt/stack/neutron/neutron/api/rpc/callbacks/version_manager.py:113}}
Apr 29 19:23:09.474716 n-d-838934-9 neutron-server[104416]: DEBUG neutron.api.rpc.callbacks.version_manager [None req-92afa3ec-5f61-4742-acf4-eb7cbe6cecea None None] Version for resource type Log changed None to 1.0 on consumer Open vSwitch agent@n-d-838934-9 {{(pid=104416) _set_version /opt/stack/neutron/neutron/api/rpc/callbacks/version_manager.py:113}}
Apr 29 19:23:09.475017 n-d-838934-9 neutron-server[104416]: DEBUG neutron.api.rpc.callbacks.version_manager [None req-92afa3ec-5f61-4742-acf4-eb7cbe6cecea None None] Version for resource type NDPProxy changed None to 1.0 on consumer Open vSwitch agent@n-d-838934-9 {{(pid=104416) _set_version /opt/stack/neutron/neutron/api/rpc/callbacks/version_manager.py:113}}
Apr 29 19:23:09.475303 n-d-838934-9 neutron-server[104416]: DEBUG neutron.api.rpc.callbacks.version_manager [None req-92afa3ec-5f61-4742-acf4-eb7cbe6cecea None None] Version for resource type Network changed None to 1.1 on consumer Open vSwitch agent@n-d-838934-9 {{(pid=104416) _set_version /opt/stack/neutron/neutron/api/rpc/callbacks/version_manager.py:113}}
Apr 29 19:23:09.475572 n-d-838934-9 neutron-server[104416]: DEBUG neutron.api.rpc.callbacks.version_manager [None req-92afa3ec-5f61-4742-acf4-eb7cbe6cecea None None] Version for resource type Port changed None to 1.7 on consumer Open vSwitch agent@n-d-838934-9 {{(pid=104416) _set_version /opt/stack/neutron/neutron/api/rpc/callbacks/version_manager.py:113}}
Apr 29 19:23:09.476126 n-d-838934-9 neutron-server[104416]: DEBUG neutron.api.rpc.callbacks.version_manager [None req-92afa3ec-5f61-4742-acf4-eb7cbe6cecea None None] Version for resource type PortForwarding changed None to 1.3 on consumer Open vSwitch agent@n-d-838934-9 {{(pid=104416) _set_version /opt/stack/neutron/neutron/api/rpc/callbacks/version_manager.py:113}}
Apr 29 19:23:09.476261 n-d-838934-9 neutron-server[104416]: DEBUG neutron.api.rpc.callbacks.version_manager [None req-92afa3ec-5f61-4742-acf4-eb7cbe6cecea None None] Version for resource type QosPolicy changed None to 1.10 on consumer Open vSwitch agent@n-d-838934-9 {{(pid=104416) _set_version /opt/stack/neutron/neutron/api/rpc/callbacks/version_manager.py:113}}
Apr 29 19:23:09.476521 n-d-838934-9 neutron-server[104416]: DEBUG neutron.api.rpc.callbacks.version_manager [None req-92afa3ec-5f61-4742-acf4-eb7cbe6cecea None None] Version for resource type SecurityGroup changed None to 1.5 on consumer Open vSwitch agent@n-d-838934-9 {{(pid=104416) _set_version /opt/stack/neutron/neutron/api/rpc/callbacks/version_manager.py:113}}
Apr 29 19:23:09.476841 n-d-838934-9 neutron-server[104416]: DEBUG neutron.api.rpc.callbacks.version_manager [None req-92afa3ec-5f61-4742-acf4-eb7cbe6cecea None None] Version for resource type SecurityGroupRule changed None to 1.2 on consumer Open vSwitch agent@n-d-838934-9 {{(pid=104416) _set_version /opt/stack/neutron/neutron/api/rpc/callbacks/version_manager.py:113}}
Apr 29 19:23:09.477161 n-d-838934-9 neutron-server[104416]: DEBUG neutron.api.rpc.callbacks.version_manager [None req-92afa3ec-5f61-4742-acf4-eb7cbe6cecea None None] Version for resource type SubPort changed None to 1.0 on consumer Open vSwitch agent@n-d-838934-9 {{(pid=104416) _set_version /opt/stack/neutron/neutron/api/rpc/callbacks/version_manager.py:113}}
Apr 29 19:23:09.477735 n-d-838934-9 neutron-server[104416]: DEBUG neutron.api.rpc.callbacks.version_manager [None req-92afa3ec-5f61-4742-acf4-eb7cbe6cecea None None] Version for resource type Subnet changed None to 1.1 on consumer Open vSwitch agent@n-d-838934-9 {{(pid=104416) _set_version /opt/stack/neutron/neutron/api/rpc/callbacks/version_manager.py:113}}
Apr 29 19:23:09.477964 n-d-838934-9 neutron-server[104416]: DEBUG neutron.api.rpc.callbacks.version_manager [None req-92afa3ec-5f61-4742-acf4-eb7cbe6cecea None None] Version for resource type Trunk changed None to 1.1 on consumer Open vSwitch agent@n-d-838934-9 {{(pid=104416) _set_version /opt/stack/neutron/neutron/api/rpc/callbacks/version_manager.py:113}}
Apr 29 19:23:09.484665 n-d-838934-9 neutron-server[104415]: INFO neutron.wsgi [req-0d3e7340-2d8a-489b-86c1-9164bed6b7df req-0d383943-ebcd-46c2-b0ea-dc3f66df68c5 tempest-LiveAutoBlockMigrationV225Test-1992969711 tempest-LiveAutoBlockMigrationV225Test-1992969711-project] 10.222.0.24 "GET /v2.0/security-groups?id=77190af8-1816-4fc6-891d-87818fddeb69&fields=id&fields=name HTTP/1.1" status: 200 len: 286 time: 0.2302084
Apr 29 19:23:09.553280 n-d-838934-9 neutron-server[104415]: INFO neutron.wsgi [req-8b9b5ce0-bfac-4fec-9758-e7f8dda765da req-1db1a419-d3a8-4de2-8ada-2b54d3f3687d tempest-FloatingIPDetailsTestJSON-1671251848 tempest-FloatingIPDetailsTestJSON-1671251848-project] 10.222.0.24 "GET /v2.0/networks?router%3Aexternal=True&fields=id&name=public HTTP/1.1" status: 200 len: 258 time: 0.2671363
Apr 29 19:23:09.563012 n-d-838934-9 neutron-server[104415]: DEBUG neutron.api.v2.base [req-8b9b5ce0-bfac-4fec-9758-e7f8dda765da req-402c8af9-5536-4f31-bcaf-2bd9ab7f6018 tempest-FloatingIPDetailsTestJSON-1671251848 tempest-FloatingIPDetailsTestJSON-1671251848-project] Request body: {'floatingip': {'floating_network_id': 'a25c82cc-0181-4c48-9d6c-f4de237e2f8d'}} {{(pid=104415) prepare_request_body /opt/stack/neutron/neutron/api/v2/base.py:730}}
Apr 29 19:23:09.592421 n-d-838934-9 neutron-server[104415]: DEBUG neutron_lib.callbacks.manager [req-8b9b5ce0-bfac-4fec-9758-e7f8dda765da req-402c8af9-5536-4f31-bcaf-2bd9ab7f6018 tempest-FloatingIPDetailsTestJSON-1671251848 tempest-FloatingIPDetailsTestJSON-1671251848-project] Publish callbacks [] for floatingip (None), before_create {{(pid=104415) _notify_loop /usr/local/lib/python3.8/dist-packages/neutron_lib/callbacks/manager.py:176}}
Apr 29 19:23:09.633315 n-d-838934-9 neutron-server[104416]: DEBUG neutron.api.rpc.handlers.resources_rpc [None req-92afa3ec-5f61-4742-acf4-eb7cbe6cecea None None] Pushing event updated for resources: {'Port': ['ID=3a9ebb98-f9f4-4374-bbec-0f34d7c40a89,revision_number=5']} {{(pid=104416) push /opt/stack/neutron/neutron/api/rpc/handlers/resources_rpc.py:237}}
Apr 29 19:23:09.697758 n-d-838934-9 neutron-server[104416]: DEBUG neutron.db.l3_hamode_db [None req-4ec261fd-5baf-46c3-bca3-34af0fb4e30c None None] neutron.services.l3_router.l3_router_plugin.L3RouterPlugin method _process_sync_ha_data called with arguments (, [{'id': 'cc7641cb-3702-41f9-bb0a-440418ce5141', 'name': 'tempest-FloatingIPDetailsTestJSON-870010606-router', 'tenant_id': 'a0e7dbca3e6b4a25b214274c49a34875', 'admin_state_up': True, 'status': 'ACTIVE', 'external_gateway_info': {'network_id': 'a25c82cc-0181-4c48-9d6c-f4de237e2f8d', 'external_fixed_ips': [{'subnet_id': 'babf84bf-53a6-4f86-911d-d0b82810d680', 'ip_address': '172.25.5.210'}], 'enable_snat': True}, 'gw_port_id': '25f288e1-b8de-4e8d-8ba5-1f749ed0d12f', 'description': '', 'availability_zones': ['nova'], 'distributed': False, 'ha': False, 'ha_vr_id': 0, 'availability_zone_hints': [], 'routes': [], 'flavor_id': None, 'tags': [], 'created_at': '2022-04-29T19:22:58Z', 'updated_at': '2022-04-29T19:23:06Z', 'revision_number': 4, 'project_id': 'a0e7dbca3e6b4a25b214274c49a34875', 'gw_port': {'id': '25f288e1-b8de-4e8d-8ba5-1f749ed0d12f', 'name': '', 'network_id': 'a25c82cc-0181-4c48-9d6c-f4de237e2f8d', 'tenant_id': '', 'mac_address': 'fa:16:3e:e4:cf:3a', 'admin_state_up': True, 'status': 'DOWN', 'device_id': 'cc7641cb-3702-41f9-bb0a-440418ce5141', 'device_owner': 'network:router_gateway', 'standard_attr_id': 309, 'fixed_ips': [{'subnet_id': 'babf84bf-53a6-4f86-911d-d0b82810d680', 'ip_address': '172.25.5.210', 'prefixlen': 24}], 'allowed_address_pairs': [], 'extra_dhcp_opts': [], 'security_groups': [], 'description': '', 'binding:vnic_type': 'normal', 'binding:profile': {}, 'binding:host_id': 'n-d-838934-9', 'binding:vif_type': 'ovs', 'binding:vif_details': {'connectivity': 'l2', 'port_filter': True, 'ovs_hybrid_plug': False, 'datapath_type': 'system', 'bridge_name': 'br-int', 'bound_drivers': {'0': 'openvswitch'}}, 'port_security_enabled': False, 'tags': [], 'created_at': '2022-04-29T19:22:59Z', 'updated_at': '2022-04-29T19:23:05Z', 'revision_number': 3, 'project_id': '', 'subnets': [{'id': 'babf84bf-53a6-4f86-911d-d0b82810d680', 'cidr': '172.25.5.0/24', 'gateway_ip': '172.25.5.1', 'dns_nameservers': [], 'ipv6_ra_mode': None, 'subnetpool_id': None}], 'extra_subnets': [], 'address_scopes': {4: None, 6: None}, 'mtu': 1500}, 'enable_snat': True, 'gw_port_host': 'n-d-838934-9', '_interfaces': [{'id': '0213df35-bf51-4ecb-a6c8-70cff0939a95', 'name': '', 'network_id': 'c0d635c8-cbf8-4e55-9eda-1234ad18922d', 'tenant_id': 'a0e7dbca3e6b4a25b214274c49a34875', 'mac_address': 'fa:16:3e:e6:ac:27', 'admin_state_up': True, 'status': 'DOWN', 'device_id': 'cc7641cb-3702-41f9-bb0a-440418ce5141', 'device_owner': 'network:router_interface', 'standard_attr_id': 321, 'fixed_ips': [{'subnet_id': 'e54bc1d0-9424-4537-942c-563afbb79e23', 'ip_address': '172.20.0.1', 'prefixlen': 28}], 'allowed_address_pairs': [], 'extra_dhcp_opts': [], 'security_groups': [], 'description': '', 'binding:vnic_type': 'normal', 'binding:profile': {}, 'binding:host_id': '', 'binding:vif_type': 'unbound', 'binding:vif_details': {}, 'port_security_enabled': False, 'tags': [], 'created_at': '2022-04-29T19:23:05Z', 'updated_at': '2022-04-29T19:23:07Z', 'revision_number': 2, 'project_id': 'a0e7dbca3e6b4a25b214274c49a34875', 'subnets': [{'id': 'e54bc1d0-9424-4537-942c-563afbb79e23', 'cidr': '172.20.0.0/28', 'gateway_ip': '172.20.0.1', 'dns_nameservers': [], 'ipv6_ra_mode': None, 'subnetpool_id': None}], 'extra_subnets': [], 'address_scopes': {4: None, 6: None}, 'mtu': 1500}]}], 'n-d-838934-9', False) {} {{(pid=104416) wrapper /usr/local/lib/python3.8/dist-packages/oslo_log/helpers.py:65}}
Apr 29 19:23:09.700240 n-d-838934-9 neutron-server[104415]: DEBUG neutron_lib.callbacks.manager [req-8b9b5ce0-bfac-4fec-9758-e7f8dda765da req-402c8af9-5536-4f31-bcaf-2bd9ab7f6018 tempest-FloatingIPDetailsTestJSON-1671251848 tempest-FloatingIPDetailsTestJSON-1671251848-project] Publish callbacks ['neutron.plugins.ml2.plugin.SecurityGroupDbMixin._ensure_default_security_group_handler-602533'] for port (None), before_create {{(pid=104415) _notify_loop /usr/local/lib/python3.8/dist-packages/neutron_lib/callbacks/manager.py:176}}
Apr 29 19:23:09.740643 n-d-838934-9 neutron-server[104416]: DEBUG neutron.api.rpc.handlers.l3_rpc [None req-4ec261fd-5baf-46c3-bca3-34af0fb4e30c None None] Checking router: cc7641cb-3702-41f9-bb0a-440418ce5141 for host: n-d-838934-9 {{(pid=104416) _ensure_host_set_on_ports /opt/stack/neutron/neutron/api/rpc/handlers/l3_rpc.py:155}}
Apr 29 19:23:09.741023 n-d-838934-9 neutron-server[104416]: DEBUG neutron.api.rpc.handlers.l3_rpc [None req-4ec261fd-5baf-46c3-bca3-34af0fb4e30c None None] Updating router cc7641cb-3702-41f9-bb0a-440418ce5141 port 0213df35-bf51-4ecb-a6c8-70cff0939a95 binding host n-d-838934-9 {{(pid=104416) _ensure_host_set_on_port /opt/stack/neutron/neutron/api/rpc/handlers/l3_rpc.py:205}}
Apr 29 19:23:09.779860 n-d-838934-9 neutron-server[104416]: DEBUG neutron.api.rpc.handlers.resources_rpc [None req-b304899a-cbf0-4105-8d60-9b2b044bee74 None None] Pushing event updated for resources: {'Port': ['ID=25f288e1-b8de-4e8d-8ba5-1f749ed0d12f,revision_number=4']} {{(pid=104416) push /opt/stack/neutron/neutron/api/rpc/handlers/resources_rpc.py:237}}
Apr 29 19:23:09.801922 n-d-838934-9 neutron-server[104416]: DEBUG neutron_lib.callbacks.manager [None req-4ec261fd-5baf-46c3-bca3-34af0fb4e30c None None] Publish callbacks ['neutron.plugins.ml2.plugin.SecurityGroupDbMixin._ensure_default_security_group_handler-602533'] for port (0213df35-bf51-4ecb-a6c8-70cff0939a95), before_update {{(pid=104416) _notify_loop /usr/local/lib/python3.8/dist-packages/neutron_lib/callbacks/manager.py:176}}
Apr 29 19:23:09.821751 n-d-838934-9 neutron-server[104415]: DEBUG neutron.db.db_base_plugin_common [req-8b9b5ce0-bfac-4fec-9758-e7f8dda765da req-402c8af9-5536-4f31-bcaf-2bd9ab7f6018 tempest-FloatingIPDetailsTestJSON-1671251848 tempest-FloatingIPDetailsTestJSON-1671251848-project] Allocated IP 172.25.5.170 (a25c82cc-0181-4c48-9d6c-f4de237e2f8d/babf84bf-53a6-4f86-911d-d0b82810d680/9882b67e-b9b3-418b-9f46-10934f46457f) {{(pid=104415) _store_ip_allocation /opt/stack/neutron/neutron/db/db_base_plugin_common.py:131}}
Apr 29 19:23:09.976542 n-d-838934-9 neutron-server[104415]: DEBUG neutron_lib.callbacks.manager [req-8b9b5ce0-bfac-4fec-9758-e7f8dda765da req-402c8af9-5536-4f31-bcaf-2bd9ab7f6018 tempest-FloatingIPDetailsTestJSON-1671251848 tempest-FloatingIPDetailsTestJSON-1671251848-project] Publish callbacks [] for port (9882b67e-b9b3-418b-9f46-10934f46457f), precommit_create {{(pid=104415) _notify_loop /usr/local/lib/python3.8/dist-packages/neutron_lib/callbacks/manager.py:176}}
Apr 29 19:23:10.053407 n-d-838934-9 neutron-server[104415]: DEBUG neutron.pecan_wsgi.hooks.policy_enforcement [req-1802740b-3b0e-48fe-aae9-571aa041b107 req-c28b7050-f229-4173-95cd-63ca3b524c19 tempest-ServerDiagnosticsNegativeTest-888837660 tempest-ServerDiagnosticsNegativeTest-888837660-project] Attributes excluded by policy engine: ['standard_attr_id', 'binding:profile', 'binding:host_id', 'binding:vif_type', 'binding:vif_details'] {{(pid=104415) _exclude_attributes_by_policy /opt/stack/neutron/neutron/pecan_wsgi/hooks/policy_enforcement.py:259}}
Apr 29 19:23:10.054946 n-d-838934-9 neutron-server[104415]: INFO neutron.wsgi [req-1802740b-3b0e-48fe-aae9-571aa041b107 req-c28b7050-f229-4173-95cd-63ca3b524c19 tempest-ServerDiagnosticsNegativeTest-888837660 tempest-ServerDiagnosticsNegativeTest-888837660-project] 10.222.0.24 "GET /v2.0/ports?device_id=f1fa607c-2044-4bcd-b1b3-a080e49feb4a HTTP/1.1" status: 200 len: 949 time: 0.0658338
Apr 29 19:23:10.066923 n-d-838934-9 neutron-server[104415]: DEBUG neutron_lib.callbacks.manager [req-8b9b5ce0-bfac-4fec-9758-e7f8dda765da req-402c8af9-5536-4f31-bcaf-2bd9ab7f6018 tempest-FloatingIPDetailsTestJSON-1671251848 tempest-FloatingIPDetailsTestJSON-1671251848-project] Publish callbacks ['neutron.plugins.ml2.plugin.SecurityGroupServerNotifierRpcMixin._notify_sg_on_port_change-602984', 'neutron.plugins.ml2.ovo_rpc._ObjectChangeHandler.handle_event-4094707', 'neutron.api.rpc.agentnotifiers.dhcp_rpc_agent_api.DhcpAgentNotifyAPI._native_event_send_dhcp_notification-3685100', 'neutron.db.l3_dvrscheduler_db._notify_l3_agent_new_port-8739287122279'] for port (9882b67e-b9b3-418b-9f46-10934f46457f), after_create {{(pid=104415) _notify_loop /usr/local/lib/python3.8/dist-packages/neutron_lib/callbacks/manager.py:176}}
Apr 29 19:23:10.124582 n-d-838934-9 neutron-server[104415]: DEBUG neutron.scheduler.dhcp_agent_scheduler [req-8b9b5ce0-bfac-4fec-9758-e7f8dda765da req-402c8af9-5536-4f31-bcaf-2bd9ab7f6018 tempest-FloatingIPDetailsTestJSON-1671251848 tempest-FloatingIPDetailsTestJSON-1671251848-project] Network a25c82cc-0181-4c48-9d6c-f4de237e2f8d is already hosted by enough agents. {{(pid=104415) _get_dhcp_agents_hosting_network /opt/stack/neutron/neutron/scheduler/dhcp_agent_scheduler.py:275}}
Apr 29 19:23:10.135336 n-d-838934-9 neutron-server[104415]: DEBUG neutron.scheduler.base_scheduler [req-8b9b5ce0-bfac-4fec-9758-e7f8dda765da req-402c8af9-5536-4f31-bcaf-2bd9ab7f6018 tempest-FloatingIPDetailsTestJSON-1671251848 tempest-FloatingIPDetailsTestJSON-1671251848-project] Resources bound (agent type, host, resource id): {{(pid=104415) schedule /opt/stack/neutron/neutron/scheduler/base_scheduler.py:57}}
Apr 29 19:23:10.145239 n-d-838934-9 neutron-server[104415]: DEBUG neutron.db.l3_dvrscheduler_db [req-8b9b5ce0-bfac-4fec-9758-e7f8dda765da req-402c8af9-5536-4f31-bcaf-2bd9ab7f6018 tempest-FloatingIPDetailsTestJSON-1671251848 tempest-FloatingIPDetailsTestJSON-1671251848-project] Received port after_create {{(pid=104415) _notify_l3_agent_new_port /opt/stack/neutron/neutron/db/l3_dvrscheduler_db.py:536}}
Apr 29 19:23:10.153658 n-d-838934-9 neutron-server[104415]: DEBUG neutron.api.rpc.handlers.resources_rpc [None req-402c8af9-5536-4f31-bcaf-2bd9ab7f6018 tempest-FloatingIPDetailsTestJSON-1671251848 tempest-FloatingIPDetailsTestJSON-1671251848-project] Pushing event updated for resources: {'Port': ['ID=9882b67e-b9b3-418b-9f46-10934f46457f,revision_number=1']} {{(pid=104415) push /opt/stack/neutron/neutron/api/rpc/handlers/resources_rpc.py:237}}
Apr 29 19:23:10.165741 n-d-838934-9 neutron-server[104416]: DEBUG neutron_lib.callbacks.manager [None req-4ec261fd-5baf-46c3-bca3-34af0fb4e30c None None] Publish callbacks [] for port (0213df35-bf51-4ecb-a6c8-70cff0939a95), precommit_update {{(pid=104416) _notify_loop /usr/local/lib/python3.8/dist-packages/neutron_lib/callbacks/manager.py:176}}
Apr 29 19:23:10.172094 n-d-838934-9 neutron-server[104416]: DEBUG neutron_lib.callbacks.manager [None req-4ec261fd-5baf-46c3-bca3-34af0fb4e30c None None] Publish callbacks ['neutron.plugins.ml2.plugin.SecurityGroupServerNotifierRpcMixin._notify_sg_on_port_change-602984', 'neutron.plugins.ml2.ovo_rpc._ObjectChangeHandler.handle_event-4094707', 'neutron.api.rpc.agentnotifiers.dhcp_rpc_agent_api.DhcpAgentNotifyAPI._native_event_send_dhcp_notification-3685100', 'neutron.db.l3_db.L3RpcNotifierMixin._notify_gateway_port_ip_changed-8739287659987', 'neutron.db.l3_dvrscheduler_db._notify_l3_agent_port_update-8739287122297', 'neutron.db.l3_hascheduler_db._notify_l3_agent_ha_port_update-8739287122315'] for port (0213df35-bf51-4ecb-a6c8-70cff0939a95), after_update {{(pid=104416) _notify_loop /usr/local/lib/python3.8/dist-packages/neutron_lib/callbacks/manager.py:176}}
Apr 29 19:23:10.208816 n-d-838934-9 neutron-server[104416]: DEBUG neutron.plugins.ml2.rpc [None req-92afa3ec-5f61-4742-acf4-eb7cbe6cecea None None] Device 3b8ece80-7770-474e-a6ae-691f0954a477 up at agent hyperv_n-h2-838934-9 {{(pid=104416) update_device_up /opt/stack/neutron/neutron/plugins/ml2/rpc.py:296}}
Apr 29 19:23:10.255839 n-d-838934-9 neutron-server[104416]: DEBUG neutron.api.rpc.handlers.resources_rpc [None req-d431a2cc-74a0-40ef-933e-e5d2d1a6d379 None None] Pushing event updated for resources: {'Port': ['ID=0213df35-bf51-4ecb-a6c8-70cff0939a95,revision_number=3']} {{(pid=104416) push /opt/stack/neutron/neutron/api/rpc/handlers/resources_rpc.py:237}}
Apr 29 19:23:10.261079 n-d-838934-9 neutron-server[104415]: DEBUG neutron_lib.callbacks.manager [req-8b9b5ce0-bfac-4fec-9758-e7f8dda765da req-402c8af9-5536-4f31-bcaf-2bd9ab7f6018 tempest-FloatingIPDetailsTestJSON-1671251848 tempest-FloatingIPDetailsTestJSON-1671251848-project] Publish callbacks [] for floatingip (920f34b0-e5bd-4144-af4d-f09c0b8e01f5), precommit_create {{(pid=104415) _notify_loop /usr/local/lib/python3.8/dist-packages/neutron_lib/callbacks/manager.py:176}}
Apr 29 19:23:10.277078 n-d-838934-9 neutron-server[104415]: DEBUG neutron.api.rpc.callbacks.version_manager [None req-402c8af9-5536-4f31-bcaf-2bd9ab7f6018 tempest-FloatingIPDetailsTestJSON-1671251848 tempest-FloatingIPDetailsTestJSON-1671251848-project] Version for resource type AddressGroup changed None to 1.2 on consumer Open vSwitch agent@n-d-838934-9 {{(pid=104415) _set_version /opt/stack/neutron/neutron/api/rpc/callbacks/version_manager.py:113}}
Apr 29 19:23:10.277564 n-d-838934-9 neutron-server[104415]: DEBUG neutron.api.rpc.callbacks.version_manager [None req-402c8af9-5536-4f31-bcaf-2bd9ab7f6018 tempest-FloatingIPDetailsTestJSON-1671251848 tempest-FloatingIPDetailsTestJSON-1671251848-project] Version for resource type Agent changed None to 1.1 on consumer Open vSwitch agent@n-d-838934-9 {{(pid=104415) _set_version /opt/stack/neutron/neutron/api/rpc/callbacks/version_manager.py:113}}
Apr 29 19:23:10.278057 n-d-838934-9 neutron-server[104415]: DEBUG neutron.api.rpc.callbacks.version_manager [None req-402c8af9-5536-4f31-bcaf-2bd9ab7f6018 tempest-FloatingIPDetailsTestJSON-1671251848 tempest-FloatingIPDetailsTestJSON-1671251848-project] Version for resource type ConntrackHelper changed None to 1.0 on consumer Open vSwitch agent@n-d-838934-9 {{(pid=104415) _set_version /opt/stack/neutron/neutron/api/rpc/callbacks/version_manager.py:113}}
Apr 29 19:23:10.279526 n-d-838934-9 neutron-server[104415]: DEBUG neutron.api.rpc.callbacks.version_manager [None req-402c8af9-5536-4f31-bcaf-2bd9ab7f6018 tempest-FloatingIPDetailsTestJSON-1671251848 tempest-FloatingIPDetailsTestJSON-1671251848-project] Version for resource type LocalIPAssociation changed None to 1.0 on consumer Open vSwitch agent@n-d-838934-9 {{(pid=104415) _set_version /opt/stack/neutron/neutron/api/rpc/callbacks/version_manager.py:113}}
Apr 29 19:23:10.279901 n-d-838934-9 neutron-server[104415]: DEBUG neutron.api.rpc.callbacks.version_manager [None req-402c8af9-5536-4f31-bcaf-2bd9ab7f6018 tempest-FloatingIPDetailsTestJSON-1671251848 tempest-FloatingIPDetailsTestJSON-1671251848-project] Version for resource type Log changed None to 1.0 on consumer Open vSwitch agent@n-d-838934-9 {{(pid=104415) _set_version /opt/stack/neutron/neutron/api/rpc/callbacks/version_manager.py:113}}
Apr 29 19:23:10.280416 n-d-838934-9 neutron-server[104415]: DEBUG neutron.api.rpc.callbacks.version_manager [None req-402c8af9-5536-4f31-bcaf-2bd9ab7f6018 tempest-FloatingIPDetailsTestJSON-1671251848 tempest-FloatingIPDetailsTestJSON-1671251848-project] Version for resource type NDPProxy changed None to 1.0 on consumer Open vSwitch agent@n-d-838934-9 {{(pid=104415) _set_version /opt/stack/neutron/neutron/api/rpc/callbacks/version_manager.py:113}}
Apr 29 19:23:10.280873 n-d-838934-9 neutron-server[104415]: DEBUG neutron.api.rpc.callbacks.version_manager [None req-402c8af9-5536-4f31-bcaf-2bd9ab7f6018 tempest-FloatingIPDetailsTestJSON-1671251848 tempest-FloatingIPDetailsTestJSON-1671251848-project] Version for resource type Network changed None to 1.1 on consumer Open vSwitch agent@n-d-838934-9 {{(pid=104415) _set_version /opt/stack/neutron/neutron/api/rpc/callbacks/version_manager.py:113}}
Apr 29 19:23:10.281217 n-d-838934-9 neutron-server[104415]: DEBUG neutron.api.rpc.callbacks.version_manager [None req-402c8af9-5536-4f31-bcaf-2bd9ab7f6018 tempest-FloatingIPDetailsTestJSON-1671251848 tempest-FloatingIPDetailsTestJSON-1671251848-project] Version for resource type Port changed None to 1.7 on consumer Open vSwitch agent@n-d-838934-9 {{(pid=104415) _set_version /opt/stack/neutron/neutron/api/rpc/callbacks/version_manager.py:113}}
Apr 29 19:23:10.281680 n-d-838934-9 neutron-server[104415]: DEBUG neutron.api.rpc.callbacks.version_manager [None req-402c8af9-5536-4f31-bcaf-2bd9ab7f6018 tempest-FloatingIPDetailsTestJSON-1671251848 tempest-FloatingIPDetailsTestJSON-1671251848-project] Version for resource type PortForwarding changed None to 1.3 on consumer Open vSwitch agent@n-d-838934-9 {{(pid=104415) _set_version /opt/stack/neutron/neutron/api/rpc/callbacks/version_manager.py:113}}
Apr 29 19:23:10.282142 n-d-838934-9 neutron-server[104415]: DEBUG neutron.api.rpc.callbacks.version_manager [None req-402c8af9-5536-4f31-bcaf-2bd9ab7f6018 tempest-FloatingIPDetailsTestJSON-1671251848 tempest-FloatingIPDetailsTestJSON-1671251848-project] Version for resource type QosPolicy changed None to 1.10 on consumer Open vSwitch agent@n-d-838934-9 {{(pid=104415) _set_version /opt/stack/neutron/neutron/api/rpc/callbacks/version_manager.py:113}}
Apr 29 19:23:10.282803 n-d-838934-9 neutron-server[104415]: DEBUG neutron.api.rpc.callbacks.version_manager [None req-402c8af9-5536-4f31-bcaf-2bd9ab7f6018 tempest-FloatingIPDetailsTestJSON-1671251848 tempest-FloatingIPDetailsTestJSON-1671251848-project] Version for resource type SecurityGroup changed None to 1.5 on consumer Open vSwitch agent@n-d-838934-9 {{(pid=104415) _set_version /opt/stack/neutron/neutron/api/rpc/callbacks/version_manager.py:113}}
Apr 29 19:23:10.283148 n-d-838934-9 neutron-server[104415]: DEBUG neutron.api.rpc.callbacks.version_manager [None req-402c8af9-5536-4f31-bcaf-2bd9ab7f6018 tempest-FloatingIPDetailsTestJSON-1671251848 tempest-FloatingIPDetailsTestJSON-1671251848-project] Version for resource type SecurityGroupRule changed None to 1.2 on consumer Open vSwitch agent@n-d-838934-9 {{(pid=104415) _set_version /opt/stack/neutron/neutron/api/rpc/callbacks/version_manager.py:113}}
Apr 29 19:23:10.283474 n-d-838934-9 neutron-server[104415]: DEBUG neutron.api.rpc.callbacks.version_manager [None req-402c8af9-5536-4f31-bcaf-2bd9ab7f6018 tempest-FloatingIPDetailsTestJSON-1671251848 tempest-FloatingIPDetailsTestJSON-1671251848-project] Version for resource type SubPort changed None to 1.0 on consumer Open vSwitch agent@n-d-838934-9 {{(pid=104415) _set_version /opt/stack/neutron/neutron/api/rpc/callbacks/version_manager.py:113}}
Apr 29 19:23:10.283795 n-d-838934-9 neutron-server[104415]: DEBUG neutron.api.rpc.callbacks.version_manager [None req-402c8af9-5536-4f31-bcaf-2bd9ab7f6018 tempest-FloatingIPDetailsTestJSON-1671251848 tempest-FloatingIPDetailsTestJSON-1671251848-project] Version for resource type Subnet changed None to 1.1 on consumer Open vSwitch agent@n-d-838934-9 {{(pid=104415) _set_version /opt/stack/neutron/neutron/api/rpc/callbacks/version_manager.py:113}}
Apr 29 19:23:10.284110 n-d-838934-9 neutron-server[104415]: DEBUG neutron.api.rpc.callbacks.version_manager [None req-402c8af9-5536-4f31-bcaf-2bd9ab7f6018 tempest-FloatingIPDetailsTestJSON-1671251848 tempest-FloatingIPDetailsTestJSON-1671251848-project] Version for resource type Trunk changed None to 1.1 on consumer Open vSwitch agent@n-d-838934-9 {{(pid=104415) _set_version /opt/stack/neutron/neutron/api/rpc/callbacks/version_manager.py:113}}
Apr 29 19:23:10.307150 n-d-838934-9 neutron-server[104415]: INFO neutron.wsgi [req-1802740b-3b0e-48fe-aae9-571aa041b107 req-6d117901-e0ca-4cbc-8d05-c6248717fe62 tempest-ServerDiagnosticsNegativeTest-888837660 tempest-ServerDiagnosticsNegativeTest-888837660-project] 10.222.0.24 "GET /v2.0/security-groups?id=191b7ea3-c071-4031-b2ab-5b09e162bb62&fields=id&fields=name HTTP/1.1" status: 200 len: 286 time: 0.2351305
Apr 29 19:23:10.360566 n-d-838934-9 neutron-server[104416]: DEBUG neutron.plugins.ml2.rpc [None req-b304899a-cbf0-4105-8d60-9b2b044bee74 None None] Device 25f288e1-b8de-4e8d-8ba5-1f749ed0d12f up at agent ovs-agent-n-d-838934-9 {{(pid=104416) update_device_up /opt/stack/neutron/neutron/plugins/ml2/rpc.py:296}}
Apr 29 19:23:10.375292 n-d-838934-9 neutron-server[104415]: DEBUG neutron_lib.callbacks.manager [req-8b9b5ce0-bfac-4fec-9758-e7f8dda765da req-402c8af9-5536-4f31-bcaf-2bd9ab7f6018 tempest-FloatingIPDetailsTestJSON-1671251848 tempest-FloatingIPDetailsTestJSON-1671251848-project] Publish callbacks ['neutron.plugins.ml2.plugin.SecurityGroupDbMixin._ensure_default_security_group_handler-602533'] for port (9882b67e-b9b3-418b-9f46-10934f46457f), before_update {{(pid=104415) _notify_loop /usr/local/lib/python3.8/dist-packages/neutron_lib/callbacks/manager.py:176}}
Apr 29 19:23:10.412881 n-d-838934-9 neutron-server[104416]: DEBUG novaclient.v2.client [-] RESP: [200] Connection: close Content-Length: 183 Content-Type: application/json Date: Fri, 29 Apr 2022 19:23:09 GMT OpenStack-API-Version: compute 2.1 Server: Apache/2.4.41 (Ubuntu) Vary: OpenStack-API-Version,X-OpenStack-Nova-API-Version X-OpenStack-Nova-API-Version: 2.1 x-compute-request-id: req-35621bfe-1c59-4326-b42e-4607fd9df60d x-openstack-request-id: req-35621bfe-1c59-4326-b42e-4607fd9df60d {{(pid=104416) _http_log_response /usr/local/lib/python3.8/dist-packages/keystoneauth1/session.py:550}}
Apr 29 19:23:10.413231 n-d-838934-9 neutron-server[104416]: DEBUG novaclient.v2.client [-] RESP BODY: {"events": [{"server_uuid": "fcd54d73-4a4f-401e-a235-42c6a5296650", "name": "network-vif-plugged", "status": "completed", "tag": "3a9ebb98-f9f4-4374-bbec-0f34d7c40a89", "code": 200}]} {{(pid=104416) _http_log_response /usr/local/lib/python3.8/dist-packages/keystoneauth1/session.py:582}}
Apr 29 19:23:10.413496 n-d-838934-9 neutron-server[104416]: DEBUG novaclient.v2.client [-] POST call to compute for http://10.222.0.24/compute/v2.1/os-server-external-events used request id req-35621bfe-1c59-4326-b42e-4607fd9df60d {{(pid=104416) request /usr/local/lib/python3.8/dist-packages/keystoneauth1/session.py:954}}
Apr 29 19:23:10.414017 n-d-838934-9 neutron-server[104416]: INFO neutron.notifiers.nova [-] Nova event matching ['req-35621bfe-1c59-4326-b42e-4607fd9df60d'] response: {'server_uuid': 'fcd54d73-4a4f-401e-a235-42c6a5296650', 'name': 'network-vif-plugged', 'status': 'completed', 'tag': '3a9ebb98-f9f4-4374-bbec-0f34d7c40a89', 'code': 200}
Apr 29 19:23:10.429663 n-d-838934-9 neutron-server[104416]: DEBUG neutron.plugins.ml2.managers [None req-4ec261fd-5baf-46c3-bca3-34af0fb4e30c None None] Attempting to bind port 0213df35-bf51-4ecb-a6c8-70cff0939a95 on host n-d-838934-9 for vnic_type normal with profile {{(pid=104416) bind_port /opt/stack/neutron/neutron/plugins/ml2/managers.py:795}}
Apr 29 19:23:10.430083 n-d-838934-9 neutron-server[104416]: DEBUG neutron.plugins.ml2.managers [None req-4ec261fd-5baf-46c3-bca3-34af0fb4e30c None None] Attempting to bind port 0213df35-bf51-4ecb-a6c8-70cff0939a95 by drivers openvswitch,hyperv on host n-d-838934-9 at level 0 using segments [{'id': '82788735-6695-4b46-ae37-14ad7007bd29', 'network_type': 'vlan', 'physical_network': 'physnet1', 'segmentation_id': 208, 'network_id': 'c0d635c8-cbf8-4e55-9eda-1234ad18922d'}] {{(pid=104416) _bind_port_level /opt/stack/neutron/neutron/plugins/ml2/managers.py:820}}
Apr 29 19:23:10.430423 n-d-838934-9 neutron-server[104416]: DEBUG neutron.plugins.ml2.drivers.mech_agent [None req-4ec261fd-5baf-46c3-bca3-34af0fb4e30c None None] Attempting to bind port 0213df35-bf51-4ecb-a6c8-70cff0939a95 on network c0d635c8-cbf8-4e55-9eda-1234ad18922d {{(pid=104416) bind_port /opt/stack/neutron/neutron/plugins/ml2/drivers/mech_agent.py:91}}
Apr 29 19:23:10.459314 n-d-838934-9 neutron-server[104416]: DEBUG neutron.db.provisioning_blocks [None req-92afa3ec-5f61-4742-acf4-eb7cbe6cecea None None] Provisioning for port 3b8ece80-7770-474e-a6ae-691f0954a477 completed by entity L2. {{(pid=104416) provisioning_complete /opt/stack/neutron/neutron/db/provisioning_blocks.py:137}}
Apr 29 19:23:10.468097 n-d-838934-9 neutron-server[104416]: DEBUG neutron.plugins.ml2.rpc [None req-4dce5c2e-716f-4f2a-ba16-c3c3dc719cea None None] Device 1311877b-0501-4198-9127-5adf47f98e7c details requested by agent hyperv_n-h1-838934-9 with host n-h1-838934-9 {{(pid=104416) get_device_details /opt/stack/neutron/neutron/plugins/ml2/rpc.py:102}}
