Apr 29 19:22:13.075885 n-d-838934-9 devstack@placement-api.service[104897]: INFO placement.requestlog [req-5d9001c7-0d28-489c-b65c-43acf0740abf req-e51c21f2-60a2-486f-b7b9-5ea58168a62a service placement] 10.222.0.24 "PUT /placement/resource_providers/da5086a7-5993-4560-93f6-ef93a1acf190/aggregates" status: 200 len: 53 microversion: 1.19
Apr 29 19:22:13.082091 n-d-838934-9 devstack@placement-api.service[104897]: [pid: 104897|app: 0|req: 18/30] 10.222.0.24 () {64 vars in 1477 bytes} [Fri Apr 29 19:22:13 2022] PUT /placement/resource_providers/da5086a7-5993-4560-93f6-ef93a1acf190/aggregates => generated 53 bytes in 68 msecs (HTTP/1.1 200) 8 headers in 295 bytes (1 switches on core 0)
Apr 29 19:22:13.090370 n-d-838934-9 devstack@placement-api.service[104896]: DEBUG placement.objects.research_context [req-63179c9f-719b-4cb6-b9dc-ba3fd9636851 req-9709777f-18aa-4a45-92b8-59a85bbe13d8 service placement] found 2 providers with available 1 DISK_GB {{(pid=104896) get_provider_ids_matching /opt/stack/placement/placement/objects/research_context.py:563}}
Apr 29 19:22:13.094268 n-d-838934-9 devstack@placement-api.service[104896]: DEBUG placement.objects.research_context [req-63179c9f-719b-4cb6-b9dc-ba3fd9636851 req-9709777f-18aa-4a45-92b8-59a85bbe13d8 service placement] found 2 providers with available 1024 MEMORY_MB {{(pid=104896) get_provider_ids_matching /opt/stack/placement/placement/objects/research_context.py:563}}
Apr 29 19:22:13.095239 n-d-838934-9 devstack@placement-api.service[104896]: DEBUG placement.objects.research_context [req-63179c9f-719b-4cb6-b9dc-ba3fd9636851 req-9709777f-18aa-4a45-92b8-59a85bbe13d8 service placement] found 2 providers after filtering by previous result {{(pid=104896) get_provider_ids_matching /opt/stack/placement/placement/objects/research_context.py:594}}
Apr 29 19:22:13.096901 n-d-838934-9 devstack@placement-api.service[104896]: DEBUG placement.objects.research_context [req-63179c9f-719b-4cb6-b9dc-ba3fd9636851 req-9709777f-18aa-4a45-92b8-59a85bbe13d8 service placement] found 2 providers with available 1 VCPU {{(pid=104896) get_provider_ids_matching /opt/stack/placement/placement/objects/research_context.py:563}}
Apr 29 19:22:13.097777 n-d-838934-9 devstack@placement-api.service[104896]: DEBUG placement.objects.research_context [req-63179c9f-719b-4cb6-b9dc-ba3fd9636851 req-9709777f-18aa-4a45-92b8-59a85bbe13d8 service placement] found 2 providers after filtering by previous result {{(pid=104896) get_provider_ids_matching /opt/stack/placement/placement/objects/research_context.py:594}}
Apr 29 19:22:13.137190 n-d-838934-9 devstack@placement-api.service[104896]: DEBUG placement.objects.allocation_candidate [req-63179c9f-719b-4cb6-b9dc-ba3fd9636851 req-9709777f-18aa-4a45-92b8-59a85bbe13d8 service placement] RequestGroup(use_same_provider=False, resources={DISK_GB:1, MEMORY_MB:1024, VCPU:1}, traits=(), aggregates=[]) (suffix '') returned 2 matches {{(pid=104896) _get_by_requests /opt/stack/placement/placement/objects/allocation_candidate.py:156}}
Apr 29 19:22:13.141614 n-d-838934-9 devstack@placement-api.service[104896]: DEBUG placement.objects.allocation_candidate [req-63179c9f-719b-4cb6-b9dc-ba3fd9636851 req-9709777f-18aa-4a45-92b8-59a85bbe13d8 service placement] Merging candidates yields 2 allocation requests and 2 provider summaries {{(pid=104896) _merge_candidates /opt/stack/placement/placement/objects/allocation_candidate.py:809}}
Apr 29 19:22:13.144176 n-d-838934-9 devstack@placement-api.service[104896]: INFO placement.requestlog [req-63179c9f-719b-4cb6-b9dc-ba3fd9636851 req-9709777f-18aa-4a45-92b8-59a85bbe13d8 service placement] 10.222.0.24 "GET /placement/allocation_candidates?limit=1000&resources=DISK_GB%3A1%2CMEMORY_MB%3A1024%2CVCPU%3A1&root_required=%21COMPUTE_STATUS_DISABLED" status: 200 len: 1303 microversion: 1.36
Apr 29 19:22:13.145140 n-d-838934-9 devstack@placement-api.service[104896]: [pid: 104896|app: 0|req: 13/31] 10.222.0.24 () {60 vars in 1506 bytes} [Fri Apr 29 19:22:12 2022] GET /placement/allocation_candidates?limit=1000&resources=DISK_GB%3A1%2CMEMORY_MB%3A1024%2CVCPU%3A1&root_required=%21COMPUTE_STATUS_DISABLED => generated 1303 bytes in 391 msecs (HTTP/1.1 200) 8 headers in 297 bytes (1 switches on core 0)
Apr 29 19:22:13.436495 n-d-838934-9 devstack@placement-api.service[104897]: DEBUG placement.requestlog [req-63179c9f-719b-4cb6-b9dc-ba3fd9636851 req-9b1b438e-1ada-480f-9218-8e5feb4c5563 None None] Starting request: 10.222.0.24 "GET /placement/allocations/7b4b77ce-2521-4063-a59a-5638979f34d1" {{(pid=104897) __call__ /opt/stack/placement/placement/requestlog.py:55}}
Apr 29 19:22:13.473182 n-d-838934-9 devstack@placement-api.service[104897]: INFO placement.requestlog [req-63179c9f-719b-4cb6-b9dc-ba3fd9636851 req-9b1b438e-1ada-480f-9218-8e5feb4c5563 service placement] 10.222.0.24 "GET /placement/allocations/7b4b77ce-2521-4063-a59a-5638979f34d1" status: 200 len: 19 microversion: 1.28
Apr 29 19:22:13.476592 n-d-838934-9 devstack@placement-api.service[104897]: [pid: 104897|app: 0|req: 19/32] 10.222.0.24 () {60 vars in 1380 bytes} [Fri Apr 29 19:22:13 2022] GET /placement/allocations/7b4b77ce-2521-4063-a59a-5638979f34d1 => generated 19 bytes in 41 msecs (HTTP/1.1 200) 8 headers in 295 bytes (1 switches on core 0)
Apr 29 19:22:13.484236 n-d-838934-9 devstack@placement-api.service[104896]: DEBUG placement.requestlog [req-63179c9f-719b-4cb6-b9dc-ba3fd9636851 req-2e785357-6b4e-4d0e-85a5-9d965110a667 None None] Starting request: 10.222.0.24 "PUT /placement/allocations/7b4b77ce-2521-4063-a59a-5638979f34d1" {{(pid=104896) __call__ /opt/stack/placement/placement/requestlog.py:55}}
Apr 29 19:22:13.543180 n-d-838934-9 devstack@placement-api.service[104897]: DEBUG placement.requestlog [req-c68877b2-2d75-4cd9-a2bb-a97a2803dbc2 req-7a685568-1a5a-4c54-8591-10f14a2d29c3 None None] Starting request: 10.222.0.24 "GET /placement/resource_providers?name=n-h2-838934-9" {{(pid=104897) __call__ /opt/stack/placement/placement/requestlog.py:55}}
Apr 29 19:22:13.564364 n-d-838934-9 devstack@placement-api.service[104897]: INFO placement.requestlog [req-c68877b2-2d75-4cd9-a2bb-a97a2803dbc2 req-7a685568-1a5a-4c54-8591-10f14a2d29c3 service placement] 10.222.0.24 "GET /placement/resource_providers?name=n-h2-838934-9" status: 200 len: 440 microversion: 1.0
Apr 29 19:22:13.565300 n-d-838934-9 devstack@placement-api.service[104897]: [pid: 104897|app: 0|req: 20/33] 10.222.0.24 () {58 vars in 1274 bytes} [Fri Apr 29 19:22:13 2022] GET /placement/resource_providers?name=n-h2-838934-9 => generated 440 bytes in 22 msecs (HTTP/1.1 200) 6 headers in 224 bytes (1 switches on core 0)
Apr 29 19:22:13.573496 n-d-838934-9 devstack@placement-api.service[104897]: DEBUG placement.requestlog [req-c68877b2-2d75-4cd9-a2bb-a97a2803dbc2 req-26ce13dd-8a3c-4e8d-b564-8a8fbd35fc2b None None] Starting request: 10.222.0.24 "GET /placement/resource_providers/da5086a7-5993-4560-93f6-ef93a1acf190/aggregates" {{(pid=104897) __call__ /opt/stack/placement/placement/requestlog.py:55}}
Apr 29 19:22:13.616323 n-d-838934-9 devstack@placement-api.service[104897]: INFO placement.requestlog [req-c68877b2-2d75-4cd9-a2bb-a97a2803dbc2 req-26ce13dd-8a3c-4e8d-b564-8a8fbd35fc2b service placement] 10.222.0.24 "GET /placement/resource_providers/da5086a7-5993-4560-93f6-ef93a1acf190/aggregates" status: 200 len: 53 microversion: 1.19
Apr 29 19:22:13.616323 n-d-838934-9 devstack@placement-api.service[104897]: [pid: 104897|app: 0|req: 21/34] 10.222.0.24 () {60 vars in 1425 bytes} [Fri Apr 29 19:22:13 2022] GET /placement/resource_providers/da5086a7-5993-4560-93f6-ef93a1acf190/aggregates => generated 53 bytes in 43 msecs (HTTP/1.1 200) 8 headers in 295 bytes (2 switches on core 0)
Apr 29 19:22:13.641041 n-d-838934-9 devstack@placement-api.service[104897]: DEBUG placement.requestlog [req-c68877b2-2d75-4cd9-a2bb-a97a2803dbc2 req-5f92dcff-2362-496c-b0dd-dfa24c715356 None None] Starting request: 10.222.0.24 "PUT /placement/resource_providers/da5086a7-5993-4560-93f6-ef93a1acf190/aggregates" {{(pid=104897) __call__ /opt/stack/placement/placement/requestlog.py:55}}
Apr 29 19:22:13.669496 n-d-838934-9 devstack@placement-api.service[104897]: DEBUG placement.objects.resource_provider [req-c68877b2-2d75-4cd9-a2bb-a97a2803dbc2 req-5f92dcff-2362-496c-b0dd-dfa24c715356 service placement] _ensure_aggregate() did not find aggregate 6fe71971-9104-4661-962c-84a419f16a01. Attempting to create it. {{(pid=104897) _ensure_aggregate /opt/stack/placement/placement/objects/resource_provider.py:321}}
Apr 29 19:22:13.671994 n-d-838934-9 devstack@placement-api.service[104897]: DEBUG placement.objects.resource_provider [req-c68877b2-2d75-4cd9-a2bb-a97a2803dbc2 req-5f92dcff-2362-496c-b0dd-dfa24c715356 service placement] _ensure_aggregate() created new aggregate 6fe71971-9104-4661-962c-84a419f16a01 (id=2). {{(pid=104897) _ensure_aggregate /opt/stack/placement/placement/objects/resource_provider.py:327}}
Apr 29 19:22:13.675555 n-d-838934-9 devstack@placement-api.service[104897]: DEBUG placement.objects.resource_provider [req-c68877b2-2d75-4cd9-a2bb-a97a2803dbc2 req-5f92dcff-2362-496c-b0dd-dfa24c715356 service placement] Setting aggregates for provider da5086a7-5993-4560-93f6-ef93a1acf190. Successfully associated aggregate 6fe71971-9104-4661-962c-84a419f16a01. {{(pid=104897) _set_aggregates /opt/stack/placement/placement/objects/resource_provider.py:389}}
Apr 29 19:22:13.688969 n-d-838934-9 devstack@placement-api.service[104897]: INFO placement.requestlog [req-c68877b2-2d75-4cd9-a2bb-a97a2803dbc2 req-5f92dcff-2362-496c-b0dd-dfa24c715356 service placement] 10.222.0.24 "PUT /placement/resource_providers/da5086a7-5993-4560-93f6-ef93a1acf190/aggregates" status: 200 len: 91 microversion: 1.19
Apr 29 19:22:13.689875 n-d-838934-9 devstack@placement-api.service[104897]: [pid: 104897|app: 0|req: 22/35] 10.222.0.24 () {64 vars in 1477 bytes} [Fri Apr 29 19:22:13 2022] PUT /placement/resource_providers/da5086a7-5993-4560-93f6-ef93a1acf190/aggregates => generated 91 bytes in 49 msecs (HTTP/1.1 200) 8 headers in 295 bytes (1 switches on core 0)
Apr 29 19:22:13.804664 n-d-838934-9 devstack@placement-api.service[104896]: DEBUG placement.handlers.allocation [req-63179c9f-719b-4cb6-b9dc-ba3fd9636851 req-2e785357-6b4e-4d0e-85a5-9d965110a667 service placement] Successfully wrote allocations [, , ] {{(pid=104896) _update_consumers_and_create_allocations /opt/stack/placement/placement/handlers/allocation.py:462}}
Apr 29 19:22:13.815695 n-d-838934-9 devstack@placement-api.service[104896]: INFO placement.requestlog [req-63179c9f-719b-4cb6-b9dc-ba3fd9636851 req-2e785357-6b4e-4d0e-85a5-9d965110a667 service placement] 10.222.0.24 "PUT /placement/allocations/7b4b77ce-2521-4063-a59a-5638979f34d1" status: 204 len: 0 microversion: 1.36
Apr 29 19:22:13.816117 n-d-838934-9 devstack@placement-api.service[104896]: [pid: 104896|app: 0|req: 14/36] 10.222.0.24 () {64 vars in 1433 bytes} [Fri Apr 29 19:22:13 2022] PUT /placement/allocations/7b4b77ce-2521-4063-a59a-5638979f34d1 => generated 0 bytes in 332 msecs (HTTP/1.1 204) 5 headers in 199 bytes (1 switches on core 0)
Apr 29 19:22:13.943058 n-d-838934-9 devstack@placement-api.service[104897]: DEBUG placement.requestlog [req-481a3ed0-51d0-496a-bc89-ab605622813e req-07ece763-7d58-4bed-88bf-ff1440e0b202 None None] Starting request: 10.222.0.24 "GET /placement/resource_providers?name=n-h2-838934-9" {{(pid=104897) __call__ /opt/stack/placement/placement/requestlog.py:55}}
Apr 29 19:22:13.955521 n-d-838934-9 devstack@placement-api.service[104897]: INFO placement.requestlog [req-481a3ed0-51d0-496a-bc89-ab605622813e req-07ece763-7d58-4bed-88bf-ff1440e0b202 service placement] 10.222.0.24 "GET /placement/resource_providers?name=n-h2-838934-9" status: 200 len: 440 microversion: 1.0
Apr 29 19:22:13.956261 n-d-838934-9 devstack@placement-api.service[104897]: [pid: 104897|app: 0|req: 23/37] 10.222.0.24 () {58 vars in 1274 bytes} [Fri Apr 29 19:22:13 2022] GET /placement/resource_providers?name=n-h2-838934-9 => generated 440 bytes in 14 msecs (HTTP/1.1 200) 6 headers in 224 bytes (1 switches on core 0)
Apr 29 19:22:13.964401 n-d-838934-9 devstack@placement-api.service[104896]: DEBUG placement.requestlog [req-481a3ed0-51d0-496a-bc89-ab605622813e req-7bc6e31a-0e3d-4a14-a39e-c4541033f3a7 None None] Starting request: 10.222.0.24 "GET /placement/resource_providers/da5086a7-5993-4560-93f6-ef93a1acf190/aggregates" {{(pid=104896) __call__ /opt/stack/placement/placement/requestlog.py:55}}
Apr 29 19:22:13.987415 n-d-838934-9 devstack@placement-api.service[104896]: INFO placement.requestlog [req-481a3ed0-51d0-496a-bc89-ab605622813e req-7bc6e31a-0e3d-4a14-a39e-c4541033f3a7 service placement] 10.222.0.24 "GET /placement/resource_providers/da5086a7-5993-4560-93f6-ef93a1acf190/aggregates" status: 200 len: 91 microversion: 1.19
Apr 29 19:22:13.988544 n-d-838934-9 devstack@placement-api.service[104896]: [pid: 104896|app: 0|req: 15/38] 10.222.0.24 () {60 vars in 1425 bytes} [Fri Apr 29 19:22:13 2022] GET /placement/resource_providers/da5086a7-5993-4560-93f6-ef93a1acf190/aggregates => generated 91 bytes in 25 msecs (HTTP/1.1 200) 8 headers in 295 bytes (1 switches on core 0)
Apr 29 19:22:13.995989 n-d-838934-9 devstack@placement-api.service[104897]: DEBUG placement.requestlog [req-481a3ed0-51d0-496a-bc89-ab605622813e req-121116e0-8438-47af-abaa-112daa023144 None None] Starting request: 10.222.0.24 "PUT /placement/resource_providers/da5086a7-5993-4560-93f6-ef93a1acf190/aggregates" {{(pid=104897) __call__ /opt/stack/placement/placement/requestlog.py:55}}
Apr 29 19:22:14.033688 n-d-838934-9 devstack@placement-api.service[104897]: DEBUG placement.objects.resource_provider [req-481a3ed0-51d0-496a-bc89-ab605622813e req-121116e0-8438-47af-abaa-112daa023144 service placement] Setting aggregates for provider da5086a7-5993-4560-93f6-ef93a1acf190. Successfully disassociated aggregate 6fe71971-9104-4661-962c-84a419f16a01. {{(pid=104897) _set_aggregates /opt/stack/placement/placement/objects/resource_provider.py:404}}
Apr 29 19:22:14.055204 n-d-838934-9 devstack@placement-api.service[104897]: INFO placement.requestlog [req-481a3ed0-51d0-496a-bc89-ab605622813e req-121116e0-8438-47af-abaa-112daa023144 service placement] 10.222.0.24 "PUT /placement/resource_providers/da5086a7-5993-4560-93f6-ef93a1acf190/aggregates" status: 200 len: 53 microversion: 1.19
Apr 29 19:22:14.056409 n-d-838934-9 devstack@placement-api.service[104897]: [pid: 104897|app: 0|req: 24/39] 10.222.0.24 () {64 vars in 1477 bytes} [Fri Apr 29 19:22:13 2022] PUT /placement/resource_providers/da5086a7-5993-4560-93f6-ef93a1acf190/aggregates => generated 53 bytes in 61 msecs (HTTP/1.1 200) 8 headers in 295 bytes (1 switches on core 0)
Apr 29 19:22:14.684645 n-d-838934-9 devstack@placement-api.service[104896]: DEBUG placement.requestlog [req-aae16b31-4c63-47aa-a9d3-fb8ee89e6708 req-fe66e771-12b4-4a34-89da-fdc2fdc4d17e None None] Starting request: 10.222.0.24 "GET /placement/resource_providers?name=n-h2-838934-9" {{(pid=104896) __call__ /opt/stack/placement/placement/requestlog.py:55}}
Apr 29 19:22:14.721806 n-d-838934-9 devstack@placement-api.service[104896]: INFO placement.requestlog [req-aae16b31-4c63-47aa-a9d3-fb8ee89e6708 req-fe66e771-12b4-4a34-89da-fdc2fdc4d17e service placement] 10.222.0.24 "GET /placement/resource_providers?name=n-h2-838934-9" status: 200 len: 440 microversion: 1.0
Apr 29 19:22:14.724787 n-d-838934-9 devstack@placement-api.service[104896]: [pid: 104896|app: 0|req: 16/40] 10.222.0.24 () {58 vars in 1274 bytes} [Fri Apr 29 19:22:14 2022] GET /placement/resource_providers?name=n-h2-838934-9 => generated 440 bytes in 40 msecs (HTTP/1.1 200) 6 headers in 224 bytes (1 switches on core 0)
Apr 29 19:22:14.731481 n-d-838934-9 devstack@placement-api.service[104897]: DEBUG placement.requestlog [req-aae16b31-4c63-47aa-a9d3-fb8ee89e6708 req-425e3b8f-335b-4e23-afe8-a074bf6474af None None] Starting request: 10.222.0.24 "GET /placement/resource_providers/da5086a7-5993-4560-93f6-ef93a1acf190/aggregates" {{(pid=104897) __call__ /opt/stack/placement/placement/requestlog.py:55}}
Apr 29 19:22:14.759110 n-d-838934-9 devstack@placement-api.service[104897]: INFO placement.requestlog [req-aae16b31-4c63-47aa-a9d3-fb8ee89e6708 req-425e3b8f-335b-4e23-afe8-a074bf6474af service placement] 10.222.0.24 "GET /placement/resource_providers/da5086a7-5993-4560-93f6-ef93a1acf190/aggregates" status: 200 len: 53 microversion: 1.19
Apr 29 19:22:14.759935 n-d-838934-9 devstack@placement-api.service[104897]: [pid: 104897|app: 0|req: 25/41] 10.222.0.24 () {60 vars in 1425 bytes} [Fri Apr 29 19:22:14 2022] GET /placement/resource_providers/da5086a7-5993-4560-93f6-ef93a1acf190/aggregates => generated 53 bytes in 30 msecs (HTTP/1.1 200) 8 headers in 295 bytes (1 switches on core 0)
Apr 29 19:22:14.768240 n-d-838934-9 devstack@placement-api.service[104896]: DEBUG placement.requestlog [req-aae16b31-4c63-47aa-a9d3-fb8ee89e6708 req-671e4692-3f34-4d1f-878b-436cd772556f None None] Starting request: 10.222.0.24 "PUT /placement/resource_providers/da5086a7-5993-4560-93f6-ef93a1acf190/aggregates" {{(pid=104896) __call__ /opt/stack/placement/placement/requestlog.py:55}}
Apr 29 19:22:14.808733 n-d-838934-9 devstack@placement-api.service[104896]: DEBUG placement.objects.resource_provider [req-aae16b31-4c63-47aa-a9d3-fb8ee89e6708 req-671e4692-3f34-4d1f-878b-436cd772556f service placement] _ensure_aggregate() did not find aggregate 3bc8f557-05f6-4ec6-bd54-a8c87b860a7c. Attempting to create it. {{(pid=104896) _ensure_aggregate /opt/stack/placement/placement/objects/resource_provider.py:321}}
Apr 29 19:22:14.818653 n-d-838934-9 devstack@placement-api.service[104896]: DEBUG placement.objects.resource_provider [req-aae16b31-4c63-47aa-a9d3-fb8ee89e6708 req-671e4692-3f34-4d1f-878b-436cd772556f service placement] _ensure_aggregate() created new aggregate 3bc8f557-05f6-4ec6-bd54-a8c87b860a7c (id=3). {{(pid=104896) _ensure_aggregate /opt/stack/placement/placement/objects/resource_provider.py:327}}
Apr 29 19:22:14.824595 n-d-838934-9 devstack@placement-api.service[104896]: DEBUG placement.objects.resource_provider [req-aae16b31-4c63-47aa-a9d3-fb8ee89e6708 req-671e4692-3f34-4d1f-878b-436cd772556f service placement] Setting aggregates for provider da5086a7-5993-4560-93f6-ef93a1acf190. Successfully associated aggregate 3bc8f557-05f6-4ec6-bd54-a8c87b860a7c. {{(pid=104896) _set_aggregates /opt/stack/placement/placement/objects/resource_provider.py:389}}
Apr 29 19:22:14.839753 n-d-838934-9 devstack@placement-api.service[104896]: INFO placement.requestlog [req-aae16b31-4c63-47aa-a9d3-fb8ee89e6708 req-671e4692-3f34-4d1f-878b-436cd772556f service placement] 10.222.0.24 "PUT /placement/resource_providers/da5086a7-5993-4560-93f6-ef93a1acf190/aggregates" status: 200 len: 91 microversion: 1.19
Apr 29 19:22:14.846022 n-d-838934-9 devstack@placement-api.service[104896]: [pid: 104896|app: 0|req: 17/42] 10.222.0.24 () {64 vars in 1477 bytes} [Fri Apr 29 19:22:14 2022] PUT /placement/resource_providers/da5086a7-5993-4560-93f6-ef93a1acf190/aggregates => generated 91 bytes in 78 msecs (HTTP/1.1 200) 8 headers in 295 bytes (1 switches on core 0)
Apr 29 19:22:14.947577 n-d-838934-9 devstack@placement-api.service[104897]: DEBUG placement.requestlog [req-63179c9f-719b-4cb6-b9dc-ba3fd9636851 req-48dae883-74b0-4b26-b928-8ae0f28c508c None None] Starting request: 10.222.0.32 "GET /placement/allocations/7b4b77ce-2521-4063-a59a-5638979f34d1" {{(pid=104897) __call__ /opt/stack/placement/placement/requestlog.py:55}}
Apr 29 19:22:15.152634 n-d-838934-9 devstack@placement-api.service[104897]: INFO placement.requestlog [req-63179c9f-719b-4cb6-b9dc-ba3fd9636851 req-48dae883-74b0-4b26-b928-8ae0f28c508c service placement] 10.222.0.32 "GET /placement/allocations/7b4b77ce-2521-4063-a59a-5638979f34d1" status: 200 len: 258 microversion: 1.28
Apr 29 19:22:15.154839 n-d-838934-9 devstack@placement-api.service[104897]: [pid: 104897|app: 0|req: 26/43] 10.222.0.32 () {60 vars in 1377 bytes} [Fri Apr 29 19:22:14 2022] GET /placement/allocations/7b4b77ce-2521-4063-a59a-5638979f34d1 => generated 258 bytes in 207 msecs (HTTP/1.1 200) 8 headers in 296 bytes (1 switches on core 0)
Apr 29 19:22:17.150142 n-d-838934-9 devstack@placement-api.service[104896]: DEBUG placement.requestlog [req-948e0b10-89d5-4c9e-b199-0d161b4531bf req-85b41fa0-3628-4e26-9f3c-34cdf3f62a9a None None] Starting request: 10.222.0.24 "GET /placement/allocation_candidates?limit=1000&member_of=in%3A3bc8f557-05f6-4ec6-bd54-a8c87b860a7c&resources=DISK_GB%3A1%2CMEMORY_MB%3A1024%2CVCPU%3A1&root_required=%21COMPUTE_STATUS_DISABLED" {{(pid=104896) __call__ /opt/stack/placement/placement/requestlog.py:55}}
Apr 29 19:22:17.289179 n-d-838934-9 devstack@placement-api.service[104896]: DEBUG placement.objects.research_context [req-948e0b10-89d5-4c9e-b199-0d161b4531bf req-85b41fa0-3628-4e26-9f3c-34cdf3f62a9a service placement] getting providers with 1 DISK_GB {{(pid=104896) __init__ /opt/stack/placement/placement/objects/research_context.py:136}}
Apr 29 19:22:17.301485 n-d-838934-9 devstack@placement-api.service[104896]: DEBUG placement.objects.research_context [req-948e0b10-89d5-4c9e-b199-0d161b4531bf req-85b41fa0-3628-4e26-9f3c-34cdf3f62a9a service placement] getting providers with 1024 MEMORY_MB {{(pid=104896) __init__ /opt/stack/placement/placement/objects/research_context.py:136}}
Apr 29 19:22:17.329562 n-d-838934-9 devstack@placement-api.service[104896]: DEBUG placement.objects.research_context [req-948e0b10-89d5-4c9e-b199-0d161b4531bf req-85b41fa0-3628-4e26-9f3c-34cdf3f62a9a service placement] getting providers with 1 VCPU {{(pid=104896) __init__ /opt/stack/placement/placement/objects/research_context.py:136}}
Apr 29 19:22:17.355139 n-d-838934-9 devstack@placement-api.service[104896]: DEBUG placement.objects.research_context [req-948e0b10-89d5-4c9e-b199-0d161b4531bf req-85b41fa0-3628-4e26-9f3c-34cdf3f62a9a service placement] found 1 providers after applying required aggregates filter ([{'3bc8f557-05f6-4ec6-bd54-a8c87b860a7c'}]) {{(pid=104896) get_provider_ids_for_traits_and_aggs /opt/stack/placement/placement/objects/research_context.py:1158}}
Apr 29 19:22:17.355667 n-d-838934-9 devstack@placement-api.service[104896]: DEBUG placement.objects.research_context [req-948e0b10-89d5-4c9e-b199-0d161b4531bf req-85b41fa0-3628-4e26-9f3c-34cdf3f62a9a service placement] found 2 providers with available 1 DISK_GB {{(pid=104896) get_provider_ids_matching /opt/stack/placement/placement/objects/research_context.py:563}}
Apr 29 19:22:17.356093 n-d-838934-9 devstack@placement-api.service[104896]: DEBUG placement.objects.research_context [req-948e0b10-89d5-4c9e-b199-0d161b4531bf req-85b41fa0-3628-4e26-9f3c-34cdf3f62a9a service placement] found 1 providers after applying initial aggregate and trait filters {{(pid=104896) get_provider_ids_matching /opt/stack/placement/placement/objects/research_context.py:575}}
Apr 29 19:22:17.356499 n-d-838934-9 devstack@placement-api.service[104896]: DEBUG placement.objects.research_context [req-948e0b10-89d5-4c9e-b199-0d161b4531bf req-85b41fa0-3628-4e26-9f3c-34cdf3f62a9a service placement] found 2 providers with available 1024 MEMORY_MB {{(pid=104896) get_provider_ids_matching /opt/stack/placement/placement/objects/research_context.py:563}}
Apr 29 19:22:17.356996 n-d-838934-9 devstack@placement-api.service[104896]: DEBUG placement.objects.research_context [req-948e0b10-89d5-4c9e-b199-0d161b4531bf req-85b41fa0-3628-4e26-9f3c-34cdf3f62a9a service placement] found 1 providers after filtering by previous result {{(pid=104896) get_provider_ids_matching /opt/stack/placement/placement/objects/research_context.py:594}}
Apr 29 19:22:17.357520 n-d-838934-9 devstack@placement-api.service[104896]: DEBUG placement.objects.research_context [req-948e0b10-89d5-4c9e-b199-0d161b4531bf req-85b41fa0-3628-4e26-9f3c-34cdf3f62a9a service placement] found 2 providers with available 1 VCPU {{(pid=104896) get_provider_ids_matching /opt/stack/placement/placement/objects/research_context.py:563}}
Apr 29 19:22:17.357998 n-d-838934-9 devstack@placement-api.service[104896]: DEBUG placement.objects.research_context [req-948e0b10-89d5-4c9e-b199-0d161b4531bf req-85b41fa0-3628-4e26-9f3c-34cdf3f62a9a service placement] found 1 providers after filtering by previous result {{(pid=104896) get_provider_ids_matching /opt/stack/placement/placement/objects/research_context.py:594}}
Apr 29 19:22:17.370785 n-d-838934-9 devstack@placement-api.service[104896]: DEBUG placement.objects.allocation_candidate [req-948e0b10-89d5-4c9e-b199-0d161b4531bf req-85b41fa0-3628-4e26-9f3c-34cdf3f62a9a service placement] RequestGroup(use_same_provider=False, resources={DISK_GB:1, MEMORY_MB:1024, VCPU:1}, traits=(), aggregates=[[3bc8f557-05f6-4ec6-bd54-a8c87b860a7c]]) (suffix '') returned 1 matches {{(pid=104896) _get_by_requests /opt/stack/placement/placement/objects/allocation_candidate.py:156}}
Apr 29 19:22:17.371416 n-d-838934-9 devstack@placement-api.service[104896]: DEBUG placement.objects.allocation_candidate [req-948e0b10-89d5-4c9e-b199-0d161b4531bf req-85b41fa0-3628-4e26-9f3c-34cdf3f62a9a service placement] Merging candidates yields 1 allocation requests and 1 provider summaries {{(pid=104896) _merge_candidates /opt/stack/placement/placement/objects/allocation_candidate.py:809}}
Apr 29 19:22:17.374010 n-d-838934-9 devstack@placement-api.service[104896]: INFO placement.requestlog [req-948e0b10-89d5-4c9e-b199-0d161b4531bf req-85b41fa0-3628-4e26-9f3c-34cdf3f62a9a service placement] 10.222.0.24 "GET /placement/allocation_candidates?limit=1000&member_of=in%3A3bc8f557-05f6-4ec6-bd54-a8c87b860a7c&resources=DISK_GB%3A1%2CMEMORY_MB%3A1024%2CVCPU%3A1&root_required=%21COMPUTE_STATUS_DISABLED" status: 200 len: 679 microversion: 1.36
Apr 29 19:22:17.386287 n-d-838934-9 devstack@placement-api.service[104896]: [pid: 104896|app: 0|req: 18/44] 10.222.0.24 () {60 vars in 1610 bytes} [Fri Apr 29 19:22:17 2022] GET /placement/allocation_candidates?limit=1000&member_of=in%3A3bc8f557-05f6-4ec6-bd54-a8c87b860a7c&resources=DISK_GB%3A1%2CMEMORY_MB%3A1024%2CVCPU%3A1&root_required=%21COMPUTE_STATUS_DISABLED => generated 679 bytes in 237 msecs (HTTP/1.1 200) 8 headers in 296 bytes (1 switches on core 0)
Apr 29 19:22:17.600769 n-d-838934-9 devstack@placement-api.service[104897]: DEBUG placement.requestlog [req-948e0b10-89d5-4c9e-b199-0d161b4531bf req-a476a442-5041-40a0-984a-00998abaafd9 None None] Starting request: 10.222.0.24 "GET /placement/allocations/77635df0-d29b-4e2f-b0e2-3c33ca182f1f" {{(pid=104897) __call__ /opt/stack/placement/placement/requestlog.py:55}}
Apr 29 19:22:17.618182 n-d-838934-9 devstack@placement-api.service[104897]: INFO placement.requestlog [req-948e0b10-89d5-4c9e-b199-0d161b4531bf req-a476a442-5041-40a0-984a-00998abaafd9 service placement] 10.222.0.24 "GET /placement/allocations/77635df0-d29b-4e2f-b0e2-3c33ca182f1f" status: 200 len: 19 microversion: 1.28
Apr 29 19:22:17.620436 n-d-838934-9 devstack@placement-api.service[104897]: [pid: 104897|app: 0|req: 27/45] 10.222.0.24 () {60 vars in 1380 bytes} [Fri Apr 29 19:22:17 2022] GET /placement/allocations/77635df0-d29b-4e2f-b0e2-3c33ca182f1f => generated 19 bytes in 20 msecs (HTTP/1.1 200) 8 headers in 295 bytes (1 switches on core 0)
Apr 29 19:22:17.629376 n-d-838934-9 devstack@placement-api.service[104896]: DEBUG placement.requestlog [req-948e0b10-89d5-4c9e-b199-0d161b4531bf req-77981584-b53a-4de0-aa3c-b0f039919df6 None None] Starting request: 10.222.0.24 "PUT /placement/allocations/77635df0-d29b-4e2f-b0e2-3c33ca182f1f" {{(pid=104896) __call__ /opt/stack/placement/placement/requestlog.py:55}}
Apr 29 19:22:17.780149 n-d-838934-9 devstack@placement-api.service[104896]: DEBUG placement.handlers.allocation [req-948e0b10-89d5-4c9e-b199-0d161b4531bf req-77981584-b53a-4de0-aa3c-b0f039919df6 service placement] Successfully wrote allocations [, , ] {{(pid=104896) _update_consumers_and_create_allocations /opt/stack/placement/placement/handlers/allocation.py:462}}
Apr 29 19:22:17.797307 n-d-838934-9 devstack@placement-api.service[104896]: INFO placement.requestlog [req-948e0b10-89d5-4c9e-b199-0d161b4531bf req-77981584-b53a-4de0-aa3c-b0f039919df6 service placement] 10.222.0.24 "PUT /placement/allocations/77635df0-d29b-4e2f-b0e2-3c33ca182f1f" status: 204 len: 0 microversion: 1.36
Apr 29 19:22:17.797928 n-d-838934-9 devstack@placement-api.service[104896]: [pid: 104896|app: 0|req: 19/46] 10.222.0.24 () {64 vars in 1433 bytes} [Fri Apr 29 19:22:17 2022] PUT /placement/allocations/77635df0-d29b-4e2f-b0e2-3c33ca182f1f => generated 0 bytes in 169 msecs (HTTP/1.1 204) 5 headers in 199 bytes (1 switches on core 0)
Apr 29 19:22:18.974788 n-d-838934-9 devstack@placement-api.service[104897]: DEBUG placement.requestlog [req-948e0b10-89d5-4c9e-b199-0d161b4531bf req-cc45ab4c-0e16-4f8c-804b-382b36dc5779 None None] Starting request: 10.222.0.32 "GET /placement/allocations/77635df0-d29b-4e2f-b0e2-3c33ca182f1f" {{(pid=104897) __call__ /opt/stack/placement/placement/requestlog.py:55}}
Apr 29 19:22:19.008518 n-d-838934-9 devstack@placement-api.service[104897]: INFO placement.requestlog [req-948e0b10-89d5-4c9e-b199-0d161b4531bf req-cc45ab4c-0e16-4f8c-804b-382b36dc5779 service placement] 10.222.0.32 "GET /placement/allocations/77635df0-d29b-4e2f-b0e2-3c33ca182f1f" status: 200 len: 258 microversion: 1.28
Apr 29 19:22:19.011466 n-d-838934-9 devstack@placement-api.service[104897]: [pid: 104897|app: 0|req: 28/47] 10.222.0.32 () {60 vars in 1377 bytes} [Fri Apr 29 19:22:18 2022] GET /placement/allocations/77635df0-d29b-4e2f-b0e2-3c33ca182f1f => generated 258 bytes in 37 msecs (HTTP/1.1 200) 8 headers in 296 bytes (1 switches on core 0)
Apr 29 19:22:40.980634 n-d-838934-9 devstack@placement-api.service[104896]: DEBUG placement.requestlog [req-bb836b2c-3cad-4270-8bf4-f7f8842cf93c req-6c60d4c6-00ee-402a-bfff-3ffe2b6438c5 None None] Starting request: 10.222.0.24 "GET /placement/allocation_candidates?limit=1000&resources=DISK_GB%3A1%2CMEMORY_MB%3A1024%2CVCPU%3A1&root_required=%21COMPUTE_STATUS_DISABLED" {{(pid=104896) __call__ /opt/stack/placement/placement/requestlog.py:55}}
Apr 29 19:22:41.019637 n-d-838934-9 devstack@placement-api.service[104896]: DEBUG placement.objects.research_context [req-bb836b2c-3cad-4270-8bf4-f7f8842cf93c req-6c60d4c6-00ee-402a-bfff-3ffe2b6438c5 service placement] getting providers with 1 DISK_GB {{(pid=104896) __init__ /opt/stack/placement/placement/objects/research_context.py:136}}
Apr 29 19:22:41.039712 n-d-838934-9 devstack@placement-api.service[104896]: DEBUG placement.objects.research_context [req-bb836b2c-3cad-4270-8bf4-f7f8842cf93c req-6c60d4c6-00ee-402a-bfff-3ffe2b6438c5 service placement] getting providers with 1024 MEMORY_MB {{(pid=104896) __init__ /opt/stack/placement/placement/objects/research_context.py:136}}
Apr 29 19:22:41.046319 n-d-838934-9 devstack@placement-api.service[104896]: DEBUG placement.objects.research_context [req-bb836b2c-3cad-4270-8bf4-f7f8842cf93c req-6c60d4c6-00ee-402a-bfff-3ffe2b6438c5 service placement] getting providers with 1 VCPU {{(pid=104896) __init__ /opt/stack/placement/placement/objects/research_context.py:136}}
Apr 29 19:22:41.054235 n-d-838934-9 devstack@placement-api.service[104896]: DEBUG placement.objects.research_context [req-bb836b2c-3cad-4270-8bf4-f7f8842cf93c req-6c60d4c6-00ee-402a-bfff-3ffe2b6438c5 service placement] found 2 providers with available 1 DISK_GB {{(pid=104896) get_provider_ids_matching /opt/stack/placement/placement/objects/research_context.py:563}}
Apr 29 19:22:41.054715 n-d-838934-9 devstack@placement-api.service[104896]: DEBUG placement.objects.research_context [req-bb836b2c-3cad-4270-8bf4-f7f8842cf93c req-6c60d4c6-00ee-402a-bfff-3ffe2b6438c5 service placement] found 2 providers with available 1024 MEMORY_MB {{(pid=104896) get_provider_ids_matching /opt/stack/placement/placement/objects/research_context.py:563}}
Apr 29 19:22:41.055149 n-d-838934-9 devstack@placement-api.service[104896]: DEBUG placement.objects.research_context [req-bb836b2c-3cad-4270-8bf4-f7f8842cf93c req-6c60d4c6-00ee-402a-bfff-3ffe2b6438c5 service placement] found 2 providers after filtering by previous result {{(pid=104896) get_provider_ids_matching /opt/stack/placement/placement/objects/research_context.py:594}}
Apr 29 19:22:41.056125 n-d-838934-9 devstack@placement-api.service[104896]: DEBUG placement.objects.research_context [req-bb836b2c-3cad-4270-8bf4-f7f8842cf93c req-6c60d4c6-00ee-402a-bfff-3ffe2b6438c5 service placement] found 2 providers with available 1 VCPU {{(pid=104896) get_provider_ids_matching /opt/stack/placement/placement/objects/research_context.py:563}}
Apr 29 19:22:41.056527 n-d-838934-9 devstack@placement-api.service[104896]: DEBUG placement.objects.research_context [req-bb836b2c-3cad-4270-8bf4-f7f8842cf93c req-6c60d4c6-00ee-402a-bfff-3ffe2b6438c5 service placement] found 2 providers after filtering by previous result {{(pid=104896) get_provider_ids_matching /opt/stack/placement/placement/objects/research_context.py:594}}
Apr 29 19:22:41.068710 n-d-838934-9 devstack@placement-api.service[104896]: DEBUG placement.objects.allocation_candidate [req-bb836b2c-3cad-4270-8bf4-f7f8842cf93c req-6c60d4c6-00ee-402a-bfff-3ffe2b6438c5 service placement] RequestGroup(use_same_provider=False, resources={DISK_GB:1, MEMORY_MB:1024, VCPU:1}, traits=(), aggregates=[]) (suffix '') returned 2 matches {{(pid=104896) _get_by_requests /opt/stack/placement/placement/objects/allocation_candidate.py:156}}
Apr 29 19:22:41.069086 n-d-838934-9 devstack@placement-api.service[104896]: DEBUG placement.objects.allocation_candidate [req-bb836b2c-3cad-4270-8bf4-f7f8842cf93c req-6c60d4c6-00ee-402a-bfff-3ffe2b6438c5 service placement] Merging candidates yields 2 allocation requests and 2 provider summaries {{(pid=104896) _merge_candidates /opt/stack/placement/placement/objects/allocation_candidate.py:809}}
Apr 29 19:22:41.070688 n-d-838934-9 devstack@placement-api.service[104896]: INFO placement.requestlog [req-bb836b2c-3cad-4270-8bf4-f7f8842cf93c req-6c60d4c6-00ee-402a-bfff-3ffe2b6438c5 service placement] 10.222.0.24 "GET /placement/allocation_candidates?limit=1000&resources=DISK_GB%3A1%2CMEMORY_MB%3A1024%2CVCPU%3A1&root_required=%21COMPUTE_STATUS_DISABLED" status: 200 len: 1306 microversion: 1.36
Apr 29 19:22:41.071076 n-d-838934-9 devstack@placement-api.service[104896]: [pid: 104896|app: 0|req: 20/48] 10.222.0.24 () {60 vars in 1506 bytes} [Fri Apr 29 19:22:40 2022] GET /placement/allocation_candidates?limit=1000&resources=DISK_GB%3A1%2CMEMORY_MB%3A1024%2CVCPU%3A1&root_required=%21COMPUTE_STATUS_DISABLED => generated 1306 bytes in 91 msecs (HTTP/1.1 200) 8 headers in 297 bytes (1 switches on core 0)
Apr 29 19:22:41.164694 n-d-838934-9 devstack@placement-api.service[104897]: DEBUG placement.requestlog [req-bb836b2c-3cad-4270-8bf4-f7f8842cf93c req-78df8beb-b28f-4609-8bae-9dff70e09edc None None] Starting request: 10.222.0.24 "GET /placement/allocations/4f1d9fd2-a101-499f-ae1b-46af5f38a7f0" {{(pid=104897) __call__ /opt/stack/placement/placement/requestlog.py:55}}
Apr 29 19:22:41.184553 n-d-838934-9 devstack@placement-api.service[104897]: INFO placement.requestlog [req-bb836b2c-3cad-4270-8bf4-f7f8842cf93c req-78df8beb-b28f-4609-8bae-9dff70e09edc service placement] 10.222.0.24 "GET /placement/allocations/4f1d9fd2-a101-499f-ae1b-46af5f38a7f0" status: 200 len: 19 microversion: 1.28
Apr 29 19:22:41.186829 n-d-838934-9 devstack@placement-api.service[104897]: [pid: 104897|app: 0|req: 29/49] 10.222.0.24 () {60 vars in 1380 bytes} [Fri Apr 29 19:22:41 2022] GET /placement/allocations/4f1d9fd2-a101-499f-ae1b-46af5f38a7f0 => generated 19 bytes in 22 msecs (HTTP/1.1 200) 8 headers in 295 bytes (1 switches on core 0)
Apr 29 19:22:41.193904 n-d-838934-9 devstack@placement-api.service[104896]: DEBUG placement.requestlog [req-bb836b2c-3cad-4270-8bf4-f7f8842cf93c req-56dc8a73-8717-4313-9f1b-6688b53f6bb9 None None] Starting request: 10.222.0.24 "PUT /placement/allocations/4f1d9fd2-a101-499f-ae1b-46af5f38a7f0" {{(pid=104896) __call__ /opt/stack/placement/placement/requestlog.py:55}}
Apr 29 19:22:41.287004 n-d-838934-9 devstack@placement-api.service[104896]: DEBUG placement.handlers.allocation [req-bb836b2c-3cad-4270-8bf4-f7f8842cf93c req-56dc8a73-8717-4313-9f1b-6688b53f6bb9 service placement] Successfully wrote allocations [, , ] {{(pid=104896) _update_consumers_and_create_allocations /opt/stack/placement/placement/handlers/allocation.py:462}}
Apr 29 19:22:41.291505 n-d-838934-9 devstack@placement-api.service[104896]: INFO placement.requestlog [req-bb836b2c-3cad-4270-8bf4-f7f8842cf93c req-56dc8a73-8717-4313-9f1b-6688b53f6bb9 service placement] 10.222.0.24 "PUT /placement/allocations/4f1d9fd2-a101-499f-ae1b-46af5f38a7f0" status: 204 len: 0 microversion: 1.36
Apr 29 19:22:41.292599 n-d-838934-9 devstack@placement-api.service[104896]: [pid: 104896|app: 0|req: 21/50] 10.222.0.24 () {64 vars in 1433 bytes} [Fri Apr 29 19:22:41 2022] PUT /placement/allocations/4f1d9fd2-a101-499f-ae1b-46af5f38a7f0 => generated 0 bytes in 99 msecs (HTTP/1.1 204) 5 headers in 199 bytes (1 switches on core 0)
Apr 29 19:22:41.717624 n-d-838934-9 devstack@placement-api.service[104897]: DEBUG placement.requestlog [req-bb836b2c-3cad-4270-8bf4-f7f8842cf93c req-cfe562ce-8104-4dc5-bc00-2e05be2d1daa None None] Starting request: 10.222.0.26 "GET /placement/allocations/4f1d9fd2-a101-499f-ae1b-46af5f38a7f0" {{(pid=104897) __call__ /opt/stack/placement/placement/requestlog.py:55}}
Apr 29 19:22:41.735232 n-d-838934-9 devstack@placement-api.service[104897]: INFO placement.requestlog [req-bb836b2c-3cad-4270-8bf4-f7f8842cf93c req-cfe562ce-8104-4dc5-bc00-2e05be2d1daa service placement] 10.222.0.26 "GET /placement/allocations/4f1d9fd2-a101-499f-ae1b-46af5f38a7f0" status: 200 len: 258 microversion: 1.28
Apr 29 19:22:41.736678 n-d-838934-9 devstack@placement-api.service[104897]: [pid: 104897|app: 0|req: 30/51] 10.222.0.26 () {60 vars in 1377 bytes} [Fri Apr 29 19:22:41 2022] GET /placement/allocations/4f1d9fd2-a101-499f-ae1b-46af5f38a7f0 => generated 258 bytes in 19 msecs (HTTP/1.1 200) 8 headers in 296 bytes (1 switches on core 0)
Apr 29 19:22:45.051471 n-d-838934-9 devstack@placement-api.service[104896]: DEBUG placement.requestlog [req-49585b58-4c5a-4c18-9a90-21fc71deb581 req-deca7ac7-ffaa-46de-aef7-ec75c6516646 None None] Starting request: 10.222.0.32 "GET /placement/resource_providers/da5086a7-5993-4560-93f6-ef93a1acf190/allocations" {{(pid=104896) __call__ /opt/stack/placement/placement/requestlog.py:55}}
Apr 29 19:22:45.096816 n-d-838934-9 devstack@placement-api.service[104896]: INFO placement.requestlog [req-49585b58-4c5a-4c18-9a90-21fc71deb581 req-deca7ac7-ffaa-46de-aef7-ec75c6516646 service placement] 10.222.0.32 "GET /placement/resource_providers/da5086a7-5993-4560-93f6-ef93a1acf190/allocations" status: 200 len: 254 microversion: 1.0
Apr 29 19:22:45.097773 n-d-838934-9 devstack@placement-api.service[104896]: [pid: 104896|app: 0|req: 22/52] 10.222.0.32 () {58 vars in 1390 bytes} [Fri Apr 29 19:22:45 2022] GET /placement/resource_providers/da5086a7-5993-4560-93f6-ef93a1acf190/allocations => generated 254 bytes in 47 msecs (HTTP/1.1 200) 6 headers in 224 bytes (1 switches on core 0)
Apr 29 19:22:47.332997 n-d-838934-9 devstack@placement-api.service[104897]: DEBUG placement.requestlog [req-737cfa9e-f3c7-4a9f-83a8-86e730bda806 req-54f7e36a-01da-40f4-bd2d-4fb2a0776efc None None] Starting request: 10.222.0.32 "DELETE /placement/allocations/77635df0-d29b-4e2f-b0e2-3c33ca182f1f" {{(pid=104897) __call__ /opt/stack/placement/placement/requestlog.py:55}}
Apr 29 19:22:47.379990 n-d-838934-9 devstack@placement-api.service[104897]: DEBUG placement.handlers.allocation [req-737cfa9e-f3c7-4a9f-83a8-86e730bda806 req-54f7e36a-01da-40f4-bd2d-4fb2a0776efc service placement] Successfully deleted allocations [, , ] {{(pid=104897) delete_allocations /opt/stack/placement/placement/handlers/allocation.py:627}}
Apr 29 19:22:47.380481 n-d-838934-9 devstack@placement-api.service[104897]: INFO placement.requestlog [req-737cfa9e-f3c7-4a9f-83a8-86e730bda806 req-54f7e36a-01da-40f4-bd2d-4fb2a0776efc service placement] 10.222.0.32 "DELETE /placement/allocations/77635df0-d29b-4e2f-b0e2-3c33ca182f1f" status: 204 len: 0 microversion: 1.0
Apr 29 19:22:47.381164 n-d-838934-9 devstack@placement-api.service[104897]: [pid: 104897|app: 0|req: 31/53] 10.222.0.32 () {60 vars in 1355 bytes} [Fri Apr 29 19:22:47 2022] DELETE /placement/allocations/77635df0-d29b-4e2f-b0e2-3c33ca182f1f => generated 0 bytes in 49 msecs (HTTP/1.1 204) 5 headers in 198 bytes (1 switches on core 0)
Apr 29 19:22:47.569294 n-d-838934-9 devstack@placement-api.service[104896]: DEBUG placement.requestlog [req-8014dfa6-5500-4643-ab67-864df0c334aa req-f43cbe87-ec14-4424-9ff8-98aa0fff8fb1 None None] Starting request: 10.222.0.32 "DELETE /placement/allocations/7b4b77ce-2521-4063-a59a-5638979f34d1" {{(pid=104896) __call__ /opt/stack/placement/placement/requestlog.py:55}}
Apr 29 19:22:47.644247 n-d-838934-9 devstack@placement-api.service[104896]: DEBUG placement.handlers.allocation [req-8014dfa6-5500-4643-ab67-864df0c334aa req-f43cbe87-ec14-4424-9ff8-98aa0fff8fb1 service placement] Successfully deleted allocations [, , ] {{(pid=104896) delete_allocations /opt/stack/placement/placement/handlers/allocation.py:627}}
Apr 29 19:22:47.645107 n-d-838934-9 devstack@placement-api.service[104896]: INFO placement.requestlog [req-8014dfa6-5500-4643-ab67-864df0c334aa req-f43cbe87-ec14-4424-9ff8-98aa0fff8fb1 service placement] 10.222.0.32 "DELETE /placement/allocations/7b4b77ce-2521-4063-a59a-5638979f34d1" status: 204 len: 0 microversion: 1.0
Apr 29 19:22:47.645681 n-d-838934-9 devstack@placement-api.service[104896]: [pid: 104896|app: 0|req: 23/54] 10.222.0.32 () {60 vars in 1355 bytes} [Fri Apr 29 19:22:47 2022] DELETE /placement/allocations/7b4b77ce-2521-4063-a59a-5638979f34d1 => generated 0 bytes in 77 msecs (HTTP/1.1 204) 5 headers in 198 bytes (1 switches on core 0)
Apr 29 19:22:48.689616 n-d-838934-9 devstack@placement-api.service[104897]: DEBUG placement.requestlog [req-5102e3e0-dc9c-4732-904e-801ba520370d req-e6a8b0d3-4a7a-401f-b3b2-74a7ffe9c42d None None] Starting request: 10.222.0.24 "GET /placement/resource_providers?name=n-h2-838934-9" {{(pid=104897) __call__ /opt/stack/placement/placement/requestlog.py:55}}
Apr 29 19:22:48.713492 n-d-838934-9 devstack@placement-api.service[104897]: INFO placement.requestlog [req-5102e3e0-dc9c-4732-904e-801ba520370d req-e6a8b0d3-4a7a-401f-b3b2-74a7ffe9c42d service placement] 10.222.0.24 "GET /placement/resource_providers?name=n-h2-838934-9" status: 200 len: 440 microversion: 1.0
Apr 29 19:22:48.714202 n-d-838934-9 devstack@placement-api.service[104897]: [pid: 104897|app: 0|req: 32/55] 10.222.0.24 () {58 vars in 1274 bytes} [Fri Apr 29 19:22:48 2022] GET /placement/resource_providers?name=n-h2-838934-9 => generated 440 bytes in 27 msecs (HTTP/1.1 200) 6 headers in 224 bytes (1 switches on core 0)
Apr 29 19:22:48.721782 n-d-838934-9 devstack@placement-api.service[104896]: DEBUG placement.requestlog [req-5102e3e0-dc9c-4732-904e-801ba520370d req-87a90859-a447-47e7-9b06-5c29aab8851c None None] Starting request: 10.222.0.24 "GET /placement/resource_providers/da5086a7-5993-4560-93f6-ef93a1acf190/aggregates" {{(pid=104896) __call__ /opt/stack/placement/placement/requestlog.py:55}}
Apr 29 19:22:48.737483 n-d-838934-9 devstack@placement-api.service[104896]: INFO placement.requestlog [req-5102e3e0-dc9c-4732-904e-801ba520370d req-87a90859-a447-47e7-9b06-5c29aab8851c service placement] 10.222.0.24 "GET /placement/resource_providers/da5086a7-5993-4560-93f6-ef93a1acf190/aggregates" status: 200 len: 91 microversion: 1.19
Apr 29 19:22:48.738290 n-d-838934-9 devstack@placement-api.service[104896]: [pid: 104896|app: 0|req: 24/56] 10.222.0.24 () {60 vars in 1425 bytes} [Fri Apr 29 19:22:48 2022] GET /placement/resource_providers/da5086a7-5993-4560-93f6-ef93a1acf190/aggregates => generated 91 bytes in 16 msecs (HTTP/1.1 200) 8 headers in 295 bytes (1 switches on core 0)
Apr 29 19:22:48.745798 n-d-838934-9 devstack@placement-api.service[104897]: DEBUG placement.requestlog [req-5102e3e0-dc9c-4732-904e-801ba520370d req-e93dd197-9f57-4911-bbdc-2bf54120cf88 None None] Starting request: 10.222.0.24 "PUT /placement/resource_providers/da5086a7-5993-4560-93f6-ef93a1acf190/aggregates" {{(pid=104897) __call__ /opt/stack/placement/placement/requestlog.py:55}}
Apr 29 19:22:48.761667 n-d-838934-9 devstack@placement-api.service[104897]: DEBUG placement.objects.resource_provider [req-5102e3e0-dc9c-4732-904e-801ba520370d req-e93dd197-9f57-4911-bbdc-2bf54120cf88 service placement] Setting aggregates for provider da5086a7-5993-4560-93f6-ef93a1acf190. Successfully disassociated aggregate 3bc8f557-05f6-4ec6-bd54-a8c87b860a7c. {{(pid=104897) _set_aggregates /opt/stack/placement/placement/objects/resource_provider.py:404}}
Apr 29 19:22:48.768844 n-d-838934-9 devstack@placement-api.service[104897]: INFO placement.requestlog [req-5102e3e0-dc9c-4732-904e-801ba520370d req-e93dd197-9f57-4911-bbdc-2bf54120cf88 service placement] 10.222.0.24 "PUT /placement/resource_providers/da5086a7-5993-4560-93f6-ef93a1acf190/aggregates" status: 200 len: 54 microversion: 1.19
Apr 29 19:22:48.770393 n-d-838934-9 devstack@placement-api.service[104897]: [pid: 104897|app: 0|req: 33/57] 10.222.0.24 () {64 vars in 1477 bytes} [Fri Apr 29 19:22:48 2022] PUT /placement/resource_providers/da5086a7-5993-4560-93f6-ef93a1acf190/aggregates => generated 54 bytes in 25 msecs (HTTP/1.1 200) 8 headers in 295 bytes (1 switches on core 0)
Apr 29 19:22:49.063320 n-d-838934-9 devstack@placement-api.service[104896]: DEBUG placement.requestlog [req-b628ac65-4e96-4ef0-9b3e-1288decd2b77 req-0a3e244a-4da3-48b9-b8cd-144c485499b2 None None] Starting request: 10.222.0.24 "GET /placement/resource_providers?name=n-h2-838934-9" {{(pid=104896) __call__ /opt/stack/placement/placement/requestlog.py:55}}
Apr 29 19:22:49.079050 n-d-838934-9 devstack@placement-api.service[104896]: INFO placement.requestlog [req-b628ac65-4e96-4ef0-9b3e-1288decd2b77 req-0a3e244a-4da3-48b9-b8cd-144c485499b2 service placement] 10.222.0.24 "GET /placement/resource_providers?name=n-h2-838934-9" status: 200 len: 441 microversion: 1.0
Apr 29 19:22:49.085254 n-d-838934-9 devstack@placement-api.service[104896]: [pid: 104896|app: 0|req: 25/58] 10.222.0.24 () {58 vars in 1274 bytes} [Fri Apr 29 19:22:49 2022] GET /placement/resource_providers?name=n-h2-838934-9 => generated 441 bytes in 22 msecs (HTTP/1.1 200) 6 headers in 224 bytes (1 switches on core 0)
Apr 29 19:22:49.093557 n-d-838934-9 devstack@placement-api.service[104897]: DEBUG placement.requestlog [req-b628ac65-4e96-4ef0-9b3e-1288decd2b77 req-8abec534-73e2-4994-a5f7-3335f3dfa750 None None] Starting request: 10.222.0.24 "GET /placement/resource_providers/da5086a7-5993-4560-93f6-ef93a1acf190/aggregates" {{(pid=104897) __call__ /opt/stack/placement/placement/requestlog.py:55}}
Apr 29 19:22:49.113403 n-d-838934-9 devstack@placement-api.service[104897]: INFO placement.requestlog [req-b628ac65-4e96-4ef0-9b3e-1288decd2b77 req-8abec534-73e2-4994-a5f7-3335f3dfa750 service placement] 10.222.0.24 "GET /placement/resource_providers/da5086a7-5993-4560-93f6-ef93a1acf190/aggregates" status: 200 len: 54 microversion: 1.19
Apr 29 19:22:49.124837 n-d-838934-9 devstack@placement-api.service[104897]: [pid: 104897|app: 0|req: 34/59] 10.222.0.24 () {60 vars in 1425 bytes} [Fri Apr 29 19:22:49 2022] GET /placement/resource_providers/da5086a7-5993-4560-93f6-ef93a1acf190/aggregates => generated 54 bytes in 32 msecs (HTTP/1.1 200) 8 headers in 295 bytes (1 switches on core 0)
Apr 29 19:22:49.133099 n-d-838934-9 devstack@placement-api.service[104896]: DEBUG placement.requestlog [req-b628ac65-4e96-4ef0-9b3e-1288decd2b77 req-ae89c3e4-faa6-49b1-a518-72f1cc86cb19 None None] Starting request: 10.222.0.24 "PUT /placement/resource_providers/da5086a7-5993-4560-93f6-ef93a1acf190/aggregates" {{(pid=104896) __call__ /opt/stack/placement/placement/requestlog.py:55}}
Apr 29 19:22:49.159429 n-d-838934-9 devstack@placement-api.service[104896]: DEBUG placement.objects.resource_provider [req-b628ac65-4e96-4ef0-9b3e-1288decd2b77 req-ae89c3e4-faa6-49b1-a518-72f1cc86cb19 service placement] _ensure_aggregate() did not find aggregate c4bec8c4-538c-4ed2-ae0f-2c3f5c7ce2cb. Attempting to create it. {{(pid=104896) _ensure_aggregate /opt/stack/placement/placement/objects/resource_provider.py:321}}
Apr 29 19:22:49.164256 n-d-838934-9 devstack@placement-api.service[104896]: DEBUG placement.objects.resource_provider [req-b628ac65-4e96-4ef0-9b3e-1288decd2b77 req-ae89c3e4-faa6-49b1-a518-72f1cc86cb19 service placement] _ensure_aggregate() created new aggregate c4bec8c4-538c-4ed2-ae0f-2c3f5c7ce2cb (id=4). {{(pid=104896) _ensure_aggregate /opt/stack/placement/placement/objects/resource_provider.py:327}}
Apr 29 19:22:49.165821 n-d-838934-9 devstack@placement-api.service[104896]: DEBUG placement.objects.resource_provider [req-b628ac65-4e96-4ef0-9b3e-1288decd2b77 req-ae89c3e4-faa6-49b1-a518-72f1cc86cb19 service placement] Setting aggregates for provider da5086a7-5993-4560-93f6-ef93a1acf190. Successfully associated aggregate c4bec8c4-538c-4ed2-ae0f-2c3f5c7ce2cb. {{(pid=104896) _set_aggregates /opt/stack/placement/placement/objects/resource_provider.py:389}}
Apr 29 19:22:49.175241 n-d-838934-9 devstack@placement-api.service[104896]: INFO placement.requestlog [req-b628ac65-4e96-4ef0-9b3e-1288decd2b77 req-ae89c3e4-faa6-49b1-a518-72f1cc86cb19 service placement] 10.222.0.24 "PUT /placement/resource_providers/da5086a7-5993-4560-93f6-ef93a1acf190/aggregates" status: 200 len: 92 microversion: 1.19
Apr 29 19:22:49.184300 n-d-838934-9 devstack@placement-api.service[104896]: [pid: 104896|app: 0|req: 26/60] 10.222.0.24 () {64 vars in 1477 bytes} [Fri Apr 29 19:22:49 2022] PUT /placement/resource_providers/da5086a7-5993-4560-93f6-ef93a1acf190/aggregates => generated 92 bytes in 47 msecs (HTTP/1.1 200) 8 headers in 295 bytes (1 switches on core 0)
