Apr 29 13:17:27.026184 n-d-838926-6 devstack@placement-api.service[105461]: INFO placement.requestlog [req-83f15b70-138e-4bae-b7ff-851ec1d3742f req-7d4b39bc-5b5b-4925-8ab9-36eda9602d60 service placement] 10.222.0.73 "GET /placement/allocations/15b6fabb-7ddc-4943-993b-ba6b427d21e4" status: 200 len: 259 microversion: 1.28
Apr 29 13:17:27.026853 n-d-838926-6 devstack@placement-api.service[105461]: [pid: 105461|app: 0|req: 306/606] 10.222.0.73 () {60 vars in 1377 bytes} [Fri Apr 29 13:17:26 2022] GET /placement/allocations/15b6fabb-7ddc-4943-993b-ba6b427d21e4 => generated 259 bytes in 48 msecs (HTTP/1.1 200) 8 headers in 296 bytes (1 switches on core 0)
Apr 29 13:17:29.888484 n-d-838926-6 devstack@placement-api.service[105462]: DEBUG placement.requestlog [req-c7ecd6a2-bc88-4bf0-94d2-a571dedb8c08 req-adb964c6-99e4-4ee1-82f7-db9dcccf46d2 None None] Starting request: 10.222.0.83 "DELETE /placement/allocations/6fbb1ec7-6ef8-4314-8044-2fde3254e10a" {{(pid=105462) __call__ /opt/stack/placement/placement/requestlog.py:55}}
Apr 29 13:17:30.085580 n-d-838926-6 devstack@placement-api.service[105462]: DEBUG placement.handlers.allocation [req-c7ecd6a2-bc88-4bf0-94d2-a571dedb8c08 req-adb964c6-99e4-4ee1-82f7-db9dcccf46d2 service placement] Successfully deleted allocations [, , ] {{(pid=105462) delete_allocations /opt/stack/placement/placement/handlers/allocation.py:627}}
Apr 29 13:17:30.086118 n-d-838926-6 devstack@placement-api.service[105462]: INFO placement.requestlog [req-c7ecd6a2-bc88-4bf0-94d2-a571dedb8c08 req-adb964c6-99e4-4ee1-82f7-db9dcccf46d2 service placement] 10.222.0.83 "DELETE /placement/allocations/6fbb1ec7-6ef8-4314-8044-2fde3254e10a" status: 204 len: 0 microversion: 1.0
Apr 29 13:17:30.086656 n-d-838926-6 devstack@placement-api.service[105462]: [pid: 105462|app: 0|req: 301/607] 10.222.0.83 () {60 vars in 1355 bytes} [Fri Apr 29 13:17:29 2022] DELETE /placement/allocations/6fbb1ec7-6ef8-4314-8044-2fde3254e10a => generated 0 bytes in 198 msecs (HTTP/1.1 204) 5 headers in 198 bytes (2 switches on core 0)
Apr 29 13:17:30.744078 n-d-838926-6 devstack@placement-api.service[105461]: DEBUG placement.requestlog [req-18c48510-9456-4068-96f5-daa22c081353 req-b335dfee-d3c9-46d6-964e-20c9fc6f24ac None None] Starting request: 10.222.0.71 "GET /placement/allocation_candidates?limit=1000&resources=DISK_GB%3A1%2CMEMORY_MB%3A1024%2CVCPU%3A1&root_required=%21COMPUTE_STATUS_DISABLED" {{(pid=105461) __call__ /opt/stack/placement/placement/requestlog.py:55}}
Apr 29 13:17:30.786885 n-d-838926-6 devstack@placement-api.service[105461]: DEBUG placement.objects.research_context [req-18c48510-9456-4068-96f5-daa22c081353 req-b335dfee-d3c9-46d6-964e-20c9fc6f24ac service placement] getting providers with 1 DISK_GB {{(pid=105461) __init__ /opt/stack/placement/placement/objects/research_context.py:136}}
Apr 29 13:17:30.799451 n-d-838926-6 devstack@placement-api.service[105461]: DEBUG placement.objects.research_context [req-18c48510-9456-4068-96f5-daa22c081353 req-b335dfee-d3c9-46d6-964e-20c9fc6f24ac service placement] getting providers with 1024 MEMORY_MB {{(pid=105461) __init__ /opt/stack/placement/placement/objects/research_context.py:136}}
Apr 29 13:17:30.806791 n-d-838926-6 devstack@placement-api.service[105461]: DEBUG placement.objects.research_context [req-18c48510-9456-4068-96f5-daa22c081353 req-b335dfee-d3c9-46d6-964e-20c9fc6f24ac service placement] getting providers with 1 VCPU {{(pid=105461) __init__ /opt/stack/placement/placement/objects/research_context.py:136}}
Apr 29 13:17:30.813566 n-d-838926-6 devstack@placement-api.service[105461]: DEBUG placement.objects.research_context [req-18c48510-9456-4068-96f5-daa22c081353 req-b335dfee-d3c9-46d6-964e-20c9fc6f24ac service placement] found 2 providers with available 1 DISK_GB {{(pid=105461) get_provider_ids_matching /opt/stack/placement/placement/objects/research_context.py:563}}
Apr 29 13:17:30.813773 n-d-838926-6 devstack@placement-api.service[105461]: DEBUG placement.objects.research_context [req-18c48510-9456-4068-96f5-daa22c081353 req-b335dfee-d3c9-46d6-964e-20c9fc6f24ac service placement] found 2 providers with available 1024 MEMORY_MB {{(pid=105461) get_provider_ids_matching /opt/stack/placement/placement/objects/research_context.py:563}}
Apr 29 13:17:30.814071 n-d-838926-6 devstack@placement-api.service[105461]: DEBUG placement.objects.research_context [req-18c48510-9456-4068-96f5-daa22c081353 req-b335dfee-d3c9-46d6-964e-20c9fc6f24ac service placement] found 2 providers after filtering by previous result {{(pid=105461) get_provider_ids_matching /opt/stack/placement/placement/objects/research_context.py:594}}
Apr 29 13:17:30.814329 n-d-838926-6 devstack@placement-api.service[105461]: DEBUG placement.objects.research_context [req-18c48510-9456-4068-96f5-daa22c081353 req-b335dfee-d3c9-46d6-964e-20c9fc6f24ac service placement] found 2 providers with available 1 VCPU {{(pid=105461) get_provider_ids_matching /opt/stack/placement/placement/objects/research_context.py:563}}
Apr 29 13:17:30.814590 n-d-838926-6 devstack@placement-api.service[105461]: DEBUG placement.objects.research_context [req-18c48510-9456-4068-96f5-daa22c081353 req-b335dfee-d3c9-46d6-964e-20c9fc6f24ac service placement] found 2 providers after filtering by previous result {{(pid=105461) get_provider_ids_matching /opt/stack/placement/placement/objects/research_context.py:594}}
Apr 29 13:17:30.829418 n-d-838926-6 devstack@placement-api.service[105461]: DEBUG placement.objects.allocation_candidate [req-18c48510-9456-4068-96f5-daa22c081353 req-b335dfee-d3c9-46d6-964e-20c9fc6f24ac service placement] RequestGroup(use_same_provider=False, resources={DISK_GB:1, MEMORY_MB:1024, VCPU:1}, traits=(), aggregates=[]) (suffix '') returned 2 matches {{(pid=105461) _get_by_requests /opt/stack/placement/placement/objects/allocation_candidate.py:156}}
Apr 29 13:17:30.830103 n-d-838926-6 devstack@placement-api.service[105461]: DEBUG placement.objects.allocation_candidate [req-18c48510-9456-4068-96f5-daa22c081353 req-b335dfee-d3c9-46d6-964e-20c9fc6f24ac service placement] Merging candidates yields 2 allocation requests and 2 provider summaries {{(pid=105461) _merge_candidates /opt/stack/placement/placement/objects/allocation_candidate.py:809}}
Apr 29 13:17:30.832873 n-d-838926-6 devstack@placement-api.service[105461]: INFO placement.requestlog [req-18c48510-9456-4068-96f5-daa22c081353 req-b335dfee-d3c9-46d6-964e-20c9fc6f24ac service placement] 10.222.0.71 "GET /placement/allocation_candidates?limit=1000&resources=DISK_GB%3A1%2CMEMORY_MB%3A1024%2CVCPU%3A1&root_required=%21COMPUTE_STATUS_DISABLED" status: 200 len: 1309 microversion: 1.36
Apr 29 13:17:30.833593 n-d-838926-6 devstack@placement-api.service[105461]: [pid: 105461|app: 0|req: 307/608] 10.222.0.71 () {60 vars in 1506 bytes} [Fri Apr 29 13:17:30 2022] GET /placement/allocation_candidates?limit=1000&resources=DISK_GB%3A1%2CMEMORY_MB%3A1024%2CVCPU%3A1&root_required=%21COMPUTE_STATUS_DISABLED => generated 1309 bytes in 90 msecs (HTTP/1.1 200) 8 headers in 297 bytes (1 switches on core 0)
Apr 29 13:17:30.913152 n-d-838926-6 devstack@placement-api.service[105462]: DEBUG placement.requestlog [req-18c48510-9456-4068-96f5-daa22c081353 req-2fb23d36-152f-43b2-9cf2-bc71e9722fe1 None None] Starting request: 10.222.0.71 "GET /placement/allocations/30a4aac9-0165-4c6c-9a59-af3b8726b2f8" {{(pid=105462) __call__ /opt/stack/placement/placement/requestlog.py:55}}
Apr 29 13:17:30.924935 n-d-838926-6 devstack@placement-api.service[105462]: INFO placement.requestlog [req-18c48510-9456-4068-96f5-daa22c081353 req-2fb23d36-152f-43b2-9cf2-bc71e9722fe1 service placement] 10.222.0.71 "GET /placement/allocations/30a4aac9-0165-4c6c-9a59-af3b8726b2f8" status: 200 len: 19 microversion: 1.28
Apr 29 13:17:30.925822 n-d-838926-6 devstack@placement-api.service[105462]: [pid: 105462|app: 0|req: 302/609] 10.222.0.71 () {60 vars in 1380 bytes} [Fri Apr 29 13:17:30 2022] GET /placement/allocations/30a4aac9-0165-4c6c-9a59-af3b8726b2f8 => generated 19 bytes in 13 msecs (HTTP/1.1 200) 8 headers in 295 bytes (1 switches on core 0)
Apr 29 13:17:30.932376 n-d-838926-6 devstack@placement-api.service[105461]: DEBUG placement.requestlog [req-18c48510-9456-4068-96f5-daa22c081353 req-441e6fad-0e3f-4feb-8114-8f5870b3146c None None] Starting request: 10.222.0.71 "PUT /placement/allocations/30a4aac9-0165-4c6c-9a59-af3b8726b2f8" {{(pid=105461) __call__ /opt/stack/placement/placement/requestlog.py:55}}
Apr 29 13:17:31.290474 n-d-838926-6 devstack@placement-api.service[105461]: DEBUG placement.handlers.allocation [req-18c48510-9456-4068-96f5-daa22c081353 req-441e6fad-0e3f-4feb-8114-8f5870b3146c service placement] Successfully wrote allocations [, , ] {{(pid=105461) _update_consumers_and_create_allocations /opt/stack/placement/placement/handlers/allocation.py:462}}
Apr 29 13:17:31.345417 n-d-838926-6 devstack@placement-api.service[105461]: INFO placement.requestlog [req-18c48510-9456-4068-96f5-daa22c081353 req-441e6fad-0e3f-4feb-8114-8f5870b3146c service placement] 10.222.0.71 "PUT /placement/allocations/30a4aac9-0165-4c6c-9a59-af3b8726b2f8" status: 204 len: 0 microversion: 1.36
Apr 29 13:17:31.346042 n-d-838926-6 devstack@placement-api.service[105461]: [pid: 105461|app: 0|req: 308/610] 10.222.0.71 () {64 vars in 1433 bytes} [Fri Apr 29 13:17:30 2022] PUT /placement/allocations/30a4aac9-0165-4c6c-9a59-af3b8726b2f8 => generated 0 bytes in 414 msecs (HTTP/1.1 204) 5 headers in 199 bytes (1 switches on core 0)
Apr 29 13:17:31.392766 n-d-838926-6 devstack@placement-api.service[105462]: DEBUG placement.requestlog [req-18c48510-9456-4068-96f5-daa22c081353 req-8943288d-1ed7-4e31-9e9d-f71bb486df21 None None] Starting request: 10.222.0.71 "GET /placement/allocations/311eeee2-9b42-4319-8186-67f278f794b6" {{(pid=105462) __call__ /opt/stack/placement/placement/requestlog.py:55}}
Apr 29 13:17:31.413448 n-d-838926-6 devstack@placement-api.service[105462]: INFO placement.requestlog [req-18c48510-9456-4068-96f5-daa22c081353 req-8943288d-1ed7-4e31-9e9d-f71bb486df21 service placement] 10.222.0.71 "GET /placement/allocations/311eeee2-9b42-4319-8186-67f278f794b6" status: 200 len: 19 microversion: 1.28
Apr 29 13:17:31.414678 n-d-838926-6 devstack@placement-api.service[105462]: [pid: 105462|app: 0|req: 303/611] 10.222.0.71 () {60 vars in 1380 bytes} [Fri Apr 29 13:17:31 2022] GET /placement/allocations/311eeee2-9b42-4319-8186-67f278f794b6 => generated 19 bytes in 22 msecs (HTTP/1.1 200) 8 headers in 295 bytes (1 switches on core 0)
Apr 29 13:17:31.440346 n-d-838926-6 devstack@placement-api.service[105461]: DEBUG placement.requestlog [req-18c48510-9456-4068-96f5-daa22c081353 req-2c40a339-d671-499a-8363-1e49e3bad280 None None] Starting request: 10.222.0.71 "PUT /placement/allocations/311eeee2-9b42-4319-8186-67f278f794b6" {{(pid=105461) __call__ /opt/stack/placement/placement/requestlog.py:55}}
Apr 29 13:17:31.610449 n-d-838926-6 devstack@placement-api.service[105461]: DEBUG placement.handlers.allocation [req-18c48510-9456-4068-96f5-daa22c081353 req-2c40a339-d671-499a-8363-1e49e3bad280 service placement] Successfully wrote allocations [, , ] {{(pid=105461) _update_consumers_and_create_allocations /opt/stack/placement/placement/handlers/allocation.py:462}}
Apr 29 13:17:31.674685 n-d-838926-6 devstack@placement-api.service[105461]: INFO placement.requestlog [req-18c48510-9456-4068-96f5-daa22c081353 req-2c40a339-d671-499a-8363-1e49e3bad280 service placement] 10.222.0.71 "PUT /placement/allocations/311eeee2-9b42-4319-8186-67f278f794b6" status: 204 len: 0 microversion: 1.36
Apr 29 13:17:31.675662 n-d-838926-6 devstack@placement-api.service[105461]: [pid: 105461|app: 0|req: 309/612] 10.222.0.71 () {64 vars in 1433 bytes} [Fri Apr 29 13:17:31 2022] PUT /placement/allocations/311eeee2-9b42-4319-8186-67f278f794b6 => generated 0 bytes in 235 msecs (HTTP/1.1 204) 5 headers in 199 bytes (1 switches on core 0)
Apr 29 13:17:31.721269 n-d-838926-6 devstack@placement-api.service[105462]: DEBUG placement.requestlog [req-18c48510-9456-4068-96f5-daa22c081353 req-a7e488dd-792f-4661-9841-cd92501c8865 None None] Starting request: 10.222.0.71 "GET /placement/allocations/b2394a90-ae70-434c-9f6b-6623097958ef" {{(pid=105462) __call__ /opt/stack/placement/placement/requestlog.py:55}}
Apr 29 13:17:31.739283 n-d-838926-6 devstack@placement-api.service[105462]: INFO placement.requestlog [req-18c48510-9456-4068-96f5-daa22c081353 req-a7e488dd-792f-4661-9841-cd92501c8865 service placement] 10.222.0.71 "GET /placement/allocations/b2394a90-ae70-434c-9f6b-6623097958ef" status: 200 len: 19 microversion: 1.28
Apr 29 13:17:31.739846 n-d-838926-6 devstack@placement-api.service[105462]: [pid: 105462|app: 0|req: 304/613] 10.222.0.71 () {60 vars in 1380 bytes} [Fri Apr 29 13:17:31 2022] GET /placement/allocations/b2394a90-ae70-434c-9f6b-6623097958ef => generated 19 bytes in 19 msecs (HTTP/1.1 200) 8 headers in 295 bytes (1 switches on core 0)
Apr 29 13:17:31.746070 n-d-838926-6 devstack@placement-api.service[105461]: DEBUG placement.requestlog [req-18c48510-9456-4068-96f5-daa22c081353 req-a11fd35d-1b04-4f73-8a31-ed46c8080a26 None None] Starting request: 10.222.0.71 "PUT /placement/allocations/b2394a90-ae70-434c-9f6b-6623097958ef" {{(pid=105461) __call__ /opt/stack/placement/placement/requestlog.py:55}}
Apr 29 13:17:31.907884 n-d-838926-6 devstack@placement-api.service[105461]: DEBUG placement.handlers.allocation [req-18c48510-9456-4068-96f5-daa22c081353 req-a11fd35d-1b04-4f73-8a31-ed46c8080a26 service placement] Successfully wrote allocations [, , ] {{(pid=105461) _update_consumers_and_create_allocations /opt/stack/placement/placement/handlers/allocation.py:462}}
Apr 29 13:17:31.986253 n-d-838926-6 devstack@placement-api.service[105461]: INFO placement.requestlog [req-18c48510-9456-4068-96f5-daa22c081353 req-a11fd35d-1b04-4f73-8a31-ed46c8080a26 service placement] 10.222.0.71 "PUT /placement/allocations/b2394a90-ae70-434c-9f6b-6623097958ef" status: 204 len: 0 microversion: 1.36
Apr 29 13:17:31.989484 n-d-838926-6 devstack@placement-api.service[105461]: [pid: 105461|app: 0|req: 310/614] 10.222.0.71 () {64 vars in 1433 bytes} [Fri Apr 29 13:17:31 2022] PUT /placement/allocations/b2394a90-ae70-434c-9f6b-6623097958ef => generated 0 bytes in 244 msecs (HTTP/1.1 204) 5 headers in 199 bytes (1 switches on core 0)
Apr 29 13:17:33.731332 n-d-838926-6 devstack@placement-api.service[105462]: DEBUG placement.requestlog [req-18c48510-9456-4068-96f5-daa22c081353 req-9c4b1e73-2532-4f70-9d54-7518754a875d None None] Starting request: 10.222.0.83 "GET /placement/allocations/30a4aac9-0165-4c6c-9a59-af3b8726b2f8" {{(pid=105462) __call__ /opt/stack/placement/placement/requestlog.py:55}}
Apr 29 13:17:33.752876 n-d-838926-6 devstack@placement-api.service[105462]: INFO placement.requestlog [req-18c48510-9456-4068-96f5-daa22c081353 req-9c4b1e73-2532-4f70-9d54-7518754a875d service placement] 10.222.0.83 "GET /placement/allocations/30a4aac9-0165-4c6c-9a59-af3b8726b2f8" status: 200 len: 259 microversion: 1.28
Apr 29 13:17:33.753625 n-d-838926-6 devstack@placement-api.service[105462]: [pid: 105462|app: 0|req: 305/615] 10.222.0.83 () {60 vars in 1377 bytes} [Fri Apr 29 13:17:33 2022] GET /placement/allocations/30a4aac9-0165-4c6c-9a59-af3b8726b2f8 => generated 259 bytes in 23 msecs (HTTP/1.1 200) 8 headers in 296 bytes (1 switches on core 0)
Apr 29 13:17:34.064202 n-d-838926-6 devstack@placement-api.service[105461]: DEBUG placement.requestlog [req-18c48510-9456-4068-96f5-daa22c081353 req-a2cb5115-ca1f-44bc-8968-a0b9b43ee2c5 None None] Starting request: 10.222.0.73 "GET /placement/allocations/311eeee2-9b42-4319-8186-67f278f794b6" {{(pid=105461) __call__ /opt/stack/placement/placement/requestlog.py:55}}
Apr 29 13:17:34.105865 n-d-838926-6 devstack@placement-api.service[105461]: INFO placement.requestlog [req-18c48510-9456-4068-96f5-daa22c081353 req-a2cb5115-ca1f-44bc-8968-a0b9b43ee2c5 service placement] 10.222.0.73 "GET /placement/allocations/311eeee2-9b42-4319-8186-67f278f794b6" status: 200 len: 259 microversion: 1.28
Apr 29 13:17:34.106924 n-d-838926-6 devstack@placement-api.service[105461]: [pid: 105461|app: 0|req: 311/616] 10.222.0.73 () {60 vars in 1377 bytes} [Fri Apr 29 13:17:34 2022] GET /placement/allocations/311eeee2-9b42-4319-8186-67f278f794b6 => generated 259 bytes in 43 msecs (HTTP/1.1 200) 8 headers in 296 bytes (1 switches on core 0)
Apr 29 13:17:34.615900 n-d-838926-6 devstack@placement-api.service[105462]: DEBUG placement.requestlog [req-18c48510-9456-4068-96f5-daa22c081353 req-568a970c-c5d6-47c5-b5db-a36f2431e4e2 None None] Starting request: 10.222.0.83 "GET /placement/allocations/b2394a90-ae70-434c-9f6b-6623097958ef" {{(pid=105462) __call__ /opt/stack/placement/placement/requestlog.py:55}}
Apr 29 13:17:34.714461 n-d-838926-6 devstack@placement-api.service[105462]: INFO placement.requestlog [req-18c48510-9456-4068-96f5-daa22c081353 req-568a970c-c5d6-47c5-b5db-a36f2431e4e2 service placement] 10.222.0.83 "GET /placement/allocations/b2394a90-ae70-434c-9f6b-6623097958ef" status: 200 len: 259 microversion: 1.28
Apr 29 13:17:34.715488 n-d-838926-6 devstack@placement-api.service[105462]: [pid: 105462|app: 0|req: 306/617] 10.222.0.83 () {60 vars in 1377 bytes} [Fri Apr 29 13:17:34 2022] GET /placement/allocations/b2394a90-ae70-434c-9f6b-6623097958ef => generated 259 bytes in 100 msecs (HTTP/1.1 200) 8 headers in 296 bytes (1 switches on core 0)
Apr 29 13:17:36.167151 n-d-838926-6 devstack@placement-api.service[105461]: DEBUG placement.requestlog [req-359b6251-45e6-47fd-af29-bbcb8e5b3a42 req-be15bf16-1890-4885-9e1c-34ce32fe10a2 None None] Starting request: 10.222.0.83 "DELETE /placement/allocations/eb7cc066-9881-4537-ab48-e63e0351168a" {{(pid=105461) __call__ /opt/stack/placement/placement/requestlog.py:55}}
Apr 29 13:17:36.366153 n-d-838926-6 devstack@placement-api.service[105461]: DEBUG placement.handlers.allocation [req-359b6251-45e6-47fd-af29-bbcb8e5b3a42 req-be15bf16-1890-4885-9e1c-34ce32fe10a2 service placement] Successfully deleted allocations [, , ] {{(pid=105461) delete_allocations /opt/stack/placement/placement/handlers/allocation.py:627}}
Apr 29 13:17:36.366822 n-d-838926-6 devstack@placement-api.service[105461]: INFO placement.requestlog [req-359b6251-45e6-47fd-af29-bbcb8e5b3a42 req-be15bf16-1890-4885-9e1c-34ce32fe10a2 service placement] 10.222.0.83 "DELETE /placement/allocations/eb7cc066-9881-4537-ab48-e63e0351168a" status: 204 len: 0 microversion: 1.0
Apr 29 13:17:36.367265 n-d-838926-6 devstack@placement-api.service[105461]: [pid: 105461|app: 0|req: 312/618] 10.222.0.83 () {60 vars in 1355 bytes} [Fri Apr 29 13:17:36 2022] DELETE /placement/allocations/eb7cc066-9881-4537-ab48-e63e0351168a => generated 0 bytes in 200 msecs (HTTP/1.1 204) 5 headers in 198 bytes (1 switches on core 0)
Apr 29 13:17:45.639293 n-d-838926-6 devstack@placement-api.service[105462]: DEBUG placement.requestlog [req-3a7d2ba3-fe1c-4a8d-9d02-11d16b133461 req-77f9dbbe-aa2f-4b3b-9862-e52617782fd0 None None] Starting request: 10.222.0.71 "GET /placement/allocation_candidates?limit=1000&resources=DISK_GB%3A1%2CMEMORY_MB%3A1024%2CVCPU%3A1&root_required=%21COMPUTE_STATUS_DISABLED" {{(pid=105462) __call__ /opt/stack/placement/placement/requestlog.py:55}}
Apr 29 13:17:45.688102 n-d-838926-6 devstack@placement-api.service[105461]: DEBUG placement.requestlog [req-5f8574aa-9fa2-4c5e-ba05-09ba8ad48e71 req-f4064098-0799-4912-a303-1513baf5b56c None None] Starting request: 10.222.0.71 "GET /placement/allocation_candidates?resources=DISK_GB%3A1%2CMEMORY_MB%3A1024%2CVCPU%3A1&root_required=%21COMPUTE_STATUS_DISABLED" {{(pid=105461) __call__ /opt/stack/placement/placement/requestlog.py:55}}
Apr 29 13:17:45.762691 n-d-838926-6 devstack@placement-api.service[105462]: DEBUG placement.objects.research_context [req-3a7d2ba3-fe1c-4a8d-9d02-11d16b133461 req-77f9dbbe-aa2f-4b3b-9862-e52617782fd0 service placement] getting providers with 1 DISK_GB {{(pid=105462) __init__ /opt/stack/placement/placement/objects/research_context.py:136}}
Apr 29 13:17:45.770902 n-d-838926-6 devstack@placement-api.service[105462]: DEBUG placement.objects.research_context [req-3a7d2ba3-fe1c-4a8d-9d02-11d16b133461 req-77f9dbbe-aa2f-4b3b-9862-e52617782fd0 service placement] getting providers with 1024 MEMORY_MB {{(pid=105462) __init__ /opt/stack/placement/placement/objects/research_context.py:136}}
Apr 29 13:17:45.778891 n-d-838926-6 devstack@placement-api.service[105461]: DEBUG placement.objects.research_context [req-5f8574aa-9fa2-4c5e-ba05-09ba8ad48e71 req-f4064098-0799-4912-a303-1513baf5b56c service placement] getting providers with 1 DISK_GB {{(pid=105461) __init__ /opt/stack/placement/placement/objects/research_context.py:136}}
Apr 29 13:17:45.782720 n-d-838926-6 devstack@placement-api.service[105462]: DEBUG placement.objects.research_context [req-3a7d2ba3-fe1c-4a8d-9d02-11d16b133461 req-77f9dbbe-aa2f-4b3b-9862-e52617782fd0 service placement] getting providers with 1 VCPU {{(pid=105462) __init__ /opt/stack/placement/placement/objects/research_context.py:136}}
Apr 29 13:17:45.795086 n-d-838926-6 devstack@placement-api.service[105461]: DEBUG placement.objects.research_context [req-5f8574aa-9fa2-4c5e-ba05-09ba8ad48e71 req-f4064098-0799-4912-a303-1513baf5b56c service placement] getting providers with 1024 MEMORY_MB {{(pid=105461) __init__ /opt/stack/placement/placement/objects/research_context.py:136}}
Apr 29 13:17:45.798890 n-d-838926-6 devstack@placement-api.service[105462]: DEBUG placement.objects.research_context [req-3a7d2ba3-fe1c-4a8d-9d02-11d16b133461 req-77f9dbbe-aa2f-4b3b-9862-e52617782fd0 service placement] found 2 providers with available 1 DISK_GB {{(pid=105462) get_provider_ids_matching /opt/stack/placement/placement/objects/research_context.py:563}}
Apr 29 13:17:45.799221 n-d-838926-6 devstack@placement-api.service[105462]: DEBUG placement.objects.research_context [req-3a7d2ba3-fe1c-4a8d-9d02-11d16b133461 req-77f9dbbe-aa2f-4b3b-9862-e52617782fd0 service placement] found 2 providers with available 1024 MEMORY_MB {{(pid=105462) get_provider_ids_matching /opt/stack/placement/placement/objects/research_context.py:563}}
Apr 29 13:17:45.799792 n-d-838926-6 devstack@placement-api.service[105462]: DEBUG placement.objects.research_context [req-3a7d2ba3-fe1c-4a8d-9d02-11d16b133461 req-77f9dbbe-aa2f-4b3b-9862-e52617782fd0 service placement] found 2 providers after filtering by previous result {{(pid=105462) get_provider_ids_matching /opt/stack/placement/placement/objects/research_context.py:594}}
Apr 29 13:17:45.800053 n-d-838926-6 devstack@placement-api.service[105462]: DEBUG placement.objects.research_context [req-3a7d2ba3-fe1c-4a8d-9d02-11d16b133461 req-77f9dbbe-aa2f-4b3b-9862-e52617782fd0 service placement] found 2 providers with available 1 VCPU {{(pid=105462) get_provider_ids_matching /opt/stack/placement/placement/objects/research_context.py:563}}
Apr 29 13:17:45.800317 n-d-838926-6 devstack@placement-api.service[105462]: DEBUG placement.objects.research_context [req-3a7d2ba3-fe1c-4a8d-9d02-11d16b133461 req-77f9dbbe-aa2f-4b3b-9862-e52617782fd0 service placement] found 2 providers after filtering by previous result {{(pid=105462) get_provider_ids_matching /opt/stack/placement/placement/objects/research_context.py:594}}
Apr 29 13:17:45.803104 n-d-838926-6 devstack@placement-api.service[105461]: DEBUG placement.objects.research_context [req-5f8574aa-9fa2-4c5e-ba05-09ba8ad48e71 req-f4064098-0799-4912-a303-1513baf5b56c service placement] getting providers with 1 VCPU {{(pid=105461) __init__ /opt/stack/placement/placement/objects/research_context.py:136}}
Apr 29 13:17:45.808814 n-d-838926-6 devstack@placement-api.service[105461]: DEBUG placement.objects.research_context [req-5f8574aa-9fa2-4c5e-ba05-09ba8ad48e71 req-f4064098-0799-4912-a303-1513baf5b56c service placement] found 2 providers with available 1 DISK_GB {{(pid=105461) get_provider_ids_matching /opt/stack/placement/placement/objects/research_context.py:563}}
Apr 29 13:17:45.809278 n-d-838926-6 devstack@placement-api.service[105461]: DEBUG placement.objects.research_context [req-5f8574aa-9fa2-4c5e-ba05-09ba8ad48e71 req-f4064098-0799-4912-a303-1513baf5b56c service placement] found 2 providers with available 1024 MEMORY_MB {{(pid=105461) get_provider_ids_matching /opt/stack/placement/placement/objects/research_context.py:563}}
Apr 29 13:17:45.809730 n-d-838926-6 devstack@placement-api.service[105461]: DEBUG placement.objects.research_context [req-5f8574aa-9fa2-4c5e-ba05-09ba8ad48e71 req-f4064098-0799-4912-a303-1513baf5b56c service placement] found 2 providers after filtering by previous result {{(pid=105461) get_provider_ids_matching /opt/stack/placement/placement/objects/research_context.py:594}}
Apr 29 13:17:45.810186 n-d-838926-6 devstack@placement-api.service[105461]: DEBUG placement.objects.research_context [req-5f8574aa-9fa2-4c5e-ba05-09ba8ad48e71 req-f4064098-0799-4912-a303-1513baf5b56c service placement] found 2 providers with available 1 VCPU {{(pid=105461) get_provider_ids_matching /opt/stack/placement/placement/objects/research_context.py:563}}
Apr 29 13:17:45.810599 n-d-838926-6 devstack@placement-api.service[105461]: DEBUG placement.objects.research_context [req-5f8574aa-9fa2-4c5e-ba05-09ba8ad48e71 req-f4064098-0799-4912-a303-1513baf5b56c service placement] found 2 providers after filtering by previous result {{(pid=105461) get_provider_ids_matching /opt/stack/placement/placement/objects/research_context.py:594}}
Apr 29 13:17:45.813147 n-d-838926-6 devstack@placement-api.service[105462]: DEBUG placement.objects.allocation_candidate [req-3a7d2ba3-fe1c-4a8d-9d02-11d16b133461 req-77f9dbbe-aa2f-4b3b-9862-e52617782fd0 service placement] RequestGroup(use_same_provider=False, resources={DISK_GB:1, MEMORY_MB:1024, VCPU:1}, traits=(), aggregates=[]) (suffix '') returned 2 matches {{(pid=105462) _get_by_requests /opt/stack/placement/placement/objects/allocation_candidate.py:156}}
Apr 29 13:17:45.813869 n-d-838926-6 devstack@placement-api.service[105462]: DEBUG placement.objects.allocation_candidate [req-3a7d2ba3-fe1c-4a8d-9d02-11d16b133461 req-77f9dbbe-aa2f-4b3b-9862-e52617782fd0 service placement] Merging candidates yields 2 allocation requests and 2 provider summaries {{(pid=105462) _merge_candidates /opt/stack/placement/placement/objects/allocation_candidate.py:809}}
Apr 29 13:17:45.816131 n-d-838926-6 devstack@placement-api.service[105462]: INFO placement.requestlog [req-3a7d2ba3-fe1c-4a8d-9d02-11d16b133461 req-77f9dbbe-aa2f-4b3b-9862-e52617782fd0 service placement] 10.222.0.71 "GET /placement/allocation_candidates?limit=1000&resources=DISK_GB%3A1%2CMEMORY_MB%3A1024%2CVCPU%3A1&root_required=%21COMPUTE_STATUS_DISABLED" status: 200 len: 1309 microversion: 1.36
Apr 29 13:17:45.822353 n-d-838926-6 devstack@placement-api.service[105462]: [pid: 105462|app: 0|req: 307/619] 10.222.0.71 () {60 vars in 1506 bytes} [Fri Apr 29 13:17:45 2022] GET /placement/allocation_candidates?limit=1000&resources=DISK_GB%3A1%2CMEMORY_MB%3A1024%2CVCPU%3A1&root_required=%21COMPUTE_STATUS_DISABLED => generated 1309 bytes in 183 msecs (HTTP/1.1 200) 8 headers in 297 bytes (1 switches on core 0)
Apr 29 13:17:45.834858 n-d-838926-6 devstack@placement-api.service[105461]: DEBUG placement.objects.allocation_candidate [req-5f8574aa-9fa2-4c5e-ba05-09ba8ad48e71 req-f4064098-0799-4912-a303-1513baf5b56c service placement] RequestGroup(use_same_provider=False, resources={DISK_GB:1, MEMORY_MB:1024, VCPU:1}, traits=(), aggregates=[]) (suffix '') returned 2 matches {{(pid=105461) _get_by_requests /opt/stack/placement/placement/objects/allocation_candidate.py:156}}
Apr 29 13:17:45.835760 n-d-838926-6 devstack@placement-api.service[105461]: DEBUG placement.objects.allocation_candidate [req-5f8574aa-9fa2-4c5e-ba05-09ba8ad48e71 req-f4064098-0799-4912-a303-1513baf5b56c service placement] Merging candidates yields 2 allocation requests and 2 provider summaries {{(pid=105461) _merge_candidates /opt/stack/placement/placement/objects/allocation_candidate.py:809}}
Apr 29 13:17:45.841062 n-d-838926-6 devstack@placement-api.service[105461]: INFO placement.requestlog [req-5f8574aa-9fa2-4c5e-ba05-09ba8ad48e71 req-f4064098-0799-4912-a303-1513baf5b56c service placement] 10.222.0.71 "GET /placement/allocation_candidates?resources=DISK_GB%3A1%2CMEMORY_MB%3A1024%2CVCPU%3A1&root_required=%21COMPUTE_STATUS_DISABLED" status: 200 len: 1309 microversion: 1.36
Apr 29 13:17:45.845091 n-d-838926-6 devstack@placement-api.service[105461]: [pid: 105461|app: 0|req: 313/620] 10.222.0.71 () {60 vars in 1484 bytes} [Fri Apr 29 13:17:45 2022] GET /placement/allocation_candidates?resources=DISK_GB%3A1%2CMEMORY_MB%3A1024%2CVCPU%3A1&root_required=%21COMPUTE_STATUS_DISABLED => generated 1309 bytes in 157 msecs (HTTP/1.1 200) 8 headers in 297 bytes (1 switches on core 0)
Apr 29 13:17:45.968766 n-d-838926-6 devstack@placement-api.service[105462]: DEBUG placement.requestlog [req-3a7d2ba3-fe1c-4a8d-9d02-11d16b133461 req-ffb0c8fc-4ac9-402e-86f7-755b534dab7c None None] Starting request: 10.222.0.71 "GET /placement/allocations/c2f355fb-7023-4ba7-ad99-5059baa886e7" {{(pid=105462) __call__ /opt/stack/placement/placement/requestlog.py:55}}
Apr 29 13:17:45.981554 n-d-838926-6 devstack@placement-api.service[105462]: INFO placement.requestlog [req-3a7d2ba3-fe1c-4a8d-9d02-11d16b133461 req-ffb0c8fc-4ac9-402e-86f7-755b534dab7c service placement] 10.222.0.71 "GET /placement/allocations/c2f355fb-7023-4ba7-ad99-5059baa886e7" status: 200 len: 19 microversion: 1.28
Apr 29 13:17:45.986457 n-d-838926-6 devstack@placement-api.service[105462]: [pid: 105462|app: 0|req: 308/621] 10.222.0.71 () {60 vars in 1380 bytes} [Fri Apr 29 13:17:45 2022] GET /placement/allocations/c2f355fb-7023-4ba7-ad99-5059baa886e7 => generated 19 bytes in 18 msecs (HTTP/1.1 200) 8 headers in 295 bytes (1 switches on core 0)
Apr 29 13:17:45.990888 n-d-838926-6 devstack@placement-api.service[105461]: DEBUG placement.requestlog [req-3a7d2ba3-fe1c-4a8d-9d02-11d16b133461 req-68d113c6-d907-4aa1-999e-ab1affed431b None None] Starting request: 10.222.0.71 "PUT /placement/allocations/c2f355fb-7023-4ba7-ad99-5059baa886e7" {{(pid=105461) __call__ /opt/stack/placement/placement/requestlog.py:55}}
Apr 29 13:17:45.999548 n-d-838926-6 devstack@placement-api.service[105462]: DEBUG placement.requestlog [req-5f8574aa-9fa2-4c5e-ba05-09ba8ad48e71 req-e1515afd-1f4b-46bd-b193-d797b507a351 None None] Starting request: 10.222.0.71 "GET /placement/allocations/6e6c0f8a-f224-43c6-a1ac-af8456f8c9c8" {{(pid=105462) __call__ /opt/stack/placement/placement/requestlog.py:55}}
Apr 29 13:17:46.027379 n-d-838926-6 devstack@placement-api.service[105462]: INFO placement.requestlog [req-5f8574aa-9fa2-4c5e-ba05-09ba8ad48e71 req-e1515afd-1f4b-46bd-b193-d797b507a351 service placement] 10.222.0.71 "GET /placement/allocations/6e6c0f8a-f224-43c6-a1ac-af8456f8c9c8" status: 200 len: 19 microversion: 1.28
Apr 29 13:17:46.028524 n-d-838926-6 devstack@placement-api.service[105462]: [pid: 105462|app: 0|req: 309/622] 10.222.0.71 () {60 vars in 1380 bytes} [Fri Apr 29 13:17:45 2022] GET /placement/allocations/6e6c0f8a-f224-43c6-a1ac-af8456f8c9c8 => generated 19 bytes in 29 msecs (HTTP/1.1 200) 8 headers in 295 bytes (1 switches on core 0)
Apr 29 13:17:46.034483 n-d-838926-6 devstack@placement-api.service[105462]: DEBUG placement.requestlog [req-5f8574aa-9fa2-4c5e-ba05-09ba8ad48e71 req-072b24b0-5929-4edb-bf53-fc04537e04ec None None] Starting request: 10.222.0.71 "PUT /placement/allocations/6e6c0f8a-f224-43c6-a1ac-af8456f8c9c8" {{(pid=105462) __call__ /opt/stack/placement/placement/requestlog.py:55}}
Apr 29 13:17:46.239406 n-d-838926-6 devstack@placement-api.service[105462]: DEBUG placement.handlers.allocation [req-5f8574aa-9fa2-4c5e-ba05-09ba8ad48e71 req-072b24b0-5929-4edb-bf53-fc04537e04ec service placement] Successfully wrote allocations [, , ] {{(pid=105462) _update_consumers_and_create_allocations /opt/stack/placement/placement/handlers/allocation.py:462}}
Apr 29 13:17:46.345755 n-d-838926-6 devstack@placement-api.service[105462]: INFO placement.requestlog [req-5f8574aa-9fa2-4c5e-ba05-09ba8ad48e71 req-072b24b0-5929-4edb-bf53-fc04537e04ec service placement] 10.222.0.71 "PUT /placement/allocations/6e6c0f8a-f224-43c6-a1ac-af8456f8c9c8" status: 204 len: 0 microversion: 1.36
Apr 29 13:17:46.346327 n-d-838926-6 devstack@placement-api.service[105462]: [pid: 105462|app: 0|req: 310/623] 10.222.0.71 () {64 vars in 1433 bytes} [Fri Apr 29 13:17:46 2022] PUT /placement/allocations/6e6c0f8a-f224-43c6-a1ac-af8456f8c9c8 => generated 0 bytes in 312 msecs (HTTP/1.1 204) 5 headers in 199 bytes (2 switches on core 0)
Apr 29 13:17:46.360549 n-d-838926-6 devstack@placement-api.service[105462]: DEBUG placement.requestlog [req-5f8574aa-9fa2-4c5e-ba05-09ba8ad48e71 req-bd0f7b0c-7b28-4d79-8381-4cbe16550241 None None] Starting request: 10.222.0.71 "GET /placement/allocations/9db02bee-1ddd-4077-a87e-48d609dce0b5" {{(pid=105462) __call__ /opt/stack/placement/placement/requestlog.py:55}}
Apr 29 13:17:46.384462 n-d-838926-6 devstack@placement-api.service[105462]: INFO placement.requestlog [req-5f8574aa-9fa2-4c5e-ba05-09ba8ad48e71 req-bd0f7b0c-7b28-4d79-8381-4cbe16550241 service placement] 10.222.0.71 "GET /placement/allocations/9db02bee-1ddd-4077-a87e-48d609dce0b5" status: 200 len: 19 microversion: 1.28
Apr 29 13:17:46.384462 n-d-838926-6 devstack@placement-api.service[105462]: [pid: 105462|app: 0|req: 311/624] 10.222.0.71 () {60 vars in 1380 bytes} [Fri Apr 29 13:17:46 2022] GET /placement/allocations/9db02bee-1ddd-4077-a87e-48d609dce0b5 => generated 19 bytes in 21 msecs (HTTP/1.1 200) 8 headers in 295 bytes (1 switches on core 0)
Apr 29 13:17:46.394568 n-d-838926-6 devstack@placement-api.service[105462]: DEBUG placement.requestlog [req-5f8574aa-9fa2-4c5e-ba05-09ba8ad48e71 req-54f116e5-782a-4601-bcbb-f00c9e1abac7 None None] Starting request: 10.222.0.71 "PUT /placement/allocations/9db02bee-1ddd-4077-a87e-48d609dce0b5" {{(pid=105462) __call__ /opt/stack/placement/placement/requestlog.py:55}}
Apr 29 13:17:46.510166 n-d-838926-6 devstack@placement-api.service[105461]: DEBUG placement.handlers.allocation [req-3a7d2ba3-fe1c-4a8d-9d02-11d16b133461 req-68d113c6-d907-4aa1-999e-ab1affed431b service placement] Successfully wrote allocations [, , ] {{(pid=105461) _update_consumers_and_create_allocations /opt/stack/placement/placement/handlers/allocation.py:462}}
Apr 29 13:17:46.619748 n-d-838926-6 devstack@placement-api.service[105462]: DEBUG placement.objects.allocation [req-5f8574aa-9fa2-4c5e-ba05-09ba8ad48e71 req-54f116e5-782a-4601-bcbb-f00c9e1abac7 service placement] Retrying allocations write on resource provider generation conflict {{(pid=105462) replace_all /opt/stack/placement/placement/objects/allocation.py:509}}
Apr 29 13:17:46.620090 n-d-838926-6 devstack@placement-api.service[105461]: INFO placement.requestlog [req-3a7d2ba3-fe1c-4a8d-9d02-11d16b133461 req-68d113c6-d907-4aa1-999e-ab1affed431b service placement] 10.222.0.71 "PUT /placement/allocations/c2f355fb-7023-4ba7-ad99-5059baa886e7" status: 204 len: 0 microversion: 1.36
Apr 29 13:17:46.623148 n-d-838926-6 devstack@placement-api.service[105461]: [pid: 105461|app: 0|req: 314/625] 10.222.0.71 () {64 vars in 1433 bytes} [Fri Apr 29 13:17:45 2022] PUT /placement/allocations/c2f355fb-7023-4ba7-ad99-5059baa886e7 => generated 0 bytes in 631 msecs (HTTP/1.1 204) 5 headers in 199 bytes (1 switches on core 0)
Apr 29 13:17:46.660827 n-d-838926-6 devstack@placement-api.service[105462]: DEBUG placement.handlers.allocation [req-5f8574aa-9fa2-4c5e-ba05-09ba8ad48e71 req-54f116e5-782a-4601-bcbb-f00c9e1abac7 service placement] Successfully wrote allocations [, , ] {{(pid=105462) _update_consumers_and_create_allocations /opt/stack/placement/placement/handlers/allocation.py:462}}
Apr 29 13:17:46.729453 n-d-838926-6 devstack@placement-api.service[105462]: INFO placement.requestlog [req-5f8574aa-9fa2-4c5e-ba05-09ba8ad48e71 req-54f116e5-782a-4601-bcbb-f00c9e1abac7 service placement] 10.222.0.71 "PUT /placement/allocations/9db02bee-1ddd-4077-a87e-48d609dce0b5" status: 204 len: 0 microversion: 1.36
Apr 29 13:17:46.733465 n-d-838926-6 devstack@placement-api.service[105462]: [pid: 105462|app: 0|req: 312/626] 10.222.0.71 () {64 vars in 1433 bytes} [Fri Apr 29 13:17:46 2022] PUT /placement/allocations/9db02bee-1ddd-4077-a87e-48d609dce0b5 => generated 0 bytes in 336 msecs (HTTP/1.1 204) 5 headers in 199 bytes (2 switches on core 0)
Apr 29 13:17:47.351798 n-d-838926-6 devstack@placement-api.service[105461]: DEBUG placement.requestlog [req-a266e3cd-def1-4f69-92a1-47a9bdd32d1a req-5ccc7c86-bf40-48d2-9933-7ca1e17f7e8a None None] Starting request: 10.222.0.71 "GET /placement/allocation_candidates?limit=1000&resources=DISK_GB%3A1%2CMEMORY_MB%3A1024%2CVCPU%3A1&root_required=%21COMPUTE_STATUS_DISABLED" {{(pid=105461) __call__ /opt/stack/placement/placement/requestlog.py:55}}
Apr 29 13:17:47.414778 n-d-838926-6 devstack@placement-api.service[105461]: DEBUG placement.objects.research_context [req-a266e3cd-def1-4f69-92a1-47a9bdd32d1a req-5ccc7c86-bf40-48d2-9933-7ca1e17f7e8a service placement] getting providers with 1 DISK_GB {{(pid=105461) __init__ /opt/stack/placement/placement/objects/research_context.py:136}}
Apr 29 13:17:47.427684 n-d-838926-6 devstack@placement-api.service[105461]: DEBUG placement.objects.research_context [req-a266e3cd-def1-4f69-92a1-47a9bdd32d1a req-5ccc7c86-bf40-48d2-9933-7ca1e17f7e8a service placement] getting providers with 1024 MEMORY_MB {{(pid=105461) __init__ /opt/stack/placement/placement/objects/research_context.py:136}}
Apr 29 13:17:47.437439 n-d-838926-6 devstack@placement-api.service[105461]: DEBUG placement.objects.research_context [req-a266e3cd-def1-4f69-92a1-47a9bdd32d1a req-5ccc7c86-bf40-48d2-9933-7ca1e17f7e8a service placement] getting providers with 1 VCPU {{(pid=105461) __init__ /opt/stack/placement/placement/objects/research_context.py:136}}
Apr 29 13:17:47.444688 n-d-838926-6 devstack@placement-api.service[105461]: DEBUG placement.objects.research_context [req-a266e3cd-def1-4f69-92a1-47a9bdd32d1a req-5ccc7c86-bf40-48d2-9933-7ca1e17f7e8a service placement] found 2 providers with available 1 DISK_GB {{(pid=105461) get_provider_ids_matching /opt/stack/placement/placement/objects/research_context.py:563}}
Apr 29 13:17:47.444958 n-d-838926-6 devstack@placement-api.service[105461]: DEBUG placement.objects.research_context [req-a266e3cd-def1-4f69-92a1-47a9bdd32d1a req-5ccc7c86-bf40-48d2-9933-7ca1e17f7e8a service placement] found 2 providers with available 1024 MEMORY_MB {{(pid=105461) get_provider_ids_matching /opt/stack/placement/placement/objects/research_context.py:563}}
Apr 29 13:17:47.445432 n-d-838926-6 devstack@placement-api.service[105461]: DEBUG placement.objects.research_context [req-a266e3cd-def1-4f69-92a1-47a9bdd32d1a req-5ccc7c86-bf40-48d2-9933-7ca1e17f7e8a service placement] found 2 providers after filtering by previous result {{(pid=105461) get_provider_ids_matching /opt/stack/placement/placement/objects/research_context.py:594}}
Apr 29 13:17:47.446361 n-d-838926-6 devstack@placement-api.service[105461]: DEBUG placement.objects.research_context [req-a266e3cd-def1-4f69-92a1-47a9bdd32d1a req-5ccc7c86-bf40-48d2-9933-7ca1e17f7e8a service placement] found 2 providers with available 1 VCPU {{(pid=105461) get_provider_ids_matching /opt/stack/placement/placement/objects/research_context.py:563}}
Apr 29 13:17:47.446783 n-d-838926-6 devstack@placement-api.service[105461]: DEBUG placement.objects.research_context [req-a266e3cd-def1-4f69-92a1-47a9bdd32d1a req-5ccc7c86-bf40-48d2-9933-7ca1e17f7e8a service placement] found 2 providers after filtering by previous result {{(pid=105461) get_provider_ids_matching /opt/stack/placement/placement/objects/research_context.py:594}}
Apr 29 13:17:47.464709 n-d-838926-6 devstack@placement-api.service[105461]: DEBUG placement.objects.allocation_candidate [req-a266e3cd-def1-4f69-92a1-47a9bdd32d1a req-5ccc7c86-bf40-48d2-9933-7ca1e17f7e8a service placement] RequestGroup(use_same_provider=False, resources={DISK_GB:1, MEMORY_MB:1024, VCPU:1}, traits=(), aggregates=[]) (suffix '') returned 2 matches {{(pid=105461) _get_by_requests /opt/stack/placement/placement/objects/allocation_candidate.py:156}}
Apr 29 13:17:47.465362 n-d-838926-6 devstack@placement-api.service[105461]: DEBUG placement.objects.allocation_candidate [req-a266e3cd-def1-4f69-92a1-47a9bdd32d1a req-5ccc7c86-bf40-48d2-9933-7ca1e17f7e8a service placement] Merging candidates yields 2 allocation requests and 2 provider summaries {{(pid=105461) _merge_candidates /opt/stack/placement/placement/objects/allocation_candidate.py:809}}
Apr 29 13:17:47.467212 n-d-838926-6 devstack@placement-api.service[105461]: INFO placement.requestlog [req-a266e3cd-def1-4f69-92a1-47a9bdd32d1a req-5ccc7c86-bf40-48d2-9933-7ca1e17f7e8a service placement] 10.222.0.71 "GET /placement/allocation_candidates?limit=1000&resources=DISK_GB%3A1%2CMEMORY_MB%3A1024%2CVCPU%3A1&root_required=%21COMPUTE_STATUS_DISABLED" status: 200 len: 1309 microversion: 1.36
Apr 29 13:17:47.468125 n-d-838926-6 devstack@placement-api.service[105461]: [pid: 105461|app: 0|req: 315/627] 10.222.0.71 () {60 vars in 1506 bytes} [Fri Apr 29 13:17:47 2022] GET /placement/allocation_candidates?limit=1000&resources=DISK_GB%3A1%2CMEMORY_MB%3A1024%2CVCPU%3A1&root_required=%21COMPUTE_STATUS_DISABLED => generated 1309 bytes in 117 msecs (HTTP/1.1 200) 8 headers in 297 bytes (1 switches on core 0)
Apr 29 13:17:47.560179 n-d-838926-6 devstack@placement-api.service[105462]: DEBUG placement.requestlog [req-a266e3cd-def1-4f69-92a1-47a9bdd32d1a req-b6522899-8842-418c-8c45-4af01f77bbe6 None None] Starting request: 10.222.0.71 "GET /placement/allocations/93059d6a-d9ef-4458-886a-496cad76f595" {{(pid=105462) __call__ /opt/stack/placement/placement/requestlog.py:55}}
Apr 29 13:17:47.592774 n-d-838926-6 devstack@placement-api.service[105462]: INFO placement.requestlog [req-a266e3cd-def1-4f69-92a1-47a9bdd32d1a req-b6522899-8842-418c-8c45-4af01f77bbe6 service placement] 10.222.0.71 "GET /placement/allocations/93059d6a-d9ef-4458-886a-496cad76f595" status: 200 len: 19 microversion: 1.28
Apr 29 13:17:47.595291 n-d-838926-6 devstack@placement-api.service[105462]: [pid: 105462|app: 0|req: 313/628] 10.222.0.71 () {60 vars in 1380 bytes} [Fri Apr 29 13:17:47 2022] GET /placement/allocations/93059d6a-d9ef-4458-886a-496cad76f595 => generated 19 bytes in 35 msecs (HTTP/1.1 200) 8 headers in 295 bytes (1 switches on core 0)
Apr 29 13:17:47.600032 n-d-838926-6 devstack@placement-api.service[105461]: DEBUG placement.requestlog [req-a266e3cd-def1-4f69-92a1-47a9bdd32d1a req-664d3f20-1d66-485e-b3bc-15633ef1b215 None None] Starting request: 10.222.0.71 "PUT /placement/allocations/93059d6a-d9ef-4458-886a-496cad76f595" {{(pid=105461) __call__ /opt/stack/placement/placement/requestlog.py:55}}
Apr 29 13:17:47.971557 n-d-838926-6 devstack@placement-api.service[105462]: DEBUG placement.requestlog [req-3a7d2ba3-fe1c-4a8d-9d02-11d16b133461 req-de3ba53a-2816-4021-bb4c-e96fdd455e15 None None] Starting request: 10.222.0.83 "GET /placement/allocations/c2f355fb-7023-4ba7-ad99-5059baa886e7" {{(pid=105462) __call__ /opt/stack/placement/placement/requestlog.py:55}}
Apr 29 13:17:47.997551 n-d-838926-6 devstack@placement-api.service[105462]: INFO placement.requestlog [req-3a7d2ba3-fe1c-4a8d-9d02-11d16b133461 req-de3ba53a-2816-4021-bb4c-e96fdd455e15 service placement] 10.222.0.83 "GET /placement/allocations/c2f355fb-7023-4ba7-ad99-5059baa886e7" status: 200 len: 259 microversion: 1.28
Apr 29 13:17:47.999199 n-d-838926-6 devstack@placement-api.service[105462]: [pid: 105462|app: 0|req: 314/629] 10.222.0.83 () {60 vars in 1377 bytes} [Fri Apr 29 13:17:47 2022] GET /placement/allocations/c2f355fb-7023-4ba7-ad99-5059baa886e7 => generated 259 bytes in 29 msecs (HTTP/1.1 200) 8 headers in 296 bytes (2 switches on core 0)
Apr 29 13:17:48.149030 n-d-838926-6 devstack@placement-api.service[105461]: DEBUG placement.handlers.allocation [req-a266e3cd-def1-4f69-92a1-47a9bdd32d1a req-664d3f20-1d66-485e-b3bc-15633ef1b215 service placement] Successfully wrote allocations [, , ] {{(pid=105461) _update_consumers_and_create_allocations /opt/stack/placement/placement/handlers/allocation.py:462}}
Apr 29 13:17:48.357696 n-d-838926-6 devstack@placement-api.service[105461]: INFO placement.requestlog [req-a266e3cd-def1-4f69-92a1-47a9bdd32d1a req-664d3f20-1d66-485e-b3bc-15633ef1b215 service placement] 10.222.0.71 "PUT /placement/allocations/93059d6a-d9ef-4458-886a-496cad76f595" status: 204 len: 0 microversion: 1.36
Apr 29 13:17:48.358460 n-d-838926-6 devstack@placement-api.service[105461]: [pid: 105461|app: 0|req: 316/630] 10.222.0.71 () {64 vars in 1433 bytes} [Fri Apr 29 13:17:47 2022] PUT /placement/allocations/93059d6a-d9ef-4458-886a-496cad76f595 => generated 0 bytes in 759 msecs (HTTP/1.1 204) 5 headers in 199 bytes (2 switches on core 0)
Apr 29 13:17:48.434458 n-d-838926-6 devstack@placement-api.service[105462]: DEBUG placement.requestlog [req-5f8574aa-9fa2-4c5e-ba05-09ba8ad48e71 req-af1477f1-1542-4a62-bbe9-337484cc1e32 None None] Starting request: 10.222.0.83 "GET /placement/allocations/6e6c0f8a-f224-43c6-a1ac-af8456f8c9c8" {{(pid=105462) __call__ /opt/stack/placement/placement/requestlog.py:55}}
Apr 29 13:17:48.477802 n-d-838926-6 devstack@placement-api.service[105462]: INFO placement.requestlog [req-5f8574aa-9fa2-4c5e-ba05-09ba8ad48e71 req-af1477f1-1542-4a62-bbe9-337484cc1e32 service placement] 10.222.0.83 "GET /placement/allocations/6e6c0f8a-f224-43c6-a1ac-af8456f8c9c8" status: 200 len: 259 microversion: 1.28
Apr 29 13:17:48.478363 n-d-838926-6 devstack@placement-api.service[105462]: [pid: 105462|app: 0|req: 315/631] 10.222.0.83 () {60 vars in 1377 bytes} [Fri Apr 29 13:17:48 2022] GET /placement/allocations/6e6c0f8a-f224-43c6-a1ac-af8456f8c9c8 => generated 259 bytes in 45 msecs (HTTP/1.1 200) 8 headers in 296 bytes (2 switches on core 0)
Apr 29 13:17:49.460970 n-d-838926-6 devstack@placement-api.service[105461]: DEBUG placement.requestlog [req-5f8574aa-9fa2-4c5e-ba05-09ba8ad48e71 req-cbbfadfa-8dc4-4afa-a3e0-db7d06042284 None None] Starting request: 10.222.0.83 "GET /placement/allocations/9db02bee-1ddd-4077-a87e-48d609dce0b5" {{(pid=105461) __call__ /opt/stack/placement/placement/requestlog.py:55}}
Apr 29 13:17:49.491287 n-d-838926-6 devstack@placement-api.service[105461]: INFO placement.requestlog [req-5f8574aa-9fa2-4c5e-ba05-09ba8ad48e71 req-cbbfadfa-8dc4-4afa-a3e0-db7d06042284 service placement] 10.222.0.83 "GET /placement/allocations/9db02bee-1ddd-4077-a87e-48d609dce0b5" status: 200 len: 259 microversion: 1.28
Apr 29 13:17:49.492495 n-d-838926-6 devstack@placement-api.service[105461]: [pid: 105461|app: 0|req: 317/632] 10.222.0.83 () {60 vars in 1377 bytes} [Fri Apr 29 13:17:49 2022] GET /placement/allocations/9db02bee-1ddd-4077-a87e-48d609dce0b5 => generated 259 bytes in 32 msecs (HTTP/1.1 200) 8 headers in 296 bytes (1 switches on core 0)
Apr 29 13:17:50.563090 n-d-838926-6 devstack@placement-api.service[105462]: DEBUG placement.requestlog [req-a266e3cd-def1-4f69-92a1-47a9bdd32d1a req-7353643b-f170-47db-8866-bd52fbb48e93 None None] Starting request: 10.222.0.83 "GET /placement/allocations/93059d6a-d9ef-4458-886a-496cad76f595" {{(pid=105462) __call__ /opt/stack/placement/placement/requestlog.py:55}}
Apr 29 13:17:50.597840 n-d-838926-6 devstack@placement-api.service[105462]: INFO placement.requestlog [req-a266e3cd-def1-4f69-92a1-47a9bdd32d1a req-7353643b-f170-47db-8866-bd52fbb48e93 service placement] 10.222.0.83 "GET /placement/allocations/93059d6a-d9ef-4458-886a-496cad76f595" status: 200 len: 259 microversion: 1.28
Apr 29 13:17:50.598573 n-d-838926-6 devstack@placement-api.service[105462]: [pid: 105462|app: 0|req: 316/633] 10.222.0.83 () {60 vars in 1377 bytes} [Fri Apr 29 13:17:50 2022] GET /placement/allocations/93059d6a-d9ef-4458-886a-496cad76f595 => generated 259 bytes in 36 msecs (HTTP/1.1 200) 8 headers in 296 bytes (1 switches on core 0)
Apr 29 13:17:58.369517 n-d-838926-6 devstack@placement-api.service[105461]: DEBUG placement.requestlog [req-0dce6daa-f5a4-4786-9816-fbab47d2d0bb req-99f98e21-75cc-46df-9c37-1ad258bc3d9f None None] Starting request: 10.222.0.73 "DELETE /placement/allocations/15b6fabb-7ddc-4943-993b-ba6b427d21e4" {{(pid=105461) __call__ /opt/stack/placement/placement/requestlog.py:55}}
Apr 29 13:17:58.589198 n-d-838926-6 devstack@placement-api.service[105461]: DEBUG placement.handlers.allocation [req-0dce6daa-f5a4-4786-9816-fbab47d2d0bb req-99f98e21-75cc-46df-9c37-1ad258bc3d9f service placement] Successfully deleted allocations [, , ] {{(pid=105461) delete_allocations /opt/stack/placement/placement/handlers/allocation.py:627}}
Apr 29 13:17:58.589714 n-d-838926-6 devstack@placement-api.service[105461]: INFO placement.requestlog [req-0dce6daa-f5a4-4786-9816-fbab47d2d0bb req-99f98e21-75cc-46df-9c37-1ad258bc3d9f service placement] 10.222.0.73 "DELETE /placement/allocations/15b6fabb-7ddc-4943-993b-ba6b427d21e4" status: 204 len: 0 microversion: 1.0
Apr 29 13:17:58.590167 n-d-838926-6 devstack@placement-api.service[105461]: [pid: 105461|app: 0|req: 318/634] 10.222.0.73 () {60 vars in 1355 bytes} [Fri Apr 29 13:17:58 2022] DELETE /placement/allocations/15b6fabb-7ddc-4943-993b-ba6b427d21e4 => generated 0 bytes in 221 msecs (HTTP/1.1 204) 5 headers in 198 bytes (1 switches on core 0)
Apr 29 13:18:10.219697 n-d-838926-6 devstack@placement-api.service[105462]: DEBUG placement.requestlog [req-93a66ca5-31b8-4aa8-a41e-3ee8709ce93b req-9af9f9aa-ee2c-4a5f-89ee-7a0f625aec17 None None] Starting request: 10.222.0.71 "GET /placement/allocation_candidates?limit=1000&resources=DISK_GB%3A1%2CMEMORY_MB%3A1024%2CVCPU%3A1&root_required=%21COMPUTE_STATUS_DISABLED" {{(pid=105462) __call__ /opt/stack/placement/placement/requestlog.py:55}}
