May 24 17:07:14.231052 n-d-838926-10 devstack@n-api.service[119758]: /usr/local/lib/python3.8/dist-packages/oslo_policy/policy.py:1129: UserWarning: Policy "os_compute_api:os-aggregates:create": "rule:context_is_admin" failed scope check. The token used to make the request was project scoped but the policy requires ['system'] scope. This behavior may change in the future where using the intended scope is required
May 24 17:07:14.231052 n-d-838926-10 devstack@n-api.service[119758]: warnings.warn(msg)
May 24 17:07:14.232611 n-d-838926-10 devstack@n-api.service[119758]: DEBUG nova.objects.aggregate [None req-4d878c0c-b64d-4d77-bfe4-6480cd70ae12 tempest-AggregatesAdminTestJSON-11218314 tempest-AggregatesAdminTestJSON-11218314-project-admin] Generated uuid 921939e8-7026-47a4-a29f-4a485bb1fb1b for aggregate {{(pid=119758) create /opt/stack/nova/nova/objects/aggregate.py:298}}
May 24 17:07:14.346751 n-d-838926-10 devstack@n-api.service[119757]: DEBUG nova.api.openstack.wsgi [None req-b2ace34b-f70a-40c5-adc3-fd8d95a0b694 tempest-AggregatesAdminTestV241-104127151 tempest-AggregatesAdminTestV241-104127151-project-admin] Calling method '.version_select at 0x7f90679494c0>' {{(pid=119757) _process_stack /opt/stack/nova/nova/api/openstack/wsgi.py:513}}
May 24 17:07:14.348051 n-d-838926-10 devstack@n-api.service[119757]: /usr/local/lib/python3.8/dist-packages/oslo_policy/policy.py:1129: UserWarning: Policy "os_compute_api:os-hypervisors:list-detail": "rule:context_is_admin" failed scope check. The token used to make the request was project scoped but the policy requires ['system'] scope. This behavior may change in the future where using the intended scope is required
May 24 17:07:14.348051 n-d-838926-10 devstack@n-api.service[119757]: warnings.warn(msg)
May 24 17:07:14.349379 n-d-838926-10 devstack@n-api.service[119757]: DEBUG oslo_concurrency.lockutils [None req-b2ace34b-f70a-40c5-adc3-fd8d95a0b694 tempest-AggregatesAdminTestV241-104127151 tempest-AggregatesAdminTestV241-104127151-project-admin] Lock "421c5f15-354e-4117-a6ab-e420c80ae96c" acquired by "nova.context.set_target_cell..get_or_set_cached_cell_and_set_connections" :: waited 0.000s {{(pid=119757) inner /usr/local/lib/python3.8/dist-packages/oslo_concurrency/lockutils.py:386}}
May 24 17:07:14.349931 n-d-838926-10 devstack@n-api.service[119757]: DEBUG oslo_concurrency.lockutils [None req-b2ace34b-f70a-40c5-adc3-fd8d95a0b694 tempest-AggregatesAdminTestV241-104127151 tempest-AggregatesAdminTestV241-104127151-project-admin] Lock "421c5f15-354e-4117-a6ab-e420c80ae96c" "released" by "nova.context.set_target_cell..get_or_set_cached_cell_and_set_connections" :: held 0.000s {{(pid=119757) inner /usr/local/lib/python3.8/dist-packages/oslo_concurrency/lockutils.py:400}}
May 24 17:07:14.376951 n-d-838926-10 devstack@n-api.service[119758]: INFO nova.api.openstack.requestlog [None req-4d878c0c-b64d-4d77-bfe4-6480cd70ae12 tempest-AggregatesAdminTestJSON-11218314 tempest-AggregatesAdminTestJSON-11218314-project-admin] 10.222.0.42 "POST /compute/v2.1/os-aggregates" status: 200 len: 221 microversion: 2.1 time: 0.169795
May 24 17:07:14.379293 n-d-838926-10 devstack@n-api.service[119757]: DEBUG oslo_concurrency.lockutils [None req-b2ace34b-f70a-40c5-adc3-fd8d95a0b694 tempest-AggregatesAdminTestV241-104127151 tempest-AggregatesAdminTestV241-104127151-project-admin] Lock "421c5f15-354e-4117-a6ab-e420c80ae96c" acquired by "nova.context.set_target_cell..get_or_set_cached_cell_and_set_connections" :: waited 0.000s {{(pid=119757) inner /usr/local/lib/python3.8/dist-packages/oslo_concurrency/lockutils.py:386}}
May 24 17:07:14.379756 n-d-838926-10 devstack@n-api.service[119757]: DEBUG oslo_concurrency.lockutils [None req-b2ace34b-f70a-40c5-adc3-fd8d95a0b694 tempest-AggregatesAdminTestV241-104127151 tempest-AggregatesAdminTestV241-104127151-project-admin] Lock "421c5f15-354e-4117-a6ab-e420c80ae96c" "released" by "nova.context.set_target_cell..get_or_set_cached_cell_and_set_connections" :: held 0.001s {{(pid=119757) inner /usr/local/lib/python3.8/dist-packages/oslo_concurrency/lockutils.py:400}}
May 24 17:07:14.384808 n-d-838926-10 devstack@n-api.service[119758]: [pid: 119758|app: 0|req: 2/8] 10.222.0.42 () {60 vars in 1164 bytes} [Tue May 24 17:07:14 2022] POST /compute/v2.1/os-aggregates => generated 221 bytes in 178 msecs (HTTP/1.1 200) 9 headers in 357 bytes (1 switches on core 0)
May 24 17:07:14.390037 n-d-838926-10 devstack@n-api.service[119758]: DEBUG nova.api.openstack.wsgi [None req-3835b70b-703c-478b-b089-907afaeabb48 tempest-AZAdminV2TestJSON-1584459167 tempest-AZAdminV2TestJSON-1584459167-project-admin] Calling method '>' {{(pid=119758) _process_stack /opt/stack/nova/nova/api/openstack/wsgi.py:513}}
May 24 17:07:14.391339 n-d-838926-10 devstack@n-api.service[119757]: DEBUG oslo_concurrency.lockutils [None req-b2ace34b-f70a-40c5-adc3-fd8d95a0b694 tempest-AggregatesAdminTestV241-104127151 tempest-AggregatesAdminTestV241-104127151-project-admin] Lock "421c5f15-354e-4117-a6ab-e420c80ae96c" acquired by "nova.context.set_target_cell..get_or_set_cached_cell_and_set_connections" :: waited 0.000s {{(pid=119757) inner /usr/local/lib/python3.8/dist-packages/oslo_concurrency/lockutils.py:386}}
May 24 17:07:14.391512 n-d-838926-10 devstack@n-api.service[119758]: /usr/local/lib/python3.8/dist-packages/oslo_policy/policy.py:1129: UserWarning: Policy "os_compute_api:os-availability-zone:detail": "rule:context_is_admin" failed scope check. The token used to make the request was project scoped but the policy requires ['system'] scope. This behavior may change in the future where using the intended scope is required
May 24 17:07:14.391512 n-d-838926-10 devstack@n-api.service[119758]: warnings.warn(msg)
May 24 17:07:14.391864 n-d-838926-10 devstack@n-api.service[119757]: DEBUG oslo_concurrency.lockutils [None req-b2ace34b-f70a-40c5-adc3-fd8d95a0b694 tempest-AggregatesAdminTestV241-104127151 tempest-AggregatesAdminTestV241-104127151-project-admin] Lock "421c5f15-354e-4117-a6ab-e420c80ae96c" "released" by "nova.context.set_target_cell..get_or_set_cached_cell_and_set_connections" :: held 0.001s {{(pid=119757) inner /usr/local/lib/python3.8/dist-packages/oslo_concurrency/lockutils.py:400}}
May 24 17:07:14.393512 n-d-838926-10 devstack@n-api.service[119758]: DEBUG oslo_concurrency.lockutils [None req-3835b70b-703c-478b-b089-907afaeabb48 tempest-AZAdminV2TestJSON-1584459167 tempest-AZAdminV2TestJSON-1584459167-project-admin] Lock "00000000-0000-0000-0000-000000000000" acquired by "nova.context.set_target_cell..get_or_set_cached_cell_and_set_connections" :: waited 0.000s {{(pid=119758) inner /usr/local/lib/python3.8/dist-packages/oslo_concurrency/lockutils.py:386}}
May 24 17:07:14.394101 n-d-838926-10 devstack@n-api.service[119758]: DEBUG oslo_concurrency.lockutils [None req-3835b70b-703c-478b-b089-907afaeabb48 tempest-AZAdminV2TestJSON-1584459167 tempest-AZAdminV2TestJSON-1584459167-project-admin] Lock "00000000-0000-0000-0000-000000000000" "released" by "nova.context.set_target_cell..get_or_set_cached_cell_and_set_connections" :: held 0.001s {{(pid=119758) inner /usr/local/lib/python3.8/dist-packages/oslo_concurrency/lockutils.py:400}}
May 24 17:07:14.395647 n-d-838926-10 devstack@n-api.service[119758]: DEBUG oslo_concurrency.lockutils [None req-3835b70b-703c-478b-b089-907afaeabb48 tempest-AZAdminV2TestJSON-1584459167 tempest-AZAdminV2TestJSON-1584459167-project-admin] Lock "421c5f15-354e-4117-a6ab-e420c80ae96c" acquired by "nova.context.set_target_cell..get_or_set_cached_cell_and_set_connections" :: waited 0.000s {{(pid=119758) inner /usr/local/lib/python3.8/dist-packages/oslo_concurrency/lockutils.py:386}}
May 24 17:07:14.396428 n-d-838926-10 devstack@n-api.service[119758]: DEBUG oslo_concurrency.lockutils [None req-3835b70b-703c-478b-b089-907afaeabb48 tempest-AZAdminV2TestJSON-1584459167 tempest-AZAdminV2TestJSON-1584459167-project-admin] Lock "421c5f15-354e-4117-a6ab-e420c80ae96c" "released" by "nova.context.set_target_cell..get_or_set_cached_cell_and_set_connections" :: held 0.001s {{(pid=119758) inner /usr/local/lib/python3.8/dist-packages/oslo_concurrency/lockutils.py:400}}
May 24 17:07:14.401428 n-d-838926-10 devstack@n-api.service[119757]: INFO nova.api.openstack.requestlog [None req-b2ace34b-f70a-40c5-adc3-fd8d95a0b694 tempest-AggregatesAdminTestV241-104127151 tempest-AggregatesAdminTestV241-104127151-project-admin] 10.222.0.42 "GET /compute/v2.1/os-hypervisors/detail" status: 200 len: 1427 microversion: 2.41 time: 0.265450
May 24 17:07:14.402009 n-d-838926-10 devstack@n-api.service[119757]: [pid: 119757|app: 0|req: 7/9] 10.222.0.42 () {60 vars in 1207 bytes} [Tue May 24 17:07:14 2022] GET /compute/v2.1/os-hypervisors/detail => generated 1427 bytes in 267 msecs (HTTP/1.1 200) 9 headers in 360 bytes (1 switches on core 0)
May 24 17:07:14.415213 n-d-838926-10 devstack@n-api.service[119757]: DEBUG nova.api.openstack.wsgi [None req-291168a3-7a82-4b48-8747-0884ccaf6e5f tempest-FlavorsAccessTestJSON-741851551 tempest-FlavorsAccessTestJSON-741851551-project-admin] Action: 'action', calling method: >, body: {"addTenantAccess": {"tenant": "cf46c128f96848828dbea067ff6e9b3e"}} {{(pid=119757) _process_stack /opt/stack/nova/nova/api/openstack/wsgi.py:511}}
May 24 17:07:14.416820 n-d-838926-10 devstack@n-api.service[119757]: /usr/local/lib/python3.8/dist-packages/oslo_policy/policy.py:1129: UserWarning: Policy "os_compute_api:os-flavor-access:add_tenant_access": "rule:context_is_admin" failed scope check. The token used to make the request was project scoped but the policy requires ['system'] scope. This behavior may change in the future where using the intended scope is required
May 24 17:07:14.416820 n-d-838926-10 devstack@n-api.service[119757]: warnings.warn(msg)
May 24 17:07:14.443575 n-d-838926-10 devstack@n-api.service[119758]: INFO nova.api.openstack.requestlog [None req-3835b70b-703c-478b-b089-907afaeabb48 tempest-AZAdminV2TestJSON-1584459167 tempest-AZAdminV2TestJSON-1584459167-project-admin] 10.222.0.42 "GET /compute/v2.1/os-availability-zone/detail" status: 200 len: 615 microversion: 2.1 time: 0.057153
May 24 17:07:14.446653 n-d-838926-10 devstack@n-api.service[119758]: [pid: 119758|app: 0|req: 3/10] 10.222.0.42 () {58 vars in 1184 bytes} [Tue May 24 17:07:14 2022] GET /compute/v2.1/os-availability-zone/detail => generated 615 bytes in 61 msecs (HTTP/1.1 200) 9 headers in 357 bytes (1 switches on core 0)
May 24 17:07:14.456316 n-d-838926-10 devstack@n-api.service[119758]: DEBUG nova.api.openstack.wsgi [None req-68bad438-1488-4327-9326-f3a4712b49c9 tempest-HostsAdminTestJSON-1548775788 tempest-HostsAdminTestJSON-1548775788-project-admin] Calling method '.version_select at 0x7f9066078940>' {{(pid=119758) _process_stack /opt/stack/nova/nova/api/openstack/wsgi.py:513}}
May 24 17:07:14.457624 n-d-838926-10 devstack@n-api.service[119758]: /usr/local/lib/python3.8/dist-packages/oslo_policy/policy.py:1129: UserWarning: Policy "os_compute_api:os-hosts:list": "rule:context_is_admin" failed scope check. The token used to make the request was project scoped but the policy requires ['system'] scope. This behavior may change in the future where using the intended scope is required
May 24 17:07:14.457624 n-d-838926-10 devstack@n-api.service[119758]: warnings.warn(msg)
May 24 17:07:14.458911 n-d-838926-10 devstack@n-api.service[119758]: DEBUG oslo_concurrency.lockutils [None req-68bad438-1488-4327-9326-f3a4712b49c9 tempest-HostsAdminTestJSON-1548775788 tempest-HostsAdminTestJSON-1548775788-project-admin] Lock "00000000-0000-0000-0000-000000000000" acquired by "nova.context.set_target_cell..get_or_set_cached_cell_and_set_connections" :: waited 0.000s {{(pid=119758) inner /usr/local/lib/python3.8/dist-packages/oslo_concurrency/lockutils.py:386}}
May 24 17:07:14.459443 n-d-838926-10 devstack@n-api.service[119758]: DEBUG oslo_concurrency.lockutils [None req-68bad438-1488-4327-9326-f3a4712b49c9 tempest-HostsAdminTestJSON-1548775788 tempest-HostsAdminTestJSON-1548775788-project-admin] Lock "00000000-0000-0000-0000-000000000000" "released" by "nova.context.set_target_cell..get_or_set_cached_cell_and_set_connections" :: held 0.000s {{(pid=119758) inner /usr/local/lib/python3.8/dist-packages/oslo_concurrency/lockutils.py:400}}
May 24 17:07:14.460355 n-d-838926-10 devstack@n-api.service[119758]: DEBUG oslo_concurrency.lockutils [None req-68bad438-1488-4327-9326-f3a4712b49c9 tempest-HostsAdminTestJSON-1548775788 tempest-HostsAdminTestJSON-1548775788-project-admin] Lock "421c5f15-354e-4117-a6ab-e420c80ae96c" acquired by "nova.context.set_target_cell..get_or_set_cached_cell_and_set_connections" :: waited 0.000s {{(pid=119758) inner /usr/local/lib/python3.8/dist-packages/oslo_concurrency/lockutils.py:386}}
May 24 17:07:14.460915 n-d-838926-10 devstack@n-api.service[119758]: DEBUG oslo_concurrency.lockutils [None req-68bad438-1488-4327-9326-f3a4712b49c9 tempest-HostsAdminTestJSON-1548775788 tempest-HostsAdminTestJSON-1548775788-project-admin] Lock "421c5f15-354e-4117-a6ab-e420c80ae96c" "released" by "nova.context.set_target_cell..get_or_set_cached_cell_and_set_connections" :: held 0.001s {{(pid=119758) inner /usr/local/lib/python3.8/dist-packages/oslo_concurrency/lockutils.py:400}}
May 24 17:07:14.488956 n-d-838926-10 devstack@n-api.service[119758]: INFO nova.api.openstack.requestlog [None req-68bad438-1488-4327-9326-f3a4712b49c9 tempest-HostsAdminTestJSON-1548775788 tempest-HostsAdminTestJSON-1548775788-project-admin] 10.222.0.42 "GET /compute/v2.1/os-hosts?zone=xxx" status: 200 len: 13 microversion: 2.1 time: 0.041135
May 24 17:07:14.489552 n-d-838926-10 devstack@n-api.service[119758]: [pid: 119758|app: 0|req: 4/11] 10.222.0.42 () {58 vars in 1144 bytes} [Tue May 24 17:07:14 2022] GET /compute/v2.1/os-hosts?zone=xxx => generated 13 bytes in 42 msecs (HTTP/1.1 200) 9 headers in 356 bytes (1 switches on core 0)
May 24 17:07:14.495139 n-d-838926-10 devstack@n-api.service[119758]: DEBUG nova.api.openstack.wsgi [None req-c5d8da9f-8392-4f8a-a6ea-11eef65dca4c tempest-DeleteServersAdminTestJSON-586029858 tempest-DeleteServersAdminTestJSON-586029858-project] Calling method '>' {{(pid=119758) _process_stack /opt/stack/nova/nova/api/openstack/wsgi.py:513}}
May 24 17:07:14.495766 n-d-838926-10 devstack@n-api.service[119758]: DEBUG nova.compute.api [None req-c5d8da9f-8392-4f8a-a6ea-11eef65dca4c tempest-DeleteServersAdminTestJSON-586029858 tempest-DeleteServersAdminTestJSON-586029858-project] [instance: 606a34e9-e37b-4a03-b01b-2a2b27ed0d2c] Fetching instance by UUID {{(pid=119758) get /opt/stack/nova/nova/compute/api.py:2920}}
May 24 17:07:14.583235 n-d-838926-10 devstack@n-api.service[119758]: DEBUG nova.policy [None req-c5d8da9f-8392-4f8a-a6ea-11eef65dca4c tempest-DeleteServersAdminTestJSON-586029858 tempest-DeleteServersAdminTestJSON-586029858-project] Policy check for os_compute_api:os-extended-server-attributes failed with credentials {'is_admin': False, 'user_id': '7878aa551d3842739d9176f8d5f23089', 'user_domain_id': 'default', 'system_scope': None, 'domain_id': None, 'project_id': '09643437fa2a4a0bb6ea59c8657fa401', 'project_domain_id': 'default', 'roles': ['member', 'reader'], 'is_admin_project': True, 'service_user_id': None, 'service_user_domain_id': None, 'service_project_id': None, 'service_project_domain_id': None, 'service_roles': []} {{(pid=119758) authorize /opt/stack/nova/nova/policy.py:199}}
May 24 17:07:14.597685 n-d-838926-10 devstack@n-api.service[119758]: INFO nova.api.openstack.requestlog [None req-c5d8da9f-8392-4f8a-a6ea-11eef65dca4c tempest-DeleteServersAdminTestJSON-586029858 tempest-DeleteServersAdminTestJSON-586029858-project] 10.222.0.42 "GET /compute/v2.1/servers/606a34e9-e37b-4a03-b01b-2a2b27ed0d2c" status: 200 len: 1219 microversion: 2.1 time: 0.106999
May 24 17:07:14.598482 n-d-838926-10 devstack@n-api.service[119758]: [pid: 119758|app: 0|req: 5/12] 10.222.0.42 () {58 vars in 1235 bytes} [Tue May 24 17:07:14 2022] GET /compute/v2.1/servers/606a34e9-e37b-4a03-b01b-2a2b27ed0d2c => generated 1219 bytes in 108 msecs (HTTP/1.1 200) 9 headers in 358 bytes (1 switches on core 0)
May 24 17:07:14.612832 n-d-838926-10 devstack@n-api.service[119758]: DEBUG nova.api.openstack.wsgi [None req-697d4f8b-bf1d-49ad-a4e4-eefeb503daa3 tempest-AggregatesAdminTestJSON-11218314 tempest-AggregatesAdminTestJSON-11218314-project-admin] Calling method '>' {{(pid=119758) _process_stack /opt/stack/nova/nova/api/openstack/wsgi.py:513}}
May 24 17:07:14.613582 n-d-838926-10 devstack@n-api.service[119758]: /usr/local/lib/python3.8/dist-packages/oslo_policy/policy.py:1129: UserWarning: Policy "os_compute_api:os-aggregates:index": "rule:context_is_admin" failed scope check. The token used to make the request was project scoped but the policy requires ['system'] scope. This behavior may change in the future where using the intended scope is required
May 24 17:07:14.613582 n-d-838926-10 devstack@n-api.service[119758]: warnings.warn(msg)
May 24 17:07:14.626879 n-d-838926-10 devstack@n-api.service[119758]: INFO nova.api.openstack.requestlog [None req-697d4f8b-bf1d-49ad-a4e4-eefeb503daa3 tempest-AggregatesAdminTestJSON-11218314 tempest-AggregatesAdminTestJSON-11218314-project-admin] 10.222.0.42 "GET /compute/v2.1/os-aggregates" status: 200 len: 302 microversion: 2.1 time: 0.017575
May 24 17:07:14.629776 n-d-838926-10 devstack@n-api.service[119758]: [pid: 119758|app: 0|req: 6/13] 10.222.0.42 () {58 vars in 1142 bytes} [Tue May 24 17:07:14 2022] GET /compute/v2.1/os-aggregates => generated 302 bytes in 31 msecs (HTTP/1.1 200) 9 headers in 357 bytes (1 switches on core 0)
May 24 17:07:14.640768 n-d-838926-10 devstack@n-api.service[119758]: DEBUG nova.api.openstack.wsgi [None req-01cc5842-19e2-446b-b524-cb9f2506a14e tempest-AggregatesAdminTestJSON-11218314 tempest-AggregatesAdminTestJSON-11218314-project-admin] Action: 'action', calling method: >, body: {"add_host": {"host": "n-h2-838926-10"}} {{(pid=119758) _process_stack /opt/stack/nova/nova/api/openstack/wsgi.py:511}}
May 24 17:07:14.642010 n-d-838926-10 devstack@n-api.service[119758]: /usr/local/lib/python3.8/dist-packages/oslo_policy/policy.py:1129: UserWarning: Policy "os_compute_api:os-aggregates:add_host": "rule:context_is_admin" failed scope check. The token used to make the request was project scoped but the policy requires ['system'] scope. This behavior may change in the future where using the intended scope is required
May 24 17:07:14.642010 n-d-838926-10 devstack@n-api.service[119758]: warnings.warn(msg)
May 24 17:07:14.657813 n-d-838926-10 devstack@n-api.service[119758]: DEBUG oslo_concurrency.lockutils [None req-01cc5842-19e2-446b-b524-cb9f2506a14e tempest-AggregatesAdminTestJSON-11218314 tempest-AggregatesAdminTestJSON-11218314-project-admin] Lock "421c5f15-354e-4117-a6ab-e420c80ae96c" acquired by "nova.context.set_target_cell..get_or_set_cached_cell_and_set_connections" :: waited 0.000s {{(pid=119758) inner /usr/local/lib/python3.8/dist-packages/oslo_concurrency/lockutils.py:386}}
May 24 17:07:14.658368 n-d-838926-10 devstack@n-api.service[119758]: DEBUG oslo_concurrency.lockutils [None req-01cc5842-19e2-446b-b524-cb9f2506a14e tempest-AggregatesAdminTestJSON-11218314 tempest-AggregatesAdminTestJSON-11218314-project-admin] Lock "421c5f15-354e-4117-a6ab-e420c80ae96c" "released" by "nova.context.set_target_cell..get_or_set_cached_cell_and_set_connections" :: held 0.001s {{(pid=119758) inner /usr/local/lib/python3.8/dist-packages/oslo_concurrency/lockutils.py:400}}
May 24 17:07:15.159216 n-d-838926-10 devstack@n-api.service[119757]: INFO nova.api.openstack.requestlog [None req-291168a3-7a82-4b48-8747-0884ccaf6e5f tempest-FlavorsAccessTestJSON-741851551 tempest-FlavorsAccessTestJSON-741851551-project-admin] 10.222.0.42 "POST /compute/v2.1/flavors/863284988/action" status: 200 len: 96 microversion: 2.1 time: 0.750320
May 24 17:07:15.159216 n-d-838926-10 devstack@n-api.service[119757]: [pid: 119757|app: 0|req: 8/14] 10.222.0.42 () {60 vars in 1196 bytes} [Tue May 24 17:07:14 2022] POST /compute/v2.1/flavors/863284988/action => generated 96 bytes in 753 msecs (HTTP/1.1 200) 9 headers in 356 bytes (1 switches on core 0)
May 24 17:07:15.442424 n-d-838926-10 devstack@n-api.service[119757]: DEBUG nova.api.openstack.wsgi [None req-4c8edea5-48be-4ef9-ab9c-089983940580 tempest-FlavorsAccessTestJSON-1362791776 tempest-FlavorsAccessTestJSON-1362791776-project] Calling method '>' {{(pid=119757) _process_stack /opt/stack/nova/nova/api/openstack/wsgi.py:513}}
May 24 17:07:15.490718 n-d-838926-10 devstack@n-api.service[119757]: INFO nova.api.openstack.requestlog [None req-4c8edea5-48be-4ef9-ab9c-089983940580 tempest-FlavorsAccessTestJSON-1362791776 tempest-FlavorsAccessTestJSON-1362791776-project] 10.222.0.42 "GET /compute/v2.1/flavors/detail" status: 200 len: 5409 microversion: 2.1 time: 0.328655
May 24 17:07:15.491409 n-d-838926-10 devstack@n-api.service[119757]: [pid: 119757|app: 0|req: 9/15] 10.222.0.42 () {58 vars in 1145 bytes} [Tue May 24 17:07:15 2022] GET /compute/v2.1/flavors/detail => generated 5409 bytes in 330 msecs (HTTP/1.1 200) 9 headers in 358 bytes (1 switches on core 0)
May 24 17:07:15.506967 n-d-838926-10 devstack@n-api.service[119757]: DEBUG nova.api.openstack.wsgi [None req-557763c9-da66-4241-a81d-2b373ea25cff tempest-FlavorsAccessTestJSON-741851551 tempest-FlavorsAccessTestJSON-741851551-project-admin] Action: 'action', calling method: >, body: {"removeTenantAccess": {"tenant": "cf46c128f96848828dbea067ff6e9b3e"}} {{(pid=119757) _process_stack /opt/stack/nova/nova/api/openstack/wsgi.py:511}}
May 24 17:07:15.508932 n-d-838926-10 devstack@n-api.service[119757]: /usr/local/lib/python3.8/dist-packages/oslo_policy/policy.py:1129: UserWarning: Policy "os_compute_api:os-flavor-access:remove_tenant_access": "rule:context_is_admin" failed scope check. The token used to make the request was project scoped but the policy requires ['system'] scope. This behavior may change in the future where using the intended scope is required
May 24 17:07:15.508932 n-d-838926-10 devstack@n-api.service[119757]: warnings.warn(msg)
May 24 17:07:15.588142 n-d-838926-10 devstack@n-api.service[119758]: INFO nova.api.openstack.requestlog [None req-01cc5842-19e2-446b-b524-cb9f2506a14e tempest-AggregatesAdminTestJSON-11218314 tempest-AggregatesAdminTestJSON-11218314-project-admin] 10.222.0.42 "POST /compute/v2.1/os-aggregates/1/action" status: 200 len: 315 microversion: 2.1 time: 0.951432
May 24 17:07:15.591966 n-d-838926-10 devstack@n-api.service[119758]: [pid: 119758|app: 0|req: 7/16] 10.222.0.42 () {60 vars in 1190 bytes} [Tue May 24 17:07:14 2022] POST /compute/v2.1/os-aggregates/1/action => generated 315 bytes in 956 msecs (HTTP/1.1 200) 9 headers in 357 bytes (2 switches on core 0)
May 24 17:07:15.616458 n-d-838926-10 devstack@n-api.service[119758]: DEBUG nova.api.openstack.wsgi [None req-a04cbd1f-deff-4736-a1c7-4b2a95058e84 tempest-DeleteServersAdminTestJSON-586029858 tempest-DeleteServersAdminTestJSON-586029858-project] Calling method '>' {{(pid=119758) _process_stack /opt/stack/nova/nova/api/openstack/wsgi.py:513}}
May 24 17:07:15.618911 n-d-838926-10 devstack@n-api.service[119758]: DEBUG nova.compute.api [None req-a04cbd1f-deff-4736-a1c7-4b2a95058e84 tempest-DeleteServersAdminTestJSON-586029858 tempest-DeleteServersAdminTestJSON-586029858-project] [instance: 606a34e9-e37b-4a03-b01b-2a2b27ed0d2c] Fetching instance by UUID {{(pid=119758) get /opt/stack/nova/nova/compute/api.py:2920}}
May 24 17:07:15.687331 n-d-838926-10 devstack@n-api.service[119757]: INFO nova.api.openstack.requestlog [None req-557763c9-da66-4241-a81d-2b373ea25cff tempest-FlavorsAccessTestJSON-741851551 tempest-FlavorsAccessTestJSON-741851551-project-admin] 10.222.0.42 "POST /compute/v2.1/flavors/863284988/action" status: 200 len: 21 microversion: 2.1 time: 0.184315
May 24 17:07:15.688033 n-d-838926-10 devstack@n-api.service[119757]: [pid: 119757|app: 0|req: 10/17] 10.222.0.42 () {60 vars in 1196 bytes} [Tue May 24 17:07:15 2022] POST /compute/v2.1/flavors/863284988/action => generated 21 bytes in 186 msecs (HTTP/1.1 200) 9 headers in 356 bytes (2 switches on core 0)
May 24 17:07:15.698097 n-d-838926-10 devstack@n-api.service[119757]: DEBUG nova.api.openstack.wsgi [None req-55606045-ff5e-40f7-8ccb-4950b7acf182 tempest-FlavorsAccessTestJSON-1362791776 tempest-FlavorsAccessTestJSON-1362791776-project] Calling method '>' {{(pid=119757) _process_stack /opt/stack/nova/nova/api/openstack/wsgi.py:513}}
May 24 17:07:15.718652 n-d-838926-10 devstack@n-api.service[119757]: INFO nova.api.openstack.requestlog [None req-55606045-ff5e-40f7-8ccb-4950b7acf182 tempest-FlavorsAccessTestJSON-1362791776 tempest-FlavorsAccessTestJSON-1362791776-project] 10.222.0.42 "GET /compute/v2.1/flavors/detail" status: 200 len: 4991 microversion: 2.1 time: 0.025065
May 24 17:07:15.719417 n-d-838926-10 devstack@n-api.service[119757]: [pid: 119757|app: 0|req: 11/18] 10.222.0.42 () {58 vars in 1145 bytes} [Tue May 24 17:07:15 2022] GET /compute/v2.1/flavors/detail => generated 4991 bytes in 26 msecs (HTTP/1.1 200) 9 headers in 358 bytes (2 switches on core 0)
May 24 17:07:15.792366 n-d-838926-10 devstack@n-api.service[119758]: DEBUG nova.policy [None req-a04cbd1f-deff-4736-a1c7-4b2a95058e84 tempest-DeleteServersAdminTestJSON-586029858 tempest-DeleteServersAdminTestJSON-586029858-project] Policy check for os_compute_api:os-extended-server-attributes failed with credentials {'is_admin': False, 'user_id': '7878aa551d3842739d9176f8d5f23089', 'user_domain_id': 'default', 'system_scope': None, 'domain_id': None, 'project_id': '09643437fa2a4a0bb6ea59c8657fa401', 'project_domain_id': 'default', 'roles': ['member', 'reader'], 'is_admin_project': True, 'service_user_id': None, 'service_user_domain_id': None, 'service_project_id': None, 'service_project_domain_id': None, 'service_roles': []} {{(pid=119758) authorize /opt/stack/nova/nova/policy.py:199}}
May 24 17:07:15.799512 n-d-838926-10 devstack@n-api.service[119757]: DEBUG nova.api.openstack.wsgi [None req-f243b5a5-47a2-4a28-b3d8-c7b35201a420 tempest-AggregatesAdminTestJSON-1636601695 tempest-AggregatesAdminTestJSON-1636601695-project] Action: 'create', calling method: >, body: {"server": {"name": "tempest-AggregatesAdminTestJSON-server-29711794", "imageRef": "565297c3-2d39-4bc4-aa69-07de12cfeb69", "flavorRef": "452", "availability_zone": "tempest-test_az-1263019720"}} {{(pid=119757) _process_stack /opt/stack/nova/nova/api/openstack/wsgi.py:511}}
May 24 17:07:15.802147 n-d-838926-10 devstack@n-api.service[119758]: INFO nova.api.openstack.requestlog [None req-a04cbd1f-deff-4736-a1c7-4b2a95058e84 tempest-DeleteServersAdminTestJSON-586029858 tempest-DeleteServersAdminTestJSON-586029858-project] 10.222.0.42 "GET /compute/v2.1/servers/606a34e9-e37b-4a03-b01b-2a2b27ed0d2c" status: 200 len: 1219 microversion: 2.1 time: 0.190189
May 24 17:07:15.802802 n-d-838926-10 devstack@n-api.service[119758]: [pid: 119758|app: 0|req: 8/19] 10.222.0.42 () {58 vars in 1235 bytes} [Tue May 24 17:07:15 2022] GET /compute/v2.1/servers/606a34e9-e37b-4a03-b01b-2a2b27ed0d2c => generated 1219 bytes in 192 msecs (HTTP/1.1 200) 9 headers in 358 bytes (2 switches on core 0)
May 24 17:07:15.808860 n-d-838926-10 devstack@n-api.service[119758]: DEBUG nova.api.openstack.wsgi [None req-c4c79003-892e-42ec-9d98-ca22cd8638c5 tempest-FlavorsAccessTestJSON-741851551 tempest-FlavorsAccessTestJSON-741851551-project-admin] Calling method '>' {{(pid=119758) _process_stack /opt/stack/nova/nova/api/openstack/wsgi.py:513}}
May 24 17:07:15.810455 n-d-838926-10 devstack@n-api.service[119758]: /usr/local/lib/python3.8/dist-packages/oslo_policy/policy.py:1129: UserWarning: Policy "os_compute_api:os-flavor-manage:delete": "rule:context_is_admin" failed scope check. The token used to make the request was project scoped but the policy requires ['system'] scope. This behavior may change in the future where using the intended scope is required
May 24 17:07:15.810455 n-d-838926-10 devstack@n-api.service[119758]: warnings.warn(msg)
May 24 17:07:15.820519 n-d-838926-10 devstack@n-api.service[119757]: DEBUG oslo_concurrency.lockutils [None req-f243b5a5-47a2-4a28-b3d8-c7b35201a420 tempest-AggregatesAdminTestJSON-1636601695 tempest-AggregatesAdminTestJSON-1636601695-project] Lock "00000000-0000-0000-0000-000000000000" acquired by "nova.context.set_target_cell..get_or_set_cached_cell_and_set_connections" :: waited 0.000s {{(pid=119757) inner /usr/local/lib/python3.8/dist-packages/oslo_concurrency/lockutils.py:386}}
May 24 17:07:15.821377 n-d-838926-10 devstack@n-api.service[119757]: DEBUG oslo_concurrency.lockutils [None req-f243b5a5-47a2-4a28-b3d8-c7b35201a420 tempest-AggregatesAdminTestJSON-1636601695 tempest-AggregatesAdminTestJSON-1636601695-project] Lock "00000000-0000-0000-0000-000000000000" "released" by "nova.context.set_target_cell..get_or_set_cached_cell_and_set_connections" :: held 0.001s {{(pid=119757) inner /usr/local/lib/python3.8/dist-packages/oslo_concurrency/lockutils.py:400}}
May 24 17:07:15.822544 n-d-838926-10 devstack@n-api.service[119757]: DEBUG oslo_concurrency.lockutils [None req-f243b5a5-47a2-4a28-b3d8-c7b35201a420 tempest-AggregatesAdminTestJSON-1636601695 tempest-AggregatesAdminTestJSON-1636601695-project] Lock "421c5f15-354e-4117-a6ab-e420c80ae96c" acquired by "nova.context.set_target_cell..get_or_set_cached_cell_and_set_connections" :: waited 0.000s {{(pid=119757) inner /usr/local/lib/python3.8/dist-packages/oslo_concurrency/lockutils.py:386}}
May 24 17:07:15.823722 n-d-838926-10 devstack@n-api.service[119757]: DEBUG oslo_concurrency.lockutils [None req-f243b5a5-47a2-4a28-b3d8-c7b35201a420 tempest-AggregatesAdminTestJSON-1636601695 tempest-AggregatesAdminTestJSON-1636601695-project] Lock "421c5f15-354e-4117-a6ab-e420c80ae96c" "released" by "nova.context.set_target_cell..get_or_set_cached_cell_and_set_connections" :: held 0.001s {{(pid=119757) inner /usr/local/lib/python3.8/dist-packages/oslo_concurrency/lockutils.py:400}}
May 24 17:07:15.930847 n-d-838926-10 devstack@n-api.service[119758]: INFO nova.api.openstack.requestlog [None req-c4c79003-892e-42ec-9d98-ca22cd8638c5 tempest-FlavorsAccessTestJSON-741851551 tempest-FlavorsAccessTestJSON-741851551-project-admin] 10.222.0.42 "DELETE /compute/v2.1/flavors/863284988" status: 202 len: 0 microversion: 2.1 time: 0.126728
May 24 17:07:15.934669 n-d-838926-10 devstack@n-api.service[119758]: [pid: 119758|app: 0|req: 9/20] 10.222.0.42 () {58 vars in 1157 bytes} [Tue May 24 17:07:15 2022] DELETE /compute/v2.1/flavors/863284988 => generated 0 bytes in 128 msecs (HTTP/1.1 202) 9 headers in 361 bytes (1 switches on core 0)
May 24 17:07:15.943460 n-d-838926-10 devstack@n-api.service[119758]: DEBUG nova.api.openstack.wsgi [None req-ce54053f-a43e-418a-bff2-3bbb2439344c tempest-FlavorsAccessTestJSON-741851551 tempest-FlavorsAccessTestJSON-741851551-project-admin] Calling method '>' {{(pid=119758) _process_stack /opt/stack/nova/nova/api/openstack/wsgi.py:513}}
May 24 17:07:15.988035 n-d-838926-10 devstack@n-api.service[119758]: INFO nova.api.openstack.requestlog [None req-ce54053f-a43e-418a-bff2-3bbb2439344c tempest-FlavorsAccessTestJSON-741851551 tempest-FlavorsAccessTestJSON-741851551-project-admin] 10.222.0.42 "GET /compute/v2.1/flavors/detail" status: 200 len: 4991 microversion: 2.1 time: 0.048162
May 24 17:07:15.988596 n-d-838926-10 devstack@n-api.service[119758]: [pid: 119758|app: 0|req: 10/21] 10.222.0.42 () {58 vars in 1145 bytes} [Tue May 24 17:07:15 2022] GET /compute/v2.1/flavors/detail => generated 4991 bytes in 53 msecs (HTTP/1.1 200) 9 headers in 358 bytes (2 switches on core 0)
May 24 17:07:16.003960 n-d-838926-10 devstack@n-api.service[119758]: DEBUG nova.api.openstack.wsgi [None req-9cfb1574-e53a-4a87-9443-85ef372d466f tempest-FlavorsAccessTestJSON-741851551 tempest-FlavorsAccessTestJSON-741851551-project-admin] Action: 'create', calling method: >, body: {"flavor": {"ram": 512, "vcpus": 1, "disk": 10, "name": "tempest-FlavorsAccessTestJSON-flavor-1291843135", "id": 1680590582, "os-flavor-access:is_public": "False"}} {{(pid=119758) _process_stack /opt/stack/nova/nova/api/openstack/wsgi.py:511}}
May 24 17:07:16.005957 n-d-838926-10 devstack@n-api.service[119758]: /usr/local/lib/python3.8/dist-packages/oslo_policy/policy.py:1129: UserWarning: Policy "os_compute_api:os-flavor-manage:create": "rule:context_is_admin" failed scope check. The token used to make the request was project scoped but the policy requires ['system'] scope. This behavior may change in the future where using the intended scope is required
May 24 17:07:16.005957 n-d-838926-10 devstack@n-api.service[119758]: warnings.warn(msg)
May 24 17:07:16.110075 n-d-838926-10 devstack@n-api.service[119758]: INFO nova.api.openstack.requestlog [None req-9cfb1574-e53a-4a87-9443-85ef372d466f tempest-FlavorsAccessTestJSON-741851551 tempest-FlavorsAccessTestJSON-741851551-project-admin] 10.222.0.42 "POST /compute/v2.1/flavors" status: 200 len: 431 microversion: 2.1 time: 0.109776
May 24 17:07:16.116042 n-d-838926-10 devstack@n-api.service[119758]: [pid: 119758|app: 0|req: 11/22] 10.222.0.42 () {60 vars in 1146 bytes} [Tue May 24 17:07:15 2022] POST /compute/v2.1/flavors => generated 431 bytes in 116 msecs (HTTP/1.1 200) 9 headers in 357 bytes (1 switches on core 0)
May 24 17:07:16.125524 n-d-838926-10 devstack@n-api.service[119758]: DEBUG nova.api.openstack.wsgi [None req-abe08eb7-3a0b-4921-a4cd-5a6ee279e506 tempest-FlavorsAccessTestJSON-741851551 tempest-FlavorsAccessTestJSON-741851551-project-admin] Calling method '>' {{(pid=119758) _process_stack /opt/stack/nova/nova/api/openstack/wsgi.py:513}}
May 24 17:07:16.125907 n-d-838926-10 devstack@n-api.service[119758]: /usr/local/lib/python3.8/dist-packages/oslo_policy/policy.py:1129: UserWarning: Policy "os_compute_api:os-flavor-access": "rule:context_is_admin" failed scope check. The token used to make the request was project scoped but the policy requires ['system'] scope. This behavior may change in the future where using the intended scope is required
May 24 17:07:16.125907 n-d-838926-10 devstack@n-api.service[119758]: warnings.warn(msg)
May 24 17:07:16.159315 n-d-838926-10 devstack@n-api.service[119758]: INFO nova.api.openstack.requestlog [None req-abe08eb7-3a0b-4921-a4cd-5a6ee279e506 tempest-FlavorsAccessTestJSON-741851551 tempest-FlavorsAccessTestJSON-741851551-project-admin] 10.222.0.42 "GET /compute/v2.1/flavors/1680590582/os-flavor-access" status: 200 len: 21 microversion: 2.1 time: 0.041099
May 24 17:07:16.160405 n-d-838926-10 devstack@n-api.service[119758]: [pid: 119758|app: 0|req: 12/23] 10.222.0.42 () {58 vars in 1208 bytes} [Tue May 24 17:07:16 2022] GET /compute/v2.1/flavors/1680590582/os-flavor-access => generated 21 bytes in 43 msecs (HTTP/1.1 200) 9 headers in 356 bytes (1 switches on core 0)
May 24 17:07:16.170198 n-d-838926-10 devstack@n-api.service[119758]: DEBUG nova.api.openstack.wsgi [None req-b3b31e2b-2cf6-4ed7-869e-15ba871d7970 tempest-FlavorsAccessTestJSON-741851551 tempest-FlavorsAccessTestJSON-741851551-project-admin] Calling method '>' {{(pid=119758) _process_stack /opt/stack/nova/nova/api/openstack/wsgi.py:513}}
May 24 17:07:16.178624 n-d-838926-10 devstack@n-api.service[119757]: DEBUG nova.network.neutron [None req-f243b5a5-47a2-4a28-b3d8-c7b35201a420 tempest-AggregatesAdminTestJSON-1636601695 tempest-AggregatesAdminTestJSON-1636601695-project] validate_networks() for None {{(pid=119757) validate_networks /opt/stack/nova/nova/network/neutron.py:2609}}
May 24 17:07:16.261036 n-d-838926-10 devstack@n-api.service[119758]: INFO nova.api.openstack.requestlog [None req-b3b31e2b-2cf6-4ed7-869e-15ba871d7970 tempest-FlavorsAccessTestJSON-741851551 tempest-FlavorsAccessTestJSON-741851551-project-admin] 10.222.0.42 "DELETE /compute/v2.1/flavors/1680590582" status: 202 len: 0 microversion: 2.1 time: 0.094815
May 24 17:07:16.261730 n-d-838926-10 devstack@n-api.service[119758]: [pid: 119758|app: 0|req: 13/24] 10.222.0.42 () {58 vars in 1160 bytes} [Tue May 24 17:07:16 2022] DELETE /compute/v2.1/flavors/1680590582 => generated 0 bytes in 96 msecs (HTTP/1.1 202) 9 headers in 361 bytes (1 switches on core 0)
May 24 17:07:16.275838 n-d-838926-10 devstack@n-api.service[119758]: DEBUG nova.api.openstack.wsgi [None req-2ed559f5-e7eb-4bb3-a13c-931b0aaa87fc tempest-FlavorsAccessTestJSON-741851551 tempest-FlavorsAccessTestJSON-741851551-project-admin] Calling method '>' {{(pid=119758) _process_stack /opt/stack/nova/nova/api/openstack/wsgi.py:513}}
May 24 17:07:16.296166 n-d-838926-10 devstack@n-api.service[119758]: INFO nova.api.openstack.requestlog [None req-2ed559f5-e7eb-4bb3-a13c-931b0aaa87fc tempest-FlavorsAccessTestJSON-741851551 tempest-FlavorsAccessTestJSON-741851551-project-admin] 10.222.0.42 "GET /compute/v2.1/flavors/detail" status: 200 len: 4991 microversion: 2.1 time: 0.029545
May 24 17:07:16.296916 n-d-838926-10 devstack@n-api.service[119758]: [pid: 119758|app: 0|req: 14/25] 10.222.0.42 () {58 vars in 1145 bytes} [Tue May 24 17:07:16 2022] GET /compute/v2.1/flavors/detail => generated 4991 bytes in 31 msecs (HTTP/1.1 200) 9 headers in 358 bytes (1 switches on core 0)
May 24 17:07:16.426594 n-d-838926-10 devstack@n-api.service[119757]: DEBUG nova.virt.hardware [None req-f243b5a5-47a2-4a28-b3d8-c7b35201a420 tempest-AggregatesAdminTestJSON-1636601695 tempest-AggregatesAdminTestJSON-1636601695-project] Flavor limits 0:0:0 {{(pid=119757) get_cpu_topology_constraints /opt/stack/nova/nova/virt/hardware.py:343}}
May 24 17:07:16.428019 n-d-838926-10 devstack@n-api.service[119757]: DEBUG nova.virt.hardware [None req-f243b5a5-47a2-4a28-b3d8-c7b35201a420 tempest-AggregatesAdminTestJSON-1636601695 tempest-AggregatesAdminTestJSON-1636601695-project] Image limits 0:0:0 {{(pid=119757) get_cpu_topology_constraints /opt/stack/nova/nova/virt/hardware.py:347}}
May 24 17:07:16.428523 n-d-838926-10 devstack@n-api.service[119757]: DEBUG nova.virt.hardware [None req-f243b5a5-47a2-4a28-b3d8-c7b35201a420 tempest-AggregatesAdminTestJSON-1636601695 tempest-AggregatesAdminTestJSON-1636601695-project] Flavor pref 0:0:0 {{(pid=119757) get_cpu_topology_constraints /opt/stack/nova/nova/virt/hardware.py:383}}
May 24 17:07:16.432483 n-d-838926-10 devstack@n-api.service[119757]: DEBUG nova.virt.hardware [None req-f243b5a5-47a2-4a28-b3d8-c7b35201a420 tempest-AggregatesAdminTestJSON-1636601695 tempest-AggregatesAdminTestJSON-1636601695-project] Image pref 0:0:0 {{(pid=119757) get_cpu_topology_constraints /opt/stack/nova/nova/virt/hardware.py:387}}
May 24 17:07:16.432483 n-d-838926-10 devstack@n-api.service[119757]: DEBUG nova.virt.hardware [None req-f243b5a5-47a2-4a28-b3d8-c7b35201a420 tempest-AggregatesAdminTestJSON-1636601695 tempest-AggregatesAdminTestJSON-1636601695-project] Chose sockets=0, cores=0, threads=0; limits were sockets=65536, cores=65536, threads=65536 {{(pid=119757) get_cpu_topology_constraints /opt/stack/nova/nova/virt/hardware.py:425}}
May 24 17:07:16.443966 n-d-838926-10 devstack@n-api.service[119757]: DEBUG oslo_concurrency.lockutils [None req-f243b5a5-47a2-4a28-b3d8-c7b35201a420 tempest-AggregatesAdminTestJSON-1636601695 tempest-AggregatesAdminTestJSON-1636601695-project] Lock "00000000-0000-0000-0000-000000000000" acquired by "nova.context.set_target_cell..get_or_set_cached_cell_and_set_connections" :: waited 0.000s {{(pid=119757) inner /usr/local/lib/python3.8/dist-packages/oslo_concurrency/lockutils.py:386}}
May 24 17:07:16.444452 n-d-838926-10 devstack@n-api.service[119757]: DEBUG oslo_concurrency.lockutils [None req-f243b5a5-47a2-4a28-b3d8-c7b35201a420 tempest-AggregatesAdminTestJSON-1636601695 tempest-AggregatesAdminTestJSON-1636601695-project] Lock "00000000-0000-0000-0000-000000000000" "released" by "nova.context.set_target_cell..get_or_set_cached_cell_and_set_connections" :: held 0.001s {{(pid=119757) inner /usr/local/lib/python3.8/dist-packages/oslo_concurrency/lockutils.py:400}}
May 24 17:07:16.445987 n-d-838926-10 devstack@n-api.service[119757]: DEBUG oslo_concurrency.lockutils [None req-f243b5a5-47a2-4a28-b3d8-c7b35201a420 tempest-AggregatesAdminTestJSON-1636601695 tempest-AggregatesAdminTestJSON-1636601695-project] Lock "421c5f15-354e-4117-a6ab-e420c80ae96c" acquired by "nova.context.set_target_cell..get_or_set_cached_cell_and_set_connections" :: waited 0.000s {{(pid=119757) inner /usr/local/lib/python3.8/dist-packages/oslo_concurrency/lockutils.py:386}}
May 24 17:07:16.446422 n-d-838926-10 devstack@n-api.service[119757]: DEBUG oslo_concurrency.lockutils [None req-f243b5a5-47a2-4a28-b3d8-c7b35201a420 tempest-AggregatesAdminTestJSON-1636601695 tempest-AggregatesAdminTestJSON-1636601695-project] Lock "421c5f15-354e-4117-a6ab-e420c80ae96c" "released" by "nova.context.set_target_cell..get_or_set_cached_cell_and_set_connections" :: held 0.001s {{(pid=119757) inner /usr/local/lib/python3.8/dist-packages/oslo_concurrency/lockutils.py:400}}
May 24 17:07:16.483107 n-d-838926-10 devstack@n-api.service[119757]: DEBUG nova.quota [None req-f243b5a5-47a2-4a28-b3d8-c7b35201a420 tempest-AggregatesAdminTestJSON-1636601695 tempest-AggregatesAdminTestJSON-1636601695-project] Getting quotas for project 5aef463192a54268ae4a419a06768b28. Resources: {'instances', 'ram', 'cores'} {{(pid=119757) _get_quotas /opt/stack/nova/nova/quota.py:393}}
May 24 17:07:16.490386 n-d-838926-10 devstack@n-api.service[119757]: DEBUG nova.quota [None req-f243b5a5-47a2-4a28-b3d8-c7b35201a420 tempest-AggregatesAdminTestJSON-1636601695 tempest-AggregatesAdminTestJSON-1636601695-project] Getting quotas for user 68eb82a82a4a47b393c914ebef42212b and project 5aef463192a54268ae4a419a06768b28. Resources: {'instances', 'ram', 'cores'} {{(pid=119757) _get_quotas /opt/stack/nova/nova/quota.py:383}}
May 24 17:07:16.503341 n-d-838926-10 devstack@n-api.service[119757]: DEBUG nova.compute.api [None req-f243b5a5-47a2-4a28-b3d8-c7b35201a420 tempest-AggregatesAdminTestJSON-1636601695 tempest-AggregatesAdminTestJSON-1636601695-project] Going to run 1 instances... {{(pid=119757) _provision_instances /opt/stack/nova/nova/compute/api.py:1389}}
May 24 17:07:16.506206 n-d-838926-10 devstack@n-api.service[119757]: DEBUG nova.compute.api [None req-f243b5a5-47a2-4a28-b3d8-c7b35201a420 tempest-AggregatesAdminTestJSON-1636601695 tempest-AggregatesAdminTestJSON-1636601695-project] [instance: 56aede92-6f30-47f8-b629-d4a512e9f6f8] block_device_mapping [BlockDeviceMapping(attachment_id=,boot_index=0,connection_info=None,created_at=,delete_on_termination=True,deleted=,deleted_at=,destination_type='local',device_name=None,device_type='disk',disk_bus=None,guest_format=None,id=,image_id='565297c3-2d39-4bc4-aa69-07de12cfeb69',instance=,instance_uuid=,no_device=False,snapshot_id=None,source_type='image',tag=None,updated_at=,uuid=,volume_id=None,volume_size=None,volume_type=None)] {{(pid=119757) _bdm_validate_set_size_and_instance /opt/stack/nova/nova/compute/api.py:1807}}
May 24 17:07:16.691252 n-d-838926-10 devstack@n-api.service[119757]: INFO nova.api.openstack.requestlog [None req-f243b5a5-47a2-4a28-b3d8-c7b35201a420 tempest-AggregatesAdminTestJSON-1636601695 tempest-AggregatesAdminTestJSON-1636601695-project] 10.222.0.42 "POST /compute/v2.1/servers" status: 202 len: 380 microversion: 2.1 time: 0.970602
May 24 17:07:16.691906 n-d-838926-10 devstack@n-api.service[119757]: [pid: 119757|app: 0|req: 12/26] 10.222.0.42 () {60 vars in 1146 bytes} [Tue May 24 17:07:15 2022] POST /compute/v2.1/servers => generated 380 bytes in 972 msecs (HTTP/1.1 202) 10 headers in 451 bytes (1 switches on core 0)
May 24 17:07:16.702595 n-d-838926-10 devstack@n-api.service[119758]: DEBUG nova.api.openstack.wsgi [None req-4e48a99d-4fb7-4dbf-85dd-35f780611dc5 tempest-AggregatesAdminTestJSON-1636601695 tempest-AggregatesAdminTestJSON-1636601695-project] Calling method '>' {{(pid=119758) _process_stack /opt/stack/nova/nova/api/openstack/wsgi.py:513}}
May 24 17:07:16.703236 n-d-838926-10 devstack@n-api.service[119758]: DEBUG nova.compute.api [None req-4e48a99d-4fb7-4dbf-85dd-35f780611dc5 tempest-AggregatesAdminTestJSON-1636601695 tempest-AggregatesAdminTestJSON-1636601695-project] [instance: 56aede92-6f30-47f8-b629-d4a512e9f6f8] Fetching instance by UUID {{(pid=119758) get /opt/stack/nova/nova/compute/api.py:2920}}
May 24 17:07:16.801498 n-d-838926-10 devstack@n-api.service[119758]: DEBUG nova.policy [None req-4e48a99d-4fb7-4dbf-85dd-35f780611dc5 tempest-AggregatesAdminTestJSON-1636601695 tempest-AggregatesAdminTestJSON-1636601695-project] Policy check for os_compute_api:os-extended-server-attributes failed with credentials {'is_admin': False, 'user_id': '68eb82a82a4a47b393c914ebef42212b', 'user_domain_id': 'default', 'system_scope': None, 'domain_id': None, 'project_id': '5aef463192a54268ae4a419a06768b28', 'project_domain_id': 'default', 'roles': ['member', 'reader'], 'is_admin_project': True, 'service_user_id': None, 'service_user_domain_id': None, 'service_project_id': None, 'service_project_domain_id': None, 'service_roles': []} {{(pid=119758) authorize /opt/stack/nova/nova/policy.py:199}}
May 24 17:07:16.820747 n-d-838926-10 devstack@n-api.service[119757]: DEBUG nova.api.openstack.wsgi [None req-56cb2c63-a216-466f-8821-4f076aae78bf tempest-DeleteServersAdminTestJSON-586029858 tempest-DeleteServersAdminTestJSON-586029858-project] Calling method '>' {{(pid=119757) _process_stack /opt/stack/nova/nova/api/openstack/wsgi.py:513}}
May 24 17:07:16.825406 n-d-838926-10 devstack@n-api.service[119757]: DEBUG nova.compute.api [None req-56cb2c63-a216-466f-8821-4f076aae78bf tempest-DeleteServersAdminTestJSON-586029858 tempest-DeleteServersAdminTestJSON-586029858-project] [instance: 606a34e9-e37b-4a03-b01b-2a2b27ed0d2c] Fetching instance by UUID {{(pid=119757) get /opt/stack/nova/nova/compute/api.py:2920}}
May 24 17:07:16.829522 n-d-838926-10 devstack@n-api.service[119758]: INFO nova.api.openstack.requestlog [None req-4e48a99d-4fb7-4dbf-85dd-35f780611dc5 tempest-AggregatesAdminTestJSON-1636601695 tempest-AggregatesAdminTestJSON-1636601695-project] 10.222.0.42 "GET /compute/v2.1/servers/56aede92-6f30-47f8-b629-d4a512e9f6f8" status: 200 len: 1241 microversion: 2.1 time: 0.129278
May 24 17:07:16.832056 n-d-838926-10 devstack@n-api.service[119758]: [pid: 119758|app: 0|req: 15/27] 10.222.0.42 () {58 vars in 1235 bytes} [Tue May 24 17:07:16 2022] GET /compute/v2.1/servers/56aede92-6f30-47f8-b629-d4a512e9f6f8 => generated 1241 bytes in 134 msecs (HTTP/1.1 200) 9 headers in 358 bytes (1 switches on core 0)
May 24 17:07:16.842832 n-d-838926-10 devstack@n-api.service[119757]: DEBUG oslo_concurrency.lockutils [None req-56cb2c63-a216-466f-8821-4f076aae78bf tempest-DeleteServersAdminTestJSON-586029858 tempest-DeleteServersAdminTestJSON-586029858-project] Lock "421c5f15-354e-4117-a6ab-e420c80ae96c" acquired by "nova.context.set_target_cell..get_or_set_cached_cell_and_set_connections" :: waited 0.000s {{(pid=119757) inner /usr/local/lib/python3.8/dist-packages/oslo_concurrency/lockutils.py:386}}
May 24 17:07:16.843602 n-d-838926-10 devstack@n-api.service[119757]: DEBUG oslo_concurrency.lockutils [None req-56cb2c63-a216-466f-8821-4f076aae78bf tempest-DeleteServersAdminTestJSON-586029858 tempest-DeleteServersAdminTestJSON-586029858-project] Lock "421c5f15-354e-4117-a6ab-e420c80ae96c" "released" by "nova.context.set_target_cell..get_or_set_cached_cell_and_set_connections" :: held 0.001s {{(pid=119757) inner /usr/local/lib/python3.8/dist-packages/oslo_concurrency/lockutils.py:400}}
May 24 17:07:16.844545 n-d-838926-10 devstack@n-api.service[119757]: DEBUG oslo_concurrency.lockutils [None req-56cb2c63-a216-466f-8821-4f076aae78bf tempest-DeleteServersAdminTestJSON-586029858 tempest-DeleteServersAdminTestJSON-586029858-project] Lock "421c5f15-354e-4117-a6ab-e420c80ae96c" acquired by "nova.context.set_target_cell..get_or_set_cached_cell_and_set_connections" :: waited 0.000s {{(pid=119757) inner /usr/local/lib/python3.8/dist-packages/oslo_concurrency/lockutils.py:386}}
May 24 17:07:16.845324 n-d-838926-10 devstack@n-api.service[119757]: DEBUG oslo_concurrency.lockutils [None req-56cb2c63-a216-466f-8821-4f076aae78bf tempest-DeleteServersAdminTestJSON-586029858 tempest-DeleteServersAdminTestJSON-586029858-project] Lock "421c5f15-354e-4117-a6ab-e420c80ae96c" "released" by "nova.context.set_target_cell..get_or_set_cached_cell_and_set_connections" :: held 0.001s {{(pid=119757) inner /usr/local/lib/python3.8/dist-packages/oslo_concurrency/lockutils.py:400}}
May 24 17:07:17.149943 n-d-838926-10 devstack@n-api.service[119757]: DEBUG nova.policy [None req-56cb2c63-a216-466f-8821-4f076aae78bf tempest-DeleteServersAdminTestJSON-586029858 tempest-DeleteServersAdminTestJSON-586029858-project] Policy check for os_compute_api:os-extended-server-attributes failed with credentials {'is_admin': False, 'user_id': '7878aa551d3842739d9176f8d5f23089', 'user_domain_id': 'default', 'system_scope': None, 'domain_id': None, 'project_id': '09643437fa2a4a0bb6ea59c8657fa401', 'project_domain_id': 'default', 'roles': ['member', 'reader'], 'is_admin_project': True, 'service_user_id': None, 'service_user_domain_id': None, 'service_project_id': None, 'service_project_domain_id': None, 'service_roles': []} {{(pid=119757) authorize /opt/stack/nova/nova/policy.py:199}}
May 24 17:07:17.176095 n-d-838926-10 devstack@n-api.service[119757]: INFO nova.api.openstack.requestlog [None req-56cb2c63-a216-466f-8821-4f076aae78bf tempest-DeleteServersAdminTestJSON-586029858 tempest-DeleteServersAdminTestJSON-586029858-project] 10.222.0.42 "GET /compute/v2.1/servers/606a34e9-e37b-4a03-b01b-2a2b27ed0d2c" status: 200 len: 1215 microversion: 2.1 time: 0.358217
May 24 17:07:17.186578 n-d-838926-10 devstack@n-api.service[119757]: [pid: 119757|app: 0|req: 13/28] 10.222.0.42 () {58 vars in 1235 bytes} [Tue May 24 17:07:16 2022] GET /compute/v2.1/servers/606a34e9-e37b-4a03-b01b-2a2b27ed0d2c => generated 1215 bytes in 372 msecs (HTTP/1.1 200) 9 headers in 358 bytes (1 switches on core 0)
