Apr 29 18:59:22.464209 n-d-838555-5 devstack@placement-api.service[104891]: DEBUG placement.objects.allocation_candidate [req-a432379b-8494-4079-b8d0-38ff0501243e req-753b38c2-6fc7-47b5-a003-5dce23ae45dd service placement] RequestGroup(use_same_provider=False, resources={DISK_GB:1, MEMORY_MB:1024, VCPU:1}, traits=(), aggregates=[]) (suffix '') returned 2 matches {{(pid=104891) _get_by_requests /opt/stack/placement/placement/objects/allocation_candidate.py:156}}
Apr 29 18:59:22.464587 n-d-838555-5 devstack@placement-api.service[104891]: DEBUG placement.objects.allocation_candidate [req-a432379b-8494-4079-b8d0-38ff0501243e req-753b38c2-6fc7-47b5-a003-5dce23ae45dd service placement] Merging candidates yields 2 allocation requests and 2 provider summaries {{(pid=104891) _merge_candidates /opt/stack/placement/placement/objects/allocation_candidate.py:809}}
Apr 29 18:59:22.466401 n-d-838555-5 devstack@placement-api.service[104891]: INFO placement.requestlog [req-a432379b-8494-4079-b8d0-38ff0501243e req-753b38c2-6fc7-47b5-a003-5dce23ae45dd service placement] 10.222.0.18 "GET /placement/allocation_candidates?limit=1000&resources=DISK_GB%3A1%2CMEMORY_MB%3A1024%2CVCPU%3A1&root_required=%21COMPUTE_STATUS_DISABLED" status: 200 len: 1309 microversion: 1.36
Apr 29 18:59:22.467060 n-d-838555-5 devstack@placement-api.service[104891]: [pid: 104891|app: 0|req: 388/776] 10.222.0.18 () {60 vars in 1506 bytes} [Fri Apr 29 18:59:22 2022] GET /placement/allocation_candidates?limit=1000&resources=DISK_GB%3A1%2CMEMORY_MB%3A1024%2CVCPU%3A1&root_required=%21COMPUTE_STATUS_DISABLED => generated 1309 bytes in 110 msecs (HTTP/1.1 200) 8 headers in 297 bytes (1 switches on core 0)
Apr 29 18:59:22.549284 n-d-838555-5 devstack@placement-api.service[104890]: DEBUG placement.requestlog [req-a432379b-8494-4079-b8d0-38ff0501243e req-4b4e989d-fed2-4c2b-ae36-e29b3ab181fd None None] Starting request: 10.222.0.18 "GET /placement/allocations/284df82f-9043-4746-b192-c9f043d96595" {{(pid=104890) __call__ /opt/stack/placement/placement/requestlog.py:55}}
Apr 29 18:59:22.565473 n-d-838555-5 devstack@placement-api.service[104890]: INFO placement.requestlog [req-a432379b-8494-4079-b8d0-38ff0501243e req-4b4e989d-fed2-4c2b-ae36-e29b3ab181fd service placement] 10.222.0.18 "GET /placement/allocations/284df82f-9043-4746-b192-c9f043d96595" status: 200 len: 19 microversion: 1.28
Apr 29 18:59:22.566586 n-d-838555-5 devstack@placement-api.service[104890]: [pid: 104890|app: 0|req: 389/777] 10.222.0.18 () {60 vars in 1380 bytes} [Fri Apr 29 18:59:22 2022] GET /placement/allocations/284df82f-9043-4746-b192-c9f043d96595 => generated 19 bytes in 18 msecs (HTTP/1.1 200) 8 headers in 295 bytes (1 switches on core 0)
Apr 29 18:59:22.572838 n-d-838555-5 devstack@placement-api.service[104891]: DEBUG placement.requestlog [req-a432379b-8494-4079-b8d0-38ff0501243e req-57cb6ef0-fb7a-4ba4-a9dc-a9921fe1d663 None None] Starting request: 10.222.0.18 "PUT /placement/allocations/284df82f-9043-4746-b192-c9f043d96595" {{(pid=104891) __call__ /opt/stack/placement/placement/requestlog.py:55}}
Apr 29 18:59:22.662631 n-d-838555-5 devstack@placement-api.service[104891]: DEBUG placement.handlers.allocation [req-a432379b-8494-4079-b8d0-38ff0501243e req-57cb6ef0-fb7a-4ba4-a9dc-a9921fe1d663 service placement] Successfully wrote allocations [, , ] {{(pid=104891) _update_consumers_and_create_allocations /opt/stack/placement/placement/handlers/allocation.py:462}}
Apr 29 18:59:22.665715 n-d-838555-5 devstack@placement-api.service[104891]: INFO placement.requestlog [req-a432379b-8494-4079-b8d0-38ff0501243e req-57cb6ef0-fb7a-4ba4-a9dc-a9921fe1d663 service placement] 10.222.0.18 "PUT /placement/allocations/284df82f-9043-4746-b192-c9f043d96595" status: 204 len: 0 microversion: 1.36
Apr 29 18:59:22.666107 n-d-838555-5 devstack@placement-api.service[104891]: [pid: 104891|app: 0|req: 389/778] 10.222.0.18 () {64 vars in 1433 bytes} [Fri Apr 29 18:59:22 2022] PUT /placement/allocations/284df82f-9043-4746-b192-c9f043d96595 => generated 0 bytes in 94 msecs (HTTP/1.1 204) 5 headers in 199 bytes (1 switches on core 0)
Apr 29 18:59:23.111938 n-d-838555-5 devstack@placement-api.service[104890]: DEBUG placement.requestlog [req-a432379b-8494-4079-b8d0-38ff0501243e req-adbc3fbf-a85e-49ae-b2d1-a9652a00964e None None] Starting request: 10.222.0.49 "GET /placement/allocations/284df82f-9043-4746-b192-c9f043d96595" {{(pid=104890) __call__ /opt/stack/placement/placement/requestlog.py:55}}
Apr 29 18:59:23.145065 n-d-838555-5 devstack@placement-api.service[104890]: INFO placement.requestlog [req-a432379b-8494-4079-b8d0-38ff0501243e req-adbc3fbf-a85e-49ae-b2d1-a9652a00964e service placement] 10.222.0.49 "GET /placement/allocations/284df82f-9043-4746-b192-c9f043d96595" status: 200 len: 259 microversion: 1.28
Apr 29 18:59:23.146016 n-d-838555-5 devstack@placement-api.service[104890]: [pid: 104890|app: 0|req: 390/779] 10.222.0.49 () {60 vars in 1377 bytes} [Fri Apr 29 18:59:23 2022] GET /placement/allocations/284df82f-9043-4746-b192-c9f043d96595 => generated 259 bytes in 34 msecs (HTTP/1.1 200) 8 headers in 296 bytes (1 switches on core 0)
Apr 29 18:59:24.403689 n-d-838555-5 devstack@placement-api.service[104891]: DEBUG placement.requestlog [req-35a3cd0b-af71-4d6e-bbdb-6848591dac0a req-795c0116-9ba5-43b8-9629-0eb6e641dc97 None None] Starting request: 10.222.0.21 "GET /placement/resource_providers/2ec28d18-4700-4b30-bffc-5621c8b07b68/allocations" {{(pid=104891) __call__ /opt/stack/placement/placement/requestlog.py:55}}
Apr 29 18:59:24.430706 n-d-838555-5 devstack@placement-api.service[104891]: INFO placement.requestlog [req-35a3cd0b-af71-4d6e-bbdb-6848591dac0a req-795c0116-9ba5-43b8-9629-0eb6e641dc97 service placement] 10.222.0.21 "GET /placement/resource_providers/2ec28d18-4700-4b30-bffc-5621c8b07b68/allocations" status: 200 len: 443 microversion: 1.0
Apr 29 18:59:24.431497 n-d-838555-5 devstack@placement-api.service[104891]: [pid: 104891|app: 0|req: 390/780] 10.222.0.21 () {58 vars in 1390 bytes} [Fri Apr 29 18:59:24 2022] GET /placement/resource_providers/2ec28d18-4700-4b30-bffc-5621c8b07b68/allocations => generated 443 bytes in 28 msecs (HTTP/1.1 200) 6 headers in 224 bytes (1 switches on core 0)
Apr 29 18:59:30.331704 n-d-838555-5 devstack@placement-api.service[104890]: DEBUG placement.requestlog [req-c8d09f8a-4161-45ad-8538-07985acc649f req-1b11ff3d-8311-4b2c-a9bc-871bea45890e None None] Starting request: 10.222.0.21 "DELETE /placement/allocations/bc3fa12f-ca35-4ae0-a350-ad80f1b17855" {{(pid=104890) __call__ /opt/stack/placement/placement/requestlog.py:55}}
Apr 29 18:59:30.359008 n-d-838555-5 devstack@placement-api.service[104890]: DEBUG placement.handlers.allocation [req-c8d09f8a-4161-45ad-8538-07985acc649f req-1b11ff3d-8311-4b2c-a9bc-871bea45890e service placement] Successfully deleted allocations [, , ] {{(pid=104890) delete_allocations /opt/stack/placement/placement/handlers/allocation.py:627}}
Apr 29 18:59:30.359813 n-d-838555-5 devstack@placement-api.service[104890]: INFO placement.requestlog [req-c8d09f8a-4161-45ad-8538-07985acc649f req-1b11ff3d-8311-4b2c-a9bc-871bea45890e service placement] 10.222.0.21 "DELETE /placement/allocations/bc3fa12f-ca35-4ae0-a350-ad80f1b17855" status: 204 len: 0 microversion: 1.0
Apr 29 18:59:30.360373 n-d-838555-5 devstack@placement-api.service[104890]: [pid: 104890|app: 0|req: 391/781] 10.222.0.21 () {60 vars in 1355 bytes} [Fri Apr 29 18:59:30 2022] DELETE /placement/allocations/bc3fa12f-ca35-4ae0-a350-ad80f1b17855 => generated 0 bytes in 29 msecs (HTTP/1.1 204) 5 headers in 198 bytes (1 switches on core 0)
Apr 29 18:59:53.268391 n-d-838555-5 devstack@placement-api.service[104891]: DEBUG placement.requestlog [req-69ffa081-0689-4742-b7d6-3fb5ff8833d4 req-012c00a4-b04a-4719-8b74-eba5ffd5880c None None] Starting request: 10.222.0.18 "GET /placement/allocation_candidates?limit=1000&resources=DISK_GB%3A1%2CMEMORY_MB%3A1024%2CVCPU%3A1&root_required=%21COMPUTE_STATUS_DISABLED" {{(pid=104891) __call__ /opt/stack/placement/placement/requestlog.py:55}}
Apr 29 18:59:53.347412 n-d-838555-5 devstack@placement-api.service[104891]: DEBUG placement.objects.research_context [req-69ffa081-0689-4742-b7d6-3fb5ff8833d4 req-012c00a4-b04a-4719-8b74-eba5ffd5880c service placement] getting providers with 1 DISK_GB {{(pid=104891) __init__ /opt/stack/placement/placement/objects/research_context.py:136}}
Apr 29 18:59:53.355086 n-d-838555-5 devstack@placement-api.service[104891]: DEBUG placement.objects.research_context [req-69ffa081-0689-4742-b7d6-3fb5ff8833d4 req-012c00a4-b04a-4719-8b74-eba5ffd5880c service placement] getting providers with 1024 MEMORY_MB {{(pid=104891) __init__ /opt/stack/placement/placement/objects/research_context.py:136}}
Apr 29 18:59:53.380013 n-d-838555-5 devstack@placement-api.service[104891]: DEBUG placement.objects.research_context [req-69ffa081-0689-4742-b7d6-3fb5ff8833d4 req-012c00a4-b04a-4719-8b74-eba5ffd5880c service placement] getting providers with 1 VCPU {{(pid=104891) __init__ /opt/stack/placement/placement/objects/research_context.py:136}}
Apr 29 18:59:53.385939 n-d-838555-5 devstack@placement-api.service[104891]: DEBUG placement.objects.research_context [req-69ffa081-0689-4742-b7d6-3fb5ff8833d4 req-012c00a4-b04a-4719-8b74-eba5ffd5880c service placement] found 2 providers with available 1 DISK_GB {{(pid=104891) get_provider_ids_matching /opt/stack/placement/placement/objects/research_context.py:563}}
Apr 29 18:59:53.386955 n-d-838555-5 devstack@placement-api.service[104891]: DEBUG placement.objects.research_context [req-69ffa081-0689-4742-b7d6-3fb5ff8833d4 req-012c00a4-b04a-4719-8b74-eba5ffd5880c service placement] found 2 providers with available 1024 MEMORY_MB {{(pid=104891) get_provider_ids_matching /opt/stack/placement/placement/objects/research_context.py:563}}
Apr 29 18:59:53.387599 n-d-838555-5 devstack@placement-api.service[104891]: DEBUG placement.objects.research_context [req-69ffa081-0689-4742-b7d6-3fb5ff8833d4 req-012c00a4-b04a-4719-8b74-eba5ffd5880c service placement] found 2 providers after filtering by previous result {{(pid=104891) get_provider_ids_matching /opt/stack/placement/placement/objects/research_context.py:594}}
Apr 29 18:59:53.388131 n-d-838555-5 devstack@placement-api.service[104891]: DEBUG placement.objects.research_context [req-69ffa081-0689-4742-b7d6-3fb5ff8833d4 req-012c00a4-b04a-4719-8b74-eba5ffd5880c service placement] found 2 providers with available 1 VCPU {{(pid=104891) get_provider_ids_matching /opt/stack/placement/placement/objects/research_context.py:563}}
Apr 29 18:59:53.388626 n-d-838555-5 devstack@placement-api.service[104891]: DEBUG placement.objects.research_context [req-69ffa081-0689-4742-b7d6-3fb5ff8833d4 req-012c00a4-b04a-4719-8b74-eba5ffd5880c service placement] found 2 providers after filtering by previous result {{(pid=104891) get_provider_ids_matching /opt/stack/placement/placement/objects/research_context.py:594}}
Apr 29 18:59:53.402413 n-d-838555-5 devstack@placement-api.service[104891]: DEBUG placement.objects.allocation_candidate [req-69ffa081-0689-4742-b7d6-3fb5ff8833d4 req-012c00a4-b04a-4719-8b74-eba5ffd5880c service placement] RequestGroup(use_same_provider=False, resources={DISK_GB:1, MEMORY_MB:1024, VCPU:1}, traits=(), aggregates=[]) (suffix '') returned 2 matches {{(pid=104891) _get_by_requests /opt/stack/placement/placement/objects/allocation_candidate.py:156}}
Apr 29 18:59:53.403247 n-d-838555-5 devstack@placement-api.service[104891]: DEBUG placement.objects.allocation_candidate [req-69ffa081-0689-4742-b7d6-3fb5ff8833d4 req-012c00a4-b04a-4719-8b74-eba5ffd5880c service placement] Merging candidates yields 2 allocation requests and 2 provider summaries {{(pid=104891) _merge_candidates /opt/stack/placement/placement/objects/allocation_candidate.py:809}}
Apr 29 18:59:53.405490 n-d-838555-5 devstack@placement-api.service[104891]: INFO placement.requestlog [req-69ffa081-0689-4742-b7d6-3fb5ff8833d4 req-012c00a4-b04a-4719-8b74-eba5ffd5880c service placement] 10.222.0.18 "GET /placement/allocation_candidates?limit=1000&resources=DISK_GB%3A1%2CMEMORY_MB%3A1024%2CVCPU%3A1&root_required=%21COMPUTE_STATUS_DISABLED" status: 200 len: 1309 microversion: 1.36
Apr 29 18:59:53.407463 n-d-838555-5 devstack@placement-api.service[104891]: [pid: 104891|app: 0|req: 391/782] 10.222.0.18 () {60 vars in 1506 bytes} [Fri Apr 29 18:59:53 2022] GET /placement/allocation_candidates?limit=1000&resources=DISK_GB%3A1%2CMEMORY_MB%3A1024%2CVCPU%3A1&root_required=%21COMPUTE_STATUS_DISABLED => generated 1309 bytes in 139 msecs (HTTP/1.1 200) 8 headers in 297 bytes (1 switches on core 0)
Apr 29 18:59:53.536501 n-d-838555-5 devstack@placement-api.service[104890]: DEBUG placement.requestlog [req-69ffa081-0689-4742-b7d6-3fb5ff8833d4 req-e2d8c892-a2b9-446c-a3ed-ed547f414f76 None None] Starting request: 10.222.0.18 "GET /placement/allocations/ce101734-7eca-40bc-84ba-5508e31df874" {{(pid=104890) __call__ /opt/stack/placement/placement/requestlog.py:55}}
Apr 29 18:59:53.560665 n-d-838555-5 devstack@placement-api.service[104890]: INFO placement.requestlog [req-69ffa081-0689-4742-b7d6-3fb5ff8833d4 req-e2d8c892-a2b9-446c-a3ed-ed547f414f76 service placement] 10.222.0.18 "GET /placement/allocations/ce101734-7eca-40bc-84ba-5508e31df874" status: 200 len: 19 microversion: 1.28
Apr 29 18:59:53.561055 n-d-838555-5 devstack@placement-api.service[104890]: [pid: 104890|app: 0|req: 392/783] 10.222.0.18 () {60 vars in 1380 bytes} [Fri Apr 29 18:59:53 2022] GET /placement/allocations/ce101734-7eca-40bc-84ba-5508e31df874 => generated 19 bytes in 25 msecs (HTTP/1.1 200) 8 headers in 295 bytes (1 switches on core 0)
Apr 29 18:59:53.568153 n-d-838555-5 devstack@placement-api.service[104891]: DEBUG placement.requestlog [req-69ffa081-0689-4742-b7d6-3fb5ff8833d4 req-573ce0c8-e9ed-4503-9131-b411155b616f None None] Starting request: 10.222.0.18 "PUT /placement/allocations/ce101734-7eca-40bc-84ba-5508e31df874" {{(pid=104891) __call__ /opt/stack/placement/placement/requestlog.py:55}}
Apr 29 18:59:53.653906 n-d-838555-5 devstack@placement-api.service[104891]: DEBUG placement.handlers.allocation [req-69ffa081-0689-4742-b7d6-3fb5ff8833d4 req-573ce0c8-e9ed-4503-9131-b411155b616f service placement] Successfully wrote allocations [, , ] {{(pid=104891) _update_consumers_and_create_allocations /opt/stack/placement/placement/handlers/allocation.py:462}}
Apr 29 18:59:53.661183 n-d-838555-5 devstack@placement-api.service[104891]: INFO placement.requestlog [req-69ffa081-0689-4742-b7d6-3fb5ff8833d4 req-573ce0c8-e9ed-4503-9131-b411155b616f service placement] 10.222.0.18 "PUT /placement/allocations/ce101734-7eca-40bc-84ba-5508e31df874" status: 204 len: 0 microversion: 1.36
Apr 29 18:59:53.662124 n-d-838555-5 devstack@placement-api.service[104891]: [pid: 104891|app: 0|req: 392/784] 10.222.0.18 () {64 vars in 1433 bytes} [Fri Apr 29 18:59:53 2022] PUT /placement/allocations/ce101734-7eca-40bc-84ba-5508e31df874 => generated 0 bytes in 94 msecs (HTTP/1.1 204) 5 headers in 199 bytes (1 switches on core 0)
Apr 29 18:59:54.216057 n-d-838555-5 devstack@placement-api.service[104890]: DEBUG placement.requestlog [req-69ffa081-0689-4742-b7d6-3fb5ff8833d4 req-475d0d95-1e2f-4199-b6f7-2aca17b96e04 None None] Starting request: 10.222.0.21 "GET /placement/allocations/ce101734-7eca-40bc-84ba-5508e31df874" {{(pid=104890) __call__ /opt/stack/placement/placement/requestlog.py:55}}
Apr 29 18:59:54.241661 n-d-838555-5 devstack@placement-api.service[104890]: INFO placement.requestlog [req-69ffa081-0689-4742-b7d6-3fb5ff8833d4 req-475d0d95-1e2f-4199-b6f7-2aca17b96e04 service placement] 10.222.0.21 "GET /placement/allocations/ce101734-7eca-40bc-84ba-5508e31df874" status: 200 len: 260 microversion: 1.28
Apr 29 18:59:54.243814 n-d-838555-5 devstack@placement-api.service[104890]: [pid: 104890|app: 0|req: 393/785] 10.222.0.21 () {60 vars in 1377 bytes} [Fri Apr 29 18:59:54 2022] GET /placement/allocations/ce101734-7eca-40bc-84ba-5508e31df874 => generated 260 bytes in 28 msecs (HTTP/1.1 200) 8 headers in 296 bytes (1 switches on core 0)
Apr 29 19:00:09.213078 n-d-838555-5 devstack@placement-api.service[104891]: DEBUG placement.requestlog [req-5035754a-6897-4f83-8120-1d3ce149679e req-a6d4c319-d416-404b-b9bc-bb4061208952 None None] Starting request: 10.222.0.18 "GET /placement/allocation_candidates?limit=1000&resources=DISK_GB%3A1%2CMEMORY_MB%3A1024%2CVCPU%3A1&root_required=%21COMPUTE_STATUS_DISABLED" {{(pid=104891) __call__ /opt/stack/placement/placement/requestlog.py:55}}
Apr 29 19:00:09.320775 n-d-838555-5 devstack@placement-api.service[104891]: DEBUG placement.objects.research_context [req-5035754a-6897-4f83-8120-1d3ce149679e req-a6d4c319-d416-404b-b9bc-bb4061208952 service placement] getting providers with 1 DISK_GB {{(pid=104891) __init__ /opt/stack/placement/placement/objects/research_context.py:136}}
Apr 29 19:00:09.345074 n-d-838555-5 devstack@placement-api.service[104891]: DEBUG placement.objects.research_context [req-5035754a-6897-4f83-8120-1d3ce149679e req-a6d4c319-d416-404b-b9bc-bb4061208952 service placement] getting providers with 1024 MEMORY_MB {{(pid=104891) __init__ /opt/stack/placement/placement/objects/research_context.py:136}}
Apr 29 19:00:09.381777 n-d-838555-5 devstack@placement-api.service[104891]: DEBUG placement.objects.research_context [req-5035754a-6897-4f83-8120-1d3ce149679e req-a6d4c319-d416-404b-b9bc-bb4061208952 service placement] getting providers with 1 VCPU {{(pid=104891) __init__ /opt/stack/placement/placement/objects/research_context.py:136}}
Apr 29 19:00:09.391486 n-d-838555-5 devstack@placement-api.service[104891]: DEBUG placement.objects.research_context [req-5035754a-6897-4f83-8120-1d3ce149679e req-a6d4c319-d416-404b-b9bc-bb4061208952 service placement] found 2 providers with available 1 DISK_GB {{(pid=104891) get_provider_ids_matching /opt/stack/placement/placement/objects/research_context.py:563}}
Apr 29 19:00:09.402378 n-d-838555-5 devstack@placement-api.service[104891]: DEBUG placement.objects.research_context [req-5035754a-6897-4f83-8120-1d3ce149679e req-a6d4c319-d416-404b-b9bc-bb4061208952 service placement] found 2 providers with available 1024 MEMORY_MB {{(pid=104891) get_provider_ids_matching /opt/stack/placement/placement/objects/research_context.py:563}}
Apr 29 19:00:09.402685 n-d-838555-5 devstack@placement-api.service[104891]: DEBUG placement.objects.research_context [req-5035754a-6897-4f83-8120-1d3ce149679e req-a6d4c319-d416-404b-b9bc-bb4061208952 service placement] found 2 providers after filtering by previous result {{(pid=104891) get_provider_ids_matching /opt/stack/placement/placement/objects/research_context.py:594}}
Apr 29 19:00:09.403142 n-d-838555-5 devstack@placement-api.service[104891]: DEBUG placement.objects.research_context [req-5035754a-6897-4f83-8120-1d3ce149679e req-a6d4c319-d416-404b-b9bc-bb4061208952 service placement] found 2 providers with available 1 VCPU {{(pid=104891) get_provider_ids_matching /opt/stack/placement/placement/objects/research_context.py:563}}
Apr 29 19:00:09.403572 n-d-838555-5 devstack@placement-api.service[104891]: DEBUG placement.objects.research_context [req-5035754a-6897-4f83-8120-1d3ce149679e req-a6d4c319-d416-404b-b9bc-bb4061208952 service placement] found 2 providers after filtering by previous result {{(pid=104891) get_provider_ids_matching /opt/stack/placement/placement/objects/research_context.py:594}}
Apr 29 19:00:09.438258 n-d-838555-5 devstack@placement-api.service[104891]: DEBUG placement.objects.allocation_candidate [req-5035754a-6897-4f83-8120-1d3ce149679e req-a6d4c319-d416-404b-b9bc-bb4061208952 service placement] RequestGroup(use_same_provider=False, resources={DISK_GB:1, MEMORY_MB:1024, VCPU:1}, traits=(), aggregates=[]) (suffix '') returned 2 matches {{(pid=104891) _get_by_requests /opt/stack/placement/placement/objects/allocation_candidate.py:156}}
Apr 29 19:00:09.439241 n-d-838555-5 devstack@placement-api.service[104891]: DEBUG placement.objects.allocation_candidate [req-5035754a-6897-4f83-8120-1d3ce149679e req-a6d4c319-d416-404b-b9bc-bb4061208952 service placement] Merging candidates yields 2 allocation requests and 2 provider summaries {{(pid=104891) _merge_candidates /opt/stack/placement/placement/objects/allocation_candidate.py:809}}
Apr 29 19:00:09.449714 n-d-838555-5 devstack@placement-api.service[104891]: INFO placement.requestlog [req-5035754a-6897-4f83-8120-1d3ce149679e req-a6d4c319-d416-404b-b9bc-bb4061208952 service placement] 10.222.0.18 "GET /placement/allocation_candidates?limit=1000&resources=DISK_GB%3A1%2CMEMORY_MB%3A1024%2CVCPU%3A1&root_required=%21COMPUTE_STATUS_DISABLED" status: 200 len: 1309 microversion: 1.36
Apr 29 19:00:09.450764 n-d-838555-5 devstack@placement-api.service[104891]: [pid: 104891|app: 0|req: 393/786] 10.222.0.18 () {60 vars in 1506 bytes} [Fri Apr 29 19:00:09 2022] GET /placement/allocation_candidates?limit=1000&resources=DISK_GB%3A1%2CMEMORY_MB%3A1024%2CVCPU%3A1&root_required=%21COMPUTE_STATUS_DISABLED => generated 1309 bytes in 238 msecs (HTTP/1.1 200) 8 headers in 297 bytes (1 switches on core 0)
Apr 29 19:00:09.703421 n-d-838555-5 devstack@placement-api.service[104890]: DEBUG placement.requestlog [req-5035754a-6897-4f83-8120-1d3ce149679e req-e43dbfa4-db4b-4da3-930b-9ccef293ae16 None None] Starting request: 10.222.0.18 "GET /placement/allocations/a4f58418-d262-4331-a9cb-fb0aa3ce554e" {{(pid=104890) __call__ /opt/stack/placement/placement/requestlog.py:55}}
Apr 29 19:00:09.720890 n-d-838555-5 devstack@placement-api.service[104890]: INFO placement.requestlog [req-5035754a-6897-4f83-8120-1d3ce149679e req-e43dbfa4-db4b-4da3-930b-9ccef293ae16 service placement] 10.222.0.18 "GET /placement/allocations/a4f58418-d262-4331-a9cb-fb0aa3ce554e" status: 200 len: 19 microversion: 1.28
Apr 29 19:00:09.722946 n-d-838555-5 devstack@placement-api.service[104890]: [pid: 104890|app: 0|req: 394/787] 10.222.0.18 () {60 vars in 1380 bytes} [Fri Apr 29 19:00:09 2022] GET /placement/allocations/a4f58418-d262-4331-a9cb-fb0aa3ce554e => generated 19 bytes in 19 msecs (HTTP/1.1 200) 8 headers in 295 bytes (1 switches on core 0)
Apr 29 19:00:09.729819 n-d-838555-5 devstack@placement-api.service[104891]: DEBUG placement.requestlog [req-5035754a-6897-4f83-8120-1d3ce149679e req-a232e062-1452-4759-bedb-3c19104e780c None None] Starting request: 10.222.0.18 "PUT /placement/allocations/a4f58418-d262-4331-a9cb-fb0aa3ce554e" {{(pid=104891) __call__ /opt/stack/placement/placement/requestlog.py:55}}
Apr 29 19:00:09.837991 n-d-838555-5 devstack@placement-api.service[104891]: DEBUG placement.handlers.allocation [req-5035754a-6897-4f83-8120-1d3ce149679e req-a232e062-1452-4759-bedb-3c19104e780c service placement] Successfully wrote allocations [, , ] {{(pid=104891) _update_consumers_and_create_allocations /opt/stack/placement/placement/handlers/allocation.py:462}}
Apr 29 19:00:09.846006 n-d-838555-5 devstack@placement-api.service[104891]: INFO placement.requestlog [req-5035754a-6897-4f83-8120-1d3ce149679e req-a232e062-1452-4759-bedb-3c19104e780c service placement] 10.222.0.18 "PUT /placement/allocations/a4f58418-d262-4331-a9cb-fb0aa3ce554e" status: 204 len: 0 microversion: 1.36
Apr 29 19:00:09.846972 n-d-838555-5 devstack@placement-api.service[104891]: [pid: 104891|app: 0|req: 394/788] 10.222.0.18 () {64 vars in 1433 bytes} [Fri Apr 29 19:00:09 2022] PUT /placement/allocations/a4f58418-d262-4331-a9cb-fb0aa3ce554e => generated 0 bytes in 118 msecs (HTTP/1.1 204) 5 headers in 199 bytes (1 switches on core 0)
Apr 29 19:00:10.799790 n-d-838555-5 devstack@placement-api.service[104890]: DEBUG placement.requestlog [req-5d0a3089-4a1c-495f-b8c7-bc17772f7c8e req-d72a7023-293e-4364-aa68-3ee582306f6f None None] Starting request: 10.222.0.18 "GET /placement/allocation_candidates?limit=1000&resources=DISK_GB%3A1%2CMEMORY_MB%3A1024%2CVCPU%3A1&root_required=%21COMPUTE_STATUS_DISABLED" {{(pid=104890) __call__ /opt/stack/placement/placement/requestlog.py:55}}
Apr 29 19:00:10.907075 n-d-838555-5 devstack@placement-api.service[104890]: DEBUG placement.objects.research_context [req-5d0a3089-4a1c-495f-b8c7-bc17772f7c8e req-d72a7023-293e-4364-aa68-3ee582306f6f service placement] getting providers with 1 DISK_GB {{(pid=104890) __init__ /opt/stack/placement/placement/objects/research_context.py:136}}
Apr 29 19:00:10.922689 n-d-838555-5 devstack@placement-api.service[104890]: DEBUG placement.objects.research_context [req-5d0a3089-4a1c-495f-b8c7-bc17772f7c8e req-d72a7023-293e-4364-aa68-3ee582306f6f service placement] getting providers with 1024 MEMORY_MB {{(pid=104890) __init__ /opt/stack/placement/placement/objects/research_context.py:136}}
Apr 29 19:00:10.938060 n-d-838555-5 devstack@placement-api.service[104890]: DEBUG placement.objects.research_context [req-5d0a3089-4a1c-495f-b8c7-bc17772f7c8e req-d72a7023-293e-4364-aa68-3ee582306f6f service placement] getting providers with 1 VCPU {{(pid=104890) __init__ /opt/stack/placement/placement/objects/research_context.py:136}}
Apr 29 19:00:10.963372 n-d-838555-5 devstack@placement-api.service[104890]: DEBUG placement.objects.research_context [req-5d0a3089-4a1c-495f-b8c7-bc17772f7c8e req-d72a7023-293e-4364-aa68-3ee582306f6f service placement] found 2 providers with available 1 DISK_GB {{(pid=104890) get_provider_ids_matching /opt/stack/placement/placement/objects/research_context.py:563}}
Apr 29 19:00:10.971427 n-d-838555-5 devstack@placement-api.service[104890]: DEBUG placement.objects.research_context [req-5d0a3089-4a1c-495f-b8c7-bc17772f7c8e req-d72a7023-293e-4364-aa68-3ee582306f6f service placement] found 2 providers with available 1024 MEMORY_MB {{(pid=104890) get_provider_ids_matching /opt/stack/placement/placement/objects/research_context.py:563}}
Apr 29 19:00:10.971742 n-d-838555-5 devstack@placement-api.service[104890]: DEBUG placement.objects.research_context [req-5d0a3089-4a1c-495f-b8c7-bc17772f7c8e req-d72a7023-293e-4364-aa68-3ee582306f6f service placement] found 2 providers after filtering by previous result {{(pid=104890) get_provider_ids_matching /opt/stack/placement/placement/objects/research_context.py:594}}
Apr 29 19:00:10.974458 n-d-838555-5 devstack@placement-api.service[104890]: DEBUG placement.objects.research_context [req-5d0a3089-4a1c-495f-b8c7-bc17772f7c8e req-d72a7023-293e-4364-aa68-3ee582306f6f service placement] found 2 providers with available 1 VCPU {{(pid=104890) get_provider_ids_matching /opt/stack/placement/placement/objects/research_context.py:563}}
Apr 29 19:00:10.974914 n-d-838555-5 devstack@placement-api.service[104890]: DEBUG placement.objects.research_context [req-5d0a3089-4a1c-495f-b8c7-bc17772f7c8e req-d72a7023-293e-4364-aa68-3ee582306f6f service placement] found 2 providers after filtering by previous result {{(pid=104890) get_provider_ids_matching /opt/stack/placement/placement/objects/research_context.py:594}}
Apr 29 19:00:11.006416 n-d-838555-5 devstack@placement-api.service[104890]: DEBUG placement.objects.allocation_candidate [req-5d0a3089-4a1c-495f-b8c7-bc17772f7c8e req-d72a7023-293e-4364-aa68-3ee582306f6f service placement] RequestGroup(use_same_provider=False, resources={DISK_GB:1, MEMORY_MB:1024, VCPU:1}, traits=(), aggregates=[]) (suffix '') returned 2 matches {{(pid=104890) _get_by_requests /opt/stack/placement/placement/objects/allocation_candidate.py:156}}
Apr 29 19:00:11.006939 n-d-838555-5 devstack@placement-api.service[104890]: DEBUG placement.objects.allocation_candidate [req-5d0a3089-4a1c-495f-b8c7-bc17772f7c8e req-d72a7023-293e-4364-aa68-3ee582306f6f service placement] Merging candidates yields 2 allocation requests and 2 provider summaries {{(pid=104890) _merge_candidates /opt/stack/placement/placement/objects/allocation_candidate.py:809}}
Apr 29 19:00:11.014951 n-d-838555-5 devstack@placement-api.service[104890]: INFO placement.requestlog [req-5d0a3089-4a1c-495f-b8c7-bc17772f7c8e req-d72a7023-293e-4364-aa68-3ee582306f6f service placement] 10.222.0.18 "GET /placement/allocation_candidates?limit=1000&resources=DISK_GB%3A1%2CMEMORY_MB%3A1024%2CVCPU%3A1&root_required=%21COMPUTE_STATUS_DISABLED" status: 200 len: 1309 microversion: 1.36
Apr 29 19:00:11.016009 n-d-838555-5 devstack@placement-api.service[104890]: [pid: 104890|app: 0|req: 395/789] 10.222.0.18 () {60 vars in 1506 bytes} [Fri Apr 29 19:00:10 2022] GET /placement/allocation_candidates?limit=1000&resources=DISK_GB%3A1%2CMEMORY_MB%3A1024%2CVCPU%3A1&root_required=%21COMPUTE_STATUS_DISABLED => generated 1309 bytes in 216 msecs (HTTP/1.1 200) 8 headers in 297 bytes (1 switches on core 0)
Apr 29 19:00:11.200312 n-d-838555-5 devstack@placement-api.service[104891]: DEBUG placement.requestlog [req-5d0a3089-4a1c-495f-b8c7-bc17772f7c8e req-8335ffc1-89f4-4386-a438-1f9fa0575cf0 None None] Starting request: 10.222.0.18 "GET /placement/allocations/dde2a420-0683-476c-81ca-0c0e53696ea8" {{(pid=104891) __call__ /opt/stack/placement/placement/requestlog.py:55}}
Apr 29 19:00:11.241598 n-d-838555-5 devstack@placement-api.service[104891]: INFO placement.requestlog [req-5d0a3089-4a1c-495f-b8c7-bc17772f7c8e req-8335ffc1-89f4-4386-a438-1f9fa0575cf0 service placement] 10.222.0.18 "GET /placement/allocations/dde2a420-0683-476c-81ca-0c0e53696ea8" status: 200 len: 19 microversion: 1.28
Apr 29 19:00:11.244584 n-d-838555-5 devstack@placement-api.service[104891]: [pid: 104891|app: 0|req: 395/790] 10.222.0.18 () {60 vars in 1380 bytes} [Fri Apr 29 19:00:11 2022] GET /placement/allocations/dde2a420-0683-476c-81ca-0c0e53696ea8 => generated 19 bytes in 44 msecs (HTTP/1.1 200) 8 headers in 295 bytes (1 switches on core 0)
Apr 29 19:00:11.257630 n-d-838555-5 devstack@placement-api.service[104890]: DEBUG placement.requestlog [req-5d0a3089-4a1c-495f-b8c7-bc17772f7c8e req-42f7bc3a-d669-4d12-ba13-afd6ab8e41ec None None] Starting request: 10.222.0.18 "PUT /placement/allocations/dde2a420-0683-476c-81ca-0c0e53696ea8" {{(pid=104890) __call__ /opt/stack/placement/placement/requestlog.py:55}}
Apr 29 19:00:11.353483 n-d-838555-5 devstack@placement-api.service[104890]: DEBUG placement.handlers.allocation [req-5d0a3089-4a1c-495f-b8c7-bc17772f7c8e req-42f7bc3a-d669-4d12-ba13-afd6ab8e41ec service placement] Successfully wrote allocations [, , ] {{(pid=104890) _update_consumers_and_create_allocations /opt/stack/placement/placement/handlers/allocation.py:462}}
Apr 29 19:00:11.363073 n-d-838555-5 devstack@placement-api.service[104890]: INFO placement.requestlog [req-5d0a3089-4a1c-495f-b8c7-bc17772f7c8e req-42f7bc3a-d669-4d12-ba13-afd6ab8e41ec service placement] 10.222.0.18 "PUT /placement/allocations/dde2a420-0683-476c-81ca-0c0e53696ea8" status: 204 len: 0 microversion: 1.36
Apr 29 19:00:11.364194 n-d-838555-5 devstack@placement-api.service[104890]: [pid: 104890|app: 0|req: 396/791] 10.222.0.18 () {64 vars in 1433 bytes} [Fri Apr 29 19:00:11 2022] PUT /placement/allocations/dde2a420-0683-476c-81ca-0c0e53696ea8 => generated 0 bytes in 107 msecs (HTTP/1.1 204) 5 headers in 199 bytes (1 switches on core 0)
Apr 29 19:00:11.648562 n-d-838555-5 devstack@placement-api.service[104891]: DEBUG placement.requestlog [req-5035754a-6897-4f83-8120-1d3ce149679e req-8320cef4-da6a-4d2a-83a3-befb997c64a4 None None] Starting request: 10.222.0.21 "GET /placement/allocations/a4f58418-d262-4331-a9cb-fb0aa3ce554e" {{(pid=104891) __call__ /opt/stack/placement/placement/requestlog.py:55}}
Apr 29 19:00:11.706725 n-d-838555-5 devstack@placement-api.service[104891]: INFO placement.requestlog [req-5035754a-6897-4f83-8120-1d3ce149679e req-8320cef4-da6a-4d2a-83a3-befb997c64a4 service placement] 10.222.0.21 "GET /placement/allocations/a4f58418-d262-4331-a9cb-fb0aa3ce554e" status: 200 len: 260 microversion: 1.28
Apr 29 19:00:11.707520 n-d-838555-5 devstack@placement-api.service[104891]: [pid: 104891|app: 0|req: 396/792] 10.222.0.21 () {60 vars in 1377 bytes} [Fri Apr 29 19:00:11 2022] GET /placement/allocations/a4f58418-d262-4331-a9cb-fb0aa3ce554e => generated 260 bytes in 59 msecs (HTTP/1.1 200) 8 headers in 296 bytes (1 switches on core 0)
Apr 29 19:00:12.539270 n-d-838555-5 devstack@placement-api.service[104890]: DEBUG placement.requestlog [req-5d0a3089-4a1c-495f-b8c7-bc17772f7c8e req-1d72eb55-7585-4752-acae-e7b151f24384 None None] Starting request: 10.222.0.21 "GET /placement/allocations/dde2a420-0683-476c-81ca-0c0e53696ea8" {{(pid=104890) __call__ /opt/stack/placement/placement/requestlog.py:55}}
Apr 29 19:00:12.597894 n-d-838555-5 devstack@placement-api.service[104890]: INFO placement.requestlog [req-5d0a3089-4a1c-495f-b8c7-bc17772f7c8e req-1d72eb55-7585-4752-acae-e7b151f24384 service placement] 10.222.0.21 "GET /placement/allocations/dde2a420-0683-476c-81ca-0c0e53696ea8" status: 200 len: 260 microversion: 1.28
Apr 29 19:00:12.598451 n-d-838555-5 devstack@placement-api.service[104890]: [pid: 104890|app: 0|req: 397/793] 10.222.0.21 () {60 vars in 1377 bytes} [Fri Apr 29 19:00:12 2022] GET /placement/allocations/dde2a420-0683-476c-81ca-0c0e53696ea8 => generated 260 bytes in 59 msecs (HTTP/1.1 200) 8 headers in 296 bytes (2 switches on core 0)
Apr 29 19:00:13.362370 n-d-838555-5 devstack@placement-api.service[104891]: DEBUG placement.requestlog [req-d59638a2-62f0-4e43-a0ab-2eb3962ca6a0 req-64cb00ac-f60a-4c11-9d4d-e52292fa16b7 None None] Starting request: 10.222.0.49 "GET /placement/resource_providers/fe3ce0ea-8d02-410b-9694-b7891970d9f4/allocations" {{(pid=104891) __call__ /opt/stack/placement/placement/requestlog.py:55}}
Apr 29 19:00:13.417105 n-d-838555-5 devstack@placement-api.service[104891]: INFO placement.requestlog [req-d59638a2-62f0-4e43-a0ab-2eb3962ca6a0 req-64cb00ac-f60a-4c11-9d4d-e52292fa16b7 service placement] 10.222.0.49 "GET /placement/resource_providers/fe3ce0ea-8d02-410b-9694-b7891970d9f4/allocations" status: 200 len: 558 microversion: 1.0
Apr 29 19:00:13.417631 n-d-838555-5 devstack@placement-api.service[104891]: [pid: 104891|app: 0|req: 397/794] 10.222.0.49 () {58 vars in 1390 bytes} [Fri Apr 29 19:00:13 2022] GET /placement/resource_providers/fe3ce0ea-8d02-410b-9694-b7891970d9f4/allocations => generated 558 bytes in 56 msecs (HTTP/1.1 200) 6 headers in 224 bytes (2 switches on core 0)
Apr 29 19:00:20.054374 n-d-838555-5 devstack@placement-api.service[104890]: DEBUG placement.requestlog [req-f76c2162-a527-4ed7-bd06-af0011b807d1 req-105f91a1-8f2b-4041-a330-990806c53948 None None] Starting request: 10.222.0.49 "DELETE /placement/allocations/8a84b976-38fa-4e88-809a-d9077a66acd7" {{(pid=104890) __call__ /opt/stack/placement/placement/requestlog.py:55}}
Apr 29 19:00:20.102649 n-d-838555-5 devstack@placement-api.service[104890]: DEBUG placement.handlers.allocation [req-f76c2162-a527-4ed7-bd06-af0011b807d1 req-105f91a1-8f2b-4041-a330-990806c53948 service placement] Successfully deleted allocations [, , ] {{(pid=104890) delete_allocations /opt/stack/placement/placement/handlers/allocation.py:627}}
Apr 29 19:00:20.103582 n-d-838555-5 devstack@placement-api.service[104890]: INFO placement.requestlog [req-f76c2162-a527-4ed7-bd06-af0011b807d1 req-105f91a1-8f2b-4041-a330-990806c53948 service placement] 10.222.0.49 "DELETE /placement/allocations/8a84b976-38fa-4e88-809a-d9077a66acd7" status: 204 len: 0 microversion: 1.0
Apr 29 19:00:20.105684 n-d-838555-5 devstack@placement-api.service[104890]: [pid: 104890|app: 0|req: 398/795] 10.222.0.49 () {60 vars in 1355 bytes} [Fri Apr 29 19:00:20 2022] DELETE /placement/allocations/8a84b976-38fa-4e88-809a-d9077a66acd7 => generated 0 bytes in 52 msecs (HTTP/1.1 204) 5 headers in 198 bytes (1 switches on core 0)
Apr 29 19:00:24.513403 n-d-838555-5 devstack@placement-api.service[104891]: DEBUG placement.requestlog [req-1e772aae-ad9b-4bcf-9ae4-dd3414e221e0 req-ddd19c78-46c4-4a3f-bb7b-0f74a0c562b6 None None] Starting request: 10.222.0.49 "DELETE /placement/allocations/a467dd92-07a0-4558-95ff-ad2f3dfefabc" {{(pid=104891) __call__ /opt/stack/placement/placement/requestlog.py:55}}
Apr 29 19:00:24.619671 n-d-838555-5 devstack@placement-api.service[104891]: DEBUG placement.handlers.allocation [req-1e772aae-ad9b-4bcf-9ae4-dd3414e221e0 req-ddd19c78-46c4-4a3f-bb7b-0f74a0c562b6 service placement] Successfully deleted allocations [, , ] {{(pid=104891) delete_allocations /opt/stack/placement/placement/handlers/allocation.py:627}}
Apr 29 19:00:24.620280 n-d-838555-5 devstack@placement-api.service[104891]: INFO placement.requestlog [req-1e772aae-ad9b-4bcf-9ae4-dd3414e221e0 req-ddd19c78-46c4-4a3f-bb7b-0f74a0c562b6 service placement] 10.222.0.49 "DELETE /placement/allocations/a467dd92-07a0-4558-95ff-ad2f3dfefabc" status: 204 len: 0 microversion: 1.0
Apr 29 19:00:24.620664 n-d-838555-5 devstack@placement-api.service[104891]: [pid: 104891|app: 0|req: 398/796] 10.222.0.49 () {60 vars in 1355 bytes} [Fri Apr 29 19:00:24 2022] DELETE /placement/allocations/a467dd92-07a0-4558-95ff-ad2f3dfefabc => generated 0 bytes in 108 msecs (HTTP/1.1 204) 5 headers in 198 bytes (1 switches on core 0)
Apr 29 19:00:27.583439 n-d-838555-5 devstack@placement-api.service[104890]: DEBUG placement.requestlog [req-80b25433-13fe-4cc9-a86b-c2ad162e56cf req-fad8809f-4ddf-4507-8bdc-8826abba6829 None None] Starting request: 10.222.0.21 "GET /placement/resource_providers/2ec28d18-4700-4b30-bffc-5621c8b07b68/allocations" {{(pid=104890) __call__ /opt/stack/placement/placement/requestlog.py:55}}
Apr 29 19:00:27.658668 n-d-838555-5 devstack@placement-api.service[104890]: INFO placement.requestlog [req-80b25433-13fe-4cc9-a86b-c2ad162e56cf req-fad8809f-4ddf-4507-8bdc-8826abba6829 service placement] 10.222.0.21 "GET /placement/resource_providers/2ec28d18-4700-4b30-bffc-5621c8b07b68/allocations" status: 200 len: 646 microversion: 1.0
Apr 29 19:00:27.659759 n-d-838555-5 devstack@placement-api.service[104890]: [pid: 104890|app: 0|req: 399/797] 10.222.0.21 () {58 vars in 1390 bytes} [Fri Apr 29 19:00:27 2022] GET /placement/resource_providers/2ec28d18-4700-4b30-bffc-5621c8b07b68/allocations => generated 646 bytes in 77 msecs (HTTP/1.1 200) 6 headers in 224 bytes (1 switches on core 0)
Apr 29 19:00:58.396570 n-d-838555-5 devstack@placement-api.service[104891]: DEBUG placement.requestlog [req-59209e36-2cc0-48af-9e52-995e164a4f0a req-6dcc3a32-e6f5-4b2b-b3ea-41758582beba None None] Starting request: 10.222.0.18 "GET /placement/allocation_candidates?limit=1000&resources=DISK_GB%3A1%2CMEMORY_MB%3A1024%2CVCPU%3A1&root_required=%21COMPUTE_STATUS_DISABLED" {{(pid=104891) __call__ /opt/stack/placement/placement/requestlog.py:55}}
Apr 29 19:00:58.937515 n-d-838555-5 devstack@placement-api.service[104891]: DEBUG placement.objects.research_context [req-59209e36-2cc0-48af-9e52-995e164a4f0a req-6dcc3a32-e6f5-4b2b-b3ea-41758582beba service placement] getting providers with 1 DISK_GB {{(pid=104891) __init__ /opt/stack/placement/placement/objects/research_context.py:136}}
Apr 29 19:00:59.033919 n-d-838555-5 devstack@placement-api.service[104891]: DEBUG placement.objects.research_context [req-59209e36-2cc0-48af-9e52-995e164a4f0a req-6dcc3a32-e6f5-4b2b-b3ea-41758582beba service placement] getting providers with 1024 MEMORY_MB {{(pid=104891) __init__ /opt/stack/placement/placement/objects/research_context.py:136}}
Apr 29 19:00:59.091184 n-d-838555-5 devstack@placement-api.service[104891]: DEBUG placement.objects.research_context [req-59209e36-2cc0-48af-9e52-995e164a4f0a req-6dcc3a32-e6f5-4b2b-b3ea-41758582beba service placement] getting providers with 1 VCPU {{(pid=104891) __init__ /opt/stack/placement/placement/objects/research_context.py:136}}
Apr 29 19:00:59.119236 n-d-838555-5 devstack@placement-api.service[104891]: DEBUG placement.objects.research_context [req-59209e36-2cc0-48af-9e52-995e164a4f0a req-6dcc3a32-e6f5-4b2b-b3ea-41758582beba service placement] found 2 providers with available 1 DISK_GB {{(pid=104891) get_provider_ids_matching /opt/stack/placement/placement/objects/research_context.py:563}}
Apr 29 19:00:59.119500 n-d-838555-5 devstack@placement-api.service[104891]: DEBUG placement.objects.research_context [req-59209e36-2cc0-48af-9e52-995e164a4f0a req-6dcc3a32-e6f5-4b2b-b3ea-41758582beba service placement] found 2 providers with available 1024 MEMORY_MB {{(pid=104891) get_provider_ids_matching /opt/stack/placement/placement/objects/research_context.py:563}}
Apr 29 19:00:59.119807 n-d-838555-5 devstack@placement-api.service[104891]: DEBUG placement.objects.research_context [req-59209e36-2cc0-48af-9e52-995e164a4f0a req-6dcc3a32-e6f5-4b2b-b3ea-41758582beba service placement] found 2 providers after filtering by previous result {{(pid=104891) get_provider_ids_matching /opt/stack/placement/placement/objects/research_context.py:594}}
Apr 29 19:00:59.120070 n-d-838555-5 devstack@placement-api.service[104891]: DEBUG placement.objects.research_context [req-59209e36-2cc0-48af-9e52-995e164a4f0a req-6dcc3a32-e6f5-4b2b-b3ea-41758582beba service placement] found 2 providers with available 1 VCPU {{(pid=104891) get_provider_ids_matching /opt/stack/placement/placement/objects/research_context.py:563}}
Apr 29 19:00:59.120337 n-d-838555-5 devstack@placement-api.service[104891]: DEBUG placement.objects.research_context [req-59209e36-2cc0-48af-9e52-995e164a4f0a req-6dcc3a32-e6f5-4b2b-b3ea-41758582beba service placement] found 2 providers after filtering by previous result {{(pid=104891) get_provider_ids_matching /opt/stack/placement/placement/objects/research_context.py:594}}
Apr 29 19:00:59.195692 n-d-838555-5 devstack@placement-api.service[104891]: DEBUG placement.objects.allocation_candidate [req-59209e36-2cc0-48af-9e52-995e164a4f0a req-6dcc3a32-e6f5-4b2b-b3ea-41758582beba service placement] RequestGroup(use_same_provider=False, resources={DISK_GB:1, MEMORY_MB:1024, VCPU:1}, traits=(), aggregates=[]) (suffix '') returned 2 matches {{(pid=104891) _get_by_requests /opt/stack/placement/placement/objects/allocation_candidate.py:156}}
Apr 29 19:00:59.196078 n-d-838555-5 devstack@placement-api.service[104891]: DEBUG placement.objects.allocation_candidate [req-59209e36-2cc0-48af-9e52-995e164a4f0a req-6dcc3a32-e6f5-4b2b-b3ea-41758582beba service placement] Merging candidates yields 2 allocation requests and 2 provider summaries {{(pid=104891) _merge_candidates /opt/stack/placement/placement/objects/allocation_candidate.py:809}}
Apr 29 19:00:59.214121 n-d-838555-5 devstack@placement-api.service[104891]: INFO placement.requestlog [req-59209e36-2cc0-48af-9e52-995e164a4f0a req-6dcc3a32-e6f5-4b2b-b3ea-41758582beba service placement] 10.222.0.18 "GET /placement/allocation_candidates?limit=1000&resources=DISK_GB%3A1%2CMEMORY_MB%3A1024%2CVCPU%3A1&root_required=%21COMPUTE_STATUS_DISABLED" status: 200 len: 1309 microversion: 1.36
Apr 29 19:00:59.216270 n-d-838555-5 devstack@placement-api.service[104891]: [pid: 104891|app: 0|req: 399/798] 10.222.0.18 () {60 vars in 1506 bytes} [Fri Apr 29 19:00:58 2022] GET /placement/allocation_candidates?limit=1000&resources=DISK_GB%3A1%2CMEMORY_MB%3A1024%2CVCPU%3A1&root_required=%21COMPUTE_STATUS_DISABLED => generated 1309 bytes in 821 msecs (HTTP/1.1 200) 8 headers in 297 bytes (1 switches on core 0)
Apr 29 19:00:59.386304 n-d-838555-5 devstack@placement-api.service[104890]: DEBUG placement.requestlog [req-59209e36-2cc0-48af-9e52-995e164a4f0a req-1025bd3d-48e4-4f7e-97f8-bb0b4fbcb3ef None None] Starting request: 10.222.0.18 "GET /placement/allocations/6d9b9a8e-a941-4251-b99d-682d815a3c0c" {{(pid=104890) __call__ /opt/stack/placement/placement/requestlog.py:55}}
Apr 29 19:00:59.408916 n-d-838555-5 devstack@placement-api.service[104890]: INFO placement.requestlog [req-59209e36-2cc0-48af-9e52-995e164a4f0a req-1025bd3d-48e4-4f7e-97f8-bb0b4fbcb3ef service placement] 10.222.0.18 "GET /placement/allocations/6d9b9a8e-a941-4251-b99d-682d815a3c0c" status: 200 len: 19 microversion: 1.28
Apr 29 19:00:59.411874 n-d-838555-5 devstack@placement-api.service[104890]: [pid: 104890|app: 0|req: 400/799] 10.222.0.18 () {60 vars in 1380 bytes} [Fri Apr 29 19:00:59 2022] GET /placement/allocations/6d9b9a8e-a941-4251-b99d-682d815a3c0c => generated 19 bytes in 26 msecs (HTTP/1.1 200) 8 headers in 295 bytes (1 switches on core 0)
Apr 29 19:00:59.417584 n-d-838555-5 devstack@placement-api.service[104891]: DEBUG placement.requestlog [req-59209e36-2cc0-48af-9e52-995e164a4f0a req-a9e7e314-87a1-4035-b993-5741fb8d4ffc None None] Starting request: 10.222.0.18 "PUT /placement/allocations/6d9b9a8e-a941-4251-b99d-682d815a3c0c" {{(pid=104891) __call__ /opt/stack/placement/placement/requestlog.py:55}}
Apr 29 19:00:59.674120 n-d-838555-5 devstack@placement-api.service[104891]: DEBUG placement.handlers.allocation [req-59209e36-2cc0-48af-9e52-995e164a4f0a req-a9e7e314-87a1-4035-b993-5741fb8d4ffc service placement] Successfully wrote allocations [, , ] {{(pid=104891) _update_consumers_and_create_allocations /opt/stack/placement/placement/handlers/allocation.py:462}}
Apr 29 19:00:59.683486 n-d-838555-5 devstack@placement-api.service[104891]: INFO placement.requestlog [req-59209e36-2cc0-48af-9e52-995e164a4f0a req-a9e7e314-87a1-4035-b993-5741fb8d4ffc service placement] 10.222.0.18 "PUT /placement/allocations/6d9b9a8e-a941-4251-b99d-682d815a3c0c" status: 204 len: 0 microversion: 1.36
Apr 29 19:00:59.688181 n-d-838555-5 devstack@placement-api.service[104891]: [pid: 104891|app: 0|req: 400/800] 10.222.0.18 () {64 vars in 1433 bytes} [Fri Apr 29 19:00:59 2022] PUT /placement/allocations/6d9b9a8e-a941-4251-b99d-682d815a3c0c => generated 0 bytes in 270 msecs (HTTP/1.1 204) 5 headers in 199 bytes (1 switches on core 0)
Apr 29 19:01:00.327951 n-d-838555-5 devstack@placement-api.service[104890]: DEBUG placement.requestlog [req-59209e36-2cc0-48af-9e52-995e164a4f0a req-dad70ea8-8f79-4189-9efb-a9e8a85d2ede None None] Starting request: 10.222.0.49 "GET /placement/allocations/6d9b9a8e-a941-4251-b99d-682d815a3c0c" {{(pid=104890) __call__ /opt/stack/placement/placement/requestlog.py:55}}
Apr 29 19:01:00.367782 n-d-838555-5 devstack@placement-api.service[104890]: INFO placement.requestlog [req-59209e36-2cc0-48af-9e52-995e164a4f0a req-dad70ea8-8f79-4189-9efb-a9e8a85d2ede service placement] 10.222.0.49 "GET /placement/allocations/6d9b9a8e-a941-4251-b99d-682d815a3c0c" status: 200 len: 259 microversion: 1.28
Apr 29 19:01:00.373872 n-d-838555-5 devstack@placement-api.service[104890]: [pid: 104890|app: 0|req: 401/801] 10.222.0.49 () {60 vars in 1377 bytes} [Fri Apr 29 19:01:00 2022] GET /placement/allocations/6d9b9a8e-a941-4251-b99d-682d815a3c0c => generated 259 bytes in 46 msecs (HTTP/1.1 200) 8 headers in 296 bytes (1 switches on core 0)
Apr 29 19:01:06.766799 n-d-838555-5 devstack@placement-api.service[104891]: DEBUG placement.requestlog [req-de9d89d0-3e21-4e00-94a8-40797fc249cf req-840189df-7526-4ffe-9d7b-3bb6e4210b45 None None] Starting request: 10.222.0.21 "DELETE /placement/allocations/cd8eefe8-8ce5-4ee4-a34d-116c96b4bcfb" {{(pid=104891) __call__ /opt/stack/placement/placement/requestlog.py:55}}
Apr 29 19:01:06.787686 n-d-838555-5 devstack@placement-api.service[104890]: DEBUG placement.requestlog [req-34eb102b-29ea-4892-a629-b751d7edf97b req-c6cbc6e2-08f1-42ca-9d34-2d2653d51588 None None] Starting request: 10.222.0.18 "GET /placement/resource_providers?name=n-h1-838555-5" {{(pid=104890) __call__ /opt/stack/placement/placement/requestlog.py:55}}
Apr 29 19:01:06.904081 n-d-838555-5 devstack@placement-api.service[104891]: DEBUG placement.handlers.allocation [req-de9d89d0-3e21-4e00-94a8-40797fc249cf req-840189df-7526-4ffe-9d7b-3bb6e4210b45 service placement] Successfully deleted allocations [, , ] {{(pid=104891) delete_allocations /opt/stack/placement/placement/handlers/allocation.py:627}}
Apr 29 19:01:06.904574 n-d-838555-5 devstack@placement-api.service[104891]: INFO placement.requestlog [req-de9d89d0-3e21-4e00-94a8-40797fc249cf req-840189df-7526-4ffe-9d7b-3bb6e4210b45 service placement] 10.222.0.21 "DELETE /placement/allocations/cd8eefe8-8ce5-4ee4-a34d-116c96b4bcfb" status: 204 len: 0 microversion: 1.0
Apr 29 19:01:06.910333 n-d-838555-5 devstack@placement-api.service[104891]: [pid: 104891|app: 0|req: 401/802] 10.222.0.21 () {60 vars in 1355 bytes} [Fri Apr 29 19:01:06 2022] DELETE /placement/allocations/cd8eefe8-8ce5-4ee4-a34d-116c96b4bcfb => generated 0 bytes in 144 msecs (HTTP/1.1 204) 5 headers in 198 bytes (1 switches on core 0)
Apr 29 19:01:07.036964 n-d-838555-5 devstack@placement-api.service[104890]: INFO placement.requestlog [req-34eb102b-29ea-4892-a629-b751d7edf97b req-c6cbc6e2-08f1-42ca-9d34-2d2653d51588 service placement] 10.222.0.18 "GET /placement/resource_providers?name=n-h1-838555-5" status: 200 len: 442 microversion: 1.0
Apr 29 19:01:07.040825 n-d-838555-5 devstack@placement-api.service[104890]: [pid: 104890|app: 0|req: 402/803] 10.222.0.18 () {58 vars in 1274 bytes} [Fri Apr 29 19:01:06 2022] GET /placement/resource_providers?name=n-h1-838555-5 => generated 442 bytes in 253 msecs (HTTP/1.1 200) 6 headers in 224 bytes (1 switches on core 0)
Apr 29 19:01:07.049207 n-d-838555-5 devstack@placement-api.service[104891]: DEBUG placement.requestlog [req-34eb102b-29ea-4892-a629-b751d7edf97b req-dc2e20f9-c351-4cf7-abca-f595b1bb3be8 None None] Starting request: 10.222.0.18 "GET /placement/resource_providers/2ec28d18-4700-4b30-bffc-5621c8b07b68/aggregates" {{(pid=104891) __call__ /opt/stack/placement/placement/requestlog.py:55}}
Apr 29 19:01:07.081815 n-d-838555-5 devstack@placement-api.service[104891]: INFO placement.requestlog [req-34eb102b-29ea-4892-a629-b751d7edf97b req-dc2e20f9-c351-4cf7-abca-f595b1bb3be8 service placement] 10.222.0.18 "GET /placement/resource_providers/2ec28d18-4700-4b30-bffc-5621c8b07b68/aggregates" status: 200 len: 55 microversion: 1.19
Apr 29 19:01:07.090007 n-d-838555-5 devstack@placement-api.service[104890]: DEBUG placement.requestlog [req-34eb102b-29ea-4892-a629-b751d7edf97b req-accf6409-a127-4244-a6b2-4a2fcb295443 None None] Starting request: 10.222.0.18 "PUT /placement/resource_providers/2ec28d18-4700-4b30-bffc-5621c8b07b68/aggregates" {{(pid=104890) __call__ /opt/stack/placement/placement/requestlog.py:55}}
