Apr 29 19:01:07.090789 n-d-838555-5 devstack@placement-api.service[104891]: [pid: 104891|app: 0|req: 402/804] 10.222.0.18 () {60 vars in 1425 bytes} [Fri Apr 29 19:01:07 2022] GET /placement/resource_providers/2ec28d18-4700-4b30-bffc-5621c8b07b68/aggregates => generated 55 bytes in 41 msecs (HTTP/1.1 200) 8 headers in 295 bytes (1 switches on core 0)
Apr 29 19:01:07.119040 n-d-838555-5 devstack@placement-api.service[104890]: DEBUG placement.objects.resource_provider [req-34eb102b-29ea-4892-a629-b751d7edf97b req-accf6409-a127-4244-a6b2-4a2fcb295443 service placement] _ensure_aggregate() did not find aggregate 12d7f69e-dcca-4726-984d-ac07a47aeab0. Attempting to create it. {{(pid=104890) _ensure_aggregate /opt/stack/placement/placement/objects/resource_provider.py:321}}
Apr 29 19:01:07.127681 n-d-838555-5 devstack@placement-api.service[104890]: DEBUG placement.objects.resource_provider [req-34eb102b-29ea-4892-a629-b751d7edf97b req-accf6409-a127-4244-a6b2-4a2fcb295443 service placement] _ensure_aggregate() created new aggregate 12d7f69e-dcca-4726-984d-ac07a47aeab0 (id=8). {{(pid=104890) _ensure_aggregate /opt/stack/placement/placement/objects/resource_provider.py:327}}
Apr 29 19:01:07.130262 n-d-838555-5 devstack@placement-api.service[104890]: DEBUG placement.objects.resource_provider [req-34eb102b-29ea-4892-a629-b751d7edf97b req-accf6409-a127-4244-a6b2-4a2fcb295443 service placement] Setting aggregates for provider 2ec28d18-4700-4b30-bffc-5621c8b07b68. Successfully associated aggregate 12d7f69e-dcca-4726-984d-ac07a47aeab0. {{(pid=104890) _set_aggregates /opt/stack/placement/placement/objects/resource_provider.py:389}}
Apr 29 19:01:07.148307 n-d-838555-5 devstack@placement-api.service[104890]: INFO placement.requestlog [req-34eb102b-29ea-4892-a629-b751d7edf97b req-accf6409-a127-4244-a6b2-4a2fcb295443 service placement] 10.222.0.18 "PUT /placement/resource_providers/2ec28d18-4700-4b30-bffc-5621c8b07b68/aggregates" status: 200 len: 93 microversion: 1.19
Apr 29 19:01:07.149165 n-d-838555-5 devstack@placement-api.service[104890]: [pid: 104890|app: 0|req: 403/805] 10.222.0.18 () {64 vars in 1477 bytes} [Fri Apr 29 19:01:07 2022] PUT /placement/resource_providers/2ec28d18-4700-4b30-bffc-5621c8b07b68/aggregates => generated 93 bytes in 60 msecs (HTTP/1.1 200) 8 headers in 295 bytes (2 switches on core 0)
Apr 29 19:01:09.288805 n-d-838555-5 devstack@placement-api.service[104891]: DEBUG placement.requestlog [req-c917b600-5978-4a63-af6e-90960ffb0afb req-97548c58-5c43-4f72-a413-d3808bac537a None None] Starting request: 10.222.0.18 "GET /placement/resource_providers?name=n-h1-838555-5" {{(pid=104891) __call__ /opt/stack/placement/placement/requestlog.py:55}}
Apr 29 19:01:09.442332 n-d-838555-5 devstack@placement-api.service[104891]: INFO placement.requestlog [req-c917b600-5978-4a63-af6e-90960ffb0afb req-97548c58-5c43-4f72-a413-d3808bac537a service placement] 10.222.0.18 "GET /placement/resource_providers?name=n-h1-838555-5" status: 200 len: 442 microversion: 1.0
Apr 29 19:01:09.442853 n-d-838555-5 devstack@placement-api.service[104891]: [pid: 104891|app: 0|req: 403/806] 10.222.0.18 () {58 vars in 1274 bytes} [Fri Apr 29 19:01:09 2022] GET /placement/resource_providers?name=n-h1-838555-5 => generated 442 bytes in 154 msecs (HTTP/1.1 200) 6 headers in 224 bytes (1 switches on core 0)
Apr 29 19:01:09.450028 n-d-838555-5 devstack@placement-api.service[104890]: DEBUG placement.requestlog [req-c917b600-5978-4a63-af6e-90960ffb0afb req-54b34743-7cc1-4af0-9154-21d04f4a1f89 None None] Starting request: 10.222.0.18 "GET /placement/resource_providers/2ec28d18-4700-4b30-bffc-5621c8b07b68/aggregates" {{(pid=104890) __call__ /opt/stack/placement/placement/requestlog.py:55}}
Apr 29 19:01:09.486582 n-d-838555-5 devstack@placement-api.service[104890]: INFO placement.requestlog [req-c917b600-5978-4a63-af6e-90960ffb0afb req-54b34743-7cc1-4af0-9154-21d04f4a1f89 service placement] 10.222.0.18 "GET /placement/resource_providers/2ec28d18-4700-4b30-bffc-5621c8b07b68/aggregates" status: 200 len: 93 microversion: 1.19
Apr 29 19:01:09.498811 n-d-838555-5 devstack@placement-api.service[104890]: [pid: 104890|app: 0|req: 404/807] 10.222.0.18 () {60 vars in 1425 bytes} [Fri Apr 29 19:01:09 2022] GET /placement/resource_providers/2ec28d18-4700-4b30-bffc-5621c8b07b68/aggregates => generated 93 bytes in 49 msecs (HTTP/1.1 200) 8 headers in 295 bytes (2 switches on core 0)
Apr 29 19:01:09.499340 n-d-838555-5 devstack@placement-api.service[104891]: DEBUG placement.requestlog [req-c917b600-5978-4a63-af6e-90960ffb0afb req-2d6263a1-c7c8-413a-a460-60a0acc63fdd None None] Starting request: 10.222.0.18 "PUT /placement/resource_providers/2ec28d18-4700-4b30-bffc-5621c8b07b68/aggregates" {{(pid=104891) __call__ /opt/stack/placement/placement/requestlog.py:55}}
Apr 29 19:01:09.539101 n-d-838555-5 devstack@placement-api.service[104891]: DEBUG placement.objects.resource_provider [req-c917b600-5978-4a63-af6e-90960ffb0afb req-2d6263a1-c7c8-413a-a460-60a0acc63fdd service placement] Setting aggregates for provider 2ec28d18-4700-4b30-bffc-5621c8b07b68. Successfully disassociated aggregate 12d7f69e-dcca-4726-984d-ac07a47aeab0. {{(pid=104891) _set_aggregates /opt/stack/placement/placement/objects/resource_provider.py:404}}
Apr 29 19:01:09.565010 n-d-838555-5 devstack@placement-api.service[104891]: INFO placement.requestlog [req-c917b600-5978-4a63-af6e-90960ffb0afb req-2d6263a1-c7c8-413a-a460-60a0acc63fdd service placement] 10.222.0.18 "PUT /placement/resource_providers/2ec28d18-4700-4b30-bffc-5621c8b07b68/aggregates" status: 200 len: 55 microversion: 1.19
Apr 29 19:01:09.613687 n-d-838555-5 devstack@placement-api.service[104891]: [pid: 104891|app: 0|req: 404/808] 10.222.0.18 () {64 vars in 1477 bytes} [Fri Apr 29 19:01:09 2022] PUT /placement/resource_providers/2ec28d18-4700-4b30-bffc-5621c8b07b68/aggregates => generated 55 bytes in 67 msecs (HTTP/1.1 200) 8 headers in 295 bytes (1 switches on core 0)
Apr 29 19:01:12.263921 n-d-838555-5 devstack@placement-api.service[104890]: DEBUG placement.requestlog [req-7330dd60-6988-415b-8dac-8d39689fdc11 req-083aa48e-e3c7-41e0-8735-e04af43bdc8f None None] Starting request: 10.222.0.49 "GET /placement/resource_providers/fe3ce0ea-8d02-410b-9694-b7891970d9f4/allocations" {{(pid=104890) __call__ /opt/stack/placement/placement/requestlog.py:55}}
Apr 29 19:01:12.320619 n-d-838555-5 devstack@placement-api.service[104890]: INFO placement.requestlog [req-7330dd60-6988-415b-8dac-8d39689fdc11 req-083aa48e-e3c7-41e0-8735-e04af43bdc8f service placement] 10.222.0.49 "GET /placement/resource_providers/fe3ce0ea-8d02-410b-9694-b7891970d9f4/allocations" status: 200 len: 457 microversion: 1.0
Apr 29 19:01:12.321436 n-d-838555-5 devstack@placement-api.service[104890]: [pid: 104890|app: 0|req: 405/809] 10.222.0.49 () {58 vars in 1390 bytes} [Fri Apr 29 19:01:12 2022] GET /placement/resource_providers/fe3ce0ea-8d02-410b-9694-b7891970d9f4/allocations => generated 457 bytes in 58 msecs (HTTP/1.1 200) 6 headers in 224 bytes (1 switches on core 0)
Apr 29 19:01:17.324701 n-d-838555-5 devstack@placement-api.service[104891]: DEBUG placement.requestlog [req-6705caa8-3eb3-4263-8f2f-9264367a083b req-c8b2ec56-3183-45e2-8eeb-5229f1a83127 None None] Starting request: 10.222.0.21 "DELETE /placement/allocations/a4f58418-d262-4331-a9cb-fb0aa3ce554e" {{(pid=104891) __call__ /opt/stack/placement/placement/requestlog.py:55}}
Apr 29 19:01:17.424056 n-d-838555-5 devstack@placement-api.service[104891]: DEBUG placement.handlers.allocation [req-6705caa8-3eb3-4263-8f2f-9264367a083b req-c8b2ec56-3183-45e2-8eeb-5229f1a83127 service placement] Successfully deleted allocations [, , ] {{(pid=104891) delete_allocations /opt/stack/placement/placement/handlers/allocation.py:627}}
Apr 29 19:01:17.424900 n-d-838555-5 devstack@placement-api.service[104891]: INFO placement.requestlog [req-6705caa8-3eb3-4263-8f2f-9264367a083b req-c8b2ec56-3183-45e2-8eeb-5229f1a83127 service placement] 10.222.0.21 "DELETE /placement/allocations/a4f58418-d262-4331-a9cb-fb0aa3ce554e" status: 204 len: 0 microversion: 1.0
Apr 29 19:01:17.425417 n-d-838555-5 devstack@placement-api.service[104891]: [pid: 104891|app: 0|req: 405/810] 10.222.0.21 () {60 vars in 1355 bytes} [Fri Apr 29 19:01:17 2022] DELETE /placement/allocations/a4f58418-d262-4331-a9cb-fb0aa3ce554e => generated 0 bytes in 101 msecs (HTTP/1.1 204) 5 headers in 198 bytes (2 switches on core 0)
Apr 29 19:01:20.202682 n-d-838555-5 devstack@placement-api.service[104890]: DEBUG placement.requestlog [req-1f3828ae-d0ea-4525-8601-7b1810875196 req-9ab26e47-26f1-4bff-86c1-c30c43b527ba None None] Starting request: 10.222.0.21 "DELETE /placement/allocations/dde2a420-0683-476c-81ca-0c0e53696ea8" {{(pid=104890) __call__ /opt/stack/placement/placement/requestlog.py:55}}
Apr 29 19:01:20.272682 n-d-838555-5 devstack@placement-api.service[104890]: DEBUG placement.handlers.allocation [req-1f3828ae-d0ea-4525-8601-7b1810875196 req-9ab26e47-26f1-4bff-86c1-c30c43b527ba service placement] Successfully deleted allocations [, , ] {{(pid=104890) delete_allocations /opt/stack/placement/placement/handlers/allocation.py:627}}
Apr 29 19:01:20.273554 n-d-838555-5 devstack@placement-api.service[104890]: INFO placement.requestlog [req-1f3828ae-d0ea-4525-8601-7b1810875196 req-9ab26e47-26f1-4bff-86c1-c30c43b527ba service placement] 10.222.0.21 "DELETE /placement/allocations/dde2a420-0683-476c-81ca-0c0e53696ea8" status: 204 len: 0 microversion: 1.0
Apr 29 19:01:20.274439 n-d-838555-5 devstack@placement-api.service[104890]: [pid: 104890|app: 0|req: 406/811] 10.222.0.21 () {60 vars in 1355 bytes} [Fri Apr 29 19:01:20 2022] DELETE /placement/allocations/dde2a420-0683-476c-81ca-0c0e53696ea8 => generated 0 bytes in 72 msecs (HTTP/1.1 204) 5 headers in 198 bytes (1 switches on core 0)
Apr 29 19:01:22.795220 n-d-838555-5 devstack@placement-api.service[104891]: DEBUG placement.requestlog [req-8bc282dd-b12e-431b-9d1e-605ab746f9a1 req-9e05940b-7dd7-42d0-b51a-3be8a3381998 None None] Starting request: 10.222.0.18 "GET /placement/allocation_candidates?limit=1000&resources=DISK_GB%3A1%2CMEMORY_MB%3A1024%2CVCPU%3A1&root_required=%21COMPUTE_STATUS_DISABLED" {{(pid=104891) __call__ /opt/stack/placement/placement/requestlog.py:55}}
Apr 29 19:01:22.840282 n-d-838555-5 devstack@placement-api.service[104891]: DEBUG placement.objects.research_context [req-8bc282dd-b12e-431b-9d1e-605ab746f9a1 req-9e05940b-7dd7-42d0-b51a-3be8a3381998 service placement] getting providers with 1 DISK_GB {{(pid=104891) __init__ /opt/stack/placement/placement/objects/research_context.py:136}}
Apr 29 19:01:22.846929 n-d-838555-5 devstack@placement-api.service[104891]: DEBUG placement.objects.research_context [req-8bc282dd-b12e-431b-9d1e-605ab746f9a1 req-9e05940b-7dd7-42d0-b51a-3be8a3381998 service placement] getting providers with 1024 MEMORY_MB {{(pid=104891) __init__ /opt/stack/placement/placement/objects/research_context.py:136}}
Apr 29 19:01:22.852990 n-d-838555-5 devstack@placement-api.service[104891]: DEBUG placement.objects.research_context [req-8bc282dd-b12e-431b-9d1e-605ab746f9a1 req-9e05940b-7dd7-42d0-b51a-3be8a3381998 service placement] getting providers with 1 VCPU {{(pid=104891) __init__ /opt/stack/placement/placement/objects/research_context.py:136}}
Apr 29 19:01:22.859083 n-d-838555-5 devstack@placement-api.service[104891]: DEBUG placement.objects.research_context [req-8bc282dd-b12e-431b-9d1e-605ab746f9a1 req-9e05940b-7dd7-42d0-b51a-3be8a3381998 service placement] found 2 providers with available 1 DISK_GB {{(pid=104891) get_provider_ids_matching /opt/stack/placement/placement/objects/research_context.py:563}}
Apr 29 19:01:22.859464 n-d-838555-5 devstack@placement-api.service[104891]: DEBUG placement.objects.research_context [req-8bc282dd-b12e-431b-9d1e-605ab746f9a1 req-9e05940b-7dd7-42d0-b51a-3be8a3381998 service placement] found 2 providers with available 1024 MEMORY_MB {{(pid=104891) get_provider_ids_matching /opt/stack/placement/placement/objects/research_context.py:563}}
Apr 29 19:01:22.859842 n-d-838555-5 devstack@placement-api.service[104891]: DEBUG placement.objects.research_context [req-8bc282dd-b12e-431b-9d1e-605ab746f9a1 req-9e05940b-7dd7-42d0-b51a-3be8a3381998 service placement] found 2 providers after filtering by previous result {{(pid=104891) get_provider_ids_matching /opt/stack/placement/placement/objects/research_context.py:594}}
Apr 29 19:01:22.860102 n-d-838555-5 devstack@placement-api.service[104891]: DEBUG placement.objects.research_context [req-8bc282dd-b12e-431b-9d1e-605ab746f9a1 req-9e05940b-7dd7-42d0-b51a-3be8a3381998 service placement] found 2 providers with available 1 VCPU {{(pid=104891) get_provider_ids_matching /opt/stack/placement/placement/objects/research_context.py:563}}
Apr 29 19:01:22.860368 n-d-838555-5 devstack@placement-api.service[104891]: DEBUG placement.objects.research_context [req-8bc282dd-b12e-431b-9d1e-605ab746f9a1 req-9e05940b-7dd7-42d0-b51a-3be8a3381998 service placement] found 2 providers after filtering by previous result {{(pid=104891) get_provider_ids_matching /opt/stack/placement/placement/objects/research_context.py:594}}
Apr 29 19:01:22.880294 n-d-838555-5 devstack@placement-api.service[104891]: DEBUG placement.objects.allocation_candidate [req-8bc282dd-b12e-431b-9d1e-605ab746f9a1 req-9e05940b-7dd7-42d0-b51a-3be8a3381998 service placement] RequestGroup(use_same_provider=False, resources={DISK_GB:1, MEMORY_MB:1024, VCPU:1}, traits=(), aggregates=[]) (suffix '') returned 2 matches {{(pid=104891) _get_by_requests /opt/stack/placement/placement/objects/allocation_candidate.py:156}}
Apr 29 19:01:22.880677 n-d-838555-5 devstack@placement-api.service[104891]: DEBUG placement.objects.allocation_candidate [req-8bc282dd-b12e-431b-9d1e-605ab746f9a1 req-9e05940b-7dd7-42d0-b51a-3be8a3381998 service placement] Merging candidates yields 2 allocation requests and 2 provider summaries {{(pid=104891) _merge_candidates /opt/stack/placement/placement/objects/allocation_candidate.py:809}}
Apr 29 19:01:22.882317 n-d-838555-5 devstack@placement-api.service[104891]: INFO placement.requestlog [req-8bc282dd-b12e-431b-9d1e-605ab746f9a1 req-9e05940b-7dd7-42d0-b51a-3be8a3381998 service placement] 10.222.0.18 "GET /placement/allocation_candidates?limit=1000&resources=DISK_GB%3A1%2CMEMORY_MB%3A1024%2CVCPU%3A1&root_required=%21COMPUTE_STATUS_DISABLED" status: 200 len: 1309 microversion: 1.36
Apr 29 19:01:22.882703 n-d-838555-5 devstack@placement-api.service[104891]: [pid: 104891|app: 0|req: 406/812] 10.222.0.18 () {60 vars in 1506 bytes} [Fri Apr 29 19:01:22 2022] GET /placement/allocation_candidates?limit=1000&resources=DISK_GB%3A1%2CMEMORY_MB%3A1024%2CVCPU%3A1&root_required=%21COMPUTE_STATUS_DISABLED => generated 1309 bytes in 88 msecs (HTTP/1.1 200) 8 headers in 297 bytes (1 switches on core 0)
Apr 29 19:01:22.992910 n-d-838555-5 devstack@placement-api.service[104890]: DEBUG placement.requestlog [req-8bc282dd-b12e-431b-9d1e-605ab746f9a1 req-3c70629b-4e78-4c45-bb21-1525c54416dd None None] Starting request: 10.222.0.18 "GET /placement/allocations/f8568897-eb5e-4a6a-a8db-49e20d1cf7cb" {{(pid=104890) __call__ /opt/stack/placement/placement/requestlog.py:55}}
Apr 29 19:01:23.010424 n-d-838555-5 devstack@placement-api.service[104890]: INFO placement.requestlog [req-8bc282dd-b12e-431b-9d1e-605ab746f9a1 req-3c70629b-4e78-4c45-bb21-1525c54416dd service placement] 10.222.0.18 "GET /placement/allocations/f8568897-eb5e-4a6a-a8db-49e20d1cf7cb" status: 200 len: 19 microversion: 1.28
Apr 29 19:01:23.011176 n-d-838555-5 devstack@placement-api.service[104890]: [pid: 104890|app: 0|req: 407/813] 10.222.0.18 () {60 vars in 1380 bytes} [Fri Apr 29 19:01:22 2022] GET /placement/allocations/f8568897-eb5e-4a6a-a8db-49e20d1cf7cb => generated 19 bytes in 18 msecs (HTTP/1.1 200) 8 headers in 295 bytes (1 switches on core 0)
Apr 29 19:01:23.018767 n-d-838555-5 devstack@placement-api.service[104891]: DEBUG placement.requestlog [req-8bc282dd-b12e-431b-9d1e-605ab746f9a1 req-213212fa-447b-44d1-8f0d-2f5ebf72c8e4 None None] Starting request: 10.222.0.18 "PUT /placement/allocations/f8568897-eb5e-4a6a-a8db-49e20d1cf7cb" {{(pid=104891) __call__ /opt/stack/placement/placement/requestlog.py:55}}
Apr 29 19:01:23.139973 n-d-838555-5 devstack@placement-api.service[104891]: DEBUG placement.handlers.allocation [req-8bc282dd-b12e-431b-9d1e-605ab746f9a1 req-213212fa-447b-44d1-8f0d-2f5ebf72c8e4 service placement] Successfully wrote allocations [, , ] {{(pid=104891) _update_consumers_and_create_allocations /opt/stack/placement/placement/handlers/allocation.py:462}}
Apr 29 19:01:23.149160 n-d-838555-5 devstack@placement-api.service[104891]: INFO placement.requestlog [req-8bc282dd-b12e-431b-9d1e-605ab746f9a1 req-213212fa-447b-44d1-8f0d-2f5ebf72c8e4 service placement] 10.222.0.18 "PUT /placement/allocations/f8568897-eb5e-4a6a-a8db-49e20d1cf7cb" status: 204 len: 0 microversion: 1.36
Apr 29 19:01:23.149864 n-d-838555-5 devstack@placement-api.service[104891]: [pid: 104891|app: 0|req: 407/814] 10.222.0.18 () {64 vars in 1433 bytes} [Fri Apr 29 19:01:23 2022] PUT /placement/allocations/f8568897-eb5e-4a6a-a8db-49e20d1cf7cb => generated 0 bytes in 131 msecs (HTTP/1.1 204) 5 headers in 199 bytes (1 switches on core 0)
Apr 29 19:01:23.581965 n-d-838555-5 devstack@placement-api.service[104890]: DEBUG placement.requestlog [req-8bc282dd-b12e-431b-9d1e-605ab746f9a1 req-12b3e5a7-6be0-49da-8221-035c1be5155b None None] Starting request: 10.222.0.21 "GET /placement/allocations/f8568897-eb5e-4a6a-a8db-49e20d1cf7cb" {{(pid=104890) __call__ /opt/stack/placement/placement/requestlog.py:55}}
Apr 29 19:01:23.603879 n-d-838555-5 devstack@placement-api.service[104890]: INFO placement.requestlog [req-8bc282dd-b12e-431b-9d1e-605ab746f9a1 req-12b3e5a7-6be0-49da-8221-035c1be5155b service placement] 10.222.0.21 "GET /placement/allocations/f8568897-eb5e-4a6a-a8db-49e20d1cf7cb" status: 200 len: 260 microversion: 1.28
Apr 29 19:01:23.604799 n-d-838555-5 devstack@placement-api.service[104890]: [pid: 104890|app: 0|req: 408/815] 10.222.0.21 () {60 vars in 1377 bytes} [Fri Apr 29 19:01:23 2022] GET /placement/allocations/f8568897-eb5e-4a6a-a8db-49e20d1cf7cb => generated 260 bytes in 23 msecs (HTTP/1.1 200) 8 headers in 296 bytes (1 switches on core 0)
Apr 29 19:01:24.587706 n-d-838555-5 devstack@placement-api.service[104891]: DEBUG placement.requestlog [req-41d17470-b2b8-4cd5-9f65-73bbedc98823 req-bd068f79-770c-4e19-a9f2-8f09c065cc2a None None] Starting request: 10.222.0.49 "DELETE /placement/allocations/284df82f-9043-4746-b192-c9f043d96595" {{(pid=104891) __call__ /opt/stack/placement/placement/requestlog.py:55}}
Apr 29 19:01:24.633537 n-d-838555-5 devstack@placement-api.service[104891]: DEBUG placement.handlers.allocation [req-41d17470-b2b8-4cd5-9f65-73bbedc98823 req-bd068f79-770c-4e19-a9f2-8f09c065cc2a service placement] Successfully deleted allocations [, , ] {{(pid=104891) delete_allocations /opt/stack/placement/placement/handlers/allocation.py:627}}
Apr 29 19:01:24.635083 n-d-838555-5 devstack@placement-api.service[104891]: INFO placement.requestlog [req-41d17470-b2b8-4cd5-9f65-73bbedc98823 req-bd068f79-770c-4e19-a9f2-8f09c065cc2a service placement] 10.222.0.49 "DELETE /placement/allocations/284df82f-9043-4746-b192-c9f043d96595" status: 204 len: 0 microversion: 1.0
Apr 29 19:01:24.636043 n-d-838555-5 devstack@placement-api.service[104891]: [pid: 104891|app: 0|req: 408/816] 10.222.0.49 () {60 vars in 1355 bytes} [Fri Apr 29 19:01:24 2022] DELETE /placement/allocations/284df82f-9043-4746-b192-c9f043d96595 => generated 0 bytes in 49 msecs (HTTP/1.1 204) 5 headers in 198 bytes (1 switches on core 0)
Apr 29 19:01:28.980546 n-d-838555-5 devstack@placement-api.service[104890]: DEBUG placement.requestlog [req-67031c74-91ed-4c18-af9c-73ef2817cf4f req-f46664d3-de6d-43de-b804-385f171ce3c3 None None] Starting request: 10.222.0.21 "GET /placement/resource_providers/2ec28d18-4700-4b30-bffc-5621c8b07b68/allocations" {{(pid=104890) __call__ /opt/stack/placement/placement/requestlog.py:55}}
Apr 29 19:01:29.037408 n-d-838555-5 devstack@placement-api.service[104890]: INFO placement.requestlog [req-67031c74-91ed-4c18-af9c-73ef2817cf4f req-f46664d3-de6d-43de-b804-385f171ce3c3 service placement] 10.222.0.21 "GET /placement/resource_providers/2ec28d18-4700-4b30-bffc-5621c8b07b68/allocations" status: 200 len: 444 microversion: 1.0
Apr 29 19:01:29.038254 n-d-838555-5 devstack@placement-api.service[104890]: [pid: 104890|app: 0|req: 409/817] 10.222.0.21 () {58 vars in 1390 bytes} [Fri Apr 29 19:01:28 2022] GET /placement/resource_providers/2ec28d18-4700-4b30-bffc-5621c8b07b68/allocations => generated 444 bytes in 58 msecs (HTTP/1.1 200) 6 headers in 224 bytes (1 switches on core 0)
Apr 29 19:01:53.582377 n-d-838555-5 devstack@placement-api.service[104891]: DEBUG placement.requestlog [req-76e8c5ff-ca72-4aed-a83a-9c53f9e8f12b req-bdd38a68-0125-425c-a0b0-7f64325f4cad None None] Starting request: 10.222.0.18 "DELETE /placement/allocations/dde2a420-0683-476c-81ca-0c0e53696ea8" {{(pid=104891) __call__ /opt/stack/placement/placement/requestlog.py:55}}
Apr 29 19:01:54.020713 n-d-838555-5 devstack@placement-api.service[104891]: DEBUG placement.wsgi_wrapper [req-76e8c5ff-ca72-4aed-a83a-9c53f9e8f12b req-bdd38a68-0125-425c-a0b0-7f64325f4cad service placement] Placement API returning an error response: No allocations for consumer 'dde2a420-0683-476c-81ca-0c0e53696ea8' {{(pid=104891) call_func /opt/stack/placement/placement/wsgi_wrapper.py:31}}
Apr 29 19:01:54.021470 n-d-838555-5 devstack@placement-api.service[104891]: INFO placement.requestlog [req-76e8c5ff-ca72-4aed-a83a-9c53f9e8f12b req-bdd38a68-0125-425c-a0b0-7f64325f4cad service placement] 10.222.0.18 "DELETE /placement/allocations/dde2a420-0683-476c-81ca-0c0e53696ea8" status: 404 len: 228 microversion: 1.0
Apr 29 19:01:54.027818 n-d-838555-5 devstack@placement-api.service[104891]: [pid: 104891|app: 0|req: 409/818] 10.222.0.18 () {60 vars in 1349 bytes} [Fri Apr 29 19:01:53 2022] DELETE /placement/allocations/dde2a420-0683-476c-81ca-0c0e53696ea8 => generated 228 bytes in 442 msecs (HTTP/1.1 404) 6 headers in 231 bytes (1 switches on core 0)
Apr 29 19:01:54.198481 n-d-838555-5 devstack@placement-api.service[104890]: DEBUG placement.requestlog [req-354727ba-1817-4cde-b304-f8acd0d0615c req-0e29f697-2f3b-4395-8ae6-7f3f633810e5 None None] Starting request: 10.222.0.18 "GET /placement/allocation_candidates?limit=1000&resources=DISK_GB%3A1%2CMEMORY_MB%3A1024%2CVCPU%3A1&root_required=%21COMPUTE_STATUS_DISABLED" {{(pid=104890) __call__ /opt/stack/placement/placement/requestlog.py:55}}
Apr 29 19:01:54.267813 n-d-838555-5 devstack@placement-api.service[104890]: DEBUG placement.objects.research_context [req-354727ba-1817-4cde-b304-f8acd0d0615c req-0e29f697-2f3b-4395-8ae6-7f3f633810e5 service placement] getting providers with 1 DISK_GB {{(pid=104890) __init__ /opt/stack/placement/placement/objects/research_context.py:136}}
Apr 29 19:01:54.273677 n-d-838555-5 devstack@placement-api.service[104890]: DEBUG placement.objects.research_context [req-354727ba-1817-4cde-b304-f8acd0d0615c req-0e29f697-2f3b-4395-8ae6-7f3f633810e5 service placement] getting providers with 1024 MEMORY_MB {{(pid=104890) __init__ /opt/stack/placement/placement/objects/research_context.py:136}}
Apr 29 19:01:54.288608 n-d-838555-5 devstack@placement-api.service[104890]: DEBUG placement.objects.research_context [req-354727ba-1817-4cde-b304-f8acd0d0615c req-0e29f697-2f3b-4395-8ae6-7f3f633810e5 service placement] getting providers with 1 VCPU {{(pid=104890) __init__ /opt/stack/placement/placement/objects/research_context.py:136}}
Apr 29 19:01:54.308109 n-d-838555-5 devstack@placement-api.service[104890]: DEBUG placement.objects.research_context [req-354727ba-1817-4cde-b304-f8acd0d0615c req-0e29f697-2f3b-4395-8ae6-7f3f633810e5 service placement] found 2 providers with available 1 DISK_GB {{(pid=104890) get_provider_ids_matching /opt/stack/placement/placement/objects/research_context.py:563}}
Apr 29 19:01:54.310850 n-d-838555-5 devstack@placement-api.service[104890]: DEBUG placement.objects.research_context [req-354727ba-1817-4cde-b304-f8acd0d0615c req-0e29f697-2f3b-4395-8ae6-7f3f633810e5 service placement] found 2 providers with available 1024 MEMORY_MB {{(pid=104890) get_provider_ids_matching /opt/stack/placement/placement/objects/research_context.py:563}}
Apr 29 19:01:54.311154 n-d-838555-5 devstack@placement-api.service[104890]: DEBUG placement.objects.research_context [req-354727ba-1817-4cde-b304-f8acd0d0615c req-0e29f697-2f3b-4395-8ae6-7f3f633810e5 service placement] found 2 providers after filtering by previous result {{(pid=104890) get_provider_ids_matching /opt/stack/placement/placement/objects/research_context.py:594}}
Apr 29 19:01:54.311415 n-d-838555-5 devstack@placement-api.service[104890]: DEBUG placement.objects.research_context [req-354727ba-1817-4cde-b304-f8acd0d0615c req-0e29f697-2f3b-4395-8ae6-7f3f633810e5 service placement] found 2 providers with available 1 VCPU {{(pid=104890) get_provider_ids_matching /opt/stack/placement/placement/objects/research_context.py:563}}
Apr 29 19:01:54.311705 n-d-838555-5 devstack@placement-api.service[104890]: DEBUG placement.objects.research_context [req-354727ba-1817-4cde-b304-f8acd0d0615c req-0e29f697-2f3b-4395-8ae6-7f3f633810e5 service placement] found 2 providers after filtering by previous result {{(pid=104890) get_provider_ids_matching /opt/stack/placement/placement/objects/research_context.py:594}}
Apr 29 19:01:54.334329 n-d-838555-5 devstack@placement-api.service[104890]: DEBUG placement.objects.allocation_candidate [req-354727ba-1817-4cde-b304-f8acd0d0615c req-0e29f697-2f3b-4395-8ae6-7f3f633810e5 service placement] RequestGroup(use_same_provider=False, resources={DISK_GB:1, MEMORY_MB:1024, VCPU:1}, traits=(), aggregates=[]) (suffix '') returned 2 matches {{(pid=104890) _get_by_requests /opt/stack/placement/placement/objects/allocation_candidate.py:156}}
Apr 29 19:01:54.334787 n-d-838555-5 devstack@placement-api.service[104890]: DEBUG placement.objects.allocation_candidate [req-354727ba-1817-4cde-b304-f8acd0d0615c req-0e29f697-2f3b-4395-8ae6-7f3f633810e5 service placement] Merging candidates yields 2 allocation requests and 2 provider summaries {{(pid=104890) _merge_candidates /opt/stack/placement/placement/objects/allocation_candidate.py:809}}
Apr 29 19:01:54.338809 n-d-838555-5 devstack@placement-api.service[104890]: INFO placement.requestlog [req-354727ba-1817-4cde-b304-f8acd0d0615c req-0e29f697-2f3b-4395-8ae6-7f3f633810e5 service placement] 10.222.0.18 "GET /placement/allocation_candidates?limit=1000&resources=DISK_GB%3A1%2CMEMORY_MB%3A1024%2CVCPU%3A1&root_required=%21COMPUTE_STATUS_DISABLED" status: 200 len: 1309 microversion: 1.36
Apr 29 19:01:54.350072 n-d-838555-5 devstack@placement-api.service[104890]: [pid: 104890|app: 0|req: 410/819] 10.222.0.18 () {60 vars in 1506 bytes} [Fri Apr 29 19:01:54 2022] GET /placement/allocation_candidates?limit=1000&resources=DISK_GB%3A1%2CMEMORY_MB%3A1024%2CVCPU%3A1&root_required=%21COMPUTE_STATUS_DISABLED => generated 1309 bytes in 151 msecs (HTTP/1.1 200) 8 headers in 297 bytes (1 switches on core 0)
Apr 29 19:01:54.555655 n-d-838555-5 devstack@placement-api.service[104891]: DEBUG placement.requestlog [req-354727ba-1817-4cde-b304-f8acd0d0615c req-d19202ca-cfdf-4e03-a4a1-ad35c23651dd None None] Starting request: 10.222.0.18 "GET /placement/allocations/01bd4644-d4cd-4f30-b344-709a36d16a65" {{(pid=104891) __call__ /opt/stack/placement/placement/requestlog.py:55}}
Apr 29 19:01:54.575546 n-d-838555-5 devstack@placement-api.service[104891]: INFO placement.requestlog [req-354727ba-1817-4cde-b304-f8acd0d0615c req-d19202ca-cfdf-4e03-a4a1-ad35c23651dd service placement] 10.222.0.18 "GET /placement/allocations/01bd4644-d4cd-4f30-b344-709a36d16a65" status: 200 len: 19 microversion: 1.28
Apr 29 19:01:54.576554 n-d-838555-5 devstack@placement-api.service[104891]: [pid: 104891|app: 0|req: 410/820] 10.222.0.18 () {60 vars in 1380 bytes} [Fri Apr 29 19:01:54 2022] GET /placement/allocations/01bd4644-d4cd-4f30-b344-709a36d16a65 => generated 19 bytes in 21 msecs (HTTP/1.1 200) 8 headers in 295 bytes (1 switches on core 0)
Apr 29 19:01:54.582738 n-d-838555-5 devstack@placement-api.service[104890]: DEBUG placement.requestlog [req-354727ba-1817-4cde-b304-f8acd0d0615c req-e04e1676-d3c4-4771-87b1-c42b28690d21 None None] Starting request: 10.222.0.18 "PUT /placement/allocations/01bd4644-d4cd-4f30-b344-709a36d16a65" {{(pid=104890) __call__ /opt/stack/placement/placement/requestlog.py:55}}
Apr 29 19:01:54.704220 n-d-838555-5 devstack@placement-api.service[104890]: DEBUG placement.handlers.allocation [req-354727ba-1817-4cde-b304-f8acd0d0615c req-e04e1676-d3c4-4771-87b1-c42b28690d21 service placement] Successfully wrote allocations [, , ] {{(pid=104890) _update_consumers_and_create_allocations /opt/stack/placement/placement/handlers/allocation.py:462}}
Apr 29 19:01:54.712221 n-d-838555-5 devstack@placement-api.service[104890]: INFO placement.requestlog [req-354727ba-1817-4cde-b304-f8acd0d0615c req-e04e1676-d3c4-4771-87b1-c42b28690d21 service placement] 10.222.0.18 "PUT /placement/allocations/01bd4644-d4cd-4f30-b344-709a36d16a65" status: 204 len: 0 microversion: 1.36
Apr 29 19:01:54.713307 n-d-838555-5 devstack@placement-api.service[104890]: [pid: 104890|app: 0|req: 411/821] 10.222.0.18 () {64 vars in 1433 bytes} [Fri Apr 29 19:01:54 2022] PUT /placement/allocations/01bd4644-d4cd-4f30-b344-709a36d16a65 => generated 0 bytes in 131 msecs (HTTP/1.1 204) 5 headers in 199 bytes (2 switches on core 0)
Apr 29 19:01:55.305362 n-d-838555-5 devstack@placement-api.service[104891]: DEBUG placement.requestlog [req-354727ba-1817-4cde-b304-f8acd0d0615c req-a9b8b9c6-e8be-4983-9b79-7ec2ca4c2700 None None] Starting request: 10.222.0.49 "GET /placement/allocations/01bd4644-d4cd-4f30-b344-709a36d16a65" {{(pid=104891) __call__ /opt/stack/placement/placement/requestlog.py:55}}
Apr 29 19:01:55.351101 n-d-838555-5 devstack@placement-api.service[104891]: INFO placement.requestlog [req-354727ba-1817-4cde-b304-f8acd0d0615c req-a9b8b9c6-e8be-4983-9b79-7ec2ca4c2700 service placement] 10.222.0.49 "GET /placement/allocations/01bd4644-d4cd-4f30-b344-709a36d16a65" status: 200 len: 259 microversion: 1.28
Apr 29 19:01:55.353562 n-d-838555-5 devstack@placement-api.service[104891]: [pid: 104891|app: 0|req: 411/822] 10.222.0.49 () {60 vars in 1377 bytes} [Fri Apr 29 19:01:55 2022] GET /placement/allocations/01bd4644-d4cd-4f30-b344-709a36d16a65 => generated 259 bytes in 48 msecs (HTTP/1.1 200) 8 headers in 296 bytes (1 switches on core 0)
Apr 29 19:01:57.998054 n-d-838555-5 devstack@placement-api.service[104890]: DEBUG placement.requestlog [req-b73c1c4f-c4e7-4b9b-bff0-e03e4fe7a284 req-34eb73a8-5459-4050-ae7b-c75a716dcd0e None None] Starting request: 10.222.0.21 "DELETE /placement/allocations/ce101734-7eca-40bc-84ba-5508e31df874" {{(pid=104890) __call__ /opt/stack/placement/placement/requestlog.py:55}}
Apr 29 19:01:58.066922 n-d-838555-5 devstack@placement-api.service[104890]: DEBUG placement.handlers.allocation [req-b73c1c4f-c4e7-4b9b-bff0-e03e4fe7a284 req-34eb73a8-5459-4050-ae7b-c75a716dcd0e service placement] Successfully deleted allocations [, , ] {{(pid=104890) delete_allocations /opt/stack/placement/placement/handlers/allocation.py:627}}
Apr 29 19:01:58.067656 n-d-838555-5 devstack@placement-api.service[104890]: INFO placement.requestlog [req-b73c1c4f-c4e7-4b9b-bff0-e03e4fe7a284 req-34eb73a8-5459-4050-ae7b-c75a716dcd0e service placement] 10.222.0.21 "DELETE /placement/allocations/ce101734-7eca-40bc-84ba-5508e31df874" status: 204 len: 0 microversion: 1.0
Apr 29 19:01:58.068225 n-d-838555-5 devstack@placement-api.service[104890]: [pid: 104890|app: 0|req: 412/823] 10.222.0.21 () {60 vars in 1355 bytes} [Fri Apr 29 19:01:57 2022] DELETE /placement/allocations/ce101734-7eca-40bc-84ba-5508e31df874 => generated 0 bytes in 71 msecs (HTTP/1.1 204) 5 headers in 198 bytes (1 switches on core 0)
Apr 29 19:02:01.027712 n-d-838555-5 devstack@placement-api.service[104891]: DEBUG placement.requestlog [req-d3a2a7fe-28dd-4a43-aa6f-133e5d07c066 req-8d2bbf8c-fa5a-4e14-a918-d4436982787b None None] Starting request: 10.222.0.21 "DELETE /placement/allocations/598f2f06-8583-4559-abc5-07f2dadab612" {{(pid=104891) __call__ /opt/stack/placement/placement/requestlog.py:55}}
Apr 29 19:02:01.091324 n-d-838555-5 devstack@placement-api.service[104891]: DEBUG placement.handlers.allocation [req-d3a2a7fe-28dd-4a43-aa6f-133e5d07c066 req-8d2bbf8c-fa5a-4e14-a918-d4436982787b service placement] Successfully deleted allocations [, , ] {{(pid=104891) delete_allocations /opt/stack/placement/placement/handlers/allocation.py:627}}
Apr 29 19:02:01.091915 n-d-838555-5 devstack@placement-api.service[104891]: INFO placement.requestlog [req-d3a2a7fe-28dd-4a43-aa6f-133e5d07c066 req-8d2bbf8c-fa5a-4e14-a918-d4436982787b service placement] 10.222.0.21 "DELETE /placement/allocations/598f2f06-8583-4559-abc5-07f2dadab612" status: 204 len: 0 microversion: 1.0
Apr 29 19:02:01.092289 n-d-838555-5 devstack@placement-api.service[104891]: [pid: 104891|app: 0|req: 412/824] 10.222.0.21 () {60 vars in 1355 bytes} [Fri Apr 29 19:02:01 2022] DELETE /placement/allocations/598f2f06-8583-4559-abc5-07f2dadab612 => generated 0 bytes in 66 msecs (HTTP/1.1 204) 5 headers in 198 bytes (2 switches on core 0)
Apr 29 19:02:03.768119 n-d-838555-5 devstack@placement-api.service[104890]: DEBUG placement.requestlog [req-1a7c72cc-3c21-41e5-9f2d-e21f5f53d2b1 req-03a69740-fc3e-4bd3-b668-93f282f60c2a None None] Starting request: 10.222.0.49 "DELETE /placement/allocations/2157f33f-c18b-4c3f-a1d2-52022316b19d" {{(pid=104890) __call__ /opt/stack/placement/placement/requestlog.py:55}}
Apr 29 19:02:03.809310 n-d-838555-5 devstack@placement-api.service[104890]: DEBUG placement.handlers.allocation [req-1a7c72cc-3c21-41e5-9f2d-e21f5f53d2b1 req-03a69740-fc3e-4bd3-b668-93f282f60c2a service placement] Successfully deleted allocations [, , ] {{(pid=104890) delete_allocations /opt/stack/placement/placement/handlers/allocation.py:627}}
Apr 29 19:02:03.810799 n-d-838555-5 devstack@placement-api.service[104890]: INFO placement.requestlog [req-1a7c72cc-3c21-41e5-9f2d-e21f5f53d2b1 req-03a69740-fc3e-4bd3-b668-93f282f60c2a service placement] 10.222.0.49 "DELETE /placement/allocations/2157f33f-c18b-4c3f-a1d2-52022316b19d" status: 204 len: 0 microversion: 1.0
Apr 29 19:02:03.811609 n-d-838555-5 devstack@placement-api.service[104890]: [pid: 104890|app: 0|req: 413/825] 10.222.0.49 () {60 vars in 1355 bytes} [Fri Apr 29 19:02:03 2022] DELETE /placement/allocations/2157f33f-c18b-4c3f-a1d2-52022316b19d => generated 0 bytes in 44 msecs (HTTP/1.1 204) 5 headers in 198 bytes (2 switches on core 0)
Apr 29 19:02:04.278450 n-d-838555-5 devstack@placement-api.service[104891]: DEBUG placement.requestlog [req-7796d2d5-86a3-4aa7-a072-cf41a6a4b240 req-8b8cd9a4-8ff7-41d8-a09d-ee1803bfbfe0 None None] Starting request: 10.222.0.21 "DELETE /placement/allocations/4b41ed3e-7f8a-4718-9bf1-f9a00fd6e63e" {{(pid=104891) __call__ /opt/stack/placement/placement/requestlog.py:55}}
Apr 29 19:02:04.317100 n-d-838555-5 devstack@placement-api.service[104891]: DEBUG placement.handlers.allocation [req-7796d2d5-86a3-4aa7-a072-cf41a6a4b240 req-8b8cd9a4-8ff7-41d8-a09d-ee1803bfbfe0 service placement] Successfully deleted allocations [, ] {{(pid=104891) delete_allocations /opt/stack/placement/placement/handlers/allocation.py:627}}
Apr 29 19:02:04.317588 n-d-838555-5 devstack@placement-api.service[104891]: INFO placement.requestlog [req-7796d2d5-86a3-4aa7-a072-cf41a6a4b240 req-8b8cd9a4-8ff7-41d8-a09d-ee1803bfbfe0 service placement] 10.222.0.21 "DELETE /placement/allocations/4b41ed3e-7f8a-4718-9bf1-f9a00fd6e63e" status: 204 len: 0 microversion: 1.0
Apr 29 19:02:04.318672 n-d-838555-5 devstack@placement-api.service[104891]: [pid: 104891|app: 0|req: 413/826] 10.222.0.21 () {60 vars in 1355 bytes} [Fri Apr 29 19:02:04 2022] DELETE /placement/allocations/4b41ed3e-7f8a-4718-9bf1-f9a00fd6e63e => generated 0 bytes in 40 msecs (HTTP/1.1 204) 5 headers in 198 bytes (2 switches on core 0)
Apr 29 19:02:09.204918 n-d-838555-5 devstack@placement-api.service[104890]: DEBUG placement.requestlog [req-86d4a291-44d2-4370-b762-e1ac4288decf req-aac6d766-e63e-42d0-a683-248fb9c69a28 None None] Starting request: 10.222.0.49 "DELETE /placement/allocations/292b611b-b77f-400b-8bc4-118cadee8e7f" {{(pid=104890) __call__ /opt/stack/placement/placement/requestlog.py:55}}
Apr 29 19:02:09.253139 n-d-838555-5 devstack@placement-api.service[104890]: DEBUG placement.handlers.allocation [req-86d4a291-44d2-4370-b762-e1ac4288decf req-aac6d766-e63e-42d0-a683-248fb9c69a28 service placement] Successfully deleted allocations [, , ] {{(pid=104890) delete_allocations /opt/stack/placement/placement/handlers/allocation.py:627}}
Apr 29 19:02:09.253914 n-d-838555-5 devstack@placement-api.service[104890]: INFO placement.requestlog [req-86d4a291-44d2-4370-b762-e1ac4288decf req-aac6d766-e63e-42d0-a683-248fb9c69a28 service placement] 10.222.0.49 "DELETE /placement/allocations/292b611b-b77f-400b-8bc4-118cadee8e7f" status: 204 len: 0 microversion: 1.0
Apr 29 19:02:09.254864 n-d-838555-5 devstack@placement-api.service[104890]: [pid: 104890|app: 0|req: 414/827] 10.222.0.49 () {60 vars in 1355 bytes} [Fri Apr 29 19:02:09 2022] DELETE /placement/allocations/292b611b-b77f-400b-8bc4-118cadee8e7f => generated 0 bytes in 50 msecs (HTTP/1.1 204) 5 headers in 198 bytes (1 switches on core 0)
Apr 29 19:02:12.212868 n-d-838555-5 devstack@placement-api.service[104891]: DEBUG placement.requestlog [req-b472f155-e787-42d1-ba7e-440b0845dd2b req-9881e1e2-1172-42d4-a42c-2ad0920fd63a None None] Starting request: 10.222.0.49 "GET /placement/resource_providers/fe3ce0ea-8d02-410b-9694-b7891970d9f4/allocations" {{(pid=104891) __call__ /opt/stack/placement/placement/requestlog.py:55}}
Apr 29 19:02:12.250387 n-d-838555-5 devstack@placement-api.service[104891]: INFO placement.requestlog [req-b472f155-e787-42d1-ba7e-440b0845dd2b req-9881e1e2-1172-42d4-a42c-2ad0920fd63a service placement] 10.222.0.49 "GET /placement/resource_providers/fe3ce0ea-8d02-410b-9694-b7891970d9f4/allocations" status: 200 len: 255 microversion: 1.0
Apr 29 19:02:12.250857 n-d-838555-5 devstack@placement-api.service[104891]: [pid: 104891|app: 0|req: 414/828] 10.222.0.49 () {58 vars in 1390 bytes} [Fri Apr 29 19:02:12 2022] GET /placement/resource_providers/fe3ce0ea-8d02-410b-9694-b7891970d9f4/allocations => generated 255 bytes in 38 msecs (HTTP/1.1 200) 6 headers in 224 bytes (1 switches on core 0)
Apr 29 19:02:26.169904 n-d-838555-5 devstack@placement-api.service[104890]: DEBUG placement.requestlog [req-d618170d-7dac-465d-b4d8-84d6ab3c65c3 req-ef0af261-2820-4c6b-8d22-dd9405d06a5d None None] Starting request: 10.222.0.18 "GET /placement/allocation_candidates?limit=1000&resources=DISK_GB%3A1%2CMEMORY_MB%3A1024%2CVCPU%3A1&root_required=%21COMPUTE_STATUS_DISABLED" {{(pid=104890) __call__ /opt/stack/placement/placement/requestlog.py:55}}
Apr 29 19:02:26.290322 n-d-838555-5 devstack@placement-api.service[104890]: DEBUG placement.objects.research_context [req-d618170d-7dac-465d-b4d8-84d6ab3c65c3 req-ef0af261-2820-4c6b-8d22-dd9405d06a5d service placement] getting providers with 1 DISK_GB {{(pid=104890) __init__ /opt/stack/placement/placement/objects/research_context.py:136}}
Apr 29 19:02:26.313873 n-d-838555-5 devstack@placement-api.service[104890]: DEBUG placement.objects.research_context [req-d618170d-7dac-465d-b4d8-84d6ab3c65c3 req-ef0af261-2820-4c6b-8d22-dd9405d06a5d service placement] getting providers with 1024 MEMORY_MB {{(pid=104890) __init__ /opt/stack/placement/placement/objects/research_context.py:136}}
Apr 29 19:02:26.326736 n-d-838555-5 devstack@placement-api.service[104890]: DEBUG placement.objects.research_context [req-d618170d-7dac-465d-b4d8-84d6ab3c65c3 req-ef0af261-2820-4c6b-8d22-dd9405d06a5d service placement] getting providers with 1 VCPU {{(pid=104890) __init__ /opt/stack/placement/placement/objects/research_context.py:136}}
Apr 29 19:02:26.339880 n-d-838555-5 devstack@placement-api.service[104890]: DEBUG placement.objects.research_context [req-d618170d-7dac-465d-b4d8-84d6ab3c65c3 req-ef0af261-2820-4c6b-8d22-dd9405d06a5d service placement] found 2 providers with available 1 DISK_GB {{(pid=104890) get_provider_ids_matching /opt/stack/placement/placement/objects/research_context.py:563}}
Apr 29 19:02:26.345038 n-d-838555-5 devstack@placement-api.service[104890]: DEBUG placement.objects.research_context [req-d618170d-7dac-465d-b4d8-84d6ab3c65c3 req-ef0af261-2820-4c6b-8d22-dd9405d06a5d service placement] found 2 providers with available 1024 MEMORY_MB {{(pid=104890) get_provider_ids_matching /opt/stack/placement/placement/objects/research_context.py:563}}
Apr 29 19:02:26.345481 n-d-838555-5 devstack@placement-api.service[104890]: DEBUG placement.objects.research_context [req-d618170d-7dac-465d-b4d8-84d6ab3c65c3 req-ef0af261-2820-4c6b-8d22-dd9405d06a5d service placement] found 2 providers after filtering by previous result {{(pid=104890) get_provider_ids_matching /opt/stack/placement/placement/objects/research_context.py:594}}
Apr 29 19:02:26.346007 n-d-838555-5 devstack@placement-api.service[104890]: DEBUG placement.objects.research_context [req-d618170d-7dac-465d-b4d8-84d6ab3c65c3 req-ef0af261-2820-4c6b-8d22-dd9405d06a5d service placement] found 2 providers with available 1 VCPU {{(pid=104890) get_provider_ids_matching /opt/stack/placement/placement/objects/research_context.py:563}}
Apr 29 19:02:26.346582 n-d-838555-5 devstack@placement-api.service[104890]: DEBUG placement.objects.research_context [req-d618170d-7dac-465d-b4d8-84d6ab3c65c3 req-ef0af261-2820-4c6b-8d22-dd9405d06a5d service placement] found 2 providers after filtering by previous result {{(pid=104890) get_provider_ids_matching /opt/stack/placement/placement/objects/research_context.py:594}}
Apr 29 19:02:26.347561 n-d-838555-5 devstack@placement-api.service[104891]: DEBUG placement.requestlog [req-8a57c167-9fd6-4f61-9d60-b5ecb9a45089 req-dc020ce1-6016-4c6d-b898-f2ff1fb4b6bd None None] Starting request: 10.222.0.21 "GET /placement/resource_providers/2ec28d18-4700-4b30-bffc-5621c8b07b68/allocations" {{(pid=104891) __call__ /opt/stack/placement/placement/requestlog.py:55}}
Apr 29 19:02:26.371434 n-d-838555-5 devstack@placement-api.service[104890]: DEBUG placement.objects.allocation_candidate [req-d618170d-7dac-465d-b4d8-84d6ab3c65c3 req-ef0af261-2820-4c6b-8d22-dd9405d06a5d service placement] RequestGroup(use_same_provider=False, resources={DISK_GB:1, MEMORY_MB:1024, VCPU:1}, traits=(), aggregates=[]) (suffix '') returned 2 matches {{(pid=104890) _get_by_requests /opt/stack/placement/placement/objects/allocation_candidate.py:156}}
Apr 29 19:02:26.372099 n-d-838555-5 devstack@placement-api.service[104890]: DEBUG placement.objects.allocation_candidate [req-d618170d-7dac-465d-b4d8-84d6ab3c65c3 req-ef0af261-2820-4c6b-8d22-dd9405d06a5d service placement] Merging candidates yields 2 allocation requests and 2 provider summaries {{(pid=104890) _merge_candidates /opt/stack/placement/placement/objects/allocation_candidate.py:809}}
Apr 29 19:02:26.376652 n-d-838555-5 devstack@placement-api.service[104890]: INFO placement.requestlog [req-d618170d-7dac-465d-b4d8-84d6ab3c65c3 req-ef0af261-2820-4c6b-8d22-dd9405d06a5d service placement] 10.222.0.18 "GET /placement/allocation_candidates?limit=1000&resources=DISK_GB%3A1%2CMEMORY_MB%3A1024%2CVCPU%3A1&root_required=%21COMPUTE_STATUS_DISABLED" status: 200 len: 1309 microversion: 1.36
Apr 29 19:02:26.377352 n-d-838555-5 devstack@placement-api.service[104890]: [pid: 104890|app: 0|req: 415/829] 10.222.0.18 () {60 vars in 1506 bytes} [Fri Apr 29 19:02:26 2022] GET /placement/allocation_candidates?limit=1000&resources=DISK_GB%3A1%2CMEMORY_MB%3A1024%2CVCPU%3A1&root_required=%21COMPUTE_STATUS_DISABLED => generated 1309 bytes in 208 msecs (HTTP/1.1 200) 8 headers in 297 bytes (1 switches on core 0)
Apr 29 19:02:26.386254 n-d-838555-5 devstack@placement-api.service[104891]: INFO placement.requestlog [req-8a57c167-9fd6-4f61-9d60-b5ecb9a45089 req-dc020ce1-6016-4c6d-b898-f2ff1fb4b6bd service placement] 10.222.0.21 "GET /placement/resource_providers/2ec28d18-4700-4b30-bffc-5621c8b07b68/allocations" status: 200 len: 155 microversion: 1.0
Apr 29 19:02:26.386993 n-d-838555-5 devstack@placement-api.service[104891]: [pid: 104891|app: 0|req: 415/830] 10.222.0.21 () {58 vars in 1390 bytes} [Fri Apr 29 19:02:26 2022] GET /placement/resource_providers/2ec28d18-4700-4b30-bffc-5621c8b07b68/allocations => generated 155 bytes in 40 msecs (HTTP/1.1 200) 6 headers in 224 bytes (2 switches on core 0)
Apr 29 19:02:26.484908 n-d-838555-5 devstack@placement-api.service[104890]: DEBUG placement.requestlog [req-d618170d-7dac-465d-b4d8-84d6ab3c65c3 req-7731d888-cc4d-4122-95c3-a7730e360284 None None] Starting request: 10.222.0.18 "GET /placement/allocations/1bb4b7a8-b6ab-4fc6-9c1b-425d38d9d590" {{(pid=104890) __call__ /opt/stack/placement/placement/requestlog.py:55}}
Apr 29 19:02:26.504667 n-d-838555-5 devstack@placement-api.service[104890]: INFO placement.requestlog [req-d618170d-7dac-465d-b4d8-84d6ab3c65c3 req-7731d888-cc4d-4122-95c3-a7730e360284 service placement] 10.222.0.18 "GET /placement/allocations/1bb4b7a8-b6ab-4fc6-9c1b-425d38d9d590" status: 200 len: 19 microversion: 1.28
Apr 29 19:02:26.505564 n-d-838555-5 devstack@placement-api.service[104890]: [pid: 104890|app: 0|req: 416/831] 10.222.0.18 () {60 vars in 1380 bytes} [Fri Apr 29 19:02:26 2022] GET /placement/allocations/1bb4b7a8-b6ab-4fc6-9c1b-425d38d9d590 => generated 19 bytes in 21 msecs (HTTP/1.1 200) 8 headers in 295 bytes (1 switches on core 0)
Apr 29 19:02:26.511177 n-d-838555-5 devstack@placement-api.service[104891]: DEBUG placement.requestlog [req-d618170d-7dac-465d-b4d8-84d6ab3c65c3 req-754e19f1-30d8-4187-87c9-c88853ac4c0a None None] Starting request: 10.222.0.18 "PUT /placement/allocations/1bb4b7a8-b6ab-4fc6-9c1b-425d38d9d590" {{(pid=104891) __call__ /opt/stack/placement/placement/requestlog.py:55}}
Apr 29 19:02:26.608740 n-d-838555-5 devstack@placement-api.service[104891]: DEBUG placement.handlers.allocation [req-d618170d-7dac-465d-b4d8-84d6ab3c65c3 req-754e19f1-30d8-4187-87c9-c88853ac4c0a service placement] Successfully wrote allocations [, , ] {{(pid=104891) _update_consumers_and_create_allocations /opt/stack/placement/placement/handlers/allocation.py:462}}
Apr 29 19:02:26.616197 n-d-838555-5 devstack@placement-api.service[104891]: INFO placement.requestlog [req-d618170d-7dac-465d-b4d8-84d6ab3c65c3 req-754e19f1-30d8-4187-87c9-c88853ac4c0a service placement] 10.222.0.18 "PUT /placement/allocations/1bb4b7a8-b6ab-4fc6-9c1b-425d38d9d590" status: 204 len: 0 microversion: 1.36
Apr 29 19:02:26.617194 n-d-838555-5 devstack@placement-api.service[104891]: [pid: 104891|app: 0|req: 416/832] 10.222.0.18 () {64 vars in 1433 bytes} [Fri Apr 29 19:02:26 2022] PUT /placement/allocations/1bb4b7a8-b6ab-4fc6-9c1b-425d38d9d590 => generated 0 bytes in 106 msecs (HTTP/1.1 204) 5 headers in 199 bytes (1 switches on core 0)
Apr 29 19:02:27.084665 n-d-838555-5 devstack@placement-api.service[104890]: DEBUG placement.requestlog [req-d618170d-7dac-465d-b4d8-84d6ab3c65c3 req-4aed82be-b13b-40f7-8010-44421fe797e7 None None] Starting request: 10.222.0.49 "GET /placement/allocations/1bb4b7a8-b6ab-4fc6-9c1b-425d38d9d590" {{(pid=104890) __call__ /opt/stack/placement/placement/requestlog.py:55}}
Apr 29 19:02:27.121185 n-d-838555-5 devstack@placement-api.service[104890]: INFO placement.requestlog [req-d618170d-7dac-465d-b4d8-84d6ab3c65c3 req-4aed82be-b13b-40f7-8010-44421fe797e7 service placement] 10.222.0.49 "GET /placement/allocations/1bb4b7a8-b6ab-4fc6-9c1b-425d38d9d590" status: 200 len: 259 microversion: 1.28
Apr 29 19:02:27.122272 n-d-838555-5 devstack@placement-api.service[104890]: [pid: 104890|app: 0|req: 417/833] 10.222.0.49 () {60 vars in 1377 bytes} [Fri Apr 29 19:02:27 2022] GET /placement/allocations/1bb4b7a8-b6ab-4fc6-9c1b-425d38d9d590 => generated 259 bytes in 38 msecs (HTTP/1.1 200) 8 headers in 296 bytes (1 switches on core 0)
Apr 29 19:02:28.060273 n-d-838555-5 devstack@placement-api.service[104891]: DEBUG placement.requestlog [req-1f4a65ab-c6a1-44fc-bcf9-b8329f05a827 req-fcfe22dc-4282-4d2e-9fdf-58a875cf68e2 None None] Starting request: 10.222.0.49 "DELETE /placement/allocations/6d9b9a8e-a941-4251-b99d-682d815a3c0c" {{(pid=104891) __call__ /opt/stack/placement/placement/requestlog.py:55}}
Apr 29 19:02:28.116905 n-d-838555-5 devstack@placement-api.service[104891]: DEBUG placement.handlers.allocation [req-1f4a65ab-c6a1-44fc-bcf9-b8329f05a827 req-fcfe22dc-4282-4d2e-9fdf-58a875cf68e2 service placement] Successfully deleted allocations [, , ] {{(pid=104891) delete_allocations /opt/stack/placement/placement/handlers/allocation.py:627}}
Apr 29 19:02:28.121296 n-d-838555-5 devstack@placement-api.service[104891]: INFO placement.requestlog [req-1f4a65ab-c6a1-44fc-bcf9-b8329f05a827 req-fcfe22dc-4282-4d2e-9fdf-58a875cf68e2 service placement] 10.222.0.49 "DELETE /placement/allocations/6d9b9a8e-a941-4251-b99d-682d815a3c0c" status: 204 len: 0 microversion: 1.0
Apr 29 19:02:28.122063 n-d-838555-5 devstack@placement-api.service[104891]: [pid: 104891|app: 0|req: 417/834] 10.222.0.49 () {60 vars in 1355 bytes} [Fri Apr 29 19:02:28 2022] DELETE /placement/allocations/6d9b9a8e-a941-4251-b99d-682d815a3c0c => generated 0 bytes in 62 msecs (HTTP/1.1 204) 5 headers in 198 bytes (1 switches on core 0)
Apr 29 19:02:48.703074 n-d-838555-5 devstack@placement-api.service[104890]: DEBUG placement.requestlog [req-4a078a65-05a1-46fe-bdba-2bcf25586e62 req-8ea47911-5ce1-4ae1-83ca-10eda9b1b200 None None] Starting request: 10.222.0.49 "DELETE /placement/allocations/1bb4b7a8-b6ab-4fc6-9c1b-425d38d9d590" {{(pid=104890) __call__ /opt/stack/placement/placement/requestlog.py:55}}
