Apr 29 10:59:18.100511 n-d-838554-5 devstack@n-api.service[118696]: INFO nova.api.openstack.requestlog [None req-87016c44-a935-4b4d-bc79-f11034082ed6 tempest-HypervisorAdminV253TestBase-1174895651 tempest-HypervisorAdminV253TestBase-1174895651-project-admin] 10.222.0.52 "GET /compute/v2.1/os-hypervisors/8636c0d7-cdb1-4a50-be87-908eead9ea47" status: 200 len: 792 microversion: 2.53 time: 0.080580
Apr 29 10:59:18.101970 n-d-838554-5 devstack@n-api.service[118696]: [pid: 118696|app: 0|req: 50/118] 10.222.0.52 () {60 vars in 1297 bytes} [Fri Apr 29 10:59:18 2022] GET /compute/v2.1/os-hypervisors/8636c0d7-cdb1-4a50-be87-908eead9ea47 => generated 792 bytes in 83 msecs (HTTP/1.1 200) 9 headers in 359 bytes (1 switches on core 0)
Apr 29 10:59:18.177619 n-d-838554-5 devstack@n-api.service[118697]: DEBUG nova.api.openstack.wsgi [None req-9b10fe6c-403d-4dbb-b051-042d0a2c8067 tempest-AggregatesAdminTestJSON-827435371 tempest-AggregatesAdminTestJSON-827435371-project] Calling method '>' {{(pid=118697) _process_stack /opt/stack/nova/nova/api/openstack/wsgi.py:513}}
Apr 29 10:59:18.180209 n-d-838554-5 devstack@n-api.service[118697]: DEBUG nova.compute.api [None req-9b10fe6c-403d-4dbb-b051-042d0a2c8067 tempest-AggregatesAdminTestJSON-827435371 tempest-AggregatesAdminTestJSON-827435371-project] [instance: 3109e15b-53be-42b5-af0a-93139e093bff] Fetching instance by UUID {{(pid=118697) get /opt/stack/nova/nova/compute/api.py:2918}}
Apr 29 10:59:18.193932 n-d-838554-5 devstack@n-api.service[118696]: DEBUG nova.api.openstack.wsgi [None req-9068d735-4aed-4faa-903f-9d1772020aea tempest-DeleteServersAdminTestJSON-70894855 tempest-DeleteServersAdminTestJSON-70894855-project] Calling method '>' {{(pid=118696) _process_stack /opt/stack/nova/nova/api/openstack/wsgi.py:513}}
Apr 29 10:59:18.194614 n-d-838554-5 devstack@n-api.service[118696]: DEBUG nova.compute.api [None req-9068d735-4aed-4faa-903f-9d1772020aea tempest-DeleteServersAdminTestJSON-70894855 tempest-DeleteServersAdminTestJSON-70894855-project] [instance: 52fe3cab-b10e-42a3-8cb1-51272d759edb] Fetching instance by UUID {{(pid=118696) get /opt/stack/nova/nova/compute/api.py:2918}}
Apr 29 10:59:18.223400 n-d-838554-5 devstack@n-api.service[118697]: DEBUG oslo_concurrency.lockutils [None req-9b10fe6c-403d-4dbb-b051-042d0a2c8067 tempest-AggregatesAdminTestJSON-827435371 tempest-AggregatesAdminTestJSON-827435371-project] Lock "ff371224-2bb2-45dc-aa00-58b1fefadf1f" acquired by "nova.context.set_target_cell..get_or_set_cached_cell_and_set_connections" :: waited 0.000s {{(pid=118697) inner /usr/local/lib/python3.8/dist-packages/oslo_concurrency/lockutils.py:386}}
Apr 29 10:59:18.224020 n-d-838554-5 devstack@n-api.service[118697]: DEBUG oslo_concurrency.lockutils [None req-9b10fe6c-403d-4dbb-b051-042d0a2c8067 tempest-AggregatesAdminTestJSON-827435371 tempest-AggregatesAdminTestJSON-827435371-project] Lock "ff371224-2bb2-45dc-aa00-58b1fefadf1f" "released" by "nova.context.set_target_cell..get_or_set_cached_cell_and_set_connections" :: held 0.001s {{(pid=118697) inner /usr/local/lib/python3.8/dist-packages/oslo_concurrency/lockutils.py:400}}
Apr 29 10:59:18.224262 n-d-838554-5 devstack@n-api.service[118696]: DEBUG oslo_concurrency.lockutils [None req-9068d735-4aed-4faa-903f-9d1772020aea tempest-DeleteServersAdminTestJSON-70894855 tempest-DeleteServersAdminTestJSON-70894855-project] Lock "ff371224-2bb2-45dc-aa00-58b1fefadf1f" acquired by "nova.context.set_target_cell..get_or_set_cached_cell_and_set_connections" :: waited 0.000s {{(pid=118696) inner /usr/local/lib/python3.8/dist-packages/oslo_concurrency/lockutils.py:386}}
Apr 29 10:59:18.224792 n-d-838554-5 devstack@n-api.service[118696]: DEBUG oslo_concurrency.lockutils [None req-9068d735-4aed-4faa-903f-9d1772020aea tempest-DeleteServersAdminTestJSON-70894855 tempest-DeleteServersAdminTestJSON-70894855-project] Lock "ff371224-2bb2-45dc-aa00-58b1fefadf1f" "released" by "nova.context.set_target_cell..get_or_set_cached_cell_and_set_connections" :: held 0.001s {{(pid=118696) inner /usr/local/lib/python3.8/dist-packages/oslo_concurrency/lockutils.py:400}}
Apr 29 10:59:18.225599 n-d-838554-5 devstack@n-api.service[118696]: DEBUG oslo_concurrency.lockutils [None req-9068d735-4aed-4faa-903f-9d1772020aea tempest-DeleteServersAdminTestJSON-70894855 tempest-DeleteServersAdminTestJSON-70894855-project] Lock "ff371224-2bb2-45dc-aa00-58b1fefadf1f" acquired by "nova.context.set_target_cell..get_or_set_cached_cell_and_set_connections" :: waited 0.000s {{(pid=118696) inner /usr/local/lib/python3.8/dist-packages/oslo_concurrency/lockutils.py:386}}
Apr 29 10:59:18.226278 n-d-838554-5 devstack@n-api.service[118696]: DEBUG oslo_concurrency.lockutils [None req-9068d735-4aed-4faa-903f-9d1772020aea tempest-DeleteServersAdminTestJSON-70894855 tempest-DeleteServersAdminTestJSON-70894855-project] Lock "ff371224-2bb2-45dc-aa00-58b1fefadf1f" "released" by "nova.context.set_target_cell..get_or_set_cached_cell_and_set_connections" :: held 0.000s {{(pid=118696) inner /usr/local/lib/python3.8/dist-packages/oslo_concurrency/lockutils.py:400}}
Apr 29 10:59:18.227113 n-d-838554-5 devstack@n-api.service[118697]: DEBUG oslo_concurrency.lockutils [None req-9b10fe6c-403d-4dbb-b051-042d0a2c8067 tempest-AggregatesAdminTestJSON-827435371 tempest-AggregatesAdminTestJSON-827435371-project] Lock "ff371224-2bb2-45dc-aa00-58b1fefadf1f" acquired by "nova.context.set_target_cell..get_or_set_cached_cell_and_set_connections" :: waited 0.000s {{(pid=118697) inner /usr/local/lib/python3.8/dist-packages/oslo_concurrency/lockutils.py:386}}
Apr 29 10:59:18.230371 n-d-838554-5 devstack@n-api.service[118697]: DEBUG oslo_concurrency.lockutils [None req-9b10fe6c-403d-4dbb-b051-042d0a2c8067 tempest-AggregatesAdminTestJSON-827435371 tempest-AggregatesAdminTestJSON-827435371-project] Lock "ff371224-2bb2-45dc-aa00-58b1fefadf1f" "released" by "nova.context.set_target_cell..get_or_set_cached_cell_and_set_connections" :: held 0.002s {{(pid=118697) inner /usr/local/lib/python3.8/dist-packages/oslo_concurrency/lockutils.py:400}}
Apr 29 10:59:18.528280 n-d-838554-5 devstack@n-api.service[118697]: DEBUG nova.policy [None req-9b10fe6c-403d-4dbb-b051-042d0a2c8067 tempest-AggregatesAdminTestJSON-827435371 tempest-AggregatesAdminTestJSON-827435371-project] Policy check for os_compute_api:os-extended-server-attributes failed with credentials {'is_admin': False, 'user_id': '9e762f66fd534778a94f63cf215e2d22', 'user_domain_id': 'default', 'system_scope': None, 'domain_id': None, 'project_id': '26345f7ed4bc448193fb47c11238d6ec', 'project_domain_id': 'default', 'roles': ['member', 'reader'], 'is_admin_project': True, 'service_user_id': None, 'service_user_domain_id': None, 'service_project_id': None, 'service_project_domain_id': None, 'service_roles': []} {{(pid=118697) authorize /opt/stack/nova/nova/policy.py:199}}
Apr 29 10:59:18.542628 n-d-838554-5 devstack@n-api.service[118697]: INFO nova.api.openstack.requestlog [None req-9b10fe6c-403d-4dbb-b051-042d0a2c8067 tempest-AggregatesAdminTestJSON-827435371 tempest-AggregatesAdminTestJSON-827435371-project] 10.222.0.52 "GET /compute/v2.1/servers/3109e15b-53be-42b5-af0a-93139e093bff" status: 200 len: 1337 microversion: 2.1 time: 0.369474
Apr 29 10:59:18.543229 n-d-838554-5 devstack@n-api.service[118697]: [pid: 118697|app: 0|req: 69/119] 10.222.0.52 () {58 vars in 1235 bytes} [Fri Apr 29 10:59:18 2022] GET /compute/v2.1/servers/3109e15b-53be-42b5-af0a-93139e093bff => generated 1337 bytes in 371 msecs (HTTP/1.1 200) 9 headers in 358 bytes (1 switches on core 0)
Apr 29 10:59:18.652482 n-d-838554-5 devstack@n-api.service[118696]: DEBUG nova.policy [None req-9068d735-4aed-4faa-903f-9d1772020aea tempest-DeleteServersAdminTestJSON-70894855 tempest-DeleteServersAdminTestJSON-70894855-project] Policy check for os_compute_api:os-extended-server-attributes failed with credentials {'is_admin': False, 'user_id': 'b47bb8d41ede4374a2135cb19dc7a215', 'user_domain_id': 'default', 'system_scope': None, 'domain_id': None, 'project_id': 'ae0b5e66ceae4b87a30f613cc52dbb0f', 'project_domain_id': 'default', 'roles': ['member', 'reader'], 'is_admin_project': True, 'service_user_id': None, 'service_user_domain_id': None, 'service_project_id': None, 'service_project_domain_id': None, 'service_roles': []} {{(pid=118696) authorize /opt/stack/nova/nova/policy.py:199}}
Apr 29 10:59:18.660522 n-d-838554-5 devstack@n-api.service[118696]: INFO nova.api.openstack.requestlog [None req-9068d735-4aed-4faa-903f-9d1772020aea tempest-DeleteServersAdminTestJSON-70894855 tempest-DeleteServersAdminTestJSON-70894855-project] 10.222.0.52 "GET /compute/v2.1/servers/52fe3cab-b10e-42a3-8cb1-51272d759edb" status: 200 len: 1342 microversion: 2.1 time: 0.472181
Apr 29 10:59:18.670194 n-d-838554-5 devstack@n-api.service[118696]: [pid: 118696|app: 0|req: 51/120] 10.222.0.52 () {58 vars in 1235 bytes} [Fri Apr 29 10:59:18 2022] GET /compute/v2.1/servers/52fe3cab-b10e-42a3-8cb1-51272d759edb => generated 1342 bytes in 482 msecs (HTTP/1.1 200) 9 headers in 358 bytes (2 switches on core 0)
Apr 29 10:59:18.985796 n-d-838554-5 devstack@n-api.service[118697]: DEBUG nova.api.openstack.wsgi [req-67791220-1969-4b75-88a4-a153f07b85a1 req-48c59380-8225-4d6a-95b9-1de50804fb3e service nova] Action: 'create', calling method: >, body: {"events": [{"name": "network-changed", "server_uuid": "3109e15b-53be-42b5-af0a-93139e093bff", "tag": "7c11dd1b-f24f-44e1-83a9-7d11aea56168"}]} {{(pid=118697) _process_stack /opt/stack/nova/nova/api/openstack/wsgi.py:511}}
Apr 29 10:59:18.998075 n-d-838554-5 devstack@n-api.service[118697]: DEBUG oslo_concurrency.lockutils [req-67791220-1969-4b75-88a4-a153f07b85a1 req-48c59380-8225-4d6a-95b9-1de50804fb3e service nova] Lock "ff371224-2bb2-45dc-aa00-58b1fefadf1f" acquired by "nova.context.set_target_cell..get_or_set_cached_cell_and_set_connections" :: waited 0.000s {{(pid=118697) inner /usr/local/lib/python3.8/dist-packages/oslo_concurrency/lockutils.py:386}}
Apr 29 10:59:19.003485 n-d-838554-5 devstack@n-api.service[118697]: DEBUG oslo_concurrency.lockutils [req-67791220-1969-4b75-88a4-a153f07b85a1 req-48c59380-8225-4d6a-95b9-1de50804fb3e service nova] Lock "ff371224-2bb2-45dc-aa00-58b1fefadf1f" "released" by "nova.context.set_target_cell..get_or_set_cached_cell_and_set_connections" :: held 0.005s {{(pid=118697) inner /usr/local/lib/python3.8/dist-packages/oslo_concurrency/lockutils.py:400}}
Apr 29 10:59:19.050260 n-d-838554-5 devstack@n-api.service[118697]: INFO nova.api.openstack.compute.server_external_events [req-67791220-1969-4b75-88a4-a153f07b85a1 req-48c59380-8225-4d6a-95b9-1de50804fb3e service nova] Creating event network-changed:7c11dd1b-f24f-44e1-83a9-7d11aea56168 for instance 3109e15b-53be-42b5-af0a-93139e093bff on n-h1-838554-5
Apr 29 10:59:19.062835 n-d-838554-5 devstack@n-api.service[118697]: INFO nova.api.openstack.requestlog [req-67791220-1969-4b75-88a4-a153f07b85a1 req-48c59380-8225-4d6a-95b9-1de50804fb3e service nova] 10.222.0.52 "POST /compute/v2.1/os-server-external-events" status: 200 len: 179 microversion: 2.1 time: 0.517823
Apr 29 10:59:19.067321 n-d-838554-5 devstack@n-api.service[118697]: [pid: 118697|app: 0|req: 70/121] 10.222.0.52 () {64 vars in 1317 bytes} [Fri Apr 29 10:59:18 2022] POST /compute/v2.1/os-server-external-events => generated 179 bytes in 524 msecs (HTTP/1.1 200) 9 headers in 357 bytes (1 switches on core 0)
Apr 29 10:59:19.564238 n-d-838554-5 devstack@n-api.service[118696]: DEBUG nova.api.openstack.wsgi [None req-43ae5325-d0cf-4435-a620-5be730eecf93 tempest-AggregatesAdminTestJSON-827435371 tempest-AggregatesAdminTestJSON-827435371-project] Calling method '>' {{(pid=118696) _process_stack /opt/stack/nova/nova/api/openstack/wsgi.py:513}}
Apr 29 10:59:19.565553 n-d-838554-5 devstack@n-api.service[118696]: DEBUG nova.compute.api [None req-43ae5325-d0cf-4435-a620-5be730eecf93 tempest-AggregatesAdminTestJSON-827435371 tempest-AggregatesAdminTestJSON-827435371-project] [instance: 3109e15b-53be-42b5-af0a-93139e093bff] Fetching instance by UUID {{(pid=118696) get /opt/stack/nova/nova/compute/api.py:2918}}
Apr 29 10:59:19.572431 n-d-838554-5 devstack@n-api.service[118696]: DEBUG oslo_concurrency.lockutils [None req-43ae5325-d0cf-4435-a620-5be730eecf93 tempest-AggregatesAdminTestJSON-827435371 tempest-AggregatesAdminTestJSON-827435371-project] Lock "ff371224-2bb2-45dc-aa00-58b1fefadf1f" acquired by "nova.context.set_target_cell..get_or_set_cached_cell_and_set_connections" :: waited 0.000s {{(pid=118696) inner /usr/local/lib/python3.8/dist-packages/oslo_concurrency/lockutils.py:386}}
Apr 29 10:59:19.573576 n-d-838554-5 devstack@n-api.service[118696]: DEBUG oslo_concurrency.lockutils [None req-43ae5325-d0cf-4435-a620-5be730eecf93 tempest-AggregatesAdminTestJSON-827435371 tempest-AggregatesAdminTestJSON-827435371-project] Lock "ff371224-2bb2-45dc-aa00-58b1fefadf1f" "released" by "nova.context.set_target_cell..get_or_set_cached_cell_and_set_connections" :: held 0.001s {{(pid=118696) inner /usr/local/lib/python3.8/dist-packages/oslo_concurrency/lockutils.py:400}}
Apr 29 10:59:19.583147 n-d-838554-5 devstack@n-api.service[118696]: DEBUG oslo_concurrency.lockutils [None req-43ae5325-d0cf-4435-a620-5be730eecf93 tempest-AggregatesAdminTestJSON-827435371 tempest-AggregatesAdminTestJSON-827435371-project] Lock "ff371224-2bb2-45dc-aa00-58b1fefadf1f" acquired by "nova.context.set_target_cell..get_or_set_cached_cell_and_set_connections" :: waited 0.000s {{(pid=118696) inner /usr/local/lib/python3.8/dist-packages/oslo_concurrency/lockutils.py:386}}
Apr 29 10:59:19.583822 n-d-838554-5 devstack@n-api.service[118696]: DEBUG oslo_concurrency.lockutils [None req-43ae5325-d0cf-4435-a620-5be730eecf93 tempest-AggregatesAdminTestJSON-827435371 tempest-AggregatesAdminTestJSON-827435371-project] Lock "ff371224-2bb2-45dc-aa00-58b1fefadf1f" "released" by "nova.context.set_target_cell..get_or_set_cached_cell_and_set_connections" :: held 0.001s {{(pid=118696) inner /usr/local/lib/python3.8/dist-packages/oslo_concurrency/lockutils.py:400}}
Apr 29 10:59:19.679558 n-d-838554-5 devstack@n-api.service[118697]: DEBUG nova.api.openstack.wsgi [None req-dc0bcc66-56b6-470c-b799-d19cf91ae1dc tempest-DeleteServersAdminTestJSON-70894855 tempest-DeleteServersAdminTestJSON-70894855-project] Calling method '>' {{(pid=118697) _process_stack /opt/stack/nova/nova/api/openstack/wsgi.py:513}}
Apr 29 10:59:19.680275 n-d-838554-5 devstack@n-api.service[118697]: DEBUG nova.compute.api [None req-dc0bcc66-56b6-470c-b799-d19cf91ae1dc tempest-DeleteServersAdminTestJSON-70894855 tempest-DeleteServersAdminTestJSON-70894855-project] [instance: 52fe3cab-b10e-42a3-8cb1-51272d759edb] Fetching instance by UUID {{(pid=118697) get /opt/stack/nova/nova/compute/api.py:2918}}
Apr 29 10:59:19.691258 n-d-838554-5 devstack@n-api.service[118697]: DEBUG oslo_concurrency.lockutils [None req-dc0bcc66-56b6-470c-b799-d19cf91ae1dc tempest-DeleteServersAdminTestJSON-70894855 tempest-DeleteServersAdminTestJSON-70894855-project] Lock "ff371224-2bb2-45dc-aa00-58b1fefadf1f" acquired by "nova.context.set_target_cell..get_or_set_cached_cell_and_set_connections" :: waited 0.000s {{(pid=118697) inner /usr/local/lib/python3.8/dist-packages/oslo_concurrency/lockutils.py:386}}
Apr 29 10:59:19.691736 n-d-838554-5 devstack@n-api.service[118697]: DEBUG oslo_concurrency.lockutils [None req-dc0bcc66-56b6-470c-b799-d19cf91ae1dc tempest-DeleteServersAdminTestJSON-70894855 tempest-DeleteServersAdminTestJSON-70894855-project] Lock "ff371224-2bb2-45dc-aa00-58b1fefadf1f" "released" by "nova.context.set_target_cell..get_or_set_cached_cell_and_set_connections" :: held 0.001s {{(pid=118697) inner /usr/local/lib/python3.8/dist-packages/oslo_concurrency/lockutils.py:400}}
Apr 29 10:59:19.692774 n-d-838554-5 devstack@n-api.service[118697]: DEBUG oslo_concurrency.lockutils [None req-dc0bcc66-56b6-470c-b799-d19cf91ae1dc tempest-DeleteServersAdminTestJSON-70894855 tempest-DeleteServersAdminTestJSON-70894855-project] Lock "ff371224-2bb2-45dc-aa00-58b1fefadf1f" acquired by "nova.context.set_target_cell..get_or_set_cached_cell_and_set_connections" :: waited 0.000s {{(pid=118697) inner /usr/local/lib/python3.8/dist-packages/oslo_concurrency/lockutils.py:386}}
Apr 29 10:59:19.697771 n-d-838554-5 devstack@n-api.service[118697]: DEBUG oslo_concurrency.lockutils [None req-dc0bcc66-56b6-470c-b799-d19cf91ae1dc tempest-DeleteServersAdminTestJSON-70894855 tempest-DeleteServersAdminTestJSON-70894855-project] Lock "ff371224-2bb2-45dc-aa00-58b1fefadf1f" "released" by "nova.context.set_target_cell..get_or_set_cached_cell_and_set_connections" :: held 0.005s {{(pid=118697) inner /usr/local/lib/python3.8/dist-packages/oslo_concurrency/lockutils.py:400}}
Apr 29 10:59:20.074733 n-d-838554-5 devstack@n-api.service[118697]: DEBUG nova.policy [None req-dc0bcc66-56b6-470c-b799-d19cf91ae1dc tempest-DeleteServersAdminTestJSON-70894855 tempest-DeleteServersAdminTestJSON-70894855-project] Policy check for os_compute_api:os-extended-server-attributes failed with credentials {'is_admin': False, 'user_id': 'b47bb8d41ede4374a2135cb19dc7a215', 'user_domain_id': 'default', 'system_scope': None, 'domain_id': None, 'project_id': 'ae0b5e66ceae4b87a30f613cc52dbb0f', 'project_domain_id': 'default', 'roles': ['member', 'reader'], 'is_admin_project': True, 'service_user_id': None, 'service_user_domain_id': None, 'service_project_id': None, 'service_project_domain_id': None, 'service_roles': []} {{(pid=118697) authorize /opt/stack/nova/nova/policy.py:199}}
Apr 29 10:59:20.110864 n-d-838554-5 devstack@n-api.service[118697]: INFO nova.api.openstack.requestlog [None req-dc0bcc66-56b6-470c-b799-d19cf91ae1dc tempest-DeleteServersAdminTestJSON-70894855 tempest-DeleteServersAdminTestJSON-70894855-project] 10.222.0.52 "GET /compute/v2.1/servers/52fe3cab-b10e-42a3-8cb1-51272d759edb" status: 200 len: 1342 microversion: 2.1 time: 0.433895
Apr 29 10:59:20.113116 n-d-838554-5 devstack@n-api.service[118697]: [pid: 118697|app: 0|req: 71/122] 10.222.0.52 () {58 vars in 1235 bytes} [Fri Apr 29 10:59:19 2022] GET /compute/v2.1/servers/52fe3cab-b10e-42a3-8cb1-51272d759edb => generated 1342 bytes in 439 msecs (HTTP/1.1 200) 9 headers in 358 bytes (2 switches on core 0)
Apr 29 10:59:20.256872 n-d-838554-5 devstack@n-api.service[118696]: DEBUG nova.policy [None req-43ae5325-d0cf-4435-a620-5be730eecf93 tempest-AggregatesAdminTestJSON-827435371 tempest-AggregatesAdminTestJSON-827435371-project] Policy check for os_compute_api:os-extended-server-attributes failed with credentials {'is_admin': False, 'user_id': '9e762f66fd534778a94f63cf215e2d22', 'user_domain_id': 'default', 'system_scope': None, 'domain_id': None, 'project_id': '26345f7ed4bc448193fb47c11238d6ec', 'project_domain_id': 'default', 'roles': ['member', 'reader'], 'is_admin_project': True, 'service_user_id': None, 'service_user_domain_id': None, 'service_project_id': None, 'service_project_domain_id': None, 'service_roles': []} {{(pid=118696) authorize /opt/stack/nova/nova/policy.py:199}}
Apr 29 10:59:20.276936 n-d-838554-5 devstack@n-api.service[118696]: INFO nova.api.openstack.requestlog [None req-43ae5325-d0cf-4435-a620-5be730eecf93 tempest-AggregatesAdminTestJSON-827435371 tempest-AggregatesAdminTestJSON-827435371-project] 10.222.0.52 "GET /compute/v2.1/servers/3109e15b-53be-42b5-af0a-93139e093bff" status: 200 len: 1337 microversion: 2.1 time: 0.717524
Apr 29 10:59:20.280203 n-d-838554-5 devstack@n-api.service[118696]: [pid: 118696|app: 0|req: 52/123] 10.222.0.52 () {58 vars in 1235 bytes} [Fri Apr 29 10:59:19 2022] GET /compute/v2.1/servers/3109e15b-53be-42b5-af0a-93139e093bff => generated 1337 bytes in 722 msecs (HTTP/1.1 200) 9 headers in 358 bytes (1 switches on core 0)
Apr 29 10:59:20.477136 n-d-838554-5 devstack@n-api.service[118697]: DEBUG nova.api.openstack.wsgi [None req-6990ee1b-08a5-4acc-82a1-b6c71b774053 tempest-FlavorsAccessTestJSON-479775005 tempest-FlavorsAccessTestJSON-479775005-project-admin] Action: 'create', calling method: >, body: {"flavor": {"ram": 512, "vcpus": 1, "disk": 10, "name": "tempest-FlavorsAccessTestJSON-flavor-1520435781", "id": 967270214, "os-flavor-access:is_public": "False"}} {{(pid=118697) _process_stack /opt/stack/nova/nova/api/openstack/wsgi.py:511}}
Apr 29 10:59:20.479431 n-d-838554-5 devstack@n-api.service[118697]: /usr/local/lib/python3.8/dist-packages/oslo_policy/policy.py:1119: UserWarning: Policy "os_compute_api:os-flavor-manage:create": "rule:context_is_admin" failed scope check. The token used to make the request was project scoped but the policy requires ['system'] scope. This behavior may change in the future where using the intended scope is required
Apr 29 10:59:20.479431 n-d-838554-5 devstack@n-api.service[118697]: warnings.warn(msg)
Apr 29 10:59:20.505473 n-d-838554-5 devstack@n-api.service[118697]: INFO nova.api.openstack.requestlog [None req-6990ee1b-08a5-4acc-82a1-b6c71b774053 tempest-FlavorsAccessTestJSON-479775005 tempest-FlavorsAccessTestJSON-479775005-project-admin] 10.222.0.52 "POST /compute/v2.1/flavors" status: 200 len: 428 microversion: 2.1 time: 0.390471
Apr 29 10:59:20.519607 n-d-838554-5 devstack@n-api.service[118696]: DEBUG nova.api.openstack.wsgi [None req-8aeedbe0-6613-4735-9054-304fb7d59adf tempest-FlavorsAccessTestJSON-479775005 tempest-FlavorsAccessTestJSON-479775005-project-admin] Action: 'action', calling method: >, body: {"addTenantAccess": {"tenant": "885770d0aa864d5980e79fb8c371f5a5"}} {{(pid=118696) _process_stack /opt/stack/nova/nova/api/openstack/wsgi.py:511}}
Apr 29 10:59:20.520650 n-d-838554-5 devstack@n-api.service[118697]: [pid: 118697|app: 0|req: 72/124] 10.222.0.52 () {60 vars in 1146 bytes} [Fri Apr 29 10:59:20 2022] POST /compute/v2.1/flavors => generated 428 bytes in 407 msecs (HTTP/1.1 200) 9 headers in 357 bytes (1 switches on core 0)
Apr 29 10:59:20.521662 n-d-838554-5 devstack@n-api.service[118696]: /usr/local/lib/python3.8/dist-packages/oslo_policy/policy.py:1119: UserWarning: Policy "os_compute_api:os-flavor-access:add_tenant_access": "rule:context_is_admin" failed scope check. The token used to make the request was project scoped but the policy requires ['system'] scope. This behavior may change in the future where using the intended scope is required
Apr 29 10:59:20.521662 n-d-838554-5 devstack@n-api.service[118696]: warnings.warn(msg)
Apr 29 10:59:20.902902 n-d-838554-5 devstack@n-api.service[118697]: DEBUG nova.api.openstack.wsgi [None req-3ac284e6-e12d-438e-91b2-7b2f20166f9c tempest-LiveAutoBlockMigrationV225Test-1398041513 tempest-LiveAutoBlockMigrationV225Test-1398041513-project] Action: 'create', calling method: >, body: {"server": {"name": "tempest-LiveAutoBlockMigrationV225Test-server-1322020872", "imageRef": "c86d734d-2baf-41d3-adb5-30745fa46e7f", "flavorRef": "452", "networks": [{"uuid": "4c9ac14b-a209-41ab-ad79-6aebafac879e"}]}} {{(pid=118697) _process_stack /opt/stack/nova/nova/api/openstack/wsgi.py:511}}
Apr 29 10:59:20.997121 n-d-838554-5 devstack@n-api.service[118696]: INFO nova.api.openstack.requestlog [None req-8aeedbe0-6613-4735-9054-304fb7d59adf tempest-FlavorsAccessTestJSON-479775005 tempest-FlavorsAccessTestJSON-479775005-project-admin] 10.222.0.52 "POST /compute/v2.1/flavors/967270214/action" status: 200 len: 96 microversion: 2.1 time: 0.476326
Apr 29 10:59:20.998705 n-d-838554-5 devstack@n-api.service[118696]: [pid: 118696|app: 0|req: 53/125] 10.222.0.52 () {60 vars in 1196 bytes} [Fri Apr 29 10:59:20 2022] POST /compute/v2.1/flavors/967270214/action => generated 96 bytes in 485 msecs (HTTP/1.1 200) 9 headers in 356 bytes (1 switches on core 0)
Apr 29 10:59:21.003239 n-d-838554-5 devstack@n-api.service[118697]: DEBUG nova.network.neutron [None req-3ac284e6-e12d-438e-91b2-7b2f20166f9c tempest-LiveAutoBlockMigrationV225Test-1398041513 tempest-LiveAutoBlockMigrationV225Test-1398041513-project] validate_networks() for [('4c9ac14b-a209-41ab-ad79-6aebafac879e', None, None, None, None, None)] {{(pid=118697) validate_networks /opt/stack/nova/nova/network/neutron.py:2632}}
Apr 29 10:59:21.426438 n-d-838554-5 devstack@n-api.service[118696]: DEBUG nova.api.openstack.wsgi [None req-6c2a2991-8a93-43f6-bb00-aa1d5d3c4794 tempest-ServersWithSpecificFlavorTestJSON-332411995 tempest-ServersWithSpecificFlavorTestJSON-332411995-project] Calling method '>' {{(pid=118696) _process_stack /opt/stack/nova/nova/api/openstack/wsgi.py:513}}
Apr 29 10:59:21.435829 n-d-838554-5 devstack@n-api.service[118696]: INFO nova.api.openstack.requestlog [None req-6c2a2991-8a93-43f6-bb00-aa1d5d3c4794 tempest-ServersWithSpecificFlavorTestJSON-332411995 tempest-ServersWithSpecificFlavorTestJSON-332411995-project] 10.222.0.52 "GET /compute/v2.1/flavors/452" status: 200 len: 370 microversion: 2.1 time: 0.435529
Apr 29 10:59:21.436751 n-d-838554-5 devstack@n-api.service[118696]: [pid: 118696|app: 0|req: 54/126] 10.222.0.52 () {58 vars in 1136 bytes} [Fri Apr 29 10:59:20 2022] GET /compute/v2.1/flavors/452 => generated 370 bytes in 437 msecs (HTTP/1.1 200) 9 headers in 357 bytes (1 switches on core 0)
Apr 29 10:59:21.705625 n-d-838554-5 devstack@n-api.service[118696]: DEBUG nova.api.openstack.wsgi [None req-37d76361-fc57-4ac3-b423-83ac82eb96f6 tempest-FlavorsAccessTestJSON-837175074 tempest-FlavorsAccessTestJSON-837175074-project] Calling method '>' {{(pid=118696) _process_stack /opt/stack/nova/nova/api/openstack/wsgi.py:513}}
Apr 29 10:59:21.739828 n-d-838554-5 devstack@n-api.service[118696]: INFO nova.api.openstack.requestlog [None req-37d76361-fc57-4ac3-b423-83ac82eb96f6 tempest-FlavorsAccessTestJSON-837175074 tempest-FlavorsAccessTestJSON-837175074-project] 10.222.0.52 "GET /compute/v2.1/flavors/detail" status: 200 len: 5409 microversion: 2.1 time: 0.300675
Apr 29 10:59:21.741405 n-d-838554-5 devstack@n-api.service[118696]: [pid: 118696|app: 0|req: 55/127] 10.222.0.52 () {58 vars in 1145 bytes} [Fri Apr 29 10:59:21 2022] GET /compute/v2.1/flavors/detail => generated 5409 bytes in 304 msecs (HTTP/1.1 200) 9 headers in 358 bytes (1 switches on core 0)
Apr 29 10:59:21.758726 n-d-838554-5 devstack@n-api.service[118696]: DEBUG nova.api.openstack.wsgi [None req-67ac4113-f9aa-4133-a597-cf4ad12ebb15 tempest-DeleteServersAdminTestJSON-70894855 tempest-DeleteServersAdminTestJSON-70894855-project] Calling method '>' {{(pid=118696) _process_stack /opt/stack/nova/nova/api/openstack/wsgi.py:513}}
Apr 29 10:59:21.759718 n-d-838554-5 devstack@n-api.service[118696]: DEBUG nova.compute.api [None req-67ac4113-f9aa-4133-a597-cf4ad12ebb15 tempest-DeleteServersAdminTestJSON-70894855 tempest-DeleteServersAdminTestJSON-70894855-project] [instance: 52fe3cab-b10e-42a3-8cb1-51272d759edb] Fetching instance by UUID {{(pid=118696) get /opt/stack/nova/nova/compute/api.py:2918}}
Apr 29 10:59:21.767843 n-d-838554-5 devstack@n-api.service[118696]: DEBUG oslo_concurrency.lockutils [None req-67ac4113-f9aa-4133-a597-cf4ad12ebb15 tempest-DeleteServersAdminTestJSON-70894855 tempest-DeleteServersAdminTestJSON-70894855-project] Lock "ff371224-2bb2-45dc-aa00-58b1fefadf1f" acquired by "nova.context.set_target_cell..get_or_set_cached_cell_and_set_connections" :: waited 0.000s {{(pid=118696) inner /usr/local/lib/python3.8/dist-packages/oslo_concurrency/lockutils.py:386}}
Apr 29 10:59:21.769727 n-d-838554-5 devstack@n-api.service[118696]: DEBUG oslo_concurrency.lockutils [None req-67ac4113-f9aa-4133-a597-cf4ad12ebb15 tempest-DeleteServersAdminTestJSON-70894855 tempest-DeleteServersAdminTestJSON-70894855-project] Lock "ff371224-2bb2-45dc-aa00-58b1fefadf1f" "released" by "nova.context.set_target_cell..get_or_set_cached_cell_and_set_connections" :: held 0.002s {{(pid=118696) inner /usr/local/lib/python3.8/dist-packages/oslo_concurrency/lockutils.py:400}}
Apr 29 10:59:21.770789 n-d-838554-5 devstack@n-api.service[118696]: DEBUG oslo_concurrency.lockutils [None req-67ac4113-f9aa-4133-a597-cf4ad12ebb15 tempest-DeleteServersAdminTestJSON-70894855 tempest-DeleteServersAdminTestJSON-70894855-project] Lock "ff371224-2bb2-45dc-aa00-58b1fefadf1f" acquired by "nova.context.set_target_cell..get_or_set_cached_cell_and_set_connections" :: waited 0.000s {{(pid=118696) inner /usr/local/lib/python3.8/dist-packages/oslo_concurrency/lockutils.py:386}}
Apr 29 10:59:21.771492 n-d-838554-5 devstack@n-api.service[118696]: DEBUG oslo_concurrency.lockutils [None req-67ac4113-f9aa-4133-a597-cf4ad12ebb15 tempest-DeleteServersAdminTestJSON-70894855 tempest-DeleteServersAdminTestJSON-70894855-project] Lock "ff371224-2bb2-45dc-aa00-58b1fefadf1f" "released" by "nova.context.set_target_cell..get_or_set_cached_cell_and_set_connections" :: held 0.001s {{(pid=118696) inner /usr/local/lib/python3.8/dist-packages/oslo_concurrency/lockutils.py:400}}
Apr 29 10:59:22.125018 n-d-838554-5 devstack@n-api.service[118696]: DEBUG nova.policy [None req-67ac4113-f9aa-4133-a597-cf4ad12ebb15 tempest-DeleteServersAdminTestJSON-70894855 tempest-DeleteServersAdminTestJSON-70894855-project] Policy check for os_compute_api:os-extended-server-attributes failed with credentials {'is_admin': False, 'user_id': 'b47bb8d41ede4374a2135cb19dc7a215', 'user_domain_id': 'default', 'system_scope': None, 'domain_id': None, 'project_id': 'ae0b5e66ceae4b87a30f613cc52dbb0f', 'project_domain_id': 'default', 'roles': ['member', 'reader'], 'is_admin_project': True, 'service_user_id': None, 'service_user_domain_id': None, 'service_project_id': None, 'service_project_domain_id': None, 'service_roles': []} {{(pid=118696) authorize /opt/stack/nova/nova/policy.py:199}}
Apr 29 10:59:22.137341 n-d-838554-5 devstack@n-api.service[118696]: INFO nova.api.openstack.requestlog [None req-67ac4113-f9aa-4133-a597-cf4ad12ebb15 tempest-DeleteServersAdminTestJSON-70894855 tempest-DeleteServersAdminTestJSON-70894855-project] 10.222.0.52 "GET /compute/v2.1/servers/52fe3cab-b10e-42a3-8cb1-51272d759edb" status: 200 len: 1342 microversion: 2.1 time: 0.383101
Apr 29 10:59:22.140334 n-d-838554-5 devstack@n-api.service[118696]: [pid: 118696|app: 0|req: 56/128] 10.222.0.52 () {58 vars in 1235 bytes} [Fri Apr 29 10:59:21 2022] GET /compute/v2.1/servers/52fe3cab-b10e-42a3-8cb1-51272d759edb => generated 1342 bytes in 387 msecs (HTTP/1.1 200) 9 headers in 358 bytes (1 switches on core 0)
Apr 29 10:59:22.295300 n-d-838554-5 devstack@n-api.service[118697]: DEBUG nova.virt.hardware [None req-3ac284e6-e12d-438e-91b2-7b2f20166f9c tempest-LiveAutoBlockMigrationV225Test-1398041513 tempest-LiveAutoBlockMigrationV225Test-1398041513-project] Flavor limits 0:0:0 {{(pid=118697) get_cpu_topology_constraints /opt/stack/nova/nova/virt/hardware.py:343}}
Apr 29 10:59:22.295901 n-d-838554-5 devstack@n-api.service[118697]: DEBUG nova.virt.hardware [None req-3ac284e6-e12d-438e-91b2-7b2f20166f9c tempest-LiveAutoBlockMigrationV225Test-1398041513 tempest-LiveAutoBlockMigrationV225Test-1398041513-project] Image limits 0:0:0 {{(pid=118697) get_cpu_topology_constraints /opt/stack/nova/nova/virt/hardware.py:347}}
Apr 29 10:59:22.296227 n-d-838554-5 devstack@n-api.service[118697]: DEBUG nova.virt.hardware [None req-3ac284e6-e12d-438e-91b2-7b2f20166f9c tempest-LiveAutoBlockMigrationV225Test-1398041513 tempest-LiveAutoBlockMigrationV225Test-1398041513-project] Flavor pref 0:0:0 {{(pid=118697) get_cpu_topology_constraints /opt/stack/nova/nova/virt/hardware.py:383}}
Apr 29 10:59:22.296837 n-d-838554-5 devstack@n-api.service[118697]: DEBUG nova.virt.hardware [None req-3ac284e6-e12d-438e-91b2-7b2f20166f9c tempest-LiveAutoBlockMigrationV225Test-1398041513 tempest-LiveAutoBlockMigrationV225Test-1398041513-project] Image pref 0:0:0 {{(pid=118697) get_cpu_topology_constraints /opt/stack/nova/nova/virt/hardware.py:387}}
Apr 29 10:59:22.297497 n-d-838554-5 devstack@n-api.service[118697]: DEBUG nova.virt.hardware [None req-3ac284e6-e12d-438e-91b2-7b2f20166f9c tempest-LiveAutoBlockMigrationV225Test-1398041513 tempest-LiveAutoBlockMigrationV225Test-1398041513-project] Chose sockets=0, cores=0, threads=0; limits were sockets=65536, cores=65536, threads=65536 {{(pid=118697) get_cpu_topology_constraints /opt/stack/nova/nova/virt/hardware.py:425}}
Apr 29 10:59:22.320395 n-d-838554-5 devstack@n-api.service[118697]: DEBUG oslo_concurrency.lockutils [None req-3ac284e6-e12d-438e-91b2-7b2f20166f9c tempest-LiveAutoBlockMigrationV225Test-1398041513 tempest-LiveAutoBlockMigrationV225Test-1398041513-project] Lock "00000000-0000-0000-0000-000000000000" acquired by "nova.context.set_target_cell..get_or_set_cached_cell_and_set_connections" :: waited 0.000s {{(pid=118697) inner /usr/local/lib/python3.8/dist-packages/oslo_concurrency/lockutils.py:386}}
Apr 29 10:59:22.321195 n-d-838554-5 devstack@n-api.service[118697]: DEBUG oslo_concurrency.lockutils [None req-3ac284e6-e12d-438e-91b2-7b2f20166f9c tempest-LiveAutoBlockMigrationV225Test-1398041513 tempest-LiveAutoBlockMigrationV225Test-1398041513-project] Lock "00000000-0000-0000-0000-000000000000" "released" by "nova.context.set_target_cell..get_or_set_cached_cell_and_set_connections" :: held 0.001s {{(pid=118697) inner /usr/local/lib/python3.8/dist-packages/oslo_concurrency/lockutils.py:400}}
Apr 29 10:59:22.321517 n-d-838554-5 devstack@n-api.service[118696]: DEBUG nova.api.openstack.wsgi [None req-0c1e4dd1-f84b-48ed-acb5-60cc47994833 tempest-FlavorsExtraSpecsNegativeTestJSON-345747753 tempest-FlavorsExtraSpecsNegativeTestJSON-345747753-project-admin] Action: 'create', calling method: >, body: {"flavor": {"name": "tempest-test_flavor-594581426", "ram": 512, "vcpus": 1, "disk": 10, "id": 2120739278, "swap": 1024, "rxtx_factor": 1, "OS-FLV-EXT-DATA:ephemeral": 10}} {{(pid=118696) _process_stack /opt/stack/nova/nova/api/openstack/wsgi.py:511}}
Apr 29 10:59:22.323250 n-d-838554-5 devstack@n-api.service[118696]: /usr/local/lib/python3.8/dist-packages/oslo_policy/policy.py:1119: UserWarning: Policy "os_compute_api:os-flavor-manage:create": "rule:context_is_admin" failed scope check. The token used to make the request was project scoped but the policy requires ['system'] scope. This behavior may change in the future where using the intended scope is required
Apr 29 10:59:22.323250 n-d-838554-5 devstack@n-api.service[118696]: warnings.warn(msg)
Apr 29 10:59:22.331502 n-d-838554-5 devstack@n-api.service[118697]: DEBUG oslo_concurrency.lockutils [None req-3ac284e6-e12d-438e-91b2-7b2f20166f9c tempest-LiveAutoBlockMigrationV225Test-1398041513 tempest-LiveAutoBlockMigrationV225Test-1398041513-project] Lock "ff371224-2bb2-45dc-aa00-58b1fefadf1f" acquired by "nova.context.set_target_cell..get_or_set_cached_cell_and_set_connections" :: waited 0.007s {{(pid=118697) inner /usr/local/lib/python3.8/dist-packages/oslo_concurrency/lockutils.py:386}}
Apr 29 10:59:22.333349 n-d-838554-5 devstack@n-api.service[118697]: DEBUG oslo_concurrency.lockutils [None req-3ac284e6-e12d-438e-91b2-7b2f20166f9c tempest-LiveAutoBlockMigrationV225Test-1398041513 tempest-LiveAutoBlockMigrationV225Test-1398041513-project] Lock "ff371224-2bb2-45dc-aa00-58b1fefadf1f" "released" by "nova.context.set_target_cell..get_or_set_cached_cell_and_set_connections" :: held 0.003s {{(pid=118697) inner /usr/local/lib/python3.8/dist-packages/oslo_concurrency/lockutils.py:400}}
Apr 29 10:59:22.347857 n-d-838554-5 devstack@n-api.service[118696]: INFO nova.api.openstack.requestlog [None req-0c1e4dd1-f84b-48ed-acb5-60cc47994833 tempest-FlavorsExtraSpecsNegativeTestJSON-345747753 tempest-FlavorsExtraSpecsNegativeTestJSON-345747753-project-admin] 10.222.0.52 "POST /compute/v2.1/flavors" status: 200 len: 415 microversion: 2.1 time: 0.205896
Apr 29 10:59:22.358091 n-d-838554-5 devstack@n-api.service[118696]: [pid: 118696|app: 0|req: 57/129] 10.222.0.52 () {60 vars in 1146 bytes} [Fri Apr 29 10:59:22 2022] POST /compute/v2.1/flavors => generated 415 bytes in 217 msecs (HTTP/1.1 200) 9 headers in 357 bytes (1 switches on core 0)
Apr 29 10:59:22.366260 n-d-838554-5 devstack@n-api.service[118696]: DEBUG nova.api.openstack.wsgi [None req-e41d19a2-6309-42fc-9f48-4815c00be43b tempest-AggregatesAdminTestJSON-827435371 tempest-AggregatesAdminTestJSON-827435371-project] Calling method '>' {{(pid=118696) _process_stack /opt/stack/nova/nova/api/openstack/wsgi.py:513}}
Apr 29 10:59:22.367436 n-d-838554-5 devstack@n-api.service[118696]: DEBUG nova.compute.api [None req-e41d19a2-6309-42fc-9f48-4815c00be43b tempest-AggregatesAdminTestJSON-827435371 tempest-AggregatesAdminTestJSON-827435371-project] [instance: 3109e15b-53be-42b5-af0a-93139e093bff] Fetching instance by UUID {{(pid=118696) get /opt/stack/nova/nova/compute/api.py:2918}}
Apr 29 10:59:22.377485 n-d-838554-5 devstack@n-api.service[118696]: DEBUG oslo_concurrency.lockutils [None req-e41d19a2-6309-42fc-9f48-4815c00be43b tempest-AggregatesAdminTestJSON-827435371 tempest-AggregatesAdminTestJSON-827435371-project] Lock "ff371224-2bb2-45dc-aa00-58b1fefadf1f" acquired by "nova.context.set_target_cell..get_or_set_cached_cell_and_set_connections" :: waited 0.000s {{(pid=118696) inner /usr/local/lib/python3.8/dist-packages/oslo_concurrency/lockutils.py:386}}
Apr 29 10:59:22.379940 n-d-838554-5 devstack@n-api.service[118696]: DEBUG oslo_concurrency.lockutils [None req-e41d19a2-6309-42fc-9f48-4815c00be43b tempest-AggregatesAdminTestJSON-827435371 tempest-AggregatesAdminTestJSON-827435371-project] Lock "ff371224-2bb2-45dc-aa00-58b1fefadf1f" "released" by "nova.context.set_target_cell..get_or_set_cached_cell_and_set_connections" :: held 0.003s {{(pid=118696) inner /usr/local/lib/python3.8/dist-packages/oslo_concurrency/lockutils.py:400}}
Apr 29 10:59:22.382435 n-d-838554-5 devstack@n-api.service[118696]: DEBUG oslo_concurrency.lockutils [None req-e41d19a2-6309-42fc-9f48-4815c00be43b tempest-AggregatesAdminTestJSON-827435371 tempest-AggregatesAdminTestJSON-827435371-project] Lock "ff371224-2bb2-45dc-aa00-58b1fefadf1f" acquired by "nova.context.set_target_cell..get_or_set_cached_cell_and_set_connections" :: waited 0.000s {{(pid=118696) inner /usr/local/lib/python3.8/dist-packages/oslo_concurrency/lockutils.py:386}}
Apr 29 10:59:22.383654 n-d-838554-5 devstack@n-api.service[118696]: DEBUG oslo_concurrency.lockutils [None req-e41d19a2-6309-42fc-9f48-4815c00be43b tempest-AggregatesAdminTestJSON-827435371 tempest-AggregatesAdminTestJSON-827435371-project] Lock "ff371224-2bb2-45dc-aa00-58b1fefadf1f" "released" by "nova.context.set_target_cell..get_or_set_cached_cell_and_set_connections" :: held 0.002s {{(pid=118696) inner /usr/local/lib/python3.8/dist-packages/oslo_concurrency/lockutils.py:400}}
Apr 29 10:59:22.406898 n-d-838554-5 devstack@n-api.service[118697]: DEBUG nova.quota [None req-3ac284e6-e12d-438e-91b2-7b2f20166f9c tempest-LiveAutoBlockMigrationV225Test-1398041513 tempest-LiveAutoBlockMigrationV225Test-1398041513-project] Getting quotas for project e54ab31463aa4418a79e5bb92d0b6b1f. Resources: {'cores', 'instances', 'ram'} {{(pid=118697) _get_quotas /opt/stack/nova/nova/quota.py:393}}
Apr 29 10:59:22.426141 n-d-838554-5 devstack@n-api.service[118697]: DEBUG nova.quota [None req-3ac284e6-e12d-438e-91b2-7b2f20166f9c tempest-LiveAutoBlockMigrationV225Test-1398041513 tempest-LiveAutoBlockMigrationV225Test-1398041513-project] Getting quotas for user bcdc0768a2b740ab8e298f59a613dbe4 and project e54ab31463aa4418a79e5bb92d0b6b1f. Resources: {'cores', 'instances', 'ram'} {{(pid=118697) _get_quotas /opt/stack/nova/nova/quota.py:383}}
Apr 29 10:59:22.444713 n-d-838554-5 devstack@n-api.service[118697]: DEBUG nova.compute.api [None req-3ac284e6-e12d-438e-91b2-7b2f20166f9c tempest-LiveAutoBlockMigrationV225Test-1398041513 tempest-LiveAutoBlockMigrationV225Test-1398041513-project] Going to run 1 instances... {{(pid=118697) _provision_instances /opt/stack/nova/nova/compute/api.py:1389}}
Apr 29 10:59:22.449995 n-d-838554-5 devstack@n-api.service[118697]: DEBUG nova.compute.api [None req-3ac284e6-e12d-438e-91b2-7b2f20166f9c tempest-LiveAutoBlockMigrationV225Test-1398041513 tempest-LiveAutoBlockMigrationV225Test-1398041513-project] [instance: 3ef7b4e7-36db-4340-aedf-d9260f6e3ffd] block_device_mapping [BlockDeviceMapping(attachment_id=,boot_index=0,connection_info=None,created_at=,delete_on_termination=True,deleted=,deleted_at=,destination_type='local',device_name=None,device_type='disk',disk_bus=None,guest_format=None,id=,image_id='c86d734d-2baf-41d3-adb5-30745fa46e7f',instance=,instance_uuid=,no_device=False,snapshot_id=None,source_type='image',tag=None,updated_at=,uuid=,volume_id=None,volume_size=None,volume_type=None)] {{(pid=118697) _bdm_validate_set_size_and_instance /opt/stack/nova/nova/compute/api.py:1807}}
Apr 29 10:59:22.517338 n-d-838554-5 devstack@n-api.service[118697]: INFO nova.api.openstack.requestlog [None req-3ac284e6-e12d-438e-91b2-7b2f20166f9c tempest-LiveAutoBlockMigrationV225Test-1398041513 tempest-LiveAutoBlockMigrationV225Test-1398041513-project] 10.222.0.52 "POST /compute/v2.1/servers" status: 202 len: 380 microversion: 2.25 time: 1.960441
Apr 29 10:59:22.518985 n-d-838554-5 devstack@n-api.service[118697]: [pid: 118697|app: 0|req: 73/130] 10.222.0.52 () {62 vars in 1187 bytes} [Fri Apr 29 10:59:20 2022] POST /compute/v2.1/servers => generated 380 bytes in 1963 msecs (HTTP/1.1 202) 10 headers in 453 bytes (2 switches on core 0)
Apr 29 10:59:22.696117 n-d-838554-5 devstack@n-api.service[118696]: DEBUG nova.policy [None req-e41d19a2-6309-42fc-9f48-4815c00be43b tempest-AggregatesAdminTestJSON-827435371 tempest-AggregatesAdminTestJSON-827435371-project] Policy check for os_compute_api:os-extended-server-attributes failed with credentials {'is_admin': False, 'user_id': '9e762f66fd534778a94f63cf215e2d22', 'user_domain_id': 'default', 'system_scope': None, 'domain_id': None, 'project_id': '26345f7ed4bc448193fb47c11238d6ec', 'project_domain_id': 'default', 'roles': ['member', 'reader'], 'is_admin_project': True, 'service_user_id': None, 'service_user_domain_id': None, 'service_project_id': None, 'service_project_domain_id': None, 'service_roles': []} {{(pid=118696) authorize /opt/stack/nova/nova/policy.py:199}}
Apr 29 10:59:22.720575 n-d-838554-5 devstack@n-api.service[118696]: INFO nova.api.openstack.requestlog [None req-e41d19a2-6309-42fc-9f48-4815c00be43b tempest-AggregatesAdminTestJSON-827435371 tempest-AggregatesAdminTestJSON-827435371-project] 10.222.0.52 "GET /compute/v2.1/servers/3109e15b-53be-42b5-af0a-93139e093bff" status: 200 len: 1337 microversion: 2.1 time: 0.360139
Apr 29 10:59:22.721991 n-d-838554-5 devstack@n-api.service[118696]: [pid: 118696|app: 0|req: 58/131] 10.222.0.52 () {58 vars in 1235 bytes} [Fri Apr 29 10:59:22 2022] GET /compute/v2.1/servers/3109e15b-53be-42b5-af0a-93139e093bff => generated 1337 bytes in 363 msecs (HTTP/1.1 200) 9 headers in 358 bytes (1 switches on core 0)
Apr 29 10:59:22.730300 n-d-838554-5 devstack@n-api.service[118696]: DEBUG nova.api.openstack.wsgi [None req-d800976d-2c63-4c5d-aab9-647b8bd73626 tempest-FlavorsAccessTestJSON-479775005 tempest-FlavorsAccessTestJSON-479775005-project-admin] Action: 'action', calling method: >, body: {"removeTenantAccess": {"tenant": "885770d0aa864d5980e79fb8c371f5a5"}} {{(pid=118696) _process_stack /opt/stack/nova/nova/api/openstack/wsgi.py:511}}
Apr 29 10:59:22.735751 n-d-838554-5 devstack@n-api.service[118696]: /usr/local/lib/python3.8/dist-packages/oslo_policy/policy.py:1119: UserWarning: Policy "os_compute_api:os-flavor-access:remove_tenant_access": "rule:context_is_admin" failed scope check. The token used to make the request was project scoped but the policy requires ['system'] scope. This behavior may change in the future where using the intended scope is required
Apr 29 10:59:22.735751 n-d-838554-5 devstack@n-api.service[118696]: warnings.warn(msg)
Apr 29 10:59:23.105790 n-d-838554-5 devstack@n-api.service[118697]: DEBUG nova.api.openstack.wsgi [None req-908615b0-a0fa-4fde-881c-2b4e56dfe85a tempest-ServersWithSpecificFlavorTestJSON-1901900135 tempest-ServersWithSpecificFlavorTestJSON-1901900135-project-admin] Action: 'create', calling method: >, body: {"flavor": {"ram": 1024, "vcpus": 1, "disk": 1, "name": "tempest-flavor_with_ephemeral_1-2139192869", "id": 514302, "OS-FLV-EXT-DATA:ephemeral": 1, "os-flavor-access:is_public": "True"}} {{(pid=118697) _process_stack /opt/stack/nova/nova/api/openstack/wsgi.py:511}}
Apr 29 10:59:23.106772 n-d-838554-5 devstack@n-api.service[118697]: /usr/local/lib/python3.8/dist-packages/oslo_policy/policy.py:1119: UserWarning: Policy "os_compute_api:os-flavor-manage:create": "rule:context_is_admin" failed scope check. The token used to make the request was project scoped but the policy requires ['system'] scope. This behavior may change in the future where using the intended scope is required
Apr 29 10:59:23.106772 n-d-838554-5 devstack@n-api.service[118697]: warnings.warn(msg)
Apr 29 10:59:23.138422 n-d-838554-5 devstack@n-api.service[118697]: INFO nova.api.openstack.requestlog [None req-908615b0-a0fa-4fde-881c-2b4e56dfe85a tempest-ServersWithSpecificFlavorTestJSON-1901900135 tempest-ServersWithSpecificFlavorTestJSON-1901900135-project-admin] 10.222.0.52 "POST /compute/v2.1/flavors" status: 200 len: 413 microversion: 2.1 time: 0.617576
Apr 29 10:59:23.139251 n-d-838554-5 devstack@n-api.service[118697]: [pid: 118697|app: 0|req: 74/132] 10.222.0.52 () {60 vars in 1146 bytes} [Fri Apr 29 10:59:22 2022] POST /compute/v2.1/flavors => generated 413 bytes in 619 msecs (HTTP/1.1 200) 9 headers in 357 bytes (1 switches on core 0)
Apr 29 10:59:23.304295 n-d-838554-5 devstack@n-api.service[118696]: INFO nova.api.openstack.requestlog [None req-d800976d-2c63-4c5d-aab9-647b8bd73626 tempest-FlavorsAccessTestJSON-479775005 tempest-FlavorsAccessTestJSON-479775005-project-admin] 10.222.0.52 "POST /compute/v2.1/flavors/967270214/action" status: 200 len: 21 microversion: 2.1 time: 0.580766
Apr 29 10:59:23.305921 n-d-838554-5 devstack@n-api.service[118696]: [pid: 118696|app: 0|req: 59/133] 10.222.0.52 () {60 vars in 1196 bytes} [Fri Apr 29 10:59:22 2022] POST /compute/v2.1/flavors/967270214/action => generated 21 bytes in 583 msecs (HTTP/1.1 200) 9 headers in 356 bytes (1 switches on core 0)
Apr 29 10:59:23.314328 n-d-838554-5 devstack@n-api.service[118696]: DEBUG nova.api.openstack.wsgi [None req-80d442a0-a02f-49f8-b41d-ec2e561c7a47 tempest-LiveAutoBlockMigrationV225Test-1398041513 tempest-LiveAutoBlockMigrationV225Test-1398041513-project] Calling method '>' {{(pid=118696) _process_stack /opt/stack/nova/nova/api/openstack/wsgi.py:513}}
Apr 29 10:59:23.315991 n-d-838554-5 devstack@n-api.service[118696]: DEBUG nova.compute.api [None req-80d442a0-a02f-49f8-b41d-ec2e561c7a47 tempest-LiveAutoBlockMigrationV225Test-1398041513 tempest-LiveAutoBlockMigrationV225Test-1398041513-project] [instance: 3ef7b4e7-36db-4340-aedf-d9260f6e3ffd] Fetching instance by UUID {{(pid=118696) get /opt/stack/nova/nova/compute/api.py:2918}}
Apr 29 10:59:23.325350 n-d-838554-5 devstack@n-api.service[118696]: DEBUG oslo_concurrency.lockutils [None req-80d442a0-a02f-49f8-b41d-ec2e561c7a47 tempest-LiveAutoBlockMigrationV225Test-1398041513 tempest-LiveAutoBlockMigrationV225Test-1398041513-project] Lock "ff371224-2bb2-45dc-aa00-58b1fefadf1f" acquired by "nova.context.set_target_cell..get_or_set_cached_cell_and_set_connections" :: waited 0.000s {{(pid=118696) inner /usr/local/lib/python3.8/dist-packages/oslo_concurrency/lockutils.py:386}}
Apr 29 10:59:23.326709 n-d-838554-5 devstack@n-api.service[118696]: DEBUG oslo_concurrency.lockutils [None req-80d442a0-a02f-49f8-b41d-ec2e561c7a47 tempest-LiveAutoBlockMigrationV225Test-1398041513 tempest-LiveAutoBlockMigrationV225Test-1398041513-project] Lock "ff371224-2bb2-45dc-aa00-58b1fefadf1f" "released" by "nova.context.set_target_cell..get_or_set_cached_cell_and_set_connections" :: held 0.002s {{(pid=118696) inner /usr/local/lib/python3.8/dist-packages/oslo_concurrency/lockutils.py:400}}
Apr 29 10:59:23.328419 n-d-838554-5 devstack@n-api.service[118696]: DEBUG oslo_concurrency.lockutils [None req-80d442a0-a02f-49f8-b41d-ec2e561c7a47 tempest-LiveAutoBlockMigrationV225Test-1398041513 tempest-LiveAutoBlockMigrationV225Test-1398041513-project] Lock "ff371224-2bb2-45dc-aa00-58b1fefadf1f" acquired by "nova.context.set_target_cell..get_or_set_cached_cell_and_set_connections" :: waited 0.000s {{(pid=118696) inner /usr/local/lib/python3.8/dist-packages/oslo_concurrency/lockutils.py:386}}
Apr 29 10:59:23.329487 n-d-838554-5 devstack@n-api.service[118696]: DEBUG oslo_concurrency.lockutils [None req-80d442a0-a02f-49f8-b41d-ec2e561c7a47 tempest-LiveAutoBlockMigrationV225Test-1398041513 tempest-LiveAutoBlockMigrationV225Test-1398041513-project] Lock "ff371224-2bb2-45dc-aa00-58b1fefadf1f" "released" by "nova.context.set_target_cell..get_or_set_cached_cell_and_set_connections" :: held 0.001s {{(pid=118696) inner /usr/local/lib/python3.8/dist-packages/oslo_concurrency/lockutils.py:400}}
Apr 29 10:59:23.427238 n-d-838554-5 devstack@n-api.service[118696]: DEBUG nova.policy [None req-80d442a0-a02f-49f8-b41d-ec2e561c7a47 tempest-LiveAutoBlockMigrationV225Test-1398041513 tempest-LiveAutoBlockMigrationV225Test-1398041513-project] Policy check for os_compute_api:os-extended-server-attributes failed with credentials {'is_admin': False, 'user_id': 'bcdc0768a2b740ab8e298f59a613dbe4', 'user_domain_id': 'default', 'system_scope': None, 'domain_id': None, 'project_id': 'e54ab31463aa4418a79e5bb92d0b6b1f', 'project_domain_id': 'default', 'roles': ['member', 'reader'], 'is_admin_project': True, 'service_user_id': None, 'service_user_domain_id': None, 'service_project_id': None, 'service_project_domain_id': None, 'service_roles': []} {{(pid=118696) authorize /opt/stack/nova/nova/policy.py:199}}
