Apr 29 10:59:23.441545 n-d-838554-5 devstack@n-api.service[118696]: DEBUG nova.policy [None req-80d442a0-a02f-49f8-b41d-ec2e561c7a47 tempest-LiveAutoBlockMigrationV225Test-1398041513 tempest-LiveAutoBlockMigrationV225Test-1398041513-project] Policy check for os_compute_api:servers:show:host_status failed with credentials {'is_admin': False, 'user_id': 'bcdc0768a2b740ab8e298f59a613dbe4', 'user_domain_id': 'default', 'system_scope': None, 'domain_id': None, 'project_id': 'e54ab31463aa4418a79e5bb92d0b6b1f', 'project_domain_id': 'default', 'roles': ['member', 'reader'], 'is_admin_project': True, 'service_user_id': None, 'service_user_domain_id': None, 'service_project_id': None, 'service_project_domain_id': None, 'service_roles': []} {{(pid=118696) authorize /opt/stack/nova/nova/policy.py:199}}
Apr 29 10:59:23.443745 n-d-838554-5 devstack@n-api.service[118696]: DEBUG nova.policy [None req-80d442a0-a02f-49f8-b41d-ec2e561c7a47 tempest-LiveAutoBlockMigrationV225Test-1398041513 tempest-LiveAutoBlockMigrationV225Test-1398041513-project] Policy check for os_compute_api:servers:show:host_status:unknown-only failed with credentials {'is_admin': False, 'user_id': 'bcdc0768a2b740ab8e298f59a613dbe4', 'user_domain_id': 'default', 'system_scope': None, 'domain_id': None, 'project_id': 'e54ab31463aa4418a79e5bb92d0b6b1f', 'project_domain_id': 'default', 'roles': ['member', 'reader'], 'is_admin_project': True, 'service_user_id': None, 'service_user_domain_id': None, 'service_project_id': None, 'service_project_domain_id': None, 'service_roles': []} {{(pid=118696) authorize /opt/stack/nova/nova/policy.py:199}}
Apr 29 10:59:23.446126 n-d-838554-5 devstack@n-api.service[118696]: INFO nova.api.openstack.requestlog [None req-80d442a0-a02f-49f8-b41d-ec2e561c7a47 tempest-LiveAutoBlockMigrationV225Test-1398041513 tempest-LiveAutoBlockMigrationV225Test-1398041513-project] 10.222.0.52 "GET /compute/v2.1/servers/3ef7b4e7-36db-4340-aedf-d9260f6e3ffd" status: 200 len: 1266 microversion: 2.25 time: 0.136173
Apr 29 10:59:23.447199 n-d-838554-5 devstack@n-api.service[118696]: [pid: 118696|app: 0|req: 60/134] 10.222.0.52 () {60 vars in 1276 bytes} [Fri Apr 29 10:59:23 2022] GET /compute/v2.1/servers/3ef7b4e7-36db-4340-aedf-d9260f6e3ffd => generated 1266 bytes in 141 msecs (HTTP/1.1 200) 9 headers in 360 bytes (1 switches on core 0)
Apr 29 10:59:23.457219 n-d-838554-5 devstack@n-api.service[118696]: DEBUG nova.api.openstack.wsgi [None req-8471b6fd-d15d-4956-97ac-07f3e90d3147 tempest-ServersWithSpecificFlavorTestJSON-1901900135 tempest-ServersWithSpecificFlavorTestJSON-1901900135-project-admin] Calling method '>' {{(pid=118696) _process_stack /opt/stack/nova/nova/api/openstack/wsgi.py:513}}
Apr 29 10:59:23.467512 n-d-838554-5 devstack@n-api.service[118696]: INFO nova.api.openstack.requestlog [None req-8471b6fd-d15d-4956-97ac-07f3e90d3147 tempest-ServersWithSpecificFlavorTestJSON-1901900135 tempest-ServersWithSpecificFlavorTestJSON-1901900135-project-admin] 10.222.0.52 "GET /compute/v2.1/flavors/452/os-extra_specs" status: 200 len: 19 microversion: 2.1 time: 0.018810
Apr 29 10:59:23.473591 n-d-838554-5 devstack@n-api.service[118696]: [pid: 118696|app: 0|req: 61/135] 10.222.0.52 () {58 vars in 1181 bytes} [Fri Apr 29 10:59:23 2022] GET /compute/v2.1/flavors/452/os-extra_specs => generated 19 bytes in 22 msecs (HTTP/1.1 200) 9 headers in 356 bytes (1 switches on core 0)
Apr 29 10:59:23.475154 n-d-838554-5 devstack@n-api.service[118697]: DEBUG nova.api.openstack.wsgi [None req-61716f60-728e-4632-8457-9360d0e698b5 tempest-FlavorsExtraSpecsNegativeTestJSON-592903374 tempest-FlavorsExtraSpecsNegativeTestJSON-592903374-project] Calling method '>' {{(pid=118697) _process_stack /opt/stack/nova/nova/api/openstack/wsgi.py:513}}
Apr 29 10:59:23.490079 n-d-838554-5 devstack@n-api.service[118696]: DEBUG nova.api.openstack.wsgi [None req-e90ab693-987d-40af-bd8b-abeb5c1aec21 tempest-DeleteServersAdminTestJSON-70894855 tempest-DeleteServersAdminTestJSON-70894855-project] Calling method '>' {{(pid=118696) _process_stack /opt/stack/nova/nova/api/openstack/wsgi.py:513}}
Apr 29 10:59:23.492810 n-d-838554-5 devstack@n-api.service[118696]: DEBUG nova.compute.api [None req-e90ab693-987d-40af-bd8b-abeb5c1aec21 tempest-DeleteServersAdminTestJSON-70894855 tempest-DeleteServersAdminTestJSON-70894855-project] [instance: 52fe3cab-b10e-42a3-8cb1-51272d759edb] Fetching instance by UUID {{(pid=118696) get /opt/stack/nova/nova/compute/api.py:2918}}
Apr 29 10:59:23.497870 n-d-838554-5 devstack@n-api.service[118697]: INFO nova.api.openstack.wsgi [None req-61716f60-728e-4632-8457-9360d0e698b5 tempest-FlavorsExtraSpecsNegativeTestJSON-592903374 tempest-FlavorsExtraSpecsNegativeTestJSON-592903374-project] HTTP exception thrown: Flavor 2120739278 has no extra specs with key hw:cpu_thread_policy.
Apr 29 10:59:23.498995 n-d-838554-5 devstack@n-api.service[118697]: DEBUG nova.api.openstack.wsgi [None req-61716f60-728e-4632-8457-9360d0e698b5 tempest-FlavorsExtraSpecsNegativeTestJSON-592903374 tempest-FlavorsExtraSpecsNegativeTestJSON-592903374-project] Returning 404 to user: Flavor 2120739278 has no extra specs with key hw:cpu_thread_policy. {{(pid=118697) __call__ /opt/stack/nova/nova/api/openstack/wsgi.py:936}}
Apr 29 10:59:23.500245 n-d-838554-5 devstack@n-api.service[118696]: DEBUG oslo_concurrency.lockutils [None req-e90ab693-987d-40af-bd8b-abeb5c1aec21 tempest-DeleteServersAdminTestJSON-70894855 tempest-DeleteServersAdminTestJSON-70894855-project] Lock "ff371224-2bb2-45dc-aa00-58b1fefadf1f" acquired by "nova.context.set_target_cell..get_or_set_cached_cell_and_set_connections" :: waited 0.000s {{(pid=118696) inner /usr/local/lib/python3.8/dist-packages/oslo_concurrency/lockutils.py:386}}
Apr 29 10:59:23.500582 n-d-838554-5 devstack@n-api.service[118697]: INFO nova.api.openstack.requestlog [None req-61716f60-728e-4632-8457-9360d0e698b5 tempest-FlavorsExtraSpecsNegativeTestJSON-592903374 tempest-FlavorsExtraSpecsNegativeTestJSON-592903374-project] 10.222.0.52 "GET /compute/v2.1/flavors/2120739278/os-extra_specs/hw:cpu_thread_policy" status: 404 len: 113 microversion: 2.1 time: 0.357541
Apr 29 10:59:23.500758 n-d-838554-5 devstack@n-api.service[118696]: DEBUG oslo_concurrency.lockutils [None req-e90ab693-987d-40af-bd8b-abeb5c1aec21 tempest-DeleteServersAdminTestJSON-70894855 tempest-DeleteServersAdminTestJSON-70894855-project] Lock "ff371224-2bb2-45dc-aa00-58b1fefadf1f" "released" by "nova.context.set_target_cell..get_or_set_cached_cell_and_set_connections" :: held 0.001s {{(pid=118696) inner /usr/local/lib/python3.8/dist-packages/oslo_concurrency/lockutils.py:400}}
Apr 29 10:59:23.501588 n-d-838554-5 devstack@n-api.service[118696]: DEBUG oslo_concurrency.lockutils [None req-e90ab693-987d-40af-bd8b-abeb5c1aec21 tempest-DeleteServersAdminTestJSON-70894855 tempest-DeleteServersAdminTestJSON-70894855-project] Lock "ff371224-2bb2-45dc-aa00-58b1fefadf1f" acquired by "nova.context.set_target_cell..get_or_set_cached_cell_and_set_connections" :: waited 0.000s {{(pid=118696) inner /usr/local/lib/python3.8/dist-packages/oslo_concurrency/lockutils.py:386}}
Apr 29 10:59:23.502324 n-d-838554-5 devstack@n-api.service[118696]: DEBUG oslo_concurrency.lockutils [None req-e90ab693-987d-40af-bd8b-abeb5c1aec21 tempest-DeleteServersAdminTestJSON-70894855 tempest-DeleteServersAdminTestJSON-70894855-project] Lock "ff371224-2bb2-45dc-aa00-58b1fefadf1f" "released" by "nova.context.set_target_cell..get_or_set_cached_cell_and_set_connections" :: held 0.000s {{(pid=118696) inner /usr/local/lib/python3.8/dist-packages/oslo_concurrency/lockutils.py:400}}
Apr 29 10:59:23.502511 n-d-838554-5 devstack@n-api.service[118697]: [pid: 118697|app: 0|req: 75/136] 10.222.0.52 () {58 vars in 1265 bytes} [Fri Apr 29 10:59:23 2022] GET /compute/v2.1/flavors/2120739278/os-extra_specs/hw:cpu_thread_policy => generated 113 bytes in 362 msecs (HTTP/1.1 404) 9 headers in 379 bytes (1 switches on core 0)
Apr 29 10:59:23.514122 n-d-838554-5 devstack@n-api.service[118697]: DEBUG nova.api.openstack.wsgi [None req-7ea201d1-7429-4c16-9f0b-ccdf117a0def tempest-FlavorsAccessTestJSON-837175074 tempest-FlavorsAccessTestJSON-837175074-project] Calling method '>' {{(pid=118697) _process_stack /opt/stack/nova/nova/api/openstack/wsgi.py:513}}
Apr 29 10:59:23.551471 n-d-838554-5 devstack@n-api.service[118697]: INFO nova.api.openstack.requestlog [None req-7ea201d1-7429-4c16-9f0b-ccdf117a0def tempest-FlavorsAccessTestJSON-837175074 tempest-FlavorsAccessTestJSON-837175074-project] 10.222.0.52 "GET /compute/v2.1/flavors/detail" status: 200 len: 5799 microversion: 2.1 time: 0.044683
Apr 29 10:59:23.552554 n-d-838554-5 devstack@n-api.service[118697]: [pid: 118697|app: 0|req: 76/137] 10.222.0.52 () {58 vars in 1145 bytes} [Fri Apr 29 10:59:23 2022] GET /compute/v2.1/flavors/detail => generated 5799 bytes in 49 msecs (HTTP/1.1 200) 9 headers in 358 bytes (1 switches on core 0)
Apr 29 10:59:23.561876 n-d-838554-5 devstack@n-api.service[118697]: DEBUG nova.api.openstack.wsgi [None req-4b2efa31-6668-4a42-b033-1d2eb6fe1e90 tempest-ServersWithSpecificFlavorTestJSON-1901900135 tempest-ServersWithSpecificFlavorTestJSON-1901900135-project-admin] Action: 'create', calling method: >, body: {"flavor": {"ram": 1024, "vcpus": 1, "disk": 1, "name": "tempest-flavor_with_ephemeral_0-696594318", "id": 1389144317, "OS-FLV-EXT-DATA:ephemeral": 0, "os-flavor-access:is_public": "True"}} {{(pid=118697) _process_stack /opt/stack/nova/nova/api/openstack/wsgi.py:511}}
Apr 29 10:59:23.596700 n-d-838554-5 devstack@n-api.service[118697]: INFO nova.api.openstack.requestlog [None req-4b2efa31-6668-4a42-b033-1d2eb6fe1e90 tempest-ServersWithSpecificFlavorTestJSON-1901900135 tempest-ServersWithSpecificFlavorTestJSON-1901900135-project-admin] 10.222.0.52 "POST /compute/v2.1/flavors" status: 200 len: 424 microversion: 2.1 time: 0.039095
Apr 29 10:59:23.597949 n-d-838554-5 devstack@n-api.service[118697]: [pid: 118697|app: 0|req: 77/138] 10.222.0.52 () {60 vars in 1146 bytes} [Fri Apr 29 10:59:23 2022] POST /compute/v2.1/flavors => generated 424 bytes in 45 msecs (HTTP/1.1 200) 9 headers in 357 bytes (1 switches on core 0)
Apr 29 10:59:23.605220 n-d-838554-5 devstack@n-api.service[118697]: DEBUG nova.api.openstack.wsgi [None req-13990f4c-b451-4e2a-a98f-d591643e6891 tempest-FlavorsExtraSpecsNegativeTestJSON-592903374 tempest-FlavorsExtraSpecsNegativeTestJSON-592903374-project] Action: 'create', calling method: >, body: {"extra_specs": {"hw:numa_nodes": "1", "hw:cpu_policy": "shared"}} {{(pid=118697) _process_stack /opt/stack/nova/nova/api/openstack/wsgi.py:511}}
Apr 29 10:59:23.607601 n-d-838554-5 devstack@n-api.service[118697]: /usr/local/lib/python3.8/dist-packages/oslo_policy/policy.py:1119: UserWarning: Policy "os_compute_api:os-flavor-extra-specs:create": "rule:context_is_admin" failed scope check. The token used to make the request was project scoped but the policy requires ['system'] scope. This behavior may change in the future where using the intended scope is required
Apr 29 10:59:23.607601 n-d-838554-5 devstack@n-api.service[118697]: warnings.warn(msg)
Apr 29 10:59:23.611196 n-d-838554-5 devstack@n-api.service[118697]: DEBUG nova.policy [None req-13990f4c-b451-4e2a-a98f-d591643e6891 tempest-FlavorsExtraSpecsNegativeTestJSON-592903374 tempest-FlavorsExtraSpecsNegativeTestJSON-592903374-project] Policy check for os_compute_api:os-flavor-extra-specs:create failed with credentials {'is_admin': False, 'user_id': '62d11f6dabc146b28263cd2583f7ed7b', 'user_domain_id': 'default', 'system_scope': None, 'domain_id': None, 'project_id': '747fb3158084498aa1d44ce877710bda', 'project_domain_id': 'default', 'roles': ['member', 'reader'], 'is_admin_project': True, 'service_user_id': None, 'service_user_domain_id': None, 'service_project_id': None, 'service_project_domain_id': None, 'service_roles': []} {{(pid=118697) authorize /opt/stack/nova/nova/policy.py:199}}
Apr 29 10:59:23.613115 n-d-838554-5 devstack@n-api.service[118697]: DEBUG nova.api.openstack.wsgi [None req-13990f4c-b451-4e2a-a98f-d591643e6891 tempest-FlavorsExtraSpecsNegativeTestJSON-592903374 tempest-FlavorsExtraSpecsNegativeTestJSON-592903374-project] Returning 403 to user: Policy doesn't allow os_compute_api:os-flavor-extra-specs:create to be performed. {{(pid=118697) __call__ /opt/stack/nova/nova/api/openstack/wsgi.py:936}}
Apr 29 10:59:23.614977 n-d-838554-5 devstack@n-api.service[118697]: INFO nova.api.openstack.requestlog [None req-13990f4c-b451-4e2a-a98f-d591643e6891 tempest-FlavorsExtraSpecsNegativeTestJSON-592903374 tempest-FlavorsExtraSpecsNegativeTestJSON-592903374-project] 10.222.0.52 "POST /compute/v2.1/flavors/2120739278/os-extra_specs" status: 403 len: 124 microversion: 2.1 time: 0.015799
Apr 29 10:59:23.632295 n-d-838554-5 devstack@n-api.service[118697]: [pid: 118697|app: 0|req: 78/139] 10.222.0.52 () {60 vars in 1223 bytes} [Fri Apr 29 10:59:23 2022] POST /compute/v2.1/flavors/2120739278/os-extra_specs => generated 124 bytes in 34 msecs (HTTP/1.1 403) 9 headers in 379 bytes (1 switches on core 0)
Apr 29 10:59:23.651452 n-d-838554-5 devstack@n-api.service[118697]: DEBUG nova.api.openstack.wsgi [None req-ab49c2ee-03de-4a46-b151-0e30f7333bb9 tempest-FlavorsAccessTestJSON-479775005 tempest-FlavorsAccessTestJSON-479775005-project-admin] Calling method '>' {{(pid=118697) _process_stack /opt/stack/nova/nova/api/openstack/wsgi.py:513}}
Apr 29 10:59:23.654433 n-d-838554-5 devstack@n-api.service[118697]: /usr/local/lib/python3.8/dist-packages/oslo_policy/policy.py:1119: UserWarning: Policy "os_compute_api:os-flavor-manage:delete": "rule:context_is_admin" failed scope check. The token used to make the request was project scoped but the policy requires ['system'] scope. This behavior may change in the future where using the intended scope is required
Apr 29 10:59:23.654433 n-d-838554-5 devstack@n-api.service[118697]: warnings.warn(msg)
Apr 29 10:59:23.678160 n-d-838554-5 devstack@n-api.service[118697]: INFO nova.api.openstack.requestlog [None req-ab49c2ee-03de-4a46-b151-0e30f7333bb9 tempest-FlavorsAccessTestJSON-479775005 tempest-FlavorsAccessTestJSON-479775005-project-admin] 10.222.0.52 "DELETE /compute/v2.1/flavors/967270214" status: 202 len: 0 microversion: 2.1 time: 0.043912
Apr 29 10:59:23.679174 n-d-838554-5 devstack@n-api.service[118697]: [pid: 118697|app: 0|req: 79/140] 10.222.0.52 () {58 vars in 1157 bytes} [Fri Apr 29 10:59:23 2022] DELETE /compute/v2.1/flavors/967270214 => generated 0 bytes in 46 msecs (HTTP/1.1 202) 9 headers in 361 bytes (1 switches on core 0)
Apr 29 10:59:23.686156 n-d-838554-5 devstack@n-api.service[118697]: DEBUG nova.api.openstack.wsgi [None req-7f016606-80dc-40cb-b4c8-89119075f887 tempest-ServersWithSpecificFlavorTestJSON-1901900135 tempest-ServersWithSpecificFlavorTestJSON-1901900135-project-admin] Calling method '>' {{(pid=118697) _process_stack /opt/stack/nova/nova/api/openstack/wsgi.py:513}}
Apr 29 10:59:23.696853 n-d-838554-5 devstack@n-api.service[118697]: INFO nova.api.openstack.requestlog [None req-7f016606-80dc-40cb-b4c8-89119075f887 tempest-ServersWithSpecificFlavorTestJSON-1901900135 tempest-ServersWithSpecificFlavorTestJSON-1901900135-project-admin] 10.222.0.52 "GET /compute/v2.1/flavors/452/os-extra_specs" status: 200 len: 19 microversion: 2.1 time: 0.016284
Apr 29 10:59:23.700522 n-d-838554-5 devstack@n-api.service[118697]: [pid: 118697|app: 0|req: 80/141] 10.222.0.52 () {58 vars in 1181 bytes} [Fri Apr 29 10:59:23 2022] GET /compute/v2.1/flavors/452/os-extra_specs => generated 19 bytes in 18 msecs (HTTP/1.1 200) 9 headers in 356 bytes (1 switches on core 0)
Apr 29 10:59:23.705020 n-d-838554-5 devstack@n-api.service[118697]: DEBUG nova.api.openstack.wsgi [None req-b0992781-f0c1-44a2-9029-2565bd50e8fc tempest-FlavorsExtraSpecsNegativeTestJSON-345747753 tempest-FlavorsExtraSpecsNegativeTestJSON-345747753-project-admin] Action: 'create', calling method: >, body: {"extra_specs": {"hw:numa_nodes": "1", "hw:cpu_policy": "shared"}} {{(pid=118697) _process_stack /opt/stack/nova/nova/api/openstack/wsgi.py:511}}
Apr 29 10:59:23.744587 n-d-838554-5 devstack@n-api.service[118697]: INFO nova.api.openstack.requestlog [None req-b0992781-f0c1-44a2-9029-2565bd50e8fc tempest-FlavorsExtraSpecsNegativeTestJSON-345747753 tempest-FlavorsExtraSpecsNegativeTestJSON-345747753-project-admin] 10.222.0.52 "POST /compute/v2.1/flavors/2120739278/os-extra_specs" status: 200 len: 66 microversion: 2.1 time: 0.043405
Apr 29 10:59:23.750741 n-d-838554-5 devstack@n-api.service[118697]: [pid: 118697|app: 0|req: 81/142] 10.222.0.52 () {60 vars in 1223 bytes} [Fri Apr 29 10:59:23 2022] POST /compute/v2.1/flavors/2120739278/os-extra_specs => generated 66 bytes in 47 msecs (HTTP/1.1 200) 9 headers in 356 bytes (1 switches on core 0)
Apr 29 10:59:23.755811 n-d-838554-5 devstack@n-api.service[118697]: DEBUG nova.api.openstack.wsgi [None req-8bda0657-1c93-4cc4-b6ba-e25431539f34 tempest-FlavorsAccessTestJSON-479775005 tempest-FlavorsAccessTestJSON-479775005-project-admin] Calling method '>' {{(pid=118697) _process_stack /opt/stack/nova/nova/api/openstack/wsgi.py:513}}
Apr 29 10:59:23.788540 n-d-838554-5 devstack@n-api.service[118697]: INFO nova.api.openstack.requestlog [None req-8bda0657-1c93-4cc4-b6ba-e25431539f34 tempest-FlavorsAccessTestJSON-479775005 tempest-FlavorsAccessTestJSON-479775005-project-admin] 10.222.0.52 "GET /compute/v2.1/flavors/detail" status: 200 len: 6213 microversion: 2.1 time: 0.041859
Apr 29 10:59:23.789879 n-d-838554-5 devstack@n-api.service[118697]: [pid: 118697|app: 0|req: 82/143] 10.222.0.52 () {58 vars in 1145 bytes} [Fri Apr 29 10:59:23 2022] GET /compute/v2.1/flavors/detail => generated 6213 bytes in 44 msecs (HTTP/1.1 200) 9 headers in 358 bytes (1 switches on core 0)
Apr 29 10:59:23.790850 n-d-838554-5 devstack@n-api.service[118696]: DEBUG nova.policy [None req-e90ab693-987d-40af-bd8b-abeb5c1aec21 tempest-DeleteServersAdminTestJSON-70894855 tempest-DeleteServersAdminTestJSON-70894855-project] Policy check for os_compute_api:os-extended-server-attributes failed with credentials {'is_admin': False, 'user_id': 'b47bb8d41ede4374a2135cb19dc7a215', 'user_domain_id': 'default', 'system_scope': None, 'domain_id': None, 'project_id': 'ae0b5e66ceae4b87a30f613cc52dbb0f', 'project_domain_id': 'default', 'roles': ['member', 'reader'], 'is_admin_project': True, 'service_user_id': None, 'service_user_domain_id': None, 'service_project_id': None, 'service_project_domain_id': None, 'service_roles': []} {{(pid=118696) authorize /opt/stack/nova/nova/policy.py:199}}
Apr 29 10:59:23.796286 n-d-838554-5 devstack@n-api.service[118697]: DEBUG nova.api.openstack.wsgi [None req-30388ecf-bbe3-4878-93ee-4421ca3c2309 tempest-ServersWithSpecificFlavorTestJSON-332411995 tempest-ServersWithSpecificFlavorTestJSON-332411995-project] Action: 'create', calling method: .version_select at 0x7f477c6e43a0>, body: {"keypair": {"name": "tempest-keypair-1320456183"}} {{(pid=118697) _process_stack /opt/stack/nova/nova/api/openstack/wsgi.py:511}}
Apr 29 10:59:23.800030 n-d-838554-5 devstack@n-api.service[118696]: INFO nova.api.openstack.requestlog [None req-e90ab693-987d-40af-bd8b-abeb5c1aec21 tempest-DeleteServersAdminTestJSON-70894855 tempest-DeleteServersAdminTestJSON-70894855-project] 10.222.0.52 "GET /compute/v2.1/servers/52fe3cab-b10e-42a3-8cb1-51272d759edb" status: 200 len: 1342 microversion: 2.1 time: 0.329464
Apr 29 10:59:23.800881 n-d-838554-5 devstack@n-api.service[118696]: [pid: 118696|app: 0|req: 62/144] 10.222.0.52 () {58 vars in 1235 bytes} [Fri Apr 29 10:59:23 2022] GET /compute/v2.1/servers/52fe3cab-b10e-42a3-8cb1-51272d759edb => generated 1342 bytes in 331 msecs (HTTP/1.1 200) 9 headers in 358 bytes (1 switches on core 0)
Apr 29 10:59:23.816602 n-d-838554-5 devstack@n-api.service[118696]: DEBUG nova.api.openstack.wsgi [None req-f734eefc-1660-4d94-ba10-cd3fee1a9e30 tempest-AggregatesAdminTestJSON-827435371 tempest-AggregatesAdminTestJSON-827435371-project] Calling method '>' {{(pid=118696) _process_stack /opt/stack/nova/nova/api/openstack/wsgi.py:513}}
Apr 29 10:59:23.823904 n-d-838554-5 devstack@n-api.service[118696]: DEBUG nova.compute.api [None req-f734eefc-1660-4d94-ba10-cd3fee1a9e30 tempest-AggregatesAdminTestJSON-827435371 tempest-AggregatesAdminTestJSON-827435371-project] [instance: 3109e15b-53be-42b5-af0a-93139e093bff] Fetching instance by UUID {{(pid=118696) get /opt/stack/nova/nova/compute/api.py:2918}}
Apr 29 10:59:23.833280 n-d-838554-5 devstack@n-api.service[118696]: DEBUG oslo_concurrency.lockutils [None req-f734eefc-1660-4d94-ba10-cd3fee1a9e30 tempest-AggregatesAdminTestJSON-827435371 tempest-AggregatesAdminTestJSON-827435371-project] Lock "ff371224-2bb2-45dc-aa00-58b1fefadf1f" acquired by "nova.context.set_target_cell..get_or_set_cached_cell_and_set_connections" :: waited 0.000s {{(pid=118696) inner /usr/local/lib/python3.8/dist-packages/oslo_concurrency/lockutils.py:386}}
Apr 29 10:59:23.833947 n-d-838554-5 devstack@n-api.service[118696]: DEBUG oslo_concurrency.lockutils [None req-f734eefc-1660-4d94-ba10-cd3fee1a9e30 tempest-AggregatesAdminTestJSON-827435371 tempest-AggregatesAdminTestJSON-827435371-project] Lock "ff371224-2bb2-45dc-aa00-58b1fefadf1f" "released" by "nova.context.set_target_cell..get_or_set_cached_cell_and_set_connections" :: held 0.001s {{(pid=118696) inner /usr/local/lib/python3.8/dist-packages/oslo_concurrency/lockutils.py:400}}
Apr 29 10:59:23.834911 n-d-838554-5 devstack@n-api.service[118696]: DEBUG oslo_concurrency.lockutils [None req-f734eefc-1660-4d94-ba10-cd3fee1a9e30 tempest-AggregatesAdminTestJSON-827435371 tempest-AggregatesAdminTestJSON-827435371-project] Lock "ff371224-2bb2-45dc-aa00-58b1fefadf1f" acquired by "nova.context.set_target_cell..get_or_set_cached_cell_and_set_connections" :: waited 0.000s {{(pid=118696) inner /usr/local/lib/python3.8/dist-packages/oslo_concurrency/lockutils.py:386}}
Apr 29 10:59:23.835675 n-d-838554-5 devstack@n-api.service[118696]: DEBUG oslo_concurrency.lockutils [None req-f734eefc-1660-4d94-ba10-cd3fee1a9e30 tempest-AggregatesAdminTestJSON-827435371 tempest-AggregatesAdminTestJSON-827435371-project] Lock "ff371224-2bb2-45dc-aa00-58b1fefadf1f" "released" by "nova.context.set_target_cell..get_or_set_cached_cell_and_set_connections" :: held 0.001s {{(pid=118696) inner /usr/local/lib/python3.8/dist-packages/oslo_concurrency/lockutils.py:400}}
Apr 29 10:59:23.858408 n-d-838554-5 devstack@n-api.service[118697]: DEBUG nova.quota [None req-30388ecf-bbe3-4878-93ee-4421ca3c2309 tempest-ServersWithSpecificFlavorTestJSON-332411995 tempest-ServersWithSpecificFlavorTestJSON-332411995-project] Getting quotas for project d8ac6c2fc1374b2d92755db3f5aa209d. Resources: {'key_pairs'} {{(pid=118697) _get_quotas /opt/stack/nova/nova/quota.py:393}}
Apr 29 10:59:23.867506 n-d-838554-5 devstack@n-api.service[118697]: DEBUG nova.quota [None req-30388ecf-bbe3-4878-93ee-4421ca3c2309 tempest-ServersWithSpecificFlavorTestJSON-332411995 tempest-ServersWithSpecificFlavorTestJSON-332411995-project] Getting quotas for user 3a13373711b947898fc0fd10426f62ec and project d8ac6c2fc1374b2d92755db3f5aa209d. Resources: {'key_pairs'} {{(pid=118697) _get_quotas /opt/stack/nova/nova/quota.py:383}}
Apr 29 10:59:24.132883 n-d-838554-5 devstack@n-api.service[118697]: DEBUG nova.quota [None req-30388ecf-bbe3-4878-93ee-4421ca3c2309 tempest-ServersWithSpecificFlavorTestJSON-332411995 tempest-ServersWithSpecificFlavorTestJSON-332411995-project] Getting quotas for project d8ac6c2fc1374b2d92755db3f5aa209d. Resources: {'key_pairs'} {{(pid=118697) _get_quotas /opt/stack/nova/nova/quota.py:393}}
Apr 29 10:59:24.142926 n-d-838554-5 devstack@n-api.service[118697]: DEBUG nova.quota [None req-30388ecf-bbe3-4878-93ee-4421ca3c2309 tempest-ServersWithSpecificFlavorTestJSON-332411995 tempest-ServersWithSpecificFlavorTestJSON-332411995-project] Getting quotas for user 3a13373711b947898fc0fd10426f62ec and project d8ac6c2fc1374b2d92755db3f5aa209d. Resources: {'key_pairs'} {{(pid=118697) _get_quotas /opt/stack/nova/nova/quota.py:383}}
Apr 29 10:59:24.147673 n-d-838554-5 devstack@n-api.service[118696]: DEBUG nova.policy [None req-f734eefc-1660-4d94-ba10-cd3fee1a9e30 tempest-AggregatesAdminTestJSON-827435371 tempest-AggregatesAdminTestJSON-827435371-project] Policy check for os_compute_api:os-extended-server-attributes failed with credentials {'is_admin': False, 'user_id': '9e762f66fd534778a94f63cf215e2d22', 'user_domain_id': 'default', 'system_scope': None, 'domain_id': None, 'project_id': '26345f7ed4bc448193fb47c11238d6ec', 'project_domain_id': 'default', 'roles': ['member', 'reader'], 'is_admin_project': True, 'service_user_id': None, 'service_user_domain_id': None, 'service_project_id': None, 'service_project_domain_id': None, 'service_roles': []} {{(pid=118696) authorize /opt/stack/nova/nova/policy.py:199}}
Apr 29 10:59:24.158724 n-d-838554-5 devstack@n-api.service[118696]: INFO nova.api.openstack.requestlog [None req-f734eefc-1660-4d94-ba10-cd3fee1a9e30 tempest-AggregatesAdminTestJSON-827435371 tempest-AggregatesAdminTestJSON-827435371-project] 10.222.0.52 "GET /compute/v2.1/servers/3109e15b-53be-42b5-af0a-93139e093bff" status: 200 len: 1337 microversion: 2.1 time: 0.356340
Apr 29 10:59:24.159835 n-d-838554-5 devstack@n-api.service[118696]: [pid: 118696|app: 0|req: 63/145] 10.222.0.52 () {58 vars in 1235 bytes} [Fri Apr 29 10:59:23 2022] GET /compute/v2.1/servers/3109e15b-53be-42b5-af0a-93139e093bff => generated 1337 bytes in 358 msecs (HTTP/1.1 200) 9 headers in 358 bytes (1 switches on core 0)
Apr 29 10:59:24.165646 n-d-838554-5 devstack@n-api.service[118696]: DEBUG nova.api.openstack.wsgi [None req-743b1b01-e4c3-4daa-b994-660f25c61cd5 tempest-FlavorsExtraSpecsNegativeTestJSON-592903374 tempest-FlavorsExtraSpecsNegativeTestJSON-592903374-project] Calling method '>' {{(pid=118696) _process_stack /opt/stack/nova/nova/api/openstack/wsgi.py:513}}
Apr 29 10:59:24.166870 n-d-838554-5 devstack@n-api.service[118696]: /usr/local/lib/python3.8/dist-packages/oslo_policy/policy.py:1119: UserWarning: Policy "os_compute_api:os-flavor-extra-specs:delete": "rule:context_is_admin" failed scope check. The token used to make the request was project scoped but the policy requires ['system'] scope. This behavior may change in the future where using the intended scope is required
Apr 29 10:59:24.166870 n-d-838554-5 devstack@n-api.service[118696]: warnings.warn(msg)
Apr 29 10:59:24.168271 n-d-838554-5 devstack@n-api.service[118696]: DEBUG nova.policy [None req-743b1b01-e4c3-4daa-b994-660f25c61cd5 tempest-FlavorsExtraSpecsNegativeTestJSON-592903374 tempest-FlavorsExtraSpecsNegativeTestJSON-592903374-project] Policy check for os_compute_api:os-flavor-extra-specs:delete failed with credentials {'is_admin': False, 'user_id': '62d11f6dabc146b28263cd2583f7ed7b', 'user_domain_id': 'default', 'system_scope': None, 'domain_id': None, 'project_id': '747fb3158084498aa1d44ce877710bda', 'project_domain_id': 'default', 'roles': ['member', 'reader'], 'is_admin_project': True, 'service_user_id': None, 'service_user_domain_id': None, 'service_project_id': None, 'service_project_domain_id': None, 'service_roles': []} {{(pid=118696) authorize /opt/stack/nova/nova/policy.py:199}}
Apr 29 10:59:24.169858 n-d-838554-5 devstack@n-api.service[118696]: DEBUG nova.api.openstack.wsgi [None req-743b1b01-e4c3-4daa-b994-660f25c61cd5 tempest-FlavorsExtraSpecsNegativeTestJSON-592903374 tempest-FlavorsExtraSpecsNegativeTestJSON-592903374-project] Returning 403 to user: Policy doesn't allow os_compute_api:os-flavor-extra-specs:delete to be performed. {{(pid=118696) __call__ /opt/stack/nova/nova/api/openstack/wsgi.py:936}}
Apr 29 10:59:24.170999 n-d-838554-5 devstack@n-api.service[118696]: INFO nova.api.openstack.requestlog [None req-743b1b01-e4c3-4daa-b994-660f25c61cd5 tempest-FlavorsExtraSpecsNegativeTestJSON-592903374 tempest-FlavorsExtraSpecsNegativeTestJSON-592903374-project] 10.222.0.52 "DELETE /compute/v2.1/flavors/2120739278/os-extra_specs/hw:numa_nodes" status: 403 len: 124 microversion: 2.1 time: 0.009702
Apr 29 10:59:24.171446 n-d-838554-5 devstack@n-api.service[118697]: INFO nova.api.openstack.requestlog [None req-30388ecf-bbe3-4878-93ee-4421ca3c2309 tempest-ServersWithSpecificFlavorTestJSON-332411995 tempest-ServersWithSpecificFlavorTestJSON-332411995-project] 10.222.0.52 "POST /compute/v2.1/os-keypairs" status: 200 len: 2301 microversion: 2.1 time: 0.379803
Apr 29 10:59:24.172717 n-d-838554-5 devstack@n-api.service[118696]: [pid: 118696|app: 0|req: 64/146] 10.222.0.52 () {58 vars in 1247 bytes} [Fri Apr 29 10:59:24 2022] DELETE /compute/v2.1/flavors/2120739278/os-extra_specs/hw:numa_nodes => generated 124 bytes in 12 msecs (HTTP/1.1 403) 9 headers in 379 bytes (1 switches on core 0)
Apr 29 10:59:24.178613 n-d-838554-5 devstack@n-api.service[118697]: [pid: 118697|app: 0|req: 83/147] 10.222.0.52 () {60 vars in 1157 bytes} [Fri Apr 29 10:59:23 2022] POST /compute/v2.1/os-keypairs => generated 2301 bytes in 388 msecs (HTTP/1.1 200) 9 headers in 358 bytes (1 switches on core 0)
Apr 29 10:59:24.184844 n-d-838554-5 devstack@n-api.service[118697]: DEBUG nova.api.openstack.wsgi [None req-1eb64e87-1a48-4ee6-aec0-390227f96a52 tempest-FlavorsExtraSpecsNegativeTestJSON-345747753 tempest-FlavorsExtraSpecsNegativeTestJSON-345747753-project-admin] Action: 'create', calling method: >, body: {"extra_specs": {"hw:numa_nodes": "1", "hw:cpu_policy": "shared"}} {{(pid=118697) _process_stack /opt/stack/nova/nova/api/openstack/wsgi.py:511}}
Apr 29 10:59:24.207090 n-d-838554-5 devstack@n-api.service[118696]: DEBUG nova.api.openstack.wsgi [None req-06cbd8b1-c311-4a81-854f-d4237c426980 tempest-FlavorsAccessTestJSON-479775005 tempest-FlavorsAccessTestJSON-479775005-project-admin] Action: 'create', calling method: >, body: {"flavor": {"ram": 512, "vcpus": 1, "disk": 10, "name": "tempest-FlavorsAccessTestJSON-flavor-708805627", "id": 54149502, "os-flavor-access:is_public": "False"}} {{(pid=118696) _process_stack /opt/stack/nova/nova/api/openstack/wsgi.py:511}}
Apr 29 10:59:24.209221 n-d-838554-5 devstack@n-api.service[118696]: /usr/local/lib/python3.8/dist-packages/oslo_policy/policy.py:1119: UserWarning: Policy "os_compute_api:os-flavor-manage:create": "rule:context_is_admin" failed scope check. The token used to make the request was project scoped but the policy requires ['system'] scope. This behavior may change in the future where using the intended scope is required
Apr 29 10:59:24.209221 n-d-838554-5 devstack@n-api.service[118696]: warnings.warn(msg)
Apr 29 10:59:24.216075 n-d-838554-5 devstack@n-api.service[118697]: INFO nova.api.openstack.requestlog [None req-1eb64e87-1a48-4ee6-aec0-390227f96a52 tempest-FlavorsExtraSpecsNegativeTestJSON-345747753 tempest-FlavorsExtraSpecsNegativeTestJSON-345747753-project-admin] 10.222.0.52 "POST /compute/v2.1/flavors/2120739278/os-extra_specs" status: 200 len: 66 microversion: 2.1 time: 0.035843
Apr 29 10:59:24.217558 n-d-838554-5 devstack@n-api.service[118697]: [pid: 118697|app: 0|req: 84/148] 10.222.0.52 () {60 vars in 1223 bytes} [Fri Apr 29 10:59:24 2022] POST /compute/v2.1/flavors/2120739278/os-extra_specs => generated 66 bytes in 38 msecs (HTTP/1.1 200) 9 headers in 356 bytes (1 switches on core 0)
Apr 29 10:59:24.239505 n-d-838554-5 devstack@n-api.service[118697]: DEBUG nova.api.openstack.wsgi [None req-27432c34-8736-47bd-bde9-31cf1d553c63 tempest-FlavorsExtraSpecsNegativeTestJSON-592903374 tempest-FlavorsExtraSpecsNegativeTestJSON-592903374-project] Action: 'update', calling method: >, body: {"hw:numa_nodes": "1"} {{(pid=118697) _process_stack /opt/stack/nova/nova/api/openstack/wsgi.py:511}}
Apr 29 10:59:24.248488 n-d-838554-5 devstack@n-api.service[118697]: /usr/local/lib/python3.8/dist-packages/oslo_policy/policy.py:1119: UserWarning: Policy "os_compute_api:os-flavor-extra-specs:update": "rule:context_is_admin" failed scope check. The token used to make the request was project scoped but the policy requires ['system'] scope. This behavior may change in the future where using the intended scope is required
Apr 29 10:59:24.248488 n-d-838554-5 devstack@n-api.service[118697]: warnings.warn(msg)
Apr 29 10:59:24.252664 n-d-838554-5 devstack@n-api.service[118696]: INFO nova.api.openstack.requestlog [None req-06cbd8b1-c311-4a81-854f-d4237c426980 tempest-FlavorsAccessTestJSON-479775005 tempest-FlavorsAccessTestJSON-479775005-project-admin] 10.222.0.52 "POST /compute/v2.1/flavors" status: 200 len: 424 microversion: 2.1 time: 0.076009
Apr 29 10:59:24.252859 n-d-838554-5 devstack@n-api.service[118697]: DEBUG nova.policy [None req-27432c34-8736-47bd-bde9-31cf1d553c63 tempest-FlavorsExtraSpecsNegativeTestJSON-592903374 tempest-FlavorsExtraSpecsNegativeTestJSON-592903374-project] Policy check for os_compute_api:os-flavor-extra-specs:update failed with credentials {'is_admin': False, 'user_id': '62d11f6dabc146b28263cd2583f7ed7b', 'user_domain_id': 'default', 'system_scope': None, 'domain_id': None, 'project_id': '747fb3158084498aa1d44ce877710bda', 'project_domain_id': 'default', 'roles': ['member', 'reader'], 'is_admin_project': True, 'service_user_id': None, 'service_user_domain_id': None, 'service_project_id': None, 'service_project_domain_id': None, 'service_roles': []} {{(pid=118697) authorize /opt/stack/nova/nova/policy.py:199}}
Apr 29 10:59:24.254972 n-d-838554-5 devstack@n-api.service[118696]: [pid: 118696|app: 0|req: 65/149] 10.222.0.52 () {60 vars in 1146 bytes} [Fri Apr 29 10:59:24 2022] POST /compute/v2.1/flavors => generated 424 bytes in 82 msecs (HTTP/1.1 200) 9 headers in 357 bytes (1 switches on core 0)
Apr 29 10:59:24.267674 n-d-838554-5 devstack@n-api.service[118697]: DEBUG nova.api.openstack.wsgi [None req-27432c34-8736-47bd-bde9-31cf1d553c63 tempest-FlavorsExtraSpecsNegativeTestJSON-592903374 tempest-FlavorsExtraSpecsNegativeTestJSON-592903374-project] Returning 403 to user: Policy doesn't allow os_compute_api:os-flavor-extra-specs:update to be performed. {{(pid=118697) __call__ /opt/stack/nova/nova/api/openstack/wsgi.py:936}}
Apr 29 10:59:24.271343 n-d-838554-5 devstack@n-api.service[118697]: INFO nova.api.openstack.requestlog [None req-27432c34-8736-47bd-bde9-31cf1d553c63 tempest-FlavorsExtraSpecsNegativeTestJSON-592903374 tempest-FlavorsExtraSpecsNegativeTestJSON-592903374-project] 10.222.0.52 "PUT /compute/v2.1/flavors/2120739278/os-extra_specs/hw:numa_nodes" status: 403 len: 124 microversion: 2.1 time: 0.046971
Apr 29 10:59:24.274186 n-d-838554-5 devstack@n-api.service[118696]: DEBUG nova.api.openstack.wsgi [None req-6f6c159c-8d27-4bf8-9786-fa16a382b9dd tempest-FlavorsAccessTestJSON-479775005 tempest-FlavorsAccessTestJSON-479775005-project-admin] Calling method '>' {{(pid=118696) _process_stack /opt/stack/nova/nova/api/openstack/wsgi.py:513}}
Apr 29 10:59:24.274477 n-d-838554-5 devstack@n-api.service[118697]: [pid: 118697|app: 0|req: 85/150] 10.222.0.52 () {60 vars in 1264 bytes} [Fri Apr 29 10:59:24 2022] PUT /compute/v2.1/flavors/2120739278/os-extra_specs/hw:numa_nodes => generated 124 bytes in 51 msecs (HTTP/1.1 403) 9 headers in 379 bytes (2 switches on core 0)
Apr 29 10:59:24.274870 n-d-838554-5 devstack@n-api.service[118696]: /usr/local/lib/python3.8/dist-packages/oslo_policy/policy.py:1119: UserWarning: Policy "os_compute_api:os-flavor-access": "rule:context_is_admin" failed scope check. The token used to make the request was project scoped but the policy requires ['system'] scope. This behavior may change in the future where using the intended scope is required
Apr 29 10:59:24.274870 n-d-838554-5 devstack@n-api.service[118696]: warnings.warn(msg)
Apr 29 10:59:24.303902 n-d-838554-5 devstack@n-api.service[118697]: DEBUG nova.api.openstack.wsgi [None req-7d4339f8-544d-4775-adbd-1110d80fc788 tempest-FlavorsExtraSpecsNegativeTestJSON-345747753 tempest-FlavorsExtraSpecsNegativeTestJSON-345747753-project-admin] Calling method '>' {{(pid=118697) _process_stack /opt/stack/nova/nova/api/openstack/wsgi.py:513}}
Apr 29 10:59:24.306151 n-d-838554-5 devstack@n-api.service[118697]: /usr/local/lib/python3.8/dist-packages/oslo_policy/policy.py:1119: UserWarning: Policy "os_compute_api:os-flavor-extra-specs:delete": "rule:context_is_admin" failed scope check. The token used to make the request was project scoped but the policy requires ['system'] scope. This behavior may change in the future where using the intended scope is required
Apr 29 10:59:24.306151 n-d-838554-5 devstack@n-api.service[118697]: warnings.warn(msg)
Apr 29 10:59:24.321331 n-d-838554-5 devstack@n-api.service[118697]: INFO nova.api.openstack.wsgi [None req-7d4339f8-544d-4775-adbd-1110d80fc788 tempest-FlavorsExtraSpecsNegativeTestJSON-345747753 tempest-FlavorsExtraSpecsNegativeTestJSON-345747753-project-admin] HTTP exception thrown: Flavor 2120739278 has no extra specs with key hw:cpu_thread_policy.
Apr 29 10:59:24.326332 n-d-838554-5 devstack@n-api.service[118697]: DEBUG nova.api.openstack.wsgi [None req-7d4339f8-544d-4775-adbd-1110d80fc788 tempest-FlavorsExtraSpecsNegativeTestJSON-345747753 tempest-FlavorsExtraSpecsNegativeTestJSON-345747753-project-admin] Returning 404 to user: Flavor 2120739278 has no extra specs with key hw:cpu_thread_policy. {{(pid=118697) __call__ /opt/stack/nova/nova/api/openstack/wsgi.py:936}}
Apr 29 10:59:24.327061 n-d-838554-5 devstack@n-api.service[118697]: INFO nova.api.openstack.requestlog [None req-7d4339f8-544d-4775-adbd-1110d80fc788 tempest-FlavorsExtraSpecsNegativeTestJSON-345747753 tempest-FlavorsExtraSpecsNegativeTestJSON-345747753-project-admin] 10.222.0.52 "DELETE /compute/v2.1/flavors/2120739278/os-extra_specs/hw:cpu_thread_policy" status: 404 len: 113 microversion: 2.1 time: 0.036194
Apr 29 10:59:24.331282 n-d-838554-5 devstack@n-api.service[118697]: [pid: 118697|app: 0|req: 86/151] 10.222.0.52 () {58 vars in 1268 bytes} [Fri Apr 29 10:59:24 2022] DELETE /compute/v2.1/flavors/2120739278/os-extra_specs/hw:cpu_thread_policy => generated 113 bytes in 45 msecs (HTTP/1.1 404) 9 headers in 379 bytes (1 switches on core 0)
Apr 29 10:59:24.335089 n-d-838554-5 devstack@n-api.service[118696]: INFO nova.api.openstack.requestlog [None req-6f6c159c-8d27-4bf8-9786-fa16a382b9dd tempest-FlavorsAccessTestJSON-479775005 tempest-FlavorsAccessTestJSON-479775005-project-admin] 10.222.0.52 "GET /compute/v2.1/flavors/54149502/os-flavor-access" status: 200 len: 21 microversion: 2.1 time: 0.069937
Apr 29 10:59:24.337906 n-d-838554-5 devstack@n-api.service[118696]: [pid: 118696|app: 0|req: 66/152] 10.222.0.52 () {58 vars in 1202 bytes} [Fri Apr 29 10:59:24 2022] GET /compute/v2.1/flavors/54149502/os-flavor-access => generated 21 bytes in 76 msecs (HTTP/1.1 200) 9 headers in 356 bytes (1 switches on core 0)
Apr 29 10:59:24.347797 n-d-838554-5 devstack@n-api.service[118697]: DEBUG nova.api.openstack.wsgi [None req-0fb05f14-0230-4027-9cfc-50383eb2b18c tempest-FlavorsExtraSpecsNegativeTestJSON-345747753 tempest-FlavorsExtraSpecsNegativeTestJSON-345747753-project-admin] Action: 'update', calling method: >, body: {"hw:cpu_policy": "shared"} {{(pid=118697) _process_stack /opt/stack/nova/nova/api/openstack/wsgi.py:511}}
Apr 29 10:59:24.349673 n-d-838554-5 devstack@n-api.service[118696]: DEBUG nova.api.openstack.wsgi [None req-362c69b6-6775-496b-9ba0-03ec7653b6bb tempest-FlavorsAccessTestJSON-479775005 tempest-FlavorsAccessTestJSON-479775005-project-admin] Calling method '>' {{(pid=118696) _process_stack /opt/stack/nova/nova/api/openstack/wsgi.py:513}}
Apr 29 10:59:24.350727 n-d-838554-5 devstack@n-api.service[118696]: /usr/local/lib/python3.8/dist-packages/oslo_policy/policy.py:1119: UserWarning: Policy "os_compute_api:os-flavor-manage:delete": "rule:context_is_admin" failed scope check. The token used to make the request was project scoped but the policy requires ['system'] scope. This behavior may change in the future where using the intended scope is required
Apr 29 10:59:24.350727 n-d-838554-5 devstack@n-api.service[118696]: warnings.warn(msg)
Apr 29 10:59:24.356914 n-d-838554-5 devstack@n-api.service[118697]: INFO nova.api.openstack.wsgi [None req-0fb05f14-0230-4027-9cfc-50383eb2b18c tempest-FlavorsExtraSpecsNegativeTestJSON-345747753 tempest-FlavorsExtraSpecsNegativeTestJSON-345747753-project-admin] HTTP exception thrown: Request body and URI mismatch
Apr 29 10:59:24.357872 n-d-838554-5 devstack@n-api.service[118697]: DEBUG nova.api.openstack.wsgi [None req-0fb05f14-0230-4027-9cfc-50383eb2b18c tempest-FlavorsExtraSpecsNegativeTestJSON-345747753 tempest-FlavorsExtraSpecsNegativeTestJSON-345747753-project-admin] Returning 400 to user: Request body and URI mismatch {{(pid=118697) __call__ /opt/stack/nova/nova/api/openstack/wsgi.py:936}}
Apr 29 10:59:24.361900 n-d-838554-5 devstack@n-api.service[118697]: INFO nova.api.openstack.requestlog [None req-0fb05f14-0230-4027-9cfc-50383eb2b18c tempest-FlavorsExtraSpecsNegativeTestJSON-345747753 tempest-FlavorsExtraSpecsNegativeTestJSON-345747753-project-admin] 10.222.0.52 "PUT /compute/v2.1/flavors/2120739278/os-extra_specs/hw:numa_nodes" status: 400 len: 73 microversion: 2.1 time: 0.017276
Apr 29 10:59:24.362558 n-d-838554-5 devstack@n-api.service[118697]: [pid: 118697|app: 0|req: 87/153] 10.222.0.52 () {60 vars in 1264 bytes} [Fri Apr 29 10:59:24 2022] PUT /compute/v2.1/flavors/2120739278/os-extra_specs/hw:numa_nodes => generated 73 bytes in 26 msecs (HTTP/1.1 400) 9 headers in 380 bytes (1 switches on core 0)
Apr 29 10:59:24.378383 n-d-838554-5 devstack@n-api.service[118697]: DEBUG nova.api.openstack.wsgi [None req-cfae3351-12e0-4689-8a00-9c764c817114 tempest-FlavorsExtraSpecsNegativeTestJSON-345747753 tempest-FlavorsExtraSpecsNegativeTestJSON-345747753-project-admin] Action: 'update', calling method: >, body: {"hw:numa_nodes": "1", "hw:cpu_policy": "shared"} {{(pid=118697) _process_stack /opt/stack/nova/nova/api/openstack/wsgi.py:511}}
Apr 29 10:59:24.390095 n-d-838554-5 devstack@n-api.service[118696]: INFO nova.api.openstack.requestlog [None req-362c69b6-6775-496b-9ba0-03ec7653b6bb tempest-FlavorsAccessTestJSON-479775005 tempest-FlavorsAccessTestJSON-479775005-project-admin] 10.222.0.52 "DELETE /compute/v2.1/flavors/54149502" status: 202 len: 0 microversion: 2.1 time: 0.048140
Apr 29 10:59:24.391373 n-d-838554-5 devstack@n-api.service[118696]: [pid: 118696|app: 0|req: 67/154] 10.222.0.52 () {58 vars in 1154 bytes} [Fri Apr 29 10:59:24 2022] DELETE /compute/v2.1/flavors/54149502 => generated 0 bytes in 50 msecs (HTTP/1.1 202) 9 headers in 361 bytes (1 switches on core 0)
Apr 29 10:59:24.400234 n-d-838554-5 devstack@n-api.service[118697]: DEBUG nova.api.openstack.wsgi [None req-cfae3351-12e0-4689-8a00-9c764c817114 tempest-FlavorsExtraSpecsNegativeTestJSON-345747753 tempest-FlavorsExtraSpecsNegativeTestJSON-345747753-project-admin] Returning 400 to user: {'hw:numa_nodes': '1', 'hw:cpu_policy': 'shared'} has too many properties {{(pid=118697) __call__ /opt/stack/nova/nova/api/openstack/wsgi.py:936}}
Apr 29 10:59:24.407671 n-d-838554-5 devstack@n-api.service[118697]: INFO nova.api.openstack.requestlog [None req-cfae3351-12e0-4689-8a00-9c764c817114 tempest-FlavorsExtraSpecsNegativeTestJSON-345747753 tempest-FlavorsExtraSpecsNegativeTestJSON-345747753-project-admin] 10.222.0.52 "PUT /compute/v2.1/flavors/2120739278/os-extra_specs/hw:numa_nodes" status: 400 len: 117 microversion: 2.1 time: 0.032263
Apr 29 10:59:24.412784 n-d-838554-5 devstack@n-api.service[118697]: [pid: 118697|app: 0|req: 88/155] 10.222.0.52 () {60 vars in 1264 bytes} [Fri Apr 29 10:59:24 2022] PUT /compute/v2.1/flavors/2120739278/os-extra_specs/hw:numa_nodes => generated 117 bytes in 38 msecs (HTTP/1.1 400) 9 headers in 381 bytes (1 switches on core 0)
Apr 29 10:59:24.412979 n-d-838554-5 devstack@n-api.service[118696]: DEBUG nova.api.openstack.wsgi [None req-10108860-e8e6-4601-8a8e-c75b5e7615f9 tempest-FlavorsAccessTestJSON-479775005 tempest-FlavorsAccessTestJSON-479775005-project-admin] Calling method '>' {{(pid=118696) _process_stack /opt/stack/nova/nova/api/openstack/wsgi.py:513}}
Apr 29 10:59:24.433419 n-d-838554-5 devstack@n-api.service[118697]: DEBUG nova.api.openstack.wsgi [None req-e15a1088-f2a9-4fde-9e97-629c63d2711b tempest-FlavorsExtraSpecsNegativeTestJSON-345747753 tempest-FlavorsExtraSpecsNegativeTestJSON-345747753-project-admin] Calling method '>' {{(pid=118697) _process_stack /opt/stack/nova/nova/api/openstack/wsgi.py:513}}
Apr 29 10:59:24.457253 n-d-838554-5 devstack@n-api.service[118696]: INFO nova.api.openstack.requestlog [None req-10108860-e8e6-4601-8a8e-c75b5e7615f9 tempest-FlavorsAccessTestJSON-479775005 tempest-FlavorsAccessTestJSON-479775005-project-admin] 10.222.0.52 "GET /compute/v2.1/flavors/detail" status: 200 len: 6213 microversion: 2.1 time: 0.060471
Apr 29 10:59:24.465741 n-d-838554-5 devstack@n-api.service[118696]: [pid: 118696|app: 0|req: 68/156] 10.222.0.52 () {58 vars in 1145 bytes} [Fri Apr 29 10:59:24 2022] GET /compute/v2.1/flavors/detail => generated 6213 bytes in 66 msecs (HTTP/1.1 200) 9 headers in 358 bytes (1 switches on core 0)
Apr 29 10:59:24.478743 n-d-838554-5 devstack@n-api.service[118696]: DEBUG nova.api.openstack.wsgi [None req-cbcdad54-31b3-42cb-9577-25042ed82bf4 tempest-LiveAutoBlockMigrationV225Test-1398041513 tempest-LiveAutoBlockMigrationV225Test-1398041513-project] Calling method '>' {{(pid=118696) _process_stack /opt/stack/nova/nova/api/openstack/wsgi.py:513}}
Apr 29 10:59:24.482638 n-d-838554-5 devstack@n-api.service[118696]: DEBUG nova.compute.api [None req-cbcdad54-31b3-42cb-9577-25042ed82bf4 tempest-LiveAutoBlockMigrationV225Test-1398041513 tempest-LiveAutoBlockMigrationV225Test-1398041513-project] [instance: 3ef7b4e7-36db-4340-aedf-d9260f6e3ffd] Fetching instance by UUID {{(pid=118696) get /opt/stack/nova/nova/compute/api.py:2918}}
Apr 29 10:59:24.493194 n-d-838554-5 devstack@n-api.service[118697]: INFO nova.api.openstack.requestlog [None req-e15a1088-f2a9-4fde-9e97-629c63d2711b tempest-FlavorsExtraSpecsNegativeTestJSON-345747753 tempest-FlavorsExtraSpecsNegativeTestJSON-345747753-project-admin] 10.222.0.52 "DELETE /compute/v2.1/flavors/2120739278" status: 202 len: 0 microversion: 2.1 time: 0.075824
Apr 29 10:59:24.500612 n-d-838554-5 devstack@n-api.service[118697]: [pid: 118697|app: 0|req: 89/157] 10.222.0.52 () {58 vars in 1160 bytes} [Fri Apr 29 10:59:24 2022] DELETE /compute/v2.1/flavors/2120739278 => generated 0 bytes in 85 msecs (HTTP/1.1 202) 9 headers in 361 bytes (1 switches on core 0)
Apr 29 10:59:24.503753 n-d-838554-5 devstack@n-api.service[118696]: DEBUG oslo_concurrency.lockutils [None req-cbcdad54-31b3-42cb-9577-25042ed82bf4 tempest-LiveAutoBlockMigrationV225Test-1398041513 tempest-LiveAutoBlockMigrationV225Test-1398041513-project] Lock "ff371224-2bb2-45dc-aa00-58b1fefadf1f" acquired by "nova.context.set_target_cell..get_or_set_cached_cell_and_set_connections" :: waited 0.000s {{(pid=118696) inner /usr/local/lib/python3.8/dist-packages/oslo_concurrency/lockutils.py:386}}
Apr 29 10:59:24.507454 n-d-838554-5 devstack@n-api.service[118697]: DEBUG nova.api.openstack.wsgi [None req-36f1768b-bb89-46de-b415-82058abaad72 tempest-FlavorsExtraSpecsNegativeTestJSON-345747753 tempest-FlavorsExtraSpecsNegativeTestJSON-345747753-project-admin] Calling method '>' {{(pid=118697) _process_stack /opt/stack/nova/nova/api/openstack/wsgi.py:513}}
Apr 29 10:59:24.508434 n-d-838554-5 devstack@n-api.service[118696]: DEBUG oslo_concurrency.lockutils [None req-cbcdad54-31b3-42cb-9577-25042ed82bf4 tempest-LiveAutoBlockMigrationV225Test-1398041513 tempest-LiveAutoBlockMigrationV225Test-1398041513-project] Lock "ff371224-2bb2-45dc-aa00-58b1fefadf1f" "released" by "nova.context.set_target_cell..get_or_set_cached_cell_and_set_connections" :: held 0.005s {{(pid=118696) inner /usr/local/lib/python3.8/dist-packages/oslo_concurrency/lockutils.py:400}}
Apr 29 10:59:24.510021 n-d-838554-5 devstack@n-api.service[118696]: DEBUG oslo_concurrency.lockutils [None req-cbcdad54-31b3-42cb-9577-25042ed82bf4 tempest-LiveAutoBlockMigrationV225Test-1398041513 tempest-LiveAutoBlockMigrationV225Test-1398041513-project] Lock "ff371224-2bb2-45dc-aa00-58b1fefadf1f" acquired by "nova.context.set_target_cell..get_or_set_cached_cell_and_set_connections" :: waited 0.000s {{(pid=118696) inner /usr/local/lib/python3.8/dist-packages/oslo_concurrency/lockutils.py:386}}
Apr 29 10:59:24.513235 n-d-838554-5 devstack@n-api.service[118696]: DEBUG oslo_concurrency.lockutils [None req-cbcdad54-31b3-42cb-9577-25042ed82bf4 tempest-LiveAutoBlockMigrationV225Test-1398041513 tempest-LiveAutoBlockMigrationV225Test-1398041513-project] Lock "ff371224-2bb2-45dc-aa00-58b1fefadf1f" "released" by "nova.context.set_target_cell..get_or_set_cached_cell_and_set_connections" :: held 0.003s {{(pid=118696) inner /usr/local/lib/python3.8/dist-packages/oslo_concurrency/lockutils.py:400}}
Apr 29 10:59:24.544356 n-d-838554-5 devstack@n-api.service[118697]: INFO nova.api.openstack.requestlog [None req-36f1768b-bb89-46de-b415-82058abaad72 tempest-FlavorsExtraSpecsNegativeTestJSON-345747753 tempest-FlavorsExtraSpecsNegativeTestJSON-345747753-project-admin] 10.222.0.52 "GET /compute/v2.1/flavors/detail" status: 200 len: 5808 microversion: 2.1 time: 0.042383
Apr 29 10:59:24.559109 n-d-838554-5 devstack@n-api.service[118697]: [pid: 118697|app: 0|req: 90/158] 10.222.0.52 () {58 vars in 1145 bytes} [Fri Apr 29 10:59:24 2022] GET /compute/v2.1/flavors/detail => generated 5808 bytes in 58 msecs (HTTP/1.1 200) 9 headers in 358 bytes (1 switches on core 0)
