May 25 18:53:57.894497 n-d-838332-5 devstack@n-api.service[127196]: INFO nova.api.openstack.requestlog [None req-0b98bcd4-5873-414c-870c-129fd2862ee8 tempest-FlavorsV261TestJSON-645263990 tempest-FlavorsV261TestJSON-645263990-project] 10.222.0.78 "GET /compute/v2.1/flavors/1719661312" status: 200 len: 467 microversion: 2.61 time: 0.445512
May 25 18:53:57.895162 n-d-838332-5 devstack@n-api.service[127196]: [pid: 127196|app: 0|req: 40/81] 10.222.0.78 () {60 vars in 1198 bytes} [Wed May 25 18:53:57 2022] GET /compute/v2.1/flavors/1719661312 => generated 467 bytes in 447 msecs (HTTP/1.1 200) 9 headers in 359 bytes (1 switches on core 0)
May 25 18:53:57.906860 n-d-838332-5 devstack@n-api.service[127195]: DEBUG nova.api.openstack.wsgi [None req-20fde39f-ba84-4fad-b7a9-194f0f67ce22 tempest-FlavorsV261TestJSON-1291253412 tempest-FlavorsV261TestJSON-1291253412-project-admin] Action: 'update', calling method: .version_select at 0x7ff7f039a430>, body: {"flavor": {"description": "new"}} {{(pid=127195) _process_stack /opt/stack/nova/nova/api/openstack/wsgi.py:511}}
May 25 18:53:57.918757 n-d-838332-5 devstack@n-api.service[127195]: /usr/local/lib/python3.8/dist-packages/oslo_policy/policy.py:1065: UserWarning: Policy os_compute_api:os-flavor-manage:update failed scope check. The token used to make the request was project scoped but the policy requires ['system'] scope. This behavior may change in the future where using the intended scope is required
May 25 18:53:57.918757 n-d-838332-5 devstack@n-api.service[127195]: warnings.warn(msg)
May 25 18:53:58.080749 n-d-838332-5 devstack@n-api.service[127195]: INFO nova.api.openstack.requestlog [None req-20fde39f-ba84-4fad-b7a9-194f0f67ce22 tempest-FlavorsV261TestJSON-1291253412 tempest-FlavorsV261TestJSON-1291253412-project-admin] 10.222.0.78 "PUT /compute/v2.1/flavors/1719661312" status: 200 len: 468 microversion: 2.61 time: 0.178167
May 25 18:53:58.081493 n-d-838332-5 devstack@n-api.service[127195]: [pid: 127195|app: 0|req: 42/82] 10.222.0.78 () {62 vars in 1218 bytes} [Wed May 25 18:53:57 2022] PUT /compute/v2.1/flavors/1719661312 => generated 468 bytes in 179 msecs (HTTP/1.1 200) 9 headers in 359 bytes (1 switches on core 0)
May 25 18:53:58.093090 n-d-838332-5 devstack@n-api.service[127196]: DEBUG nova.api.openstack.wsgi [None req-ba73038c-2dc3-4f81-a8aa-2073cd9090b7 tempest-FlavorsV261TestJSON-645263990 tempest-FlavorsV261TestJSON-645263990-project] Calling method '>' {{(pid=127196) _process_stack /opt/stack/nova/nova/api/openstack/wsgi.py:513}}
May 25 18:53:58.122947 n-d-838332-5 devstack@n-api.service[127196]: INFO nova.api.openstack.requestlog [None req-ba73038c-2dc3-4f81-a8aa-2073cd9090b7 tempest-FlavorsV261TestJSON-645263990 tempest-FlavorsV261TestJSON-645263990-project] 10.222.0.78 "GET /compute/v2.1/flavors/detail" status: 200 len: 6249 microversion: 2.61 time: 0.034070
May 25 18:53:58.123716 n-d-838332-5 devstack@n-api.service[127196]: [pid: 127196|app: 0|req: 41/83] 10.222.0.78 () {60 vars in 1186 bytes} [Wed May 25 18:53:58 2022] GET /compute/v2.1/flavors/detail => generated 6249 bytes in 35 msecs (HTTP/1.1 200) 9 headers in 360 bytes (1 switches on core 0)
May 25 18:53:58.139857 n-d-838332-5 devstack@n-api.service[127195]: DEBUG nova.api.openstack.wsgi [None req-a477319f-378f-48e3-8316-52560b83c92d tempest-FlavorsV261TestJSON-645263990 tempest-FlavorsV261TestJSON-645263990-project] Calling method '>' {{(pid=127195) _process_stack /opt/stack/nova/nova/api/openstack/wsgi.py:513}}
May 25 18:53:58.166297 n-d-838332-5 devstack@n-api.service[127195]: INFO nova.api.openstack.requestlog [None req-a477319f-378f-48e3-8316-52560b83c92d tempest-FlavorsV261TestJSON-645263990 tempest-FlavorsV261TestJSON-645263990-project] 10.222.0.78 "GET /compute/v2.1/flavors" status: 200 len: 3156 microversion: 2.61 time: 0.030291
May 25 18:53:58.166882 n-d-838332-5 devstack@n-api.service[127195]: [pid: 127195|app: 0|req: 43/84] 10.222.0.78 () {60 vars in 1165 bytes} [Wed May 25 18:53:58 2022] GET /compute/v2.1/flavors => generated 3156 bytes in 32 msecs (HTTP/1.1 200) 9 headers in 360 bytes (2 switches on core 0)
May 25 18:53:58.180188 n-d-838332-5 devstack@n-api.service[127196]: DEBUG nova.api.openstack.wsgi [None req-5f352518-4898-4924-815d-463c977c7faa tempest-FlavorsV261TestJSON-1291253412 tempest-FlavorsV261TestJSON-1291253412-project-admin] Calling method '>' {{(pid=127196) _process_stack /opt/stack/nova/nova/api/openstack/wsgi.py:513}}
May 25 18:53:58.181039 n-d-838332-5 devstack@n-api.service[127196]: /usr/local/lib/python3.8/dist-packages/oslo_policy/policy.py:1065: UserWarning: Policy os_compute_api:os-flavor-manage:delete failed scope check. The token used to make the request was project scoped but the policy requires ['system'] scope. This behavior may change in the future where using the intended scope is required
May 25 18:53:58.181039 n-d-838332-5 devstack@n-api.service[127196]: warnings.warn(msg)
May 25 18:53:58.295386 n-d-838332-5 devstack@n-api.service[127196]: INFO nova.api.openstack.requestlog [None req-5f352518-4898-4924-815d-463c977c7faa tempest-FlavorsV261TestJSON-1291253412 tempest-FlavorsV261TestJSON-1291253412-project-admin] 10.222.0.78 "DELETE /compute/v2.1/flavors/1719661312" status: 202 len: 0 microversion: 2.61 time: 0.118695
May 25 18:53:58.296005 n-d-838332-5 devstack@n-api.service[127196]: [pid: 127196|app: 0|req: 42/85] 10.222.0.78 () {60 vars in 1201 bytes} [Wed May 25 18:53:58 2022] DELETE /compute/v2.1/flavors/1719661312 => generated 0 bytes in 120 msecs (HTTP/1.1 202) 9 headers in 363 bytes (1 switches on core 0)
May 25 18:53:58.309089 n-d-838332-5 devstack@n-api.service[127195]: DEBUG nova.api.openstack.wsgi [None req-cb54718e-6d79-4494-a7da-17c8dc84cf10 tempest-FlavorsV261TestJSON-1291253412 tempest-FlavorsV261TestJSON-1291253412-project-admin] Calling method '>' {{(pid=127195) _process_stack /opt/stack/nova/nova/api/openstack/wsgi.py:513}}
May 25 18:53:58.331926 n-d-838332-5 devstack@n-api.service[127195]: INFO nova.api.openstack.requestlog [None req-cb54718e-6d79-4494-a7da-17c8dc84cf10 tempest-FlavorsV261TestJSON-1291253412 tempest-FlavorsV261TestJSON-1291253412-project-admin] 10.222.0.78 "GET /compute/v2.1/flavors/detail" status: 200 len: 5791 microversion: 2.61 time: 0.031523
May 25 18:53:58.332821 n-d-838332-5 devstack@n-api.service[127195]: [pid: 127195|app: 0|req: 44/86] 10.222.0.78 () {60 vars in 1186 bytes} [Wed May 25 18:53:58 2022] GET /compute/v2.1/flavors/detail => generated 5791 bytes in 33 msecs (HTTP/1.1 200) 9 headers in 360 bytes (1 switches on core 0)
May 25 18:53:58.816416 n-d-838332-5 devstack@n-api.service[127196]: DEBUG nova.api.openstack.wsgi [None req-3f0183ae-e9bc-4f88-a04a-3851e667a85c tempest-AggregatesAdminTestJSON-1683807988 tempest-AggregatesAdminTestJSON-1683807988-project] Calling method '>' {{(pid=127196) _process_stack /opt/stack/nova/nova/api/openstack/wsgi.py:513}}
May 25 18:53:58.817354 n-d-838332-5 devstack@n-api.service[127196]: DEBUG nova.compute.api [None req-3f0183ae-e9bc-4f88-a04a-3851e667a85c tempest-AggregatesAdminTestJSON-1683807988 tempest-AggregatesAdminTestJSON-1683807988-project] [instance: 6e29c4a9-548a-4e10-b8b0-b3fb6363fc85] Fetching instance by UUID {{(pid=127196) get /opt/stack/nova/nova/compute/api.py:2813}}
May 25 18:53:58.825917 n-d-838332-5 devstack@n-api.service[127196]: DEBUG oslo_concurrency.lockutils [None req-3f0183ae-e9bc-4f88-a04a-3851e667a85c tempest-AggregatesAdminTestJSON-1683807988 tempest-AggregatesAdminTestJSON-1683807988-project] Lock "2a47e9b3-4647-44c9-abc8-ff3d230f4057" acquired by "nova.context.set_target_cell..get_or_set_cached_cell_and_set_connections" :: waited 0.000s {{(pid=127196) inner /usr/local/lib/python3.8/dist-packages/oslo_concurrency/lockutils.py:355}}
May 25 18:53:58.826602 n-d-838332-5 devstack@n-api.service[127196]: DEBUG oslo_concurrency.lockutils [None req-3f0183ae-e9bc-4f88-a04a-3851e667a85c tempest-AggregatesAdminTestJSON-1683807988 tempest-AggregatesAdminTestJSON-1683807988-project] Lock "2a47e9b3-4647-44c9-abc8-ff3d230f4057" released by "nova.context.set_target_cell..get_or_set_cached_cell_and_set_connections" :: held 0.001s {{(pid=127196) inner /usr/local/lib/python3.8/dist-packages/oslo_concurrency/lockutils.py:367}}
May 25 18:53:58.828347 n-d-838332-5 devstack@n-api.service[127196]: DEBUG oslo_concurrency.lockutils [None req-3f0183ae-e9bc-4f88-a04a-3851e667a85c tempest-AggregatesAdminTestJSON-1683807988 tempest-AggregatesAdminTestJSON-1683807988-project] Lock "2a47e9b3-4647-44c9-abc8-ff3d230f4057" acquired by "nova.context.set_target_cell..get_or_set_cached_cell_and_set_connections" :: waited 0.000s {{(pid=127196) inner /usr/local/lib/python3.8/dist-packages/oslo_concurrency/lockutils.py:355}}
May 25 18:53:58.829495 n-d-838332-5 devstack@n-api.service[127196]: DEBUG oslo_concurrency.lockutils [None req-3f0183ae-e9bc-4f88-a04a-3851e667a85c tempest-AggregatesAdminTestJSON-1683807988 tempest-AggregatesAdminTestJSON-1683807988-project] Lock "2a47e9b3-4647-44c9-abc8-ff3d230f4057" released by "nova.context.set_target_cell..get_or_set_cached_cell_and_set_connections" :: held 0.001s {{(pid=127196) inner /usr/local/lib/python3.8/dist-packages/oslo_concurrency/lockutils.py:367}}
May 25 18:53:58.988880 n-d-838332-5 devstack@n-api.service[127196]: DEBUG nova.policy [None req-3f0183ae-e9bc-4f88-a04a-3851e667a85c tempest-AggregatesAdminTestJSON-1683807988 tempest-AggregatesAdminTestJSON-1683807988-project] Policy check for os_compute_api:os-extended-server-attributes failed with credentials {'is_admin': False, 'user_id': 'ebf33b13b69a4db291e63d7c907c186a', 'user_domain_id': 'default', 'system_scope': None, 'domain_id': None, 'project_id': '4604a3469215492898df4fe447935e0b', 'project_domain_id': 'default', 'roles': ['member', 'reader'], 'is_admin_project': True, 'service_user_id': None, 'service_user_domain_id': None, 'service_project_id': None, 'service_project_domain_id': None, 'service_roles': []} {{(pid=127196) authorize /opt/stack/nova/nova/policy.py:199}}
May 25 18:53:58.999993 n-d-838332-5 devstack@n-api.service[127196]: INFO nova.api.openstack.requestlog [None req-3f0183ae-e9bc-4f88-a04a-3851e667a85c tempest-AggregatesAdminTestJSON-1683807988 tempest-AggregatesAdminTestJSON-1683807988-project] 10.222.0.78 "GET /compute/v2.1/servers/6e29c4a9-548a-4e10-b8b0-b3fb6363fc85" status: 200 len: 1291 microversion: 2.1 time: 0.189587
May 25 18:53:59.000567 n-d-838332-5 devstack@n-api.service[127196]: [pid: 127196|app: 0|req: 43/87] 10.222.0.78 () {58 vars in 1235 bytes} [Wed May 25 18:53:58 2022] GET /compute/v2.1/servers/6e29c4a9-548a-4e10-b8b0-b3fb6363fc85 => generated 1291 bytes in 191 msecs (HTTP/1.1 200) 9 headers in 358 bytes (1 switches on core 0)
May 25 18:54:00.019649 n-d-838332-5 devstack@n-api.service[127195]: DEBUG nova.api.openstack.wsgi [None req-9a6c94e7-7e3a-4cff-a7a9-e99ffc62ad7e tempest-AggregatesAdminTestJSON-1683807988 tempest-AggregatesAdminTestJSON-1683807988-project] Calling method '>' {{(pid=127195) _process_stack /opt/stack/nova/nova/api/openstack/wsgi.py:513}}
May 25 18:54:00.020313 n-d-838332-5 devstack@n-api.service[127195]: DEBUG nova.compute.api [None req-9a6c94e7-7e3a-4cff-a7a9-e99ffc62ad7e tempest-AggregatesAdminTestJSON-1683807988 tempest-AggregatesAdminTestJSON-1683807988-project] [instance: 6e29c4a9-548a-4e10-b8b0-b3fb6363fc85] Fetching instance by UUID {{(pid=127195) get /opt/stack/nova/nova/compute/api.py:2813}}
May 25 18:54:00.034694 n-d-838332-5 devstack@n-api.service[127195]: DEBUG oslo_concurrency.lockutils [None req-9a6c94e7-7e3a-4cff-a7a9-e99ffc62ad7e tempest-AggregatesAdminTestJSON-1683807988 tempest-AggregatesAdminTestJSON-1683807988-project] Lock "2a47e9b3-4647-44c9-abc8-ff3d230f4057" acquired by "nova.context.set_target_cell..get_or_set_cached_cell_and_set_connections" :: waited 0.000s {{(pid=127195) inner /usr/local/lib/python3.8/dist-packages/oslo_concurrency/lockutils.py:355}}
May 25 18:54:00.035383 n-d-838332-5 devstack@n-api.service[127195]: DEBUG oslo_concurrency.lockutils [None req-9a6c94e7-7e3a-4cff-a7a9-e99ffc62ad7e tempest-AggregatesAdminTestJSON-1683807988 tempest-AggregatesAdminTestJSON-1683807988-project] Lock "2a47e9b3-4647-44c9-abc8-ff3d230f4057" released by "nova.context.set_target_cell..get_or_set_cached_cell_and_set_connections" :: held 0.001s {{(pid=127195) inner /usr/local/lib/python3.8/dist-packages/oslo_concurrency/lockutils.py:367}}
May 25 18:54:00.049255 n-d-838332-5 devstack@n-api.service[127195]: DEBUG oslo_concurrency.lockutils [None req-9a6c94e7-7e3a-4cff-a7a9-e99ffc62ad7e tempest-AggregatesAdminTestJSON-1683807988 tempest-AggregatesAdminTestJSON-1683807988-project] Lock "2a47e9b3-4647-44c9-abc8-ff3d230f4057" acquired by "nova.context.set_target_cell..get_or_set_cached_cell_and_set_connections" :: waited 0.000s {{(pid=127195) inner /usr/local/lib/python3.8/dist-packages/oslo_concurrency/lockutils.py:355}}
May 25 18:54:00.049925 n-d-838332-5 devstack@n-api.service[127195]: DEBUG oslo_concurrency.lockutils [None req-9a6c94e7-7e3a-4cff-a7a9-e99ffc62ad7e tempest-AggregatesAdminTestJSON-1683807988 tempest-AggregatesAdminTestJSON-1683807988-project] Lock "2a47e9b3-4647-44c9-abc8-ff3d230f4057" released by "nova.context.set_target_cell..get_or_set_cached_cell_and_set_connections" :: held 0.001s {{(pid=127195) inner /usr/local/lib/python3.8/dist-packages/oslo_concurrency/lockutils.py:367}}
May 25 18:54:00.216578 n-d-838332-5 devstack@n-api.service[127195]: DEBUG nova.policy [None req-9a6c94e7-7e3a-4cff-a7a9-e99ffc62ad7e tempest-AggregatesAdminTestJSON-1683807988 tempest-AggregatesAdminTestJSON-1683807988-project] Policy check for os_compute_api:os-extended-server-attributes failed with credentials {'is_admin': False, 'user_id': 'ebf33b13b69a4db291e63d7c907c186a', 'user_domain_id': 'default', 'system_scope': None, 'domain_id': None, 'project_id': '4604a3469215492898df4fe447935e0b', 'project_domain_id': 'default', 'roles': ['member', 'reader'], 'is_admin_project': True, 'service_user_id': None, 'service_user_domain_id': None, 'service_project_id': None, 'service_project_domain_id': None, 'service_roles': []} {{(pid=127195) authorize /opt/stack/nova/nova/policy.py:199}}
May 25 18:54:00.227083 n-d-838332-5 devstack@n-api.service[127195]: INFO nova.api.openstack.requestlog [None req-9a6c94e7-7e3a-4cff-a7a9-e99ffc62ad7e tempest-AggregatesAdminTestJSON-1683807988 tempest-AggregatesAdminTestJSON-1683807988-project] 10.222.0.78 "GET /compute/v2.1/servers/6e29c4a9-548a-4e10-b8b0-b3fb6363fc85" status: 200 len: 1297 microversion: 2.1 time: 0.210868
May 25 18:54:00.237441 n-d-838332-5 devstack@n-api.service[127195]: [pid: 127195|app: 0|req: 45/88] 10.222.0.78 () {58 vars in 1235 bytes} [Wed May 25 18:54:00 2022] GET /compute/v2.1/servers/6e29c4a9-548a-4e10-b8b0-b3fb6363fc85 => generated 1297 bytes in 222 msecs (HTTP/1.1 200) 9 headers in 358 bytes (1 switches on core 0)
May 25 18:54:01.249524 n-d-838332-5 devstack@n-api.service[127196]: DEBUG nova.api.openstack.wsgi [None req-49a29407-16f7-44be-848c-6cdfee87a007 tempest-AggregatesAdminTestJSON-1683807988 tempest-AggregatesAdminTestJSON-1683807988-project] Calling method '>' {{(pid=127196) _process_stack /opt/stack/nova/nova/api/openstack/wsgi.py:513}}
May 25 18:54:01.256874 n-d-838332-5 devstack@n-api.service[127196]: DEBUG nova.compute.api [None req-49a29407-16f7-44be-848c-6cdfee87a007 tempest-AggregatesAdminTestJSON-1683807988 tempest-AggregatesAdminTestJSON-1683807988-project] [instance: 6e29c4a9-548a-4e10-b8b0-b3fb6363fc85] Fetching instance by UUID {{(pid=127196) get /opt/stack/nova/nova/compute/api.py:2813}}
May 25 18:54:01.267862 n-d-838332-5 devstack@n-api.service[127196]: DEBUG oslo_concurrency.lockutils [None req-49a29407-16f7-44be-848c-6cdfee87a007 tempest-AggregatesAdminTestJSON-1683807988 tempest-AggregatesAdminTestJSON-1683807988-project] Lock "2a47e9b3-4647-44c9-abc8-ff3d230f4057" acquired by "nova.context.set_target_cell..get_or_set_cached_cell_and_set_connections" :: waited 0.000s {{(pid=127196) inner /usr/local/lib/python3.8/dist-packages/oslo_concurrency/lockutils.py:355}}
May 25 18:54:01.268601 n-d-838332-5 devstack@n-api.service[127196]: DEBUG oslo_concurrency.lockutils [None req-49a29407-16f7-44be-848c-6cdfee87a007 tempest-AggregatesAdminTestJSON-1683807988 tempest-AggregatesAdminTestJSON-1683807988-project] Lock "2a47e9b3-4647-44c9-abc8-ff3d230f4057" released by "nova.context.set_target_cell..get_or_set_cached_cell_and_set_connections" :: held 0.001s {{(pid=127196) inner /usr/local/lib/python3.8/dist-packages/oslo_concurrency/lockutils.py:367}}
May 25 18:54:01.269664 n-d-838332-5 devstack@n-api.service[127196]: DEBUG oslo_concurrency.lockutils [None req-49a29407-16f7-44be-848c-6cdfee87a007 tempest-AggregatesAdminTestJSON-1683807988 tempest-AggregatesAdminTestJSON-1683807988-project] Lock "2a47e9b3-4647-44c9-abc8-ff3d230f4057" acquired by "nova.context.set_target_cell..get_or_set_cached_cell_and_set_connections" :: waited 0.000s {{(pid=127196) inner /usr/local/lib/python3.8/dist-packages/oslo_concurrency/lockutils.py:355}}
May 25 18:54:01.270365 n-d-838332-5 devstack@n-api.service[127196]: DEBUG oslo_concurrency.lockutils [None req-49a29407-16f7-44be-848c-6cdfee87a007 tempest-AggregatesAdminTestJSON-1683807988 tempest-AggregatesAdminTestJSON-1683807988-project] Lock "2a47e9b3-4647-44c9-abc8-ff3d230f4057" released by "nova.context.set_target_cell..get_or_set_cached_cell_and_set_connections" :: held 0.001s {{(pid=127196) inner /usr/local/lib/python3.8/dist-packages/oslo_concurrency/lockutils.py:367}}
May 25 18:54:01.863584 n-d-838332-5 devstack@n-api.service[127196]: DEBUG nova.policy [None req-49a29407-16f7-44be-848c-6cdfee87a007 tempest-AggregatesAdminTestJSON-1683807988 tempest-AggregatesAdminTestJSON-1683807988-project] Policy check for os_compute_api:os-extended-server-attributes failed with credentials {'is_admin': False, 'user_id': 'ebf33b13b69a4db291e63d7c907c186a', 'user_domain_id': 'default', 'system_scope': None, 'domain_id': None, 'project_id': '4604a3469215492898df4fe447935e0b', 'project_domain_id': 'default', 'roles': ['member', 'reader'], 'is_admin_project': True, 'service_user_id': None, 'service_user_domain_id': None, 'service_project_id': None, 'service_project_domain_id': None, 'service_roles': []} {{(pid=127196) authorize /opt/stack/nova/nova/policy.py:199}}
May 25 18:54:01.863584 n-d-838332-5 devstack@n-api.service[127196]: INFO nova.api.openstack.requestlog [None req-49a29407-16f7-44be-848c-6cdfee87a007 tempest-AggregatesAdminTestJSON-1683807988 tempest-AggregatesAdminTestJSON-1683807988-project] 10.222.0.78 "GET /compute/v2.1/servers/6e29c4a9-548a-4e10-b8b0-b3fb6363fc85" status: 200 len: 1339 microversion: 2.1 time: 0.361176
May 25 18:54:01.863584 n-d-838332-5 devstack@n-api.service[127196]: [pid: 127196|app: 0|req: 44/89] 10.222.0.78 () {58 vars in 1235 bytes} [Wed May 25 18:54:01 2022] GET /compute/v2.1/servers/6e29c4a9-548a-4e10-b8b0-b3fb6363fc85 => generated 1339 bytes in 362 msecs (HTTP/1.1 200) 9 headers in 358 bytes (1 switches on core 0)
May 25 18:54:03.197350 n-d-838332-5 devstack@n-api.service[127195]: DEBUG nova.api.openstack.wsgi [None req-5d626bac-e75a-4492-9d9f-a10a478a129a tempest-FlavorsV255TestJSON-672712972 tempest-FlavorsV255TestJSON-672712972-project-admin] Action: 'create', calling method: >, body: {"flavor": {"ram": 512, "vcpus": 1, "disk": 10, "name": "tempest-FlavorsV255TestJSON-flavor-374135814", "id": 730093998, "os-flavor-access:is_public": "True"}} {{(pid=127195) _process_stack /opt/stack/nova/nova/api/openstack/wsgi.py:511}}
May 25 18:54:03.198926 n-d-838332-5 devstack@n-api.service[127195]: /usr/local/lib/python3.8/dist-packages/oslo_policy/policy.py:1065: UserWarning: Policy os_compute_api:os-flavor-manage:create failed scope check. The token used to make the request was project scoped but the policy requires ['system'] scope. This behavior may change in the future where using the intended scope is required
May 25 18:54:03.198926 n-d-838332-5 devstack@n-api.service[127195]: warnings.warn(msg)
May 25 18:54:03.212648 n-d-838332-5 devstack@n-api.service[127196]: DEBUG nova.api.openstack.wsgi [None req-02bcd563-6392-4ee5-af5c-055796b4ee45 tempest-LiveMigrationNegativeTest-1964267818 tempest-LiveMigrationNegativeTest-1964267818-project] Action: 'create', calling method: >, body: {"server": {"name": "tempest-LiveMigrationNegativeTest-server-337497679", "imageRef": "d0a98cf0-e6e1-4167-b21a-2c3f1c50a6ab", "flavorRef": "452"}} {{(pid=127196) _process_stack /opt/stack/nova/nova/api/openstack/wsgi.py:511}}
May 25 18:54:03.439834 n-d-838332-5 devstack@n-api.service[127196]: DEBUG nova.network.neutron [None req-02bcd563-6392-4ee5-af5c-055796b4ee45 tempest-LiveMigrationNegativeTest-1964267818 tempest-LiveMigrationNegativeTest-1964267818-project] validate_networks() for None {{(pid=127196) validate_networks /opt/stack/nova/nova/network/neutron.py:2367}}
May 25 18:54:03.524240 n-d-838332-5 devstack@n-api.service[127195]: INFO nova.api.openstack.requestlog [None req-5d626bac-e75a-4492-9d9f-a10a478a129a tempest-FlavorsV255TestJSON-672712972 tempest-FlavorsV255TestJSON-672712972-project-admin] 10.222.0.78 "POST /compute/v2.1/flavors" status: 200 len: 445 microversion: 2.55 time: 0.912086
May 25 18:54:03.530023 n-d-838332-5 devstack@n-api.service[127195]: [pid: 127195|app: 0|req: 46/90] 10.222.0.78 () {62 vars in 1187 bytes} [Wed May 25 18:54:02 2022] POST /compute/v2.1/flavors => generated 445 bytes in 919 msecs (HTTP/1.1 200) 9 headers in 359 bytes (1 switches on core 0)
May 25 18:54:03.550488 n-d-838332-5 devstack@n-api.service[127195]: DEBUG nova.api.openstack.wsgi [None req-9e2f343c-15d7-4a95-9571-ce812ef1488d tempest-AggregatesAdminTestJSON-1683807988 tempest-AggregatesAdminTestJSON-1683807988-project] Calling method '>' {{(pid=127195) _process_stack /opt/stack/nova/nova/api/openstack/wsgi.py:513}}
May 25 18:54:03.554166 n-d-838332-5 devstack@n-api.service[127195]: DEBUG nova.compute.api [None req-9e2f343c-15d7-4a95-9571-ce812ef1488d tempest-AggregatesAdminTestJSON-1683807988 tempest-AggregatesAdminTestJSON-1683807988-project] [instance: 6e29c4a9-548a-4e10-b8b0-b3fb6363fc85] Fetching instance by UUID {{(pid=127195) get /opt/stack/nova/nova/compute/api.py:2813}}
May 25 18:54:03.587301 n-d-838332-5 devstack@n-api.service[127195]: DEBUG oslo_concurrency.lockutils [None req-9e2f343c-15d7-4a95-9571-ce812ef1488d tempest-AggregatesAdminTestJSON-1683807988 tempest-AggregatesAdminTestJSON-1683807988-project] Lock "2a47e9b3-4647-44c9-abc8-ff3d230f4057" acquired by "nova.context.set_target_cell..get_or_set_cached_cell_and_set_connections" :: waited 0.000s {{(pid=127195) inner /usr/local/lib/python3.8/dist-packages/oslo_concurrency/lockutils.py:355}}
May 25 18:54:03.588028 n-d-838332-5 devstack@n-api.service[127195]: DEBUG oslo_concurrency.lockutils [None req-9e2f343c-15d7-4a95-9571-ce812ef1488d tempest-AggregatesAdminTestJSON-1683807988 tempest-AggregatesAdminTestJSON-1683807988-project] Lock "2a47e9b3-4647-44c9-abc8-ff3d230f4057" released by "nova.context.set_target_cell..get_or_set_cached_cell_and_set_connections" :: held 0.001s {{(pid=127195) inner /usr/local/lib/python3.8/dist-packages/oslo_concurrency/lockutils.py:367}}
May 25 18:54:03.588848 n-d-838332-5 devstack@n-api.service[127195]: DEBUG oslo_concurrency.lockutils [None req-9e2f343c-15d7-4a95-9571-ce812ef1488d tempest-AggregatesAdminTestJSON-1683807988 tempest-AggregatesAdminTestJSON-1683807988-project] Lock "2a47e9b3-4647-44c9-abc8-ff3d230f4057" acquired by "nova.context.set_target_cell..get_or_set_cached_cell_and_set_connections" :: waited 0.000s {{(pid=127195) inner /usr/local/lib/python3.8/dist-packages/oslo_concurrency/lockutils.py:355}}
May 25 18:54:03.589920 n-d-838332-5 devstack@n-api.service[127195]: DEBUG oslo_concurrency.lockutils [None req-9e2f343c-15d7-4a95-9571-ce812ef1488d tempest-AggregatesAdminTestJSON-1683807988 tempest-AggregatesAdminTestJSON-1683807988-project] Lock "2a47e9b3-4647-44c9-abc8-ff3d230f4057" released by "nova.context.set_target_cell..get_or_set_cached_cell_and_set_connections" :: held 0.000s {{(pid=127195) inner /usr/local/lib/python3.8/dist-packages/oslo_concurrency/lockutils.py:367}}
May 25 18:54:04.389094 n-d-838332-5 devstack@n-api.service[127195]: DEBUG nova.policy [None req-9e2f343c-15d7-4a95-9571-ce812ef1488d tempest-AggregatesAdminTestJSON-1683807988 tempest-AggregatesAdminTestJSON-1683807988-project] Policy check for os_compute_api:os-extended-server-attributes failed with credentials {'is_admin': False, 'user_id': 'ebf33b13b69a4db291e63d7c907c186a', 'user_domain_id': 'default', 'system_scope': None, 'domain_id': None, 'project_id': '4604a3469215492898df4fe447935e0b', 'project_domain_id': 'default', 'roles': ['member', 'reader'], 'is_admin_project': True, 'service_user_id': None, 'service_user_domain_id': None, 'service_project_id': None, 'service_project_domain_id': None, 'service_roles': []} {{(pid=127195) authorize /opt/stack/nova/nova/policy.py:199}}
May 25 18:54:04.430240 n-d-838332-5 devstack@n-api.service[127195]: INFO nova.api.openstack.requestlog [None req-9e2f343c-15d7-4a95-9571-ce812ef1488d tempest-AggregatesAdminTestJSON-1683807988 tempest-AggregatesAdminTestJSON-1683807988-project] 10.222.0.78 "GET /compute/v2.1/servers/6e29c4a9-548a-4e10-b8b0-b3fb6363fc85" status: 200 len: 1339 microversion: 2.1 time: 0.897961
May 25 18:54:04.436791 n-d-838332-5 devstack@n-api.service[127195]: [pid: 127195|app: 0|req: 47/91] 10.222.0.78 () {58 vars in 1235 bytes} [Wed May 25 18:54:03 2022] GET /compute/v2.1/servers/6e29c4a9-548a-4e10-b8b0-b3fb6363fc85 => generated 1339 bytes in 906 msecs (HTTP/1.1 200) 9 headers in 358 bytes (1 switches on core 0)
May 25 18:54:04.617505 n-d-838332-5 devstack@n-api.service[127196]: DEBUG nova.virt.hardware [None req-02bcd563-6392-4ee5-af5c-055796b4ee45 tempest-LiveMigrationNegativeTest-1964267818 tempest-LiveMigrationNegativeTest-1964267818-project] Flavor limits 0:0:0 {{(pid=127196) get_cpu_topology_constraints /opt/stack/nova/nova/virt/hardware.py:343}}
May 25 18:54:04.618932 n-d-838332-5 devstack@n-api.service[127196]: DEBUG nova.virt.hardware [None req-02bcd563-6392-4ee5-af5c-055796b4ee45 tempest-LiveMigrationNegativeTest-1964267818 tempest-LiveMigrationNegativeTest-1964267818-project] Image limits 0:0:0 {{(pid=127196) get_cpu_topology_constraints /opt/stack/nova/nova/virt/hardware.py:347}}
May 25 18:54:04.621729 n-d-838332-5 devstack@n-api.service[127196]: DEBUG nova.virt.hardware [None req-02bcd563-6392-4ee5-af5c-055796b4ee45 tempest-LiveMigrationNegativeTest-1964267818 tempest-LiveMigrationNegativeTest-1964267818-project] Flavor pref 0:0:0 {{(pid=127196) get_cpu_topology_constraints /opt/stack/nova/nova/virt/hardware.py:383}}
May 25 18:54:04.623038 n-d-838332-5 devstack@n-api.service[127196]: DEBUG nova.virt.hardware [None req-02bcd563-6392-4ee5-af5c-055796b4ee45 tempest-LiveMigrationNegativeTest-1964267818 tempest-LiveMigrationNegativeTest-1964267818-project] Image pref 0:0:0 {{(pid=127196) get_cpu_topology_constraints /opt/stack/nova/nova/virt/hardware.py:387}}
May 25 18:54:04.624073 n-d-838332-5 devstack@n-api.service[127196]: DEBUG nova.virt.hardware [None req-02bcd563-6392-4ee5-af5c-055796b4ee45 tempest-LiveMigrationNegativeTest-1964267818 tempest-LiveMigrationNegativeTest-1964267818-project] Chose sockets=0, cores=0, threads=0; limits were sockets=65536, cores=65536, threads=65536 {{(pid=127196) get_cpu_topology_constraints /opt/stack/nova/nova/virt/hardware.py:425}}
May 25 18:54:04.728080 n-d-838332-5 devstack@n-api.service[127196]: DEBUG oslo_concurrency.lockutils [None req-02bcd563-6392-4ee5-af5c-055796b4ee45 tempest-LiveMigrationNegativeTest-1964267818 tempest-LiveMigrationNegativeTest-1964267818-project] Lock "00000000-0000-0000-0000-000000000000" acquired by "nova.context.set_target_cell..get_or_set_cached_cell_and_set_connections" :: waited 0.000s {{(pid=127196) inner /usr/local/lib/python3.8/dist-packages/oslo_concurrency/lockutils.py:355}}
May 25 18:54:04.729936 n-d-838332-5 devstack@n-api.service[127196]: DEBUG oslo_concurrency.lockutils [None req-02bcd563-6392-4ee5-af5c-055796b4ee45 tempest-LiveMigrationNegativeTest-1964267818 tempest-LiveMigrationNegativeTest-1964267818-project] Lock "00000000-0000-0000-0000-000000000000" released by "nova.context.set_target_cell..get_or_set_cached_cell_and_set_connections" :: held 0.006s {{(pid=127196) inner /usr/local/lib/python3.8/dist-packages/oslo_concurrency/lockutils.py:367}}
May 25 18:54:04.744890 n-d-838332-5 devstack@n-api.service[127195]: DEBUG nova.api.openstack.wsgi [None req-23c12e9f-f309-48da-9a1c-75e174cb62d8 tempest-FlavorsV255TestJSON-102493673 tempest-FlavorsV255TestJSON-102493673-project] Calling method '>' {{(pid=127195) _process_stack /opt/stack/nova/nova/api/openstack/wsgi.py:513}}
May 25 18:54:04.767360 n-d-838332-5 devstack@n-api.service[127196]: DEBUG oslo_concurrency.lockutils [None req-02bcd563-6392-4ee5-af5c-055796b4ee45 tempest-LiveMigrationNegativeTest-1964267818 tempest-LiveMigrationNegativeTest-1964267818-project] Lock "2a47e9b3-4647-44c9-abc8-ff3d230f4057" acquired by "nova.context.set_target_cell..get_or_set_cached_cell_and_set_connections" :: waited 0.000s {{(pid=127196) inner /usr/local/lib/python3.8/dist-packages/oslo_concurrency/lockutils.py:355}}
May 25 18:54:04.769860 n-d-838332-5 devstack@n-api.service[127196]: DEBUG oslo_concurrency.lockutils [None req-02bcd563-6392-4ee5-af5c-055796b4ee45 tempest-LiveMigrationNegativeTest-1964267818 tempest-LiveMigrationNegativeTest-1964267818-project] Lock "2a47e9b3-4647-44c9-abc8-ff3d230f4057" released by "nova.context.set_target_cell..get_or_set_cached_cell_and_set_connections" :: held 0.037s {{(pid=127196) inner /usr/local/lib/python3.8/dist-packages/oslo_concurrency/lockutils.py:367}}
May 25 18:54:04.843879 n-d-838332-5 devstack@n-api.service[127195]: INFO nova.api.openstack.requestlog [None req-23c12e9f-f309-48da-9a1c-75e174cb62d8 tempest-FlavorsV255TestJSON-102493673 tempest-FlavorsV255TestJSON-102493673-project] 10.222.0.78 "GET /compute/v2.1/flavors/730093998" status: 200 len: 445 microversion: 2.55 time: 0.397668
May 25 18:54:04.847439 n-d-838332-5 devstack@n-api.service[127195]: [pid: 127195|app: 0|req: 48/92] 10.222.0.78 () {60 vars in 1195 bytes} [Wed May 25 18:54:04 2022] GET /compute/v2.1/flavors/730093998 => generated 445 bytes in 410 msecs (HTTP/1.1 200) 9 headers in 359 bytes (1 switches on core 0)
May 25 18:54:04.877796 n-d-838332-5 devstack@n-api.service[127196]: DEBUG nova.quota [None req-02bcd563-6392-4ee5-af5c-055796b4ee45 tempest-LiveMigrationNegativeTest-1964267818 tempest-LiveMigrationNegativeTest-1964267818-project] Getting quotas for project a19801cc9125445789a1f9570f8e9a9b. Resources: {'instances', 'ram', 'cores'} {{(pid=127196) _get_quotas /opt/stack/nova/nova/quota.py:387}}
May 25 18:54:04.895350 n-d-838332-5 devstack@n-api.service[127196]: DEBUG nova.quota [None req-02bcd563-6392-4ee5-af5c-055796b4ee45 tempest-LiveMigrationNegativeTest-1964267818 tempest-LiveMigrationNegativeTest-1964267818-project] Getting quotas for user ea665fde0db2453090dea86c49023fc8 and project a19801cc9125445789a1f9570f8e9a9b. Resources: {'instances', 'ram', 'cores'} {{(pid=127196) _get_quotas /opt/stack/nova/nova/quota.py:377}}
May 25 18:54:04.940849 n-d-838332-5 devstack@n-api.service[127196]: DEBUG nova.compute.api [None req-02bcd563-6392-4ee5-af5c-055796b4ee45 tempest-LiveMigrationNegativeTest-1964267818 tempest-LiveMigrationNegativeTest-1964267818-project] Going to run 1 instances... {{(pid=127196) _provision_instances /opt/stack/nova/nova/compute/api.py:1283}}
May 25 18:54:04.951409 n-d-838332-5 devstack@n-api.service[127196]: DEBUG nova.compute.api [None req-02bcd563-6392-4ee5-af5c-055796b4ee45 tempest-LiveMigrationNegativeTest-1964267818 tempest-LiveMigrationNegativeTest-1964267818-project] [instance: 408d355e-9f89-4ae9-a701-bfe434f32ec8] block_device_mapping [BlockDeviceMapping(attachment_id=,boot_index=0,connection_info=None,created_at=,delete_on_termination=True,deleted=,deleted_at=,destination_type='local',device_name=None,device_type='disk',disk_bus=None,guest_format=None,id=,image_id='d0a98cf0-e6e1-4167-b21a-2c3f1c50a6ab',instance=,instance_uuid=,no_device=False,snapshot_id=None,source_type='image',tag=None,updated_at=,uuid=,volume_id=None,volume_size=None,volume_type=None)] {{(pid=127196) _bdm_validate_set_size_and_instance /opt/stack/nova/nova/compute/api.py:1684}}
May 25 18:54:05.148794 n-d-838332-5 devstack@n-api.service[127196]: INFO nova.api.openstack.requestlog [None req-02bcd563-6392-4ee5-af5c-055796b4ee45 tempest-LiveMigrationNegativeTest-1964267818 tempest-LiveMigrationNegativeTest-1964267818-project] 10.222.0.78 "POST /compute/v2.1/servers" status: 202 len: 380 microversion: 2.1 time: 2.505491
May 25 18:54:05.151035 n-d-838332-5 devstack@n-api.service[127196]: [pid: 127196|app: 0|req: 45/93] 10.222.0.78 () {60 vars in 1146 bytes} [Wed May 25 18:54:02 2022] POST /compute/v2.1/servers => generated 380 bytes in 2509 msecs (HTTP/1.1 202) 10 headers in 451 bytes (1 switches on core 0)
May 25 18:54:05.404477 n-d-838332-5 devstack@n-api.service[127195]: DEBUG nova.api.openstack.wsgi [None req-1523eb5d-8238-487b-a10f-d0cd94942a32 tempest-HypervisorAdminNegativeUnderV252Test-597418471 tempest-HypervisorAdminNegativeUnderV252Test-597418471-project-admin] Calling method '.version_select at 0x7ff7eeddb430>' {{(pid=127195) _process_stack /opt/stack/nova/nova/api/openstack/wsgi.py:513}}
May 25 18:54:05.405308 n-d-838332-5 devstack@n-api.service[127195]: /usr/local/lib/python3.8/dist-packages/oslo_policy/policy.py:1065: UserWarning: Policy os_compute_api:os-hypervisors:list failed scope check. The token used to make the request was project scoped but the policy requires ['system'] scope. This behavior may change in the future where using the intended scope is required
May 25 18:54:05.405308 n-d-838332-5 devstack@n-api.service[127195]: warnings.warn(msg)
May 25 18:54:05.407387 n-d-838332-5 devstack@n-api.service[127195]: DEBUG oslo_concurrency.lockutils [None req-1523eb5d-8238-487b-a10f-d0cd94942a32 tempest-HypervisorAdminNegativeUnderV252Test-597418471 tempest-HypervisorAdminNegativeUnderV252Test-597418471-project-admin] Lock "2a47e9b3-4647-44c9-abc8-ff3d230f4057" acquired by "nova.context.set_target_cell..get_or_set_cached_cell_and_set_connections" :: waited 0.000s {{(pid=127195) inner /usr/local/lib/python3.8/dist-packages/oslo_concurrency/lockutils.py:355}}
May 25 18:54:05.408127 n-d-838332-5 devstack@n-api.service[127195]: DEBUG oslo_concurrency.lockutils [None req-1523eb5d-8238-487b-a10f-d0cd94942a32 tempest-HypervisorAdminNegativeUnderV252Test-597418471 tempest-HypervisorAdminNegativeUnderV252Test-597418471-project-admin] Lock "2a47e9b3-4647-44c9-abc8-ff3d230f4057" released by "nova.context.set_target_cell..get_or_set_cached_cell_and_set_connections" :: held 0.001s {{(pid=127195) inner /usr/local/lib/python3.8/dist-packages/oslo_concurrency/lockutils.py:367}}
May 25 18:54:05.498112 n-d-838332-5 devstack@n-api.service[127195]: DEBUG oslo_concurrency.lockutils [None req-1523eb5d-8238-487b-a10f-d0cd94942a32 tempest-HypervisorAdminNegativeUnderV252Test-597418471 tempest-HypervisorAdminNegativeUnderV252Test-597418471-project-admin] Lock "2a47e9b3-4647-44c9-abc8-ff3d230f4057" acquired by "nova.context.set_target_cell..get_or_set_cached_cell_and_set_connections" :: waited 0.000s {{(pid=127195) inner /usr/local/lib/python3.8/dist-packages/oslo_concurrency/lockutils.py:355}}
May 25 18:54:05.498694 n-d-838332-5 devstack@n-api.service[127195]: DEBUG oslo_concurrency.lockutils [None req-1523eb5d-8238-487b-a10f-d0cd94942a32 tempest-HypervisorAdminNegativeUnderV252Test-597418471 tempest-HypervisorAdminNegativeUnderV252Test-597418471-project-admin] Lock "2a47e9b3-4647-44c9-abc8-ff3d230f4057" released by "nova.context.set_target_cell..get_or_set_cached_cell_and_set_connections" :: held 0.019s {{(pid=127195) inner /usr/local/lib/python3.8/dist-packages/oslo_concurrency/lockutils.py:367}}
May 25 18:54:05.506962 n-d-838332-5 devstack@n-api.service[127196]: DEBUG nova.api.openstack.wsgi [req-61536046-f48d-4795-a850-060afd024d43 req-1a487b55-6d61-4311-9994-e83d4bf209d2 service nova] Action: 'create', calling method: >, body: {"events": [{"name": "network-changed", "server_uuid": "6e29c4a9-548a-4e10-b8b0-b3fb6363fc85", "tag": "71321976-0cc3-4762-a1b3-eaf497a3659a"}]} {{(pid=127196) _process_stack /opt/stack/nova/nova/api/openstack/wsgi.py:511}}
May 25 18:54:05.509331 n-d-838332-5 devstack@n-api.service[127196]: /usr/local/lib/python3.8/dist-packages/oslo_policy/policy.py:1065: UserWarning: Policy os_compute_api:os-server-external-events:create failed scope check. The token used to make the request was project scoped but the policy requires ['system'] scope. This behavior may change in the future where using the intended scope is required
May 25 18:54:05.509331 n-d-838332-5 devstack@n-api.service[127196]: warnings.warn(msg)
May 25 18:54:05.534933 n-d-838332-5 devstack@n-api.service[127196]: DEBUG oslo_concurrency.lockutils [req-61536046-f48d-4795-a850-060afd024d43 req-1a487b55-6d61-4311-9994-e83d4bf209d2 service nova] Lock "2a47e9b3-4647-44c9-abc8-ff3d230f4057" acquired by "nova.context.set_target_cell..get_or_set_cached_cell_and_set_connections" :: waited 0.000s {{(pid=127196) inner /usr/local/lib/python3.8/dist-packages/oslo_concurrency/lockutils.py:355}}
May 25 18:54:05.538936 n-d-838332-5 devstack@n-api.service[127196]: DEBUG oslo_concurrency.lockutils [req-61536046-f48d-4795-a850-060afd024d43 req-1a487b55-6d61-4311-9994-e83d4bf209d2 service nova] Lock "2a47e9b3-4647-44c9-abc8-ff3d230f4057" released by "nova.context.set_target_cell..get_or_set_cached_cell_and_set_connections" :: held 0.001s {{(pid=127196) inner /usr/local/lib/python3.8/dist-packages/oslo_concurrency/lockutils.py:367}}
May 25 18:54:05.565415 n-d-838332-5 devstack@n-api.service[127195]: DEBUG oslo_concurrency.lockutils [None req-1523eb5d-8238-487b-a10f-d0cd94942a32 tempest-HypervisorAdminNegativeUnderV252Test-597418471 tempest-HypervisorAdminNegativeUnderV252Test-597418471-project-admin] Lock "2a47e9b3-4647-44c9-abc8-ff3d230f4057" acquired by "nova.context.set_target_cell..get_or_set_cached_cell_and_set_connections" :: waited 0.000s {{(pid=127195) inner /usr/local/lib/python3.8/dist-packages/oslo_concurrency/lockutils.py:355}}
May 25 18:54:05.565886 n-d-838332-5 devstack@n-api.service[127195]: DEBUG oslo_concurrency.lockutils [None req-1523eb5d-8238-487b-a10f-d0cd94942a32 tempest-HypervisorAdminNegativeUnderV252Test-597418471 tempest-HypervisorAdminNegativeUnderV252Test-597418471-project-admin] Lock "2a47e9b3-4647-44c9-abc8-ff3d230f4057" released by "nova.context.set_target_cell..get_or_set_cached_cell_and_set_connections" :: held 0.001s {{(pid=127195) inner /usr/local/lib/python3.8/dist-packages/oslo_concurrency/lockutils.py:367}}
May 25 18:54:05.590560 n-d-838332-5 devstack@n-api.service[127195]: INFO nova.api.openstack.requestlog [None req-1523eb5d-8238-487b-a10f-d0cd94942a32 tempest-HypervisorAdminNegativeUnderV252Test-597418471 tempest-HypervisorAdminNegativeUnderV252Test-597418471-project-admin] 10.222.0.78 "GET /compute/v2.1/os-hypervisors" status: 200 len: 191 microversion: 2.1 time: 0.739072
May 25 18:54:05.591171 n-d-838332-5 devstack@n-api.service[127195]: [pid: 127195|app: 0|req: 49/94] 10.222.0.78 () {58 vars in 1145 bytes} [Wed May 25 18:54:04 2022] GET /compute/v2.1/os-hypervisors => generated 191 bytes in 743 msecs (HTTP/1.1 200) 9 headers in 357 bytes (1 switches on core 0)
May 25 18:54:05.602294 n-d-838332-5 devstack@n-api.service[127196]: INFO nova.api.openstack.compute.server_external_events [req-61536046-f48d-4795-a850-060afd024d43 req-1a487b55-6d61-4311-9994-e83d4bf209d2 service nova] Creating event network-changed:71321976-0cc3-4762-a1b3-eaf497a3659a for instance 6e29c4a9-548a-4e10-b8b0-b3fb6363fc85 on n-h2-838332-5
May 25 18:54:05.602848 n-d-838332-5 devstack@n-api.service[127196]: DEBUG oslo_concurrency.lockutils [req-61536046-f48d-4795-a850-060afd024d43 req-1a487b55-6d61-4311-9994-e83d4bf209d2 service nova] Acquired lock "compute-rpcapi-router" {{(pid=127196) lock /usr/local/lib/python3.8/dist-packages/oslo_concurrency/lockutils.py:266}}
May 25 18:54:05.611851 n-d-838332-5 devstack@n-api.service[127196]: DEBUG oslo_concurrency.lockutils [None req-eec85e36-828e-4d7d-8f65-45de130b2003 None None] Lock "00000000-0000-0000-0000-000000000000" acquired by "nova.context.set_target_cell..get_or_set_cached_cell_and_set_connections" :: waited 0.000s {{(pid=127196) inner /usr/local/lib/python3.8/dist-packages/oslo_concurrency/lockutils.py:355}}
May 25 18:54:05.611851 n-d-838332-5 devstack@n-api.service[127196]: DEBUG oslo_concurrency.lockutils [None req-eec85e36-828e-4d7d-8f65-45de130b2003 None None] Lock "00000000-0000-0000-0000-000000000000" released by "nova.context.set_target_cell..get_or_set_cached_cell_and_set_connections" :: held 0.001s {{(pid=127196) inner /usr/local/lib/python3.8/dist-packages/oslo_concurrency/lockutils.py:367}}
May 25 18:54:05.612722 n-d-838332-5 devstack@n-api.service[127196]: DEBUG oslo_concurrency.lockutils [None req-eec85e36-828e-4d7d-8f65-45de130b2003 None None] Lock "2a47e9b3-4647-44c9-abc8-ff3d230f4057" acquired by "nova.context.set_target_cell..get_or_set_cached_cell_and_set_connections" :: waited 0.000s {{(pid=127196) inner /usr/local/lib/python3.8/dist-packages/oslo_concurrency/lockutils.py:355}}
May 25 18:54:05.613111 n-d-838332-5 devstack@n-api.service[127196]: DEBUG oslo_concurrency.lockutils [None req-eec85e36-828e-4d7d-8f65-45de130b2003 None None] Lock "2a47e9b3-4647-44c9-abc8-ff3d230f4057" released by "nova.context.set_target_cell..get_or_set_cached_cell_and_set_connections" :: held 0.000s {{(pid=127196) inner /usr/local/lib/python3.8/dist-packages/oslo_concurrency/lockutils.py:367}}
May 25 18:54:05.627918 n-d-838332-5 devstack@n-api.service[127195]: DEBUG nova.api.openstack.wsgi [None req-11b8b308-36e9-48d6-985c-ef2e54868947 tempest-FlavorsV255TestJSON-672712972 tempest-FlavorsV255TestJSON-672712972-project-admin] Action: 'update', calling method: , body: {"flavor": {"description": "new"}} {{(pid=127195) _process_stack /opt/stack/nova/nova/api/openstack/wsgi.py:511}}
May 25 18:54:05.629366 n-d-838332-5 devstack@n-api.service[127195]: /usr/local/lib/python3.8/dist-packages/oslo_policy/policy.py:1065: UserWarning: Policy os_compute_api:os-flavor-manage:update failed scope check. The token used to make the request was project scoped but the policy requires ['system'] scope. This behavior may change in the future where using the intended scope is required
May 25 18:54:05.629366 n-d-838332-5 devstack@n-api.service[127195]: warnings.warn(msg)
May 25 18:54:05.635499 n-d-838332-5 devstack@n-api.service[127196]: INFO nova.compute.rpcapi [None req-eec85e36-828e-4d7d-8f65-45de130b2003 None None] Automatically selected compute RPC version 6.0 from minimum service version 56
May 25 18:54:05.648119 n-d-838332-5 devstack@n-api.service[127196]: DEBUG oslo_concurrency.lockutils [None req-eec85e36-828e-4d7d-8f65-45de130b2003 None None] Releasing lock "compute-rpcapi-router" {{(pid=127196) lock /usr/local/lib/python3.8/dist-packages/oslo_concurrency/lockutils.py:282}}
May 25 18:54:05.674373 n-d-838332-5 devstack@n-api.service[127196]: INFO nova.api.openstack.requestlog [None req-eec85e36-828e-4d7d-8f65-45de130b2003 None None] 10.222.0.78 "POST /compute/v2.1/os-server-external-events" status: 200 len: 179 microversion: 2.1 time: 0.521221
May 25 18:54:05.676000 n-d-838332-5 devstack@n-api.service[127196]: [pid: 127196|app: 0|req: 46/95] 10.222.0.78 () {64 vars in 1317 bytes} [Wed May 25 18:54:05 2022] POST /compute/v2.1/os-server-external-events => generated 179 bytes in 524 msecs (HTTP/1.1 200) 9 headers in 357 bytes (1 switches on core 0)
May 25 18:54:05.682673 n-d-838332-5 devstack@n-api.service[127196]: DEBUG nova.api.openstack.wsgi [None req-548e6df0-b5d5-4783-b416-9ef7a28653b5 tempest-LiveMigrationNegativeTest-1964267818 tempest-LiveMigrationNegativeTest-1964267818-project] Calling method '>' {{(pid=127196) _process_stack /opt/stack/nova/nova/api/openstack/wsgi.py:513}}
May 25 18:54:05.683715 n-d-838332-5 devstack@n-api.service[127196]: DEBUG nova.compute.api [None req-548e6df0-b5d5-4783-b416-9ef7a28653b5 tempest-LiveMigrationNegativeTest-1964267818 tempest-LiveMigrationNegativeTest-1964267818-project] [instance: 408d355e-9f89-4ae9-a701-bfe434f32ec8] Fetching instance by UUID {{(pid=127196) get /opt/stack/nova/nova/compute/api.py:2813}}
May 25 18:54:05.878663 n-d-838332-5 devstack@n-api.service[127196]: DEBUG nova.policy [None req-548e6df0-b5d5-4783-b416-9ef7a28653b5 tempest-LiveMigrationNegativeTest-1964267818 tempest-LiveMigrationNegativeTest-1964267818-project] Policy check for os_compute_api:os-extended-server-attributes failed with credentials {'is_admin': False, 'user_id': 'ea665fde0db2453090dea86c49023fc8', 'user_domain_id': 'default', 'system_scope': None, 'domain_id': None, 'project_id': 'a19801cc9125445789a1f9570f8e9a9b', 'project_domain_id': 'default', 'roles': ['member', 'reader'], 'is_admin_project': True, 'service_user_id': None, 'service_user_domain_id': None, 'service_project_id': None, 'service_project_domain_id': None, 'service_roles': []} {{(pid=127196) authorize /opt/stack/nova/nova/policy.py:199}}
May 25 18:54:05.896088 n-d-838332-5 devstack@n-api.service[127196]: INFO nova.api.openstack.requestlog [None req-548e6df0-b5d5-4783-b416-9ef7a28653b5 tempest-LiveMigrationNegativeTest-1964267818 tempest-LiveMigrationNegativeTest-1964267818-project] 10.222.0.78 "GET /compute/v2.1/servers/408d355e-9f89-4ae9-a701-bfe434f32ec8" status: 200 len: 1218 microversion: 2.1 time: 0.218363
May 25 18:54:05.896907 n-d-838332-5 devstack@n-api.service[127196]: [pid: 127196|app: 0|req: 47/96] 10.222.0.78 () {58 vars in 1235 bytes} [Wed May 25 18:54:05 2022] GET /compute/v2.1/servers/408d355e-9f89-4ae9-a701-bfe434f32ec8 => generated 1218 bytes in 220 msecs (HTTP/1.1 200) 9 headers in 358 bytes (1 switches on core 0)
May 25 18:54:05.901408 n-d-838332-5 devstack@n-api.service[127196]: DEBUG nova.api.openstack.wsgi [None req-5cbf62d8-4db7-4986-b17d-5f05497f0ad9 tempest-AggregatesAdminTestJSON-1683807988 tempest-AggregatesAdminTestJSON-1683807988-project] Calling method '>' {{(pid=127196) _process_stack /opt/stack/nova/nova/api/openstack/wsgi.py:513}}
May 25 18:54:05.913989 n-d-838332-5 devstack@n-api.service[127196]: DEBUG nova.compute.api [None req-5cbf62d8-4db7-4986-b17d-5f05497f0ad9 tempest-AggregatesAdminTestJSON-1683807988 tempest-AggregatesAdminTestJSON-1683807988-project] [instance: 6e29c4a9-548a-4e10-b8b0-b3fb6363fc85] Fetching instance by UUID {{(pid=127196) get /opt/stack/nova/nova/compute/api.py:2813}}
May 25 18:54:05.914142 n-d-838332-5 devstack@n-api.service[127195]: INFO nova.api.openstack.requestlog [None req-11b8b308-36e9-48d6-985c-ef2e54868947 tempest-FlavorsV255TestJSON-672712972 tempest-FlavorsV255TestJSON-672712972-project-admin] 10.222.0.78 "PUT /compute/v2.1/flavors/730093998" status: 200 len: 446 microversion: 2.55 time: 0.313473
May 25 18:54:05.914142 n-d-838332-5 devstack@n-api.service[127195]: [pid: 127195|app: 0|req: 50/97] 10.222.0.78 () {62 vars in 1215 bytes} [Wed May 25 18:54:05 2022] PUT /compute/v2.1/flavors/730093998 => generated 446 bytes in 321 msecs (HTTP/1.1 200) 9 headers in 359 bytes (1 switches on core 0)
May 25 18:54:05.947863 n-d-838332-5 devstack@n-api.service[127196]: DEBUG oslo_concurrency.lockutils [None req-5cbf62d8-4db7-4986-b17d-5f05497f0ad9 tempest-AggregatesAdminTestJSON-1683807988 tempest-AggregatesAdminTestJSON-1683807988-project] Lock "2a47e9b3-4647-44c9-abc8-ff3d230f4057" acquired by "nova.context.set_target_cell..get_or_set_cached_cell_and_set_connections" :: waited 0.000s {{(pid=127196) inner /usr/local/lib/python3.8/dist-packages/oslo_concurrency/lockutils.py:355}}
May 25 18:54:05.952384 n-d-838332-5 devstack@n-api.service[127196]: DEBUG oslo_concurrency.lockutils [None req-5cbf62d8-4db7-4986-b17d-5f05497f0ad9 tempest-AggregatesAdminTestJSON-1683807988 tempest-AggregatesAdminTestJSON-1683807988-project] Lock "2a47e9b3-4647-44c9-abc8-ff3d230f4057" released by "nova.context.set_target_cell..get_or_set_cached_cell_and_set_connections" :: held 0.005s {{(pid=127196) inner /usr/local/lib/python3.8/dist-packages/oslo_concurrency/lockutils.py:367}}
May 25 18:54:05.953654 n-d-838332-5 devstack@n-api.service[127196]: DEBUG oslo_concurrency.lockutils [None req-5cbf62d8-4db7-4986-b17d-5f05497f0ad9 tempest-AggregatesAdminTestJSON-1683807988 tempest-AggregatesAdminTestJSON-1683807988-project] Lock "2a47e9b3-4647-44c9-abc8-ff3d230f4057" acquired by "nova.context.set_target_cell..get_or_set_cached_cell_and_set_connections" :: waited 0.000s {{(pid=127196) inner /usr/local/lib/python3.8/dist-packages/oslo_concurrency/lockutils.py:355}}
May 25 18:54:05.956833 n-d-838332-5 devstack@n-api.service[127196]: DEBUG oslo_concurrency.lockutils [None req-5cbf62d8-4db7-4986-b17d-5f05497f0ad9 tempest-AggregatesAdminTestJSON-1683807988 tempest-AggregatesAdminTestJSON-1683807988-project] Lock "2a47e9b3-4647-44c9-abc8-ff3d230f4057" released by "nova.context.set_target_cell..get_or_set_cached_cell_and_set_connections" :: held 0.003s {{(pid=127196) inner /usr/local/lib/python3.8/dist-packages/oslo_concurrency/lockutils.py:367}}
May 25 18:54:06.343004 n-d-838332-5 devstack@n-api.service[127195]: DEBUG nova.api.openstack.wsgi [None req-19ac137f-c32f-4087-a188-f7bbbc08cc0b tempest-HypervisorAdminNegativeUnderV252Test-1780235907 tempest-HypervisorAdminNegativeUnderV252Test-1780235907-project] Calling method '.version_select at 0x7ff7eff8d9d0>' {{(pid=127195) _process_stack /opt/stack/nova/nova/api/openstack/wsgi.py:513}}
