Apr 18 20:20:17.791945 n-d-838332-2 devstack@placement-api.service[89241]: DEBUG placement.objects.allocation_candidate [req-f67cab35-a0f1-46e6-911f-234360fa66d5 req-3a1703eb-bdbd-41c2-907a-99280c3782ac service placement] RequestGroup(use_same_provider=False, resources={DISK_GB:1, MEMORY_MB:1024, VCPU:1}, traits=[], aggregates=[]) (suffix '') returned 2 matches {{(pid=89241) _get_by_requests /opt/stack/placement/placement/objects/allocation_candidate.py:145}}
Apr 18 20:20:17.797794 n-d-838332-2 devstack@placement-api.service[89241]: DEBUG placement.objects.allocation_candidate [req-f67cab35-a0f1-46e6-911f-234360fa66d5 req-3a1703eb-bdbd-41c2-907a-99280c3782ac service placement] Merging candidates yields 2 allocation requests and 2 provider summaries {{(pid=89241) _merge_candidates /opt/stack/placement/placement/objects/allocation_candidate.py:783}}
Apr 18 20:20:17.797794 n-d-838332-2 devstack@placement-api.service[89241]: INFO placement.requestlog [req-f67cab35-a0f1-46e6-911f-234360fa66d5 req-3a1703eb-bdbd-41c2-907a-99280c3782ac service placement] 10.222.0.20 "GET /placement/allocation_candidates?limit=1000&resources=DISK_GB%3A1%2CMEMORY_MB%3A1024%2CVCPU%3A1&root_required=%21COMPUTE_STATUS_DISABLED" status: 200 len: 1309 microversion: 1.35
Apr 18 20:20:17.797794 n-d-838332-2 devstack@placement-api.service[89241]: [pid: 89241|app: 0|req: 66/129] 10.222.0.20 () {60 vars in 1506 bytes} [Mon Apr 18 20:20:17 2022] GET /placement/allocation_candidates?limit=1000&resources=DISK_GB%3A1%2CMEMORY_MB%3A1024%2CVCPU%3A1&root_required=%21COMPUTE_STATUS_DISABLED => generated 1309 bytes in 73 msecs (HTTP/1.1 200) 8 headers in 297 bytes (1 switches on core 0)
Apr 18 20:20:17.867394 n-d-838332-2 devstack@placement-api.service[89240]: DEBUG placement.requestlog [req-f67cab35-a0f1-46e6-911f-234360fa66d5 req-48f599d0-b9ff-4eaa-9087-95e6167abddd None None] Starting request: 10.222.0.20 "GET /placement/allocations/437ba7d7-1667-43f6-9084-704447b11bb8" {{(pid=89240) __call__ /opt/stack/placement/placement/requestlog.py:55}}
Apr 18 20:20:17.878171 n-d-838332-2 devstack@placement-api.service[89240]: INFO placement.requestlog [req-f67cab35-a0f1-46e6-911f-234360fa66d5 req-48f599d0-b9ff-4eaa-9087-95e6167abddd service placement] 10.222.0.20 "GET /placement/allocations/437ba7d7-1667-43f6-9084-704447b11bb8" status: 200 len: 19 microversion: 1.28
Apr 18 20:20:17.881926 n-d-838332-2 devstack@placement-api.service[89240]: [pid: 89240|app: 0|req: 64/130] 10.222.0.20 () {60 vars in 1380 bytes} [Mon Apr 18 20:20:17 2022] GET /placement/allocations/437ba7d7-1667-43f6-9084-704447b11bb8 => generated 19 bytes in 14 msecs (HTTP/1.1 200) 8 headers in 295 bytes (1 switches on core 0)
Apr 18 20:20:17.892279 n-d-838332-2 devstack@placement-api.service[89241]: DEBUG placement.requestlog [req-f67cab35-a0f1-46e6-911f-234360fa66d5 req-9e519d31-daf8-4741-9d17-f2373c3accb6 None None] Starting request: 10.222.0.20 "PUT /placement/allocations/437ba7d7-1667-43f6-9084-704447b11bb8" {{(pid=89241) __call__ /opt/stack/placement/placement/requestlog.py:55}}
Apr 18 20:20:18.176458 n-d-838332-2 devstack@placement-api.service[89241]: DEBUG placement.handlers.allocation [req-f67cab35-a0f1-46e6-911f-234360fa66d5 req-9e519d31-daf8-4741-9d17-f2373c3accb6 service placement] Successfully wrote allocations [, , ] {{(pid=89241) _create_allocations /opt/stack/placement/placement/handlers/allocation.py:435}}
Apr 18 20:20:18.176893 n-d-838332-2 devstack@placement-api.service[89241]: INFO placement.requestlog [req-f67cab35-a0f1-46e6-911f-234360fa66d5 req-9e519d31-daf8-4741-9d17-f2373c3accb6 service placement] 10.222.0.20 "PUT /placement/allocations/437ba7d7-1667-43f6-9084-704447b11bb8" status: 204 len: 0 microversion: 1.35
Apr 18 20:20:18.177130 n-d-838332-2 devstack@placement-api.service[89241]: [pid: 89241|app: 0|req: 67/131] 10.222.0.20 () {64 vars in 1433 bytes} [Mon Apr 18 20:20:17 2022] PUT /placement/allocations/437ba7d7-1667-43f6-9084-704447b11bb8 => generated 0 bytes in 292 msecs (HTTP/1.1 204) 5 headers in 199 bytes (1 switches on core 0)
Apr 18 20:20:19.189982 n-d-838332-2 devstack@placement-api.service[89240]: DEBUG placement.requestlog [req-f67cab35-a0f1-46e6-911f-234360fa66d5 req-1a6e6e6e-e822-41a1-b08d-7974a599f04a None None] Starting request: 10.222.0.45 "GET /placement/allocations/437ba7d7-1667-43f6-9084-704447b11bb8" {{(pid=89240) __call__ /opt/stack/placement/placement/requestlog.py:55}}
Apr 18 20:20:19.213073 n-d-838332-2 devstack@placement-api.service[89240]: INFO placement.requestlog [req-f67cab35-a0f1-46e6-911f-234360fa66d5 req-1a6e6e6e-e822-41a1-b08d-7974a599f04a service placement] 10.222.0.45 "GET /placement/allocations/437ba7d7-1667-43f6-9084-704447b11bb8" status: 200 len: 258 microversion: 1.28
Apr 18 20:20:19.217052 n-d-838332-2 devstack@placement-api.service[89240]: [pid: 89240|app: 0|req: 65/132] 10.222.0.45 () {60 vars in 1377 bytes} [Mon Apr 18 20:20:19 2022] GET /placement/allocations/437ba7d7-1667-43f6-9084-704447b11bb8 => generated 258 bytes in 27 msecs (HTTP/1.1 200) 8 headers in 296 bytes (1 switches on core 0)
Apr 18 20:20:21.183866 n-d-838332-2 devstack@placement-api.service[89241]: DEBUG placement.requestlog [req-7bd7ad62-dd54-45f7-8948-00cab712ec64 req-5d74f0ea-4163-4360-a8ff-170a6bc60a39 None None] Starting request: 10.222.0.20 "GET /placement/allocation_candidates?limit=1000&resources=DISK_GB%3A1%2CMEMORY_MB%3A1024%2CVCPU%3A1&root_required=%21COMPUTE_STATUS_DISABLED" {{(pid=89241) __call__ /opt/stack/placement/placement/requestlog.py:55}}
Apr 18 20:20:21.185058 n-d-838332-2 devstack@placement-api.service[89240]: DEBUG placement.requestlog [req-b4494c85-2c10-479d-9f4d-c1cd68b277a0 req-8c93a5d3-06f8-4804-8ef7-1514df9e3e47 None None] Starting request: 10.222.0.45 "GET /placement/allocations/f1154af1-25dd-43bc-8120-30d62594554e" {{(pid=89240) __call__ /opt/stack/placement/placement/requestlog.py:55}}
Apr 18 20:20:21.205254 n-d-838332-2 devstack@placement-api.service[89240]: INFO placement.requestlog [req-b4494c85-2c10-479d-9f4d-c1cd68b277a0 req-8c93a5d3-06f8-4804-8ef7-1514df9e3e47 service placement] 10.222.0.45 "GET /placement/allocations/f1154af1-25dd-43bc-8120-30d62594554e" status: 200 len: 258 microversion: 1.28
Apr 18 20:20:21.205687 n-d-838332-2 devstack@placement-api.service[89240]: [pid: 89240|app: 0|req: 66/133] 10.222.0.45 () {60 vars in 1377 bytes} [Mon Apr 18 20:20:21 2022] GET /placement/allocations/f1154af1-25dd-43bc-8120-30d62594554e => generated 258 bytes in 21 msecs (HTTP/1.1 200) 8 headers in 296 bytes (1 switches on core 0)
Apr 18 20:20:21.213725 n-d-838332-2 devstack@placement-api.service[89240]: DEBUG placement.requestlog [req-b4494c85-2c10-479d-9f4d-c1cd68b277a0 req-c5d6f516-43b1-428c-9e70-58bb0f092010 None None] Starting request: 10.222.0.45 "PUT /placement/allocations/f1154af1-25dd-43bc-8120-30d62594554e" {{(pid=89240) __call__ /opt/stack/placement/placement/requestlog.py:55}}
Apr 18 20:20:21.241889 n-d-838332-2 devstack@placement-api.service[89241]: DEBUG placement.objects.research_context [req-7bd7ad62-dd54-45f7-8948-00cab712ec64 req-5d74f0ea-4163-4360-a8ff-170a6bc60a39 service placement] getting providers with 1 DISK_GB {{(pid=89241) __init__ /opt/stack/placement/placement/objects/research_context.py:126}}
Apr 18 20:20:21.254304 n-d-838332-2 devstack@placement-api.service[89241]: DEBUG placement.objects.research_context [req-7bd7ad62-dd54-45f7-8948-00cab712ec64 req-5d74f0ea-4163-4360-a8ff-170a6bc60a39 service placement] getting providers with 1024 MEMORY_MB {{(pid=89241) __init__ /opt/stack/placement/placement/objects/research_context.py:126}}
Apr 18 20:20:21.278677 n-d-838332-2 devstack@placement-api.service[89241]: DEBUG placement.objects.research_context [req-7bd7ad62-dd54-45f7-8948-00cab712ec64 req-5d74f0ea-4163-4360-a8ff-170a6bc60a39 service placement] getting providers with 1 VCPU {{(pid=89241) __init__ /opt/stack/placement/placement/objects/research_context.py:126}}
Apr 18 20:20:21.286013 n-d-838332-2 devstack@placement-api.service[89241]: DEBUG placement.objects.research_context [req-7bd7ad62-dd54-45f7-8948-00cab712ec64 req-5d74f0ea-4163-4360-a8ff-170a6bc60a39 service placement] found 2 providers with available 1 DISK_GB {{(pid=89241) get_provider_ids_matching /opt/stack/placement/placement/objects/research_context.py:549}}
Apr 18 20:20:21.286581 n-d-838332-2 devstack@placement-api.service[89241]: DEBUG placement.objects.research_context [req-7bd7ad62-dd54-45f7-8948-00cab712ec64 req-5d74f0ea-4163-4360-a8ff-170a6bc60a39 service placement] found 2 providers with available 1024 MEMORY_MB {{(pid=89241) get_provider_ids_matching /opt/stack/placement/placement/objects/research_context.py:549}}
Apr 18 20:20:21.287033 n-d-838332-2 devstack@placement-api.service[89241]: DEBUG placement.objects.research_context [req-7bd7ad62-dd54-45f7-8948-00cab712ec64 req-5d74f0ea-4163-4360-a8ff-170a6bc60a39 service placement] found 2 providers after filtering by previous result {{(pid=89241) get_provider_ids_matching /opt/stack/placement/placement/objects/research_context.py:580}}
Apr 18 20:20:21.288106 n-d-838332-2 devstack@placement-api.service[89241]: DEBUG placement.objects.research_context [req-7bd7ad62-dd54-45f7-8948-00cab712ec64 req-5d74f0ea-4163-4360-a8ff-170a6bc60a39 service placement] found 2 providers with available 1 VCPU {{(pid=89241) get_provider_ids_matching /opt/stack/placement/placement/objects/research_context.py:549}}
Apr 18 20:20:21.288565 n-d-838332-2 devstack@placement-api.service[89241]: DEBUG placement.objects.research_context [req-7bd7ad62-dd54-45f7-8948-00cab712ec64 req-5d74f0ea-4163-4360-a8ff-170a6bc60a39 service placement] found 2 providers after filtering by previous result {{(pid=89241) get_provider_ids_matching /opt/stack/placement/placement/objects/research_context.py:580}}
Apr 18 20:20:21.316276 n-d-838332-2 devstack@placement-api.service[89241]: DEBUG placement.objects.allocation_candidate [req-7bd7ad62-dd54-45f7-8948-00cab712ec64 req-5d74f0ea-4163-4360-a8ff-170a6bc60a39 service placement] RequestGroup(use_same_provider=False, resources={DISK_GB:1, MEMORY_MB:1024, VCPU:1}, traits=[], aggregates=[]) (suffix '') returned 2 matches {{(pid=89241) _get_by_requests /opt/stack/placement/placement/objects/allocation_candidate.py:145}}
Apr 18 20:20:21.316592 n-d-838332-2 devstack@placement-api.service[89241]: DEBUG placement.objects.allocation_candidate [req-7bd7ad62-dd54-45f7-8948-00cab712ec64 req-5d74f0ea-4163-4360-a8ff-170a6bc60a39 service placement] Merging candidates yields 2 allocation requests and 2 provider summaries {{(pid=89241) _merge_candidates /opt/stack/placement/placement/objects/allocation_candidate.py:783}}
Apr 18 20:20:21.322641 n-d-838332-2 devstack@placement-api.service[89241]: INFO placement.requestlog [req-7bd7ad62-dd54-45f7-8948-00cab712ec64 req-5d74f0ea-4163-4360-a8ff-170a6bc60a39 service placement] 10.222.0.20 "GET /placement/allocation_candidates?limit=1000&resources=DISK_GB%3A1%2CMEMORY_MB%3A1024%2CVCPU%3A1&root_required=%21COMPUTE_STATUS_DISABLED" status: 200 len: 1309 microversion: 1.35
Apr 18 20:20:21.326471 n-d-838332-2 devstack@placement-api.service[89241]: [pid: 89241|app: 0|req: 68/134] 10.222.0.20 () {60 vars in 1506 bytes} [Mon Apr 18 20:20:21 2022] GET /placement/allocation_candidates?limit=1000&resources=DISK_GB%3A1%2CMEMORY_MB%3A1024%2CVCPU%3A1&root_required=%21COMPUTE_STATUS_DISABLED => generated 1309 bytes in 143 msecs (HTTP/1.1 200) 8 headers in 297 bytes (1 switches on core 0)
Apr 18 20:20:21.410355 n-d-838332-2 devstack@placement-api.service[89240]: DEBUG placement.handlers.allocation [req-b4494c85-2c10-479d-9f4d-c1cd68b277a0 req-c5d6f516-43b1-428c-9e70-58bb0f092010 service placement] Successfully wrote allocations [, , ] {{(pid=89240) _create_allocations /opt/stack/placement/placement/handlers/allocation.py:435}}
Apr 18 20:20:21.410866 n-d-838332-2 devstack@placement-api.service[89240]: INFO placement.requestlog [req-b4494c85-2c10-479d-9f4d-c1cd68b277a0 req-c5d6f516-43b1-428c-9e70-58bb0f092010 service placement] 10.222.0.45 "PUT /placement/allocations/f1154af1-25dd-43bc-8120-30d62594554e" status: 204 len: 0 microversion: 1.28
Apr 18 20:20:21.411382 n-d-838332-2 devstack@placement-api.service[89240]: [pid: 89240|app: 0|req: 67/135] 10.222.0.45 () {64 vars in 1430 bytes} [Mon Apr 18 20:20:21 2022] PUT /placement/allocations/f1154af1-25dd-43bc-8120-30d62594554e => generated 0 bytes in 198 msecs (HTTP/1.1 204) 5 headers in 199 bytes (1 switches on core 0)
Apr 18 20:20:21.429185 n-d-838332-2 devstack@placement-api.service[89241]: DEBUG placement.requestlog [req-7bd7ad62-dd54-45f7-8948-00cab712ec64 req-0b60c5b5-b925-4121-bc74-abf26d1baf58 None None] Starting request: 10.222.0.20 "GET /placement/allocations/fc3b638a-8772-4044-83f9-2a3f5686d5aa" {{(pid=89241) __call__ /opt/stack/placement/placement/requestlog.py:55}}
Apr 18 20:20:21.448346 n-d-838332-2 devstack@placement-api.service[89241]: INFO placement.requestlog [req-7bd7ad62-dd54-45f7-8948-00cab712ec64 req-0b60c5b5-b925-4121-bc74-abf26d1baf58 service placement] 10.222.0.20 "GET /placement/allocations/fc3b638a-8772-4044-83f9-2a3f5686d5aa" status: 200 len: 19 microversion: 1.28
Apr 18 20:20:21.450034 n-d-838332-2 devstack@placement-api.service[89241]: [pid: 89241|app: 0|req: 69/136] 10.222.0.20 () {60 vars in 1380 bytes} [Mon Apr 18 20:20:21 2022] GET /placement/allocations/fc3b638a-8772-4044-83f9-2a3f5686d5aa => generated 19 bytes in 21 msecs (HTTP/1.1 200) 8 headers in 295 bytes (1 switches on core 0)
Apr 18 20:20:21.462580 n-d-838332-2 devstack@placement-api.service[89240]: DEBUG placement.requestlog [req-7bd7ad62-dd54-45f7-8948-00cab712ec64 req-b276b323-3334-448d-b804-ccba5377b678 None None] Starting request: 10.222.0.20 "PUT /placement/allocations/fc3b638a-8772-4044-83f9-2a3f5686d5aa" {{(pid=89240) __call__ /opt/stack/placement/placement/requestlog.py:55}}
Apr 18 20:20:21.964958 n-d-838332-2 devstack@placement-api.service[89240]: DEBUG placement.handlers.allocation [req-7bd7ad62-dd54-45f7-8948-00cab712ec64 req-b276b323-3334-448d-b804-ccba5377b678 service placement] Successfully wrote allocations [, , ] {{(pid=89240) _create_allocations /opt/stack/placement/placement/handlers/allocation.py:435}}
Apr 18 20:20:21.965463 n-d-838332-2 devstack@placement-api.service[89240]: INFO placement.requestlog [req-7bd7ad62-dd54-45f7-8948-00cab712ec64 req-b276b323-3334-448d-b804-ccba5377b678 service placement] 10.222.0.20 "PUT /placement/allocations/fc3b638a-8772-4044-83f9-2a3f5686d5aa" status: 204 len: 0 microversion: 1.35
Apr 18 20:20:21.967973 n-d-838332-2 devstack@placement-api.service[89240]: [pid: 89240|app: 0|req: 68/137] 10.222.0.20 () {64 vars in 1433 bytes} [Mon Apr 18 20:20:21 2022] PUT /placement/allocations/fc3b638a-8772-4044-83f9-2a3f5686d5aa => generated 0 bytes in 505 msecs (HTTP/1.1 204) 5 headers in 199 bytes (1 switches on core 0)
Apr 18 20:20:23.188347 n-d-838332-2 devstack@placement-api.service[89241]: DEBUG placement.requestlog [req-7bd7ad62-dd54-45f7-8948-00cab712ec64 req-31355f00-8f52-448a-9e8b-abce26b662b4 None None] Starting request: 10.222.0.45 "GET /placement/allocations/fc3b638a-8772-4044-83f9-2a3f5686d5aa" {{(pid=89241) __call__ /opt/stack/placement/placement/requestlog.py:55}}
Apr 18 20:20:23.222350 n-d-838332-2 devstack@placement-api.service[89241]: INFO placement.requestlog [req-7bd7ad62-dd54-45f7-8948-00cab712ec64 req-31355f00-8f52-448a-9e8b-abce26b662b4 service placement] 10.222.0.45 "GET /placement/allocations/fc3b638a-8772-4044-83f9-2a3f5686d5aa" status: 200 len: 259 microversion: 1.28
Apr 18 20:20:23.227497 n-d-838332-2 devstack@placement-api.service[89241]: [pid: 89241|app: 0|req: 70/138] 10.222.0.45 () {60 vars in 1377 bytes} [Mon Apr 18 20:20:23 2022] GET /placement/allocations/fc3b638a-8772-4044-83f9-2a3f5686d5aa => generated 259 bytes in 38 msecs (HTTP/1.1 200) 8 headers in 296 bytes (1 switches on core 0)
Apr 18 20:20:25.519998 n-d-838332-2 devstack@placement-api.service[89240]: DEBUG placement.requestlog [None req-224f9425-bb14-4833-9cc3-db9c98cf2b6a None None] Starting request: 10.222.0.20 "GET /placement/" {{(pid=89240) __call__ /opt/stack/placement/placement/requestlog.py:55}}
Apr 18 20:20:25.520978 n-d-838332-2 devstack@placement-api.service[89240]: INFO placement.requestlog [None req-224f9425-bb14-4833-9cc3-db9c98cf2b6a None None] 10.222.0.20 "GET /placement/" status: 200 len: 136 microversion: 1.0
Apr 18 20:20:25.521350 n-d-838332-2 devstack@placement-api.service[89240]: [pid: 89240|app: 0|req: 69/139] 10.222.0.20 () {54 vars in 916 bytes} [Mon Apr 18 20:20:25 2022] GET /placement => generated 136 bytes in 2 msecs (HTTP/1.1 200) 6 headers in 224 bytes (1 switches on core 0)
Apr 18 20:20:25.527621 n-d-838332-2 devstack@placement-api.service[89241]: DEBUG placement.requestlog [req-6e70b5bf-9b65-4fac-9f8c-89ade98d4a2e req-d2c500f9-18eb-46da-8c02-73106b7c291e None None] Starting request: 10.222.0.20 "GET /placement/allocations/71a56981-ebfe-4dff-8cff-bfe02b3795d3" {{(pid=89241) __call__ /opt/stack/placement/placement/requestlog.py:55}}
Apr 18 20:20:25.666464 n-d-838332-2 devstack@placement-api.service[89241]: INFO placement.requestlog [req-6e70b5bf-9b65-4fac-9f8c-89ade98d4a2e req-d2c500f9-18eb-46da-8c02-73106b7c291e service placement] 10.222.0.20 "GET /placement/allocations/71a56981-ebfe-4dff-8cff-bfe02b3795d3" status: 200 len: 259 microversion: 1.28
Apr 18 20:20:25.666723 n-d-838332-2 devstack@placement-api.service[89241]: [pid: 89241|app: 0|req: 71/140] 10.222.0.20 () {60 vars in 1380 bytes} [Mon Apr 18 20:20:25 2022] GET /placement/allocations/71a56981-ebfe-4dff-8cff-bfe02b3795d3 => generated 259 bytes in 139 msecs (HTTP/1.1 200) 8 headers in 296 bytes (1 switches on core 0)
Apr 18 20:20:25.673097 n-d-838332-2 devstack@placement-api.service[89240]: DEBUG placement.requestlog [req-6e70b5bf-9b65-4fac-9f8c-89ade98d4a2e req-86ea0e06-3994-4db9-acde-913514faf799 None None] Starting request: 10.222.0.20 "GET /placement/allocations/71a56981-ebfe-4dff-8cff-bfe02b3795d3" {{(pid=89240) __call__ /opt/stack/placement/placement/requestlog.py:55}}
Apr 18 20:20:25.692811 n-d-838332-2 devstack@placement-api.service[89240]: INFO placement.requestlog [req-6e70b5bf-9b65-4fac-9f8c-89ade98d4a2e req-86ea0e06-3994-4db9-acde-913514faf799 service placement] 10.222.0.20 "GET /placement/allocations/71a56981-ebfe-4dff-8cff-bfe02b3795d3" status: 200 len: 259 microversion: 1.28
Apr 18 20:20:25.694574 n-d-838332-2 devstack@placement-api.service[89240]: [pid: 89240|app: 0|req: 70/141] 10.222.0.20 () {60 vars in 1380 bytes} [Mon Apr 18 20:20:25 2022] GET /placement/allocations/71a56981-ebfe-4dff-8cff-bfe02b3795d3 => generated 259 bytes in 21 msecs (HTTP/1.1 200) 8 headers in 296 bytes (1 switches on core 0)
Apr 18 20:20:25.699384 n-d-838332-2 devstack@placement-api.service[89241]: DEBUG placement.requestlog [req-6e70b5bf-9b65-4fac-9f8c-89ade98d4a2e req-cd123f5e-64d7-4017-afdc-3b0cfd7e6cdb None None] Starting request: 10.222.0.20 "GET /placement/allocations/72fafc86-0f42-485c-ae35-7369561a978a" {{(pid=89241) __call__ /opt/stack/placement/placement/requestlog.py:55}}
Apr 18 20:20:25.715796 n-d-838332-2 devstack@placement-api.service[89241]: INFO placement.requestlog [req-6e70b5bf-9b65-4fac-9f8c-89ade98d4a2e req-cd123f5e-64d7-4017-afdc-3b0cfd7e6cdb service placement] 10.222.0.20 "GET /placement/allocations/72fafc86-0f42-485c-ae35-7369561a978a" status: 200 len: 19 microversion: 1.28
Apr 18 20:20:25.717259 n-d-838332-2 devstack@placement-api.service[89241]: [pid: 89241|app: 0|req: 72/142] 10.222.0.20 () {60 vars in 1380 bytes} [Mon Apr 18 20:20:25 2022] GET /placement/allocations/72fafc86-0f42-485c-ae35-7369561a978a => generated 19 bytes in 18 msecs (HTTP/1.1 200) 8 headers in 295 bytes (1 switches on core 0)
Apr 18 20:20:25.728504 n-d-838332-2 devstack@placement-api.service[89240]: DEBUG placement.requestlog [req-6e70b5bf-9b65-4fac-9f8c-89ade98d4a2e req-b1232221-0f09-4726-a26d-f85e69978d00 None None] Starting request: 10.222.0.20 "POST /placement/allocations" {{(pid=89240) __call__ /opt/stack/placement/placement/requestlog.py:55}}
Apr 18 20:20:25.982517 n-d-838332-2 devstack@placement-api.service[89240]: DEBUG placement.handlers.allocation [req-6e70b5bf-9b65-4fac-9f8c-89ade98d4a2e req-b1232221-0f09-4726-a26d-f85e69978d00 service placement] Successfully wrote allocations [, , , , , ] {{(pid=89240) _create_allocations /opt/stack/placement/placement/handlers/allocation.py:524}}
Apr 18 20:20:25.984184 n-d-838332-2 devstack@placement-api.service[89240]: INFO placement.requestlog [req-6e70b5bf-9b65-4fac-9f8c-89ade98d4a2e req-b1232221-0f09-4726-a26d-f85e69978d00 service placement] 10.222.0.20 "POST /placement/allocations" status: 204 len: 0 microversion: 1.28
Apr 18 20:20:25.984636 n-d-838332-2 devstack@placement-api.service[89240]: [pid: 89240|app: 0|req: 71/143] 10.222.0.20 () {64 vars in 1323 bytes} [Mon Apr 18 20:20:25 2022] POST /placement/allocations => generated 0 bytes in 256 msecs (HTTP/1.1 204) 5 headers in 199 bytes (1 switches on core 0)
Apr 18 20:20:26.039504 n-d-838332-2 devstack@placement-api.service[89241]: DEBUG placement.requestlog [req-6e70b5bf-9b65-4fac-9f8c-89ade98d4a2e req-9af1f9e8-7a14-4bd4-841f-fc4fd4b37803 None None] Starting request: 10.222.0.20 "GET /placement/allocations/71a56981-ebfe-4dff-8cff-bfe02b3795d3" {{(pid=89241) __call__ /opt/stack/placement/placement/requestlog.py:55}}
Apr 18 20:20:26.121330 n-d-838332-2 devstack@placement-api.service[89241]: INFO placement.requestlog [req-6e70b5bf-9b65-4fac-9f8c-89ade98d4a2e req-9af1f9e8-7a14-4bd4-841f-fc4fd4b37803 service placement] 10.222.0.20 "GET /placement/allocations/71a56981-ebfe-4dff-8cff-bfe02b3795d3" status: 200 len: 19 microversion: 1.28
Apr 18 20:20:26.121825 n-d-838332-2 devstack@placement-api.service[89241]: [pid: 89241|app: 0|req: 73/144] 10.222.0.20 () {60 vars in 1380 bytes} [Mon Apr 18 20:20:26 2022] GET /placement/allocations/71a56981-ebfe-4dff-8cff-bfe02b3795d3 => generated 19 bytes in 83 msecs (HTTP/1.1 200) 8 headers in 295 bytes (1 switches on core 0)
Apr 18 20:20:26.127281 n-d-838332-2 devstack@placement-api.service[89240]: DEBUG placement.requestlog [req-6e70b5bf-9b65-4fac-9f8c-89ade98d4a2e req-11c26d4f-d77d-4c7e-8a2f-44ee570becb6 None None] Starting request: 10.222.0.20 "PUT /placement/allocations/71a56981-ebfe-4dff-8cff-bfe02b3795d3" {{(pid=89240) __call__ /opt/stack/placement/placement/requestlog.py:55}}
Apr 18 20:20:26.308706 n-d-838332-2 devstack@placement-api.service[89240]: DEBUG placement.handlers.allocation [req-6e70b5bf-9b65-4fac-9f8c-89ade98d4a2e req-11c26d4f-d77d-4c7e-8a2f-44ee570becb6 service placement] Successfully wrote allocations [, , ] {{(pid=89240) _create_allocations /opt/stack/placement/placement/handlers/allocation.py:435}}
Apr 18 20:20:26.311990 n-d-838332-2 devstack@placement-api.service[89240]: INFO placement.requestlog [req-6e70b5bf-9b65-4fac-9f8c-89ade98d4a2e req-11c26d4f-d77d-4c7e-8a2f-44ee570becb6 service placement] 10.222.0.20 "PUT /placement/allocations/71a56981-ebfe-4dff-8cff-bfe02b3795d3" status: 204 len: 0 microversion: 1.28
Apr 18 20:20:26.312541 n-d-838332-2 devstack@placement-api.service[89240]: [pid: 89240|app: 0|req: 72/145] 10.222.0.20 () {64 vars in 1433 bytes} [Mon Apr 18 20:20:26 2022] PUT /placement/allocations/71a56981-ebfe-4dff-8cff-bfe02b3795d3 => generated 0 bytes in 186 msecs (HTTP/1.1 204) 5 headers in 199 bytes (1 switches on core 0)
Apr 18 20:20:26.541018 n-d-838332-2 devstack@placement-api.service[89241]: DEBUG placement.requestlog [req-6e70b5bf-9b65-4fac-9f8c-89ade98d4a2e req-92286951-ff7d-4443-b90f-1916c37faf1f None None] Starting request: 10.222.0.45 "GET /placement/allocations/71a56981-ebfe-4dff-8cff-bfe02b3795d3" {{(pid=89241) __call__ /opt/stack/placement/placement/requestlog.py:55}}
Apr 18 20:20:26.567044 n-d-838332-2 devstack@placement-api.service[89241]: INFO placement.requestlog [req-6e70b5bf-9b65-4fac-9f8c-89ade98d4a2e req-92286951-ff7d-4443-b90f-1916c37faf1f service placement] 10.222.0.45 "GET /placement/allocations/71a56981-ebfe-4dff-8cff-bfe02b3795d3" status: 200 len: 259 microversion: 1.28
Apr 18 20:20:26.571552 n-d-838332-2 devstack@placement-api.service[89241]: [pid: 89241|app: 0|req: 74/146] 10.222.0.45 () {60 vars in 1377 bytes} [Mon Apr 18 20:20:26 2022] GET /placement/allocations/71a56981-ebfe-4dff-8cff-bfe02b3795d3 => generated 259 bytes in 27 msecs (HTTP/1.1 200) 8 headers in 296 bytes (1 switches on core 0)
Apr 18 20:20:28.795789 n-d-838332-2 devstack@placement-api.service[89240]: DEBUG placement.requestlog [req-d6abb60a-7601-4d4d-99fd-275c2101766b req-fe57b958-5511-4861-b719-9b38f7c16af8 None None] Starting request: 10.222.0.52 "GET /placement/allocations/29c1a6c8-80ff-4486-a251-7ec8cae93002" {{(pid=89240) __call__ /opt/stack/placement/placement/requestlog.py:55}}
Apr 18 20:20:28.820089 n-d-838332-2 devstack@placement-api.service[89240]: INFO placement.requestlog [req-d6abb60a-7601-4d4d-99fd-275c2101766b req-fe57b958-5511-4861-b719-9b38f7c16af8 service placement] 10.222.0.52 "GET /placement/allocations/29c1a6c8-80ff-4486-a251-7ec8cae93002" status: 200 len: 259 microversion: 1.28
Apr 18 20:20:28.821079 n-d-838332-2 devstack@placement-api.service[89240]: [pid: 89240|app: 0|req: 73/147] 10.222.0.52 () {60 vars in 1377 bytes} [Mon Apr 18 20:20:28 2022] GET /placement/allocations/29c1a6c8-80ff-4486-a251-7ec8cae93002 => generated 259 bytes in 25 msecs (HTTP/1.1 200) 8 headers in 296 bytes (1 switches on core 0)
Apr 18 20:20:28.832773 n-d-838332-2 devstack@placement-api.service[89241]: DEBUG placement.requestlog [req-d6abb60a-7601-4d4d-99fd-275c2101766b req-9bb3df6e-d698-45d7-b798-dc8fe17c2b7c None None] Starting request: 10.222.0.52 "PUT /placement/allocations/29c1a6c8-80ff-4486-a251-7ec8cae93002" {{(pid=89241) __call__ /opt/stack/placement/placement/requestlog.py:55}}
Apr 18 20:20:28.964857 n-d-838332-2 devstack@placement-api.service[89241]: DEBUG placement.handlers.allocation [req-d6abb60a-7601-4d4d-99fd-275c2101766b req-9bb3df6e-d698-45d7-b798-dc8fe17c2b7c service placement] Successfully wrote allocations [, , ] {{(pid=89241) _create_allocations /opt/stack/placement/placement/handlers/allocation.py:435}}
Apr 18 20:20:28.965715 n-d-838332-2 devstack@placement-api.service[89241]: INFO placement.requestlog [req-d6abb60a-7601-4d4d-99fd-275c2101766b req-9bb3df6e-d698-45d7-b798-dc8fe17c2b7c service placement] 10.222.0.52 "PUT /placement/allocations/29c1a6c8-80ff-4486-a251-7ec8cae93002" status: 204 len: 0 microversion: 1.28
Apr 18 20:20:28.966459 n-d-838332-2 devstack@placement-api.service[89241]: [pid: 89241|app: 0|req: 75/148] 10.222.0.52 () {64 vars in 1430 bytes} [Mon Apr 18 20:20:28 2022] PUT /placement/allocations/29c1a6c8-80ff-4486-a251-7ec8cae93002 => generated 0 bytes in 134 msecs (HTTP/1.1 204) 5 headers in 199 bytes (1 switches on core 0)
Apr 18 20:20:32.026769 n-d-838332-2 devstack@placement-api.service[89240]: DEBUG placement.requestlog [req-d03a35bd-9aba-4358-ae9d-c64bea4cf5a0 req-bb62957d-203d-43be-b4cc-62d36fdcd78f None None] Starting request: 10.222.0.20 "GET /placement/allocation_candidates?limit=1000&resources=DISK_GB%3A1%2CMEMORY_MB%3A1024%2CVCPU%3A1&root_required=%21COMPUTE_STATUS_DISABLED" {{(pid=89240) __call__ /opt/stack/placement/placement/requestlog.py:55}}
Apr 18 20:20:32.056999 n-d-838332-2 devstack@placement-api.service[89240]: DEBUG placement.objects.research_context [req-d03a35bd-9aba-4358-ae9d-c64bea4cf5a0 req-bb62957d-203d-43be-b4cc-62d36fdcd78f service placement] getting providers with 1 DISK_GB {{(pid=89240) __init__ /opt/stack/placement/placement/objects/research_context.py:126}}
Apr 18 20:20:32.062858 n-d-838332-2 devstack@placement-api.service[89240]: DEBUG placement.objects.research_context [req-d03a35bd-9aba-4358-ae9d-c64bea4cf5a0 req-bb62957d-203d-43be-b4cc-62d36fdcd78f service placement] getting providers with 1024 MEMORY_MB {{(pid=89240) __init__ /opt/stack/placement/placement/objects/research_context.py:126}}
Apr 18 20:20:32.069617 n-d-838332-2 devstack@placement-api.service[89240]: DEBUG placement.objects.research_context [req-d03a35bd-9aba-4358-ae9d-c64bea4cf5a0 req-bb62957d-203d-43be-b4cc-62d36fdcd78f service placement] getting providers with 1 VCPU {{(pid=89240) __init__ /opt/stack/placement/placement/objects/research_context.py:126}}
Apr 18 20:20:32.075916 n-d-838332-2 devstack@placement-api.service[89240]: DEBUG placement.objects.research_context [req-d03a35bd-9aba-4358-ae9d-c64bea4cf5a0 req-bb62957d-203d-43be-b4cc-62d36fdcd78f service placement] found 2 providers with available 1 DISK_GB {{(pid=89240) get_provider_ids_matching /opt/stack/placement/placement/objects/research_context.py:549}}
Apr 18 20:20:32.076352 n-d-838332-2 devstack@placement-api.service[89240]: DEBUG placement.objects.research_context [req-d03a35bd-9aba-4358-ae9d-c64bea4cf5a0 req-bb62957d-203d-43be-b4cc-62d36fdcd78f service placement] found 2 providers with available 1024 MEMORY_MB {{(pid=89240) get_provider_ids_matching /opt/stack/placement/placement/objects/research_context.py:549}}
Apr 18 20:20:32.076857 n-d-838332-2 devstack@placement-api.service[89240]: DEBUG placement.objects.research_context [req-d03a35bd-9aba-4358-ae9d-c64bea4cf5a0 req-bb62957d-203d-43be-b4cc-62d36fdcd78f service placement] found 2 providers after filtering by previous result {{(pid=89240) get_provider_ids_matching /opt/stack/placement/placement/objects/research_context.py:580}}
Apr 18 20:20:32.077338 n-d-838332-2 devstack@placement-api.service[89240]: DEBUG placement.objects.research_context [req-d03a35bd-9aba-4358-ae9d-c64bea4cf5a0 req-bb62957d-203d-43be-b4cc-62d36fdcd78f service placement] found 2 providers with available 1 VCPU {{(pid=89240) get_provider_ids_matching /opt/stack/placement/placement/objects/research_context.py:549}}
Apr 18 20:20:32.077795 n-d-838332-2 devstack@placement-api.service[89240]: DEBUG placement.objects.research_context [req-d03a35bd-9aba-4358-ae9d-c64bea4cf5a0 req-bb62957d-203d-43be-b4cc-62d36fdcd78f service placement] found 2 providers after filtering by previous result {{(pid=89240) get_provider_ids_matching /opt/stack/placement/placement/objects/research_context.py:580}}
Apr 18 20:20:32.091929 n-d-838332-2 devstack@placement-api.service[89240]: DEBUG placement.objects.allocation_candidate [req-d03a35bd-9aba-4358-ae9d-c64bea4cf5a0 req-bb62957d-203d-43be-b4cc-62d36fdcd78f service placement] RequestGroup(use_same_provider=False, resources={DISK_GB:1, MEMORY_MB:1024, VCPU:1}, traits=[], aggregates=[]) (suffix '') returned 2 matches {{(pid=89240) _get_by_requests /opt/stack/placement/placement/objects/allocation_candidate.py:145}}
Apr 18 20:20:32.092792 n-d-838332-2 devstack@placement-api.service[89240]: DEBUG placement.objects.allocation_candidate [req-d03a35bd-9aba-4358-ae9d-c64bea4cf5a0 req-bb62957d-203d-43be-b4cc-62d36fdcd78f service placement] Merging candidates yields 2 allocation requests and 2 provider summaries {{(pid=89240) _merge_candidates /opt/stack/placement/placement/objects/allocation_candidate.py:783}}
Apr 18 20:20:32.094351 n-d-838332-2 devstack@placement-api.service[89240]: INFO placement.requestlog [req-d03a35bd-9aba-4358-ae9d-c64bea4cf5a0 req-bb62957d-203d-43be-b4cc-62d36fdcd78f service placement] 10.222.0.20 "GET /placement/allocation_candidates?limit=1000&resources=DISK_GB%3A1%2CMEMORY_MB%3A1024%2CVCPU%3A1&root_required=%21COMPUTE_STATUS_DISABLED" status: 200 len: 1309 microversion: 1.35
Apr 18 20:20:32.095154 n-d-838332-2 devstack@placement-api.service[89240]: [pid: 89240|app: 0|req: 74/149] 10.222.0.20 () {60 vars in 1506 bytes} [Mon Apr 18 20:20:32 2022] GET /placement/allocation_candidates?limit=1000&resources=DISK_GB%3A1%2CMEMORY_MB%3A1024%2CVCPU%3A1&root_required=%21COMPUTE_STATUS_DISABLED => generated 1309 bytes in 68 msecs (HTTP/1.1 200) 8 headers in 297 bytes (1 switches on core 0)
Apr 18 20:20:32.168257 n-d-838332-2 devstack@placement-api.service[89241]: DEBUG placement.requestlog [req-d03a35bd-9aba-4358-ae9d-c64bea4cf5a0 req-bbfaddfd-b364-404d-b675-28739863e7b9 None None] Starting request: 10.222.0.20 "GET /placement/allocations/c05beff2-d276-41ee-9a03-d9e6b74b67f0" {{(pid=89241) __call__ /opt/stack/placement/placement/requestlog.py:55}}
Apr 18 20:20:32.201150 n-d-838332-2 devstack@placement-api.service[89241]: INFO placement.requestlog [req-d03a35bd-9aba-4358-ae9d-c64bea4cf5a0 req-bbfaddfd-b364-404d-b675-28739863e7b9 service placement] 10.222.0.20 "GET /placement/allocations/c05beff2-d276-41ee-9a03-d9e6b74b67f0" status: 200 len: 19 microversion: 1.28
Apr 18 20:20:32.201710 n-d-838332-2 devstack@placement-api.service[89241]: [pid: 89241|app: 0|req: 76/150] 10.222.0.20 () {60 vars in 1380 bytes} [Mon Apr 18 20:20:32 2022] GET /placement/allocations/c05beff2-d276-41ee-9a03-d9e6b74b67f0 => generated 19 bytes in 33 msecs (HTTP/1.1 200) 8 headers in 295 bytes (1 switches on core 0)
Apr 18 20:20:32.204078 n-d-838332-2 devstack@placement-api.service[89240]: DEBUG placement.requestlog [req-d03a35bd-9aba-4358-ae9d-c64bea4cf5a0 req-26ba165c-44da-482b-b3a7-b25f31162235 None None] Starting request: 10.222.0.20 "PUT /placement/allocations/c05beff2-d276-41ee-9a03-d9e6b74b67f0" {{(pid=89240) __call__ /opt/stack/placement/placement/requestlog.py:55}}
Apr 18 20:20:32.650320 n-d-838332-2 devstack@placement-api.service[89240]: DEBUG placement.handlers.allocation [req-d03a35bd-9aba-4358-ae9d-c64bea4cf5a0 req-26ba165c-44da-482b-b3a7-b25f31162235 service placement] Successfully wrote allocations [, , ] {{(pid=89240) _create_allocations /opt/stack/placement/placement/handlers/allocation.py:435}}
Apr 18 20:20:32.650807 n-d-838332-2 devstack@placement-api.service[89240]: INFO placement.requestlog [req-d03a35bd-9aba-4358-ae9d-c64bea4cf5a0 req-26ba165c-44da-482b-b3a7-b25f31162235 service placement] 10.222.0.20 "PUT /placement/allocations/c05beff2-d276-41ee-9a03-d9e6b74b67f0" status: 204 len: 0 microversion: 1.35
Apr 18 20:20:32.658149 n-d-838332-2 devstack@placement-api.service[89240]: [pid: 89240|app: 0|req: 75/151] 10.222.0.20 () {64 vars in 1433 bytes} [Mon Apr 18 20:20:32 2022] PUT /placement/allocations/c05beff2-d276-41ee-9a03-d9e6b74b67f0 => generated 0 bytes in 447 msecs (HTTP/1.1 204) 5 headers in 199 bytes (1 switches on core 0)
Apr 18 20:20:33.830525 n-d-838332-2 devstack@placement-api.service[89241]: DEBUG placement.requestlog [req-d03a35bd-9aba-4358-ae9d-c64bea4cf5a0 req-3978778f-f545-4287-bd28-a5daaad543e3 None None] Starting request: 10.222.0.52 "GET /placement/allocations/c05beff2-d276-41ee-9a03-d9e6b74b67f0" {{(pid=89241) __call__ /opt/stack/placement/placement/requestlog.py:55}}
Apr 18 20:20:33.854151 n-d-838332-2 devstack@placement-api.service[89241]: INFO placement.requestlog [req-d03a35bd-9aba-4358-ae9d-c64bea4cf5a0 req-3978778f-f545-4287-bd28-a5daaad543e3 service placement] 10.222.0.52 "GET /placement/allocations/c05beff2-d276-41ee-9a03-d9e6b74b67f0" status: 200 len: 259 microversion: 1.28
Apr 18 20:20:33.858149 n-d-838332-2 devstack@placement-api.service[89241]: [pid: 89241|app: 0|req: 77/152] 10.222.0.52 () {60 vars in 1377 bytes} [Mon Apr 18 20:20:33 2022] GET /placement/allocations/c05beff2-d276-41ee-9a03-d9e6b74b67f0 => generated 259 bytes in 28 msecs (HTTP/1.1 200) 8 headers in 296 bytes (1 switches on core 0)
Apr 18 20:20:40.512687 n-d-838332-2 devstack@placement-api.service[89240]: DEBUG placement.requestlog [None req-e85d0797-845a-4250-8864-27d01e11675d None None] Starting request: 10.222.0.20 "GET /placement/" {{(pid=89240) __call__ /opt/stack/placement/placement/requestlog.py:55}}
Apr 18 20:20:40.513670 n-d-838332-2 devstack@placement-api.service[89240]: INFO placement.requestlog [None req-e85d0797-845a-4250-8864-27d01e11675d None None] 10.222.0.20 "GET /placement/" status: 200 len: 136 microversion: 1.0
Apr 18 20:20:40.514316 n-d-838332-2 devstack@placement-api.service[89240]: [pid: 89240|app: 0|req: 76/153] 10.222.0.20 () {54 vars in 916 bytes} [Mon Apr 18 20:20:40 2022] GET /placement => generated 136 bytes in 2 msecs (HTTP/1.1 200) 6 headers in 224 bytes (1 switches on core 0)
Apr 18 20:20:40.520930 n-d-838332-2 devstack@placement-api.service[89241]: DEBUG placement.requestlog [req-37c38c5d-dfaf-45ea-9d62-a9fa9b55a49a req-4a4d5f33-d501-4f14-94b3-537750f9f467 None None] Starting request: 10.222.0.20 "GET /placement/allocations/437ba7d7-1667-43f6-9084-704447b11bb8" {{(pid=89241) __call__ /opt/stack/placement/placement/requestlog.py:55}}
Apr 18 20:20:40.637417 n-d-838332-2 devstack@placement-api.service[89241]: INFO placement.requestlog [req-37c38c5d-dfaf-45ea-9d62-a9fa9b55a49a req-4a4d5f33-d501-4f14-94b3-537750f9f467 service placement] 10.222.0.20 "GET /placement/allocations/437ba7d7-1667-43f6-9084-704447b11bb8" status: 200 len: 259 microversion: 1.28
Apr 18 20:20:40.638001 n-d-838332-2 devstack@placement-api.service[89241]: [pid: 89241|app: 0|req: 78/154] 10.222.0.20 () {60 vars in 1380 bytes} [Mon Apr 18 20:20:40 2022] GET /placement/allocations/437ba7d7-1667-43f6-9084-704447b11bb8 => generated 259 bytes in 117 msecs (HTTP/1.1 200) 8 headers in 296 bytes (2 switches on core 0)
Apr 18 20:20:40.644021 n-d-838332-2 devstack@placement-api.service[89240]: DEBUG placement.requestlog [req-37c38c5d-dfaf-45ea-9d62-a9fa9b55a49a req-1fdbd995-55d1-4ab8-9f57-29b9f62b7d7b None None] Starting request: 10.222.0.20 "GET /placement/allocations/437ba7d7-1667-43f6-9084-704447b11bb8" {{(pid=89240) __call__ /opt/stack/placement/placement/requestlog.py:55}}
Apr 18 20:20:40.686616 n-d-838332-2 devstack@placement-api.service[89240]: INFO placement.requestlog [req-37c38c5d-dfaf-45ea-9d62-a9fa9b55a49a req-1fdbd995-55d1-4ab8-9f57-29b9f62b7d7b service placement] 10.222.0.20 "GET /placement/allocations/437ba7d7-1667-43f6-9084-704447b11bb8" status: 200 len: 259 microversion: 1.28
Apr 18 20:20:40.686616 n-d-838332-2 devstack@placement-api.service[89240]: [pid: 89240|app: 0|req: 77/155] 10.222.0.20 () {60 vars in 1380 bytes} [Mon Apr 18 20:20:40 2022] GET /placement/allocations/437ba7d7-1667-43f6-9084-704447b11bb8 => generated 259 bytes in 35 msecs (HTTP/1.1 200) 8 headers in 296 bytes (1 switches on core 0)
Apr 18 20:20:40.686786 n-d-838332-2 devstack@placement-api.service[89241]: DEBUG placement.requestlog [req-37c38c5d-dfaf-45ea-9d62-a9fa9b55a49a req-7ece512c-d9c3-46da-a927-93d0e113eae6 None None] Starting request: 10.222.0.20 "GET /placement/allocations/793cfa74-b4a8-4b9f-bba4-1eb671301df0" {{(pid=89241) __call__ /opt/stack/placement/placement/requestlog.py:55}}
Apr 18 20:20:40.698701 n-d-838332-2 devstack@placement-api.service[89241]: INFO placement.requestlog [req-37c38c5d-dfaf-45ea-9d62-a9fa9b55a49a req-7ece512c-d9c3-46da-a927-93d0e113eae6 service placement] 10.222.0.20 "GET /placement/allocations/793cfa74-b4a8-4b9f-bba4-1eb671301df0" status: 200 len: 19 microversion: 1.28
Apr 18 20:20:40.703922 n-d-838332-2 devstack@placement-api.service[89241]: [pid: 89241|app: 0|req: 79/156] 10.222.0.20 () {60 vars in 1380 bytes} [Mon Apr 18 20:20:40 2022] GET /placement/allocations/793cfa74-b4a8-4b9f-bba4-1eb671301df0 => generated 19 bytes in 21 msecs (HTTP/1.1 200) 8 headers in 295 bytes (1 switches on core 0)
Apr 18 20:20:40.704479 n-d-838332-2 devstack@placement-api.service[89240]: DEBUG placement.requestlog [req-37c38c5d-dfaf-45ea-9d62-a9fa9b55a49a req-f5cb8e0c-1a90-4725-aeba-badee41e2ce2 None None] Starting request: 10.222.0.20 "POST /placement/allocations" {{(pid=89240) __call__ /opt/stack/placement/placement/requestlog.py:55}}
Apr 18 20:20:41.016009 n-d-838332-2 devstack@placement-api.service[89240]: DEBUG placement.handlers.allocation [req-37c38c5d-dfaf-45ea-9d62-a9fa9b55a49a req-f5cb8e0c-1a90-4725-aeba-badee41e2ce2 service placement] Successfully wrote allocations [, , , , , ] {{(pid=89240) _create_allocations /opt/stack/placement/placement/handlers/allocation.py:524}}
Apr 18 20:20:41.016493 n-d-838332-2 devstack@placement-api.service[89240]: INFO placement.requestlog [req-37c38c5d-dfaf-45ea-9d62-a9fa9b55a49a req-f5cb8e0c-1a90-4725-aeba-badee41e2ce2 service placement] 10.222.0.20 "POST /placement/allocations" status: 204 len: 0 microversion: 1.28
Apr 18 20:20:41.020989 n-d-838332-2 devstack@placement-api.service[89240]: [pid: 89240|app: 0|req: 78/157] 10.222.0.20 () {64 vars in 1323 bytes} [Mon Apr 18 20:20:40 2022] POST /placement/allocations => generated 0 bytes in 313 msecs (HTTP/1.1 204) 5 headers in 199 bytes (2 switches on core 0)
Apr 18 20:20:41.042510 n-d-838332-2 devstack@placement-api.service[89241]: DEBUG placement.requestlog [req-37c38c5d-dfaf-45ea-9d62-a9fa9b55a49a req-c8969776-6166-4225-88de-3c25ce73c7dc None None] Starting request: 10.222.0.20 "GET /placement/allocation_candidates?limit=1000&resources=DISK_GB%3A1%2CMEMORY_MB%3A512%2CVCPU%3A1&root_required=%21COMPUTE_STATUS_DISABLED" {{(pid=89241) __call__ /opt/stack/placement/placement/requestlog.py:55}}
Apr 18 20:20:41.097668 n-d-838332-2 devstack@placement-api.service[89241]: DEBUG placement.objects.research_context [req-37c38c5d-dfaf-45ea-9d62-a9fa9b55a49a req-c8969776-6166-4225-88de-3c25ce73c7dc service placement] getting providers with 1 DISK_GB {{(pid=89241) __init__ /opt/stack/placement/placement/objects/research_context.py:126}}
Apr 18 20:20:41.110406 n-d-838332-2 devstack@placement-api.service[89241]: DEBUG placement.objects.research_context [req-37c38c5d-dfaf-45ea-9d62-a9fa9b55a49a req-c8969776-6166-4225-88de-3c25ce73c7dc service placement] getting providers with 512 MEMORY_MB {{(pid=89241) __init__ /opt/stack/placement/placement/objects/research_context.py:126}}
Apr 18 20:20:41.116799 n-d-838332-2 devstack@placement-api.service[89241]: DEBUG placement.objects.research_context [req-37c38c5d-dfaf-45ea-9d62-a9fa9b55a49a req-c8969776-6166-4225-88de-3c25ce73c7dc service placement] getting providers with 1 VCPU {{(pid=89241) __init__ /opt/stack/placement/placement/objects/research_context.py:126}}
Apr 18 20:20:41.126128 n-d-838332-2 devstack@placement-api.service[89241]: DEBUG placement.objects.research_context [req-37c38c5d-dfaf-45ea-9d62-a9fa9b55a49a req-c8969776-6166-4225-88de-3c25ce73c7dc service placement] found 2 providers with available 1 DISK_GB {{(pid=89241) get_provider_ids_matching /opt/stack/placement/placement/objects/research_context.py:549}}
Apr 18 20:20:41.127197 n-d-838332-2 devstack@placement-api.service[89241]: DEBUG placement.objects.research_context [req-37c38c5d-dfaf-45ea-9d62-a9fa9b55a49a req-c8969776-6166-4225-88de-3c25ce73c7dc service placement] found 2 providers with available 512 MEMORY_MB {{(pid=89241) get_provider_ids_matching /opt/stack/placement/placement/objects/research_context.py:549}}
Apr 18 20:20:41.127648 n-d-838332-2 devstack@placement-api.service[89241]: DEBUG placement.objects.research_context [req-37c38c5d-dfaf-45ea-9d62-a9fa9b55a49a req-c8969776-6166-4225-88de-3c25ce73c7dc service placement] found 2 providers after filtering by previous result {{(pid=89241) get_provider_ids_matching /opt/stack/placement/placement/objects/research_context.py:580}}
Apr 18 20:20:41.127911 n-d-838332-2 devstack@placement-api.service[89241]: DEBUG placement.objects.research_context [req-37c38c5d-dfaf-45ea-9d62-a9fa9b55a49a req-c8969776-6166-4225-88de-3c25ce73c7dc service placement] found 2 providers with available 1 VCPU {{(pid=89241) get_provider_ids_matching /opt/stack/placement/placement/objects/research_context.py:549}}
Apr 18 20:20:41.129768 n-d-838332-2 devstack@placement-api.service[89241]: DEBUG placement.objects.research_context [req-37c38c5d-dfaf-45ea-9d62-a9fa9b55a49a req-c8969776-6166-4225-88de-3c25ce73c7dc service placement] found 2 providers after filtering by previous result {{(pid=89241) get_provider_ids_matching /opt/stack/placement/placement/objects/research_context.py:580}}
Apr 18 20:20:41.153865 n-d-838332-2 devstack@placement-api.service[89241]: DEBUG placement.objects.allocation_candidate [req-37c38c5d-dfaf-45ea-9d62-a9fa9b55a49a req-c8969776-6166-4225-88de-3c25ce73c7dc service placement] RequestGroup(use_same_provider=False, resources={DISK_GB:1, MEMORY_MB:512, VCPU:1}, traits=[], aggregates=[]) (suffix '') returned 2 matches {{(pid=89241) _get_by_requests /opt/stack/placement/placement/objects/allocation_candidate.py:145}}
Apr 18 20:20:41.154244 n-d-838332-2 devstack@placement-api.service[89241]: DEBUG placement.objects.allocation_candidate [req-37c38c5d-dfaf-45ea-9d62-a9fa9b55a49a req-c8969776-6166-4225-88de-3c25ce73c7dc service placement] Merging candidates yields 2 allocation requests and 2 provider summaries {{(pid=89241) _merge_candidates /opt/stack/placement/placement/objects/allocation_candidate.py:783}}
Apr 18 20:20:41.157036 n-d-838332-2 devstack@placement-api.service[89241]: INFO placement.requestlog [req-37c38c5d-dfaf-45ea-9d62-a9fa9b55a49a req-c8969776-6166-4225-88de-3c25ce73c7dc service placement] 10.222.0.20 "GET /placement/allocation_candidates?limit=1000&resources=DISK_GB%3A1%2CMEMORY_MB%3A512%2CVCPU%3A1&root_required=%21COMPUTE_STATUS_DISABLED" status: 200 len: 1307 microversion: 1.35
Apr 18 20:20:41.176052 n-d-838332-2 devstack@placement-api.service[89241]: [pid: 89241|app: 0|req: 80/158] 10.222.0.20 () {60 vars in 1504 bytes} [Mon Apr 18 20:20:41 2022] GET /placement/allocation_candidates?limit=1000&resources=DISK_GB%3A1%2CMEMORY_MB%3A512%2CVCPU%3A1&root_required=%21COMPUTE_STATUS_DISABLED => generated 1307 bytes in 134 msecs (HTTP/1.1 200) 8 headers in 297 bytes (1 switches on core 0)
Apr 18 20:20:41.254891 n-d-838332-2 devstack@placement-api.service[89240]: DEBUG placement.requestlog [req-37c38c5d-dfaf-45ea-9d62-a9fa9b55a49a req-75112049-06d7-4ade-a198-434291159f43 None None] Starting request: 10.222.0.20 "GET /placement/allocations/437ba7d7-1667-43f6-9084-704447b11bb8" {{(pid=89240) __call__ /opt/stack/placement/placement/requestlog.py:55}}
Apr 18 20:20:41.277521 n-d-838332-2 devstack@placement-api.service[89240]: INFO placement.requestlog [req-37c38c5d-dfaf-45ea-9d62-a9fa9b55a49a req-75112049-06d7-4ade-a198-434291159f43 service placement] 10.222.0.20 "GET /placement/allocations/437ba7d7-1667-43f6-9084-704447b11bb8" status: 200 len: 19 microversion: 1.28
Apr 18 20:20:41.277836 n-d-838332-2 devstack@placement-api.service[89240]: [pid: 89240|app: 0|req: 79/159] 10.222.0.20 () {60 vars in 1380 bytes} [Mon Apr 18 20:20:41 2022] GET /placement/allocations/437ba7d7-1667-43f6-9084-704447b11bb8 => generated 19 bytes in 23 msecs (HTTP/1.1 200) 8 headers in 295 bytes (1 switches on core 0)
Apr 18 20:20:41.283885 n-d-838332-2 devstack@placement-api.service[89241]: DEBUG placement.requestlog [req-37c38c5d-dfaf-45ea-9d62-a9fa9b55a49a req-f49016d2-3b8e-4de2-b39b-167454350a82 None None] Starting request: 10.222.0.20 "PUT /placement/allocations/437ba7d7-1667-43f6-9084-704447b11bb8" {{(pid=89241) __call__ /opt/stack/placement/placement/requestlog.py:55}}
Apr 18 20:20:41.564969 n-d-838332-2 devstack@placement-api.service[89241]: DEBUG placement.handlers.allocation [req-37c38c5d-dfaf-45ea-9d62-a9fa9b55a49a req-f49016d2-3b8e-4de2-b39b-167454350a82 service placement] Successfully wrote allocations [, , ] {{(pid=89241) _create_allocations /opt/stack/placement/placement/handlers/allocation.py:435}}
Apr 18 20:20:41.566180 n-d-838332-2 devstack@placement-api.service[89241]: INFO placement.requestlog [req-37c38c5d-dfaf-45ea-9d62-a9fa9b55a49a req-f49016d2-3b8e-4de2-b39b-167454350a82 service placement] 10.222.0.20 "PUT /placement/allocations/437ba7d7-1667-43f6-9084-704447b11bb8" status: 204 len: 0 microversion: 1.35
Apr 18 20:20:41.567281 n-d-838332-2 devstack@placement-api.service[89241]: [pid: 89241|app: 0|req: 81/160] 10.222.0.20 () {64 vars in 1433 bytes} [Mon Apr 18 20:20:41 2022] PUT /placement/allocations/437ba7d7-1667-43f6-9084-704447b11bb8 => generated 0 bytes in 284 msecs (HTTP/1.1 204) 5 headers in 199 bytes (1 switches on core 0)
Apr 18 20:20:44.259911 n-d-838332-2 devstack@placement-api.service[89240]: DEBUG placement.requestlog [req-37c38c5d-dfaf-45ea-9d62-a9fa9b55a49a req-60ea30a4-7d30-4278-b619-207e50698b20 None None] Starting request: 10.222.0.45 "GET /placement/allocations/437ba7d7-1667-43f6-9084-704447b11bb8" {{(pid=89240) __call__ /opt/stack/placement/placement/requestlog.py:55}}
Apr 18 20:20:44.285256 n-d-838332-2 devstack@placement-api.service[89240]: INFO placement.requestlog [req-37c38c5d-dfaf-45ea-9d62-a9fa9b55a49a req-60ea30a4-7d30-4278-b619-207e50698b20 service placement] 10.222.0.45 "GET /placement/allocations/437ba7d7-1667-43f6-9084-704447b11bb8" status: 200 len: 258 microversion: 1.28
Apr 18 20:20:44.287342 n-d-838332-2 devstack@placement-api.service[89240]: [pid: 89240|app: 0|req: 80/161] 10.222.0.45 () {60 vars in 1377 bytes} [Mon Apr 18 20:20:44 2022] GET /placement/allocations/437ba7d7-1667-43f6-9084-704447b11bb8 => generated 258 bytes in 28 msecs (HTTP/1.1 200) 8 headers in 296 bytes (1 switches on core 0)
Apr 18 20:20:45.036927 n-d-838332-2 devstack@placement-api.service[89241]: DEBUG placement.requestlog [req-618a62b2-767a-4222-a9fd-c873d7ca4b74 req-73b20bb9-e07d-498c-a3f2-4c161c7f4dac None None] Starting request: 10.222.0.20 "GET /placement/allocation_candidates?limit=1000&resources=DISK_GB%3A1%2CMEMORY_MB%3A1024%2CVCPU%3A1&root_required=%21COMPUTE_STATUS_DISABLED" {{(pid=89241) __call__ /opt/stack/placement/placement/requestlog.py:55}}
Apr 18 20:20:45.103198 n-d-838332-2 devstack@placement-api.service[89241]: DEBUG placement.objects.research_context [req-618a62b2-767a-4222-a9fd-c873d7ca4b74 req-73b20bb9-e07d-498c-a3f2-4c161c7f4dac service placement] getting providers with 1 DISK_GB {{(pid=89241) __init__ /opt/stack/placement/placement/objects/research_context.py:126}}
Apr 18 20:20:45.119012 n-d-838332-2 devstack@placement-api.service[89241]: DEBUG placement.objects.research_context [req-618a62b2-767a-4222-a9fd-c873d7ca4b74 req-73b20bb9-e07d-498c-a3f2-4c161c7f4dac service placement] getting providers with 1024 MEMORY_MB {{(pid=89241) __init__ /opt/stack/placement/placement/objects/research_context.py:126}}
