Apr 18 20:24:22.282365 n-d-838323-3 neutron-server[102910]: DEBUG neutron.api.rpc.handlers.l3_rpc [None req-40d4e0db-bbb9-4f30-b875-1316a3e70ff0 None None] The sync data for ids ['5297c610-0196-4a16-ac1b-69743affec6e'] in n-d-838323-3 is: [{'id': '5297c610-0196-4a16-ac1b-69743affec6e', 'name': 'tempest-ServersWithSpecificFlavorTestJSON-1465484721-router', 'tenant_id': '9c31a5607b8149d6830abd18010bd1c0', 'admin_state_up': True, 'status': 'ACTIVE', 'external_gateway_info': {'network_id': '3d577dc1-2d2a-4b10-a8c8-cd47eb1d2a06', 'external_fixed_ips': [{'subnet_id': '03b77171-fbe8-4a5d-ab12-73ed34520aa1', 'ip_address': '172.25.1.189'}], 'enable_snat': True}, 'gw_port_id': '2ee0ab00-7df1-488b-a3ac-fb22a190e392', 'description': '', 'availability_zones': ['nova'], 'distributed': False, 'ha': False, 'ha_vr_id': 0, 'availability_zone_hints': [], 'routes': [], 'flavor_id': None, 'tags': [], 'created_at': '2022-04-18T20:23:55Z', 'updated_at': '2022-04-18T20:24:16Z', 'revision_number': 4, 'project_id': '9c31a5607b8149d6830abd18010bd1c0', 'gw_port': {'id': '2ee0ab00-7df1-488b-a3ac-fb22a190e392', 'name': '', 'network_id': '3d577dc1-2d2a-4b10-a8c8-cd47eb1d2a06', 'tenant_id': '', 'mac_address': 'fa:16:3e:2b:3e:cb', 'admin_state_up': True, 'status': 'ACTIVE', 'device_id': '5297c610-0196-4a16-ac1b-69743affec6e', 'device_owner': 'network:router_gateway', 'standard_attr_id': 61, 'fixed_ips': [{'subnet_id': '03b77171-fbe8-4a5d-ab12-73ed34520aa1', 'ip_address': '172.25.1.189', 'prefixlen': 24}], 'allowed_address_pairs': [], 'extra_dhcp_opts': [], 'security_groups': [], 'description': '', 'binding:vnic_type': 'normal', 'binding:profile': {}, 'binding:host_id': 'n-d-838323-3', 'binding:vif_type': 'ovs', 'binding:vif_details': {'connectivity': 'l2', 'port_filter': True, 'ovs_hybrid_plug': False, 'datapath_type': 'system', 'bridge_name': 'br-int'}, 'port_security_enabled': False, 'tags': [], 'created_at': '2022-04-18T20:23:57Z', 'updated_at': '2022-04-18T20:24:10Z', 'revision_number': 4, 'project_id': '', 'subnets': [{'id': '03b77171-fbe8-4a5d-ab12-73ed34520aa1', 'cidr': '172.25.1.0/24', 'gateway_ip': '172.25.1.1', 'dns_nameservers': [], 'ipv6_ra_mode': None, 'subnetpool_id': None}], 'extra_subnets': [], 'address_scopes': {4: None, 6: None}, 'mtu': 1500}, 'enable_snat': True, 'gw_port_host': 'n-d-838323-3', '_interfaces': [{'id': 'd4bb34d2-50a7-470d-bff7-a1cdba8b0e9f', 'name': '', 'network_id': 'aa0818df-a918-4234-93bb-c4f1c30fdeff', 'tenant_id': '9c31a5607b8149d6830abd18010bd1c0', 'mac_address': 'fa:16:3e:8b:fa:88', 'admin_state_up': True, 'status': 'DOWN', 'device_id': '5297c610-0196-4a16-ac1b-69743affec6e', 'device_owner': 'network:router_interface', 'standard_attr_id': 100, 'fixed_ips': [{'subnet_id': '9b169574-6f19-4861-aa97-53614f9267fe', 'ip_address': '172.20.0.1', 'prefixlen': 28}], 'allowed_address_pairs': [], 'extra_dhcp_opts': [], 'security_groups': [], 'description': '', 'binding:vnic_type': 'normal', 'binding:profile': {}, 'binding:host_id': 'n-d-838323-3', 'binding:vif_type': 'ovs', 'binding:vif_details': {'connectivity': 'l2', 'port_filter': True, 'ovs_hybrid_plug': False, 'datapath_type': 'system', 'bridge_name': 'br-int'}, 'port_security_enabled': False, 'tags': [], 'created_at': '2022-04-18T20:24:08Z', 'updated_at': '2022-04-18T20:24:20Z', 'revision_number': 4, 'project_id': '9c31a5607b8149d6830abd18010bd1c0', 'subnets': [{'id': '9b169574-6f19-4861-aa97-53614f9267fe', 'cidr': '172.20.0.0/28', 'gateway_ip': '172.20.0.1', 'dns_nameservers': [], 'ipv6_ra_mode': None, 'subnetpool_id': None}], 'extra_subnets': [], 'address_scopes': {4: None, 6: None}, 'mtu': 1500}]}] {{(pid=102910) sync_routers /opt/stack/neutron/neutron/api/rpc/handlers/l3_rpc.py:137}}
Apr 18 20:24:22.350808 n-d-838323-3 neutron-server[102908]: DEBUG neutron.pecan_wsgi.hooks.quota_enforcement [None req-9e2191be-e428-429a-b3b9-b9cb96107467 admin admin] Made reservation on behalf of 181c6fdb9cf04d7181980991cd9fa969 for: {'subnet': 1} {{(pid=102908) before /opt/stack/neutron/neutron/pecan_wsgi/hooks/quota_enforcement.py:53}}
Apr 18 20:24:22.354816 n-d-838323-3 neutron-server[102908]: DEBUG neutron_lib.callbacks.manager [None req-9e2191be-e428-429a-b3b9-b9cb96107467 admin admin] Notify callbacks [] for subnet, before_create {{(pid=102908) _notify_loop /usr/local/lib/python3.8/dist-packages/neutron_lib/callbacks/manager.py:192}}
Apr 18 20:24:22.386145 n-d-838323-3 neutron-server[102909]: DEBUG neutron.api.rpc.handlers.resources_rpc [None req-1d479b63-47ed-4f29-8e80-577a677701ba admin admin] Pushing event updated for resources: {'Network': ['ID=c28b21b6-ffef-4ade-80c1-b72cdd78003e,revision_number=1']} {{(pid=102909) push /opt/stack/neutron/neutron/api/rpc/handlers/resources_rpc.py:237}}
Apr 18 20:24:22.416251 n-d-838323-3 neutron-server[102910]: DEBUG neutron.plugins.ml2.rpc [None req-4b67d8f8-5136-48e5-a413-7f9c0c3592d5 None None] Network c28b21b6-ffef-4ade-80c1-b72cdd78003e details requested by agent ovs-agent-n-d-838323-3 with host n-d-838323-3 {{(pid=102910) get_network_details /opt/stack/neutron/neutron/plugins/ml2/rpc.py:248}}
Apr 18 20:24:22.618627 n-d-838323-3 neutron-server[102908]: DEBUG neutron.pecan_wsgi.hooks.policy_enforcement [req-e9906a9a-660f-4301-930c-26a12c2613a4 req-44408d0e-5e32-49fe-bdcb-4f8b1217d531 tempest-AggregatesAdminTestJSON-572094163 tempest-AggregatesAdminTestJSON-572094163-project] Attributes excluded by policy engine: ['standard_attr_id', 'binding:profile', 'binding:host_id', 'binding:vif_type', 'binding:vif_details'] {{(pid=102908) _exclude_attributes_by_policy /opt/stack/neutron/neutron/pecan_wsgi/hooks/policy_enforcement.py:255}}
Apr 18 20:24:22.631273 n-d-838323-3 neutron-server[102908]: INFO neutron.wsgi [req-e9906a9a-660f-4301-930c-26a12c2613a4 req-44408d0e-5e32-49fe-bdcb-4f8b1217d531 tempest-AggregatesAdminTestJSON-572094163 tempest-AggregatesAdminTestJSON-572094163-project] 10.222.0.41 "GET /v2.0/ports?device_id=9f4ba202-db95-4c32-859c-f91c2fcfba2b HTTP/1.1" status: 200 len: 968 time: 0.1074409
Apr 18 20:24:22.709935 n-d-838323-3 neutron-server[102908]: INFO neutron.wsgi [req-e9906a9a-660f-4301-930c-26a12c2613a4 req-1f731cdd-1701-4ecc-ba01-e2821bc2ee89 tempest-AggregatesAdminTestJSON-572094163 tempest-AggregatesAdminTestJSON-572094163-project] 10.222.0.41 "GET /v2.0/security-groups?id=81d0405d-94d7-4325-923e-4c0c82073b16&fields=id&fields=name HTTP/1.1" status: 200 len: 286 time: 0.0772457
Apr 18 20:24:22.857840 n-d-838323-3 neutron-server[102908]: DEBUG neutron_lib.callbacks.manager [None req-9e2191be-e428-429a-b3b9-b9cb96107467 admin admin] Notify callbacks ['neutron.plugins.ml2.ovo_rpc._ObjectChangeHandler.handle_event-1752720', 'neutron.api.rpc.agentnotifiers.dhcp_rpc_agent_api.DhcpAgentNotifyAPI._native_event_send_dhcp_notification-1667515'] for subnet, after_create {{(pid=102908) _notify_loop /usr/local/lib/python3.8/dist-packages/neutron_lib/callbacks/manager.py:192}}
Apr 18 20:24:23.238727 n-d-838323-3 neutron-server[102909]: DEBUG neutron.wsgi [-] (102909) accepted ('10.222.0.41', 53050) {{(pid=102909) server /usr/local/lib/python3.8/dist-packages/eventlet/wsgi.py:982}}
Apr 18 20:24:23.311848 n-d-838323-3 neutron-server[102908]: DEBUG neutron.plugins.ml2.drivers.mech_agent [None req-9e2191be-e428-429a-b3b9-b9cb96107467 admin admin] Checking segment: {'id': '0a2f0597-c620-44b2-9172-e2c5197f30a3', 'network_type': 'vlan', 'physical_network': 'physnet1', 'segmentation_id': 219, 'network_id': 'c28b21b6-ffef-4ade-80c1-b72cdd78003e'} for mappings: {'physnet1': 'br-data'} with network types: ['local', 'flat', 'vlan'] {{(pid=102908) check_segment_for_agent /opt/stack/neutron/neutron/plugins/ml2/drivers/mech_agent.py:360}}
Apr 18 20:24:23.312532 n-d-838323-3 neutron-server[102908]: DEBUG neutron.scheduler.dhcp_agent_scheduler [None req-9e2191be-e428-429a-b3b9-b9cb96107467 admin admin] Network hostable DHCP agents. Network: c28b21b6-ffef-4ade-80c1-b72cdd78003e, hostable agents: ['d40e1110-2dc6-400a-bb70-535a949efad8'], hosted agents: [] {{(pid=102908) _get_network_hostable_dhcp_agents /opt/stack/neutron/neutron/scheduler/dhcp_agent_scheduler.py:329}}
Apr 18 20:24:23.318879 n-d-838323-3 neutron-server[102908]: DEBUG neutron.api.rpc.handlers.resources_rpc [None req-9e2191be-e428-429a-b3b9-b9cb96107467 admin admin] Pushing event updated for resources: {'Subnet': ['ID=9e27f124-fb47-4bae-bbea-988726c76f3b,revision_number=0']} {{(pid=102908) push /opt/stack/neutron/neutron/api/rpc/handlers/resources_rpc.py:237}}
Apr 18 20:24:23.371204 n-d-838323-3 neutron-server[102908]: DEBUG neutron.pecan_wsgi.hooks.policy_enforcement [req-bfab3278-ed27-445e-ae8b-5d0704d50911 req-60a8a211-b4fa-4382-875e-77a035862a2d tempest-DeleteServersAdminTestJSON-329558594 tempest-DeleteServersAdminTestJSON-329558594-project] Attributes excluded by policy engine: ['standard_attr_id', 'binding:profile', 'binding:host_id', 'binding:vif_type', 'binding:vif_details'] {{(pid=102908) _exclude_attributes_by_policy /opt/stack/neutron/neutron/pecan_wsgi/hooks/policy_enforcement.py:255}}
Apr 18 20:24:23.385111 n-d-838323-3 neutron-server[102908]: INFO neutron.wsgi [req-bfab3278-ed27-445e-ae8b-5d0704d50911 req-60a8a211-b4fa-4382-875e-77a035862a2d tempest-DeleteServersAdminTestJSON-329558594 tempest-DeleteServersAdminTestJSON-329558594-project] 10.222.0.41 "GET /v2.0/ports?device_id=e5535fd2-0f61-42aa-b40d-d91b30dfb2ce HTTP/1.1" status: 200 len: 947 time: 0.4645145
Apr 18 20:24:23.412905 n-d-838323-3 neutron-server[102909]: DEBUG neutron.api.v2.base [None req-e62e34b6-dc02-4f28-b8a6-bb511a0a0762 admin admin] Request body: {'network': {'name': 'tempest-LiveMigrationRemoteConsolesV26Test-1104061716-network', 'tenant_id': 'a820f473440d4f48bb2004c00f4c6412'}} {{(pid=102909) prepare_request_body /opt/stack/neutron/neutron/api/v2/base.py:729}}
Apr 18 20:24:23.448690 n-d-838323-3 neutron-server[102908]: DEBUG neutron.scheduler.dhcp_agent_scheduler [None req-9e2191be-e428-429a-b3b9-b9cb96107467 admin admin] Network c28b21b6-ffef-4ade-80c1-b72cdd78003e is scheduled to be hosted by DHCP agent d40e1110-2dc6-400a-bb70-535a949efad8 with binding_index 1 {{(pid=102908) bind /opt/stack/neutron/neutron/scheduler/dhcp_agent_scheduler.py:227}}
Apr 18 20:24:23.475394 n-d-838323-3 neutron-server[102908]: INFO neutron.wsgi [req-bfab3278-ed27-445e-ae8b-5d0704d50911 req-77981a6f-e3e9-444f-b0e8-08dd3be67f6a tempest-DeleteServersAdminTestJSON-329558594 tempest-DeleteServersAdminTestJSON-329558594-project] 10.222.0.41 "GET /v2.0/security-groups?id=06dc2368-7618-4dbd-81eb-c7eb4490843c&fields=id&fields=name HTTP/1.1" status: 200 len: 286 time: 0.0883658
Apr 18 20:24:23.505995 n-d-838323-3 neutron-server[102909]: DEBUG neutron.pecan_wsgi.hooks.quota_enforcement [None req-e62e34b6-dc02-4f28-b8a6-bb511a0a0762 admin admin] Made reservation on behalf of a820f473440d4f48bb2004c00f4c6412 for: {'network': 1} {{(pid=102909) before /opt/stack/neutron/neutron/pecan_wsgi/hooks/quota_enforcement.py:53}}
Apr 18 20:24:23.508791 n-d-838323-3 neutron-server[102909]: DEBUG neutron_lib.callbacks.manager [None req-e62e34b6-dc02-4f28-b8a6-bb511a0a0762 admin admin] Notify callbacks ['neutron.plugins.ml2.plugin.SecurityGroupDbMixin._ensure_default_security_group_handler-532872'] for network, before_create {{(pid=102909) _notify_loop /usr/local/lib/python3.8/dist-packages/neutron_lib/callbacks/manager.py:192}}
Apr 18 20:24:23.522520 n-d-838323-3 neutron-server[102908]: DEBUG neutron.scheduler.base_scheduler [None req-9e2191be-e428-429a-b3b9-b9cb96107467 admin admin] Resources bound (agent type, host, resource id): (DHCP agent, n-d-838323-3, c28b21b6-ffef-4ade-80c1-b72cdd78003e) {{(pid=102908) schedule /opt/stack/neutron/neutron/scheduler/base_scheduler.py:57}}
Apr 18 20:24:23.533222 n-d-838323-3 neutron-server[102908]: DEBUG neutron.pecan_wsgi.hooks.policy_enforcement [None req-9e2191be-e428-429a-b3b9-b9cb96107467 admin admin] Attributes excluded by policy engine: ['standard_attr_id', 'shared', 'network'] {{(pid=102908) _exclude_attributes_by_policy /opt/stack/neutron/neutron/pecan_wsgi/hooks/policy_enforcement.py:255}}
Apr 18 20:24:23.536757 n-d-838323-3 neutron-server[102908]: DEBUG neutron_lib.callbacks.manager [None req-9e2191be-e428-429a-b3b9-b9cb96107467 admin admin] Notify callbacks ['neutron.api.rpc.agentnotifiers.dhcp_rpc_agent_api.DhcpAgentNotifyAPI._send_dhcp_notification-1667649'] for subnet, before_response {{(pid=102908) _notify_loop /usr/local/lib/python3.8/dist-packages/neutron_lib/callbacks/manager.py:192}}
Apr 18 20:24:23.539883 n-d-838323-3 neutron-server[102909]: DEBUG neutron_lib.callbacks.manager [None req-e62e34b6-dc02-4f28-b8a6-bb511a0a0762 admin admin] Notify callbacks [] for security_group, before_create {{(pid=102909) _notify_loop /usr/local/lib/python3.8/dist-packages/neutron_lib/callbacks/manager.py:192}}
Apr 18 20:24:23.545977 n-d-838323-3 neutron-server[102910]: DEBUG neutron.api.rpc.handlers.dhcp_rpc [None req-8721594b-119c-4706-9af2-637a02531924 None None] Network c28b21b6-ffef-4ade-80c1-b72cdd78003e requested from n-d-838323-3 {{(pid=102910) get_network_info /opt/stack/neutron/neutron/api/rpc/handlers/dhcp_rpc.py:218}}
Apr 18 20:24:23.617815 n-d-838323-3 neutron-server[102908]: INFO neutron.wsgi [None req-9e2191be-e428-429a-b3b9-b9cb96107467 admin admin] 10.222.0.41 "POST /v2.0/subnets HTTP/1.1" status: 201 len: 860 time: 1.3491714
Apr 18 20:24:23.619556 n-d-838323-3 neutron-server[102909]: DEBUG neutron.wsgi [-] (102909) accepted ('10.222.0.41', 53062) {{(pid=102909) server /usr/local/lib/python3.8/dist-packages/eventlet/wsgi.py:982}}
Apr 18 20:24:23.630118 n-d-838323-3 neutron-server[102909]: DEBUG neutron.api.v2.base [None req-a1d61ecc-6eb3-45cf-ad71-d3eb80bc8420 admin admin] Request body: {'router': {'name': 'tempest-ServersWithSpecificFlavorTestJSON-2072890678-router', 'tenant_id': '181c6fdb9cf04d7181980991cd9fa969', 'external_gateway_info': {'network_id': '3d577dc1-2d2a-4b10-a8c8-cd47eb1d2a06'}}} {{(pid=102909) prepare_request_body /opt/stack/neutron/neutron/api/v2/base.py:729}}
Apr 18 20:24:23.742305 n-d-838323-3 neutron-server[102909]: DEBUG neutron_lib.callbacks.manager [None req-a1d61ecc-6eb3-45cf-ad71-d3eb80bc8420 admin admin] Notify callbacks ['neutron.services.l3_router.l3_router_plugin.L3_HA_NAT_db_mixin._before_router_create_handler-1610906', 'neutron.services.l3_router.service_providers.driver_controller.DriverController._check_router_request-25127'] for router, before_create {{(pid=102909) _notify_loop /usr/local/lib/python3.8/dist-packages/neutron_lib/callbacks/manager.py:192}}
Apr 18 20:24:23.744023 n-d-838323-3 neutron-server[102909]: DEBUG neutron_lib.callbacks.manager [None req-a1d61ecc-6eb3-45cf-ad71-d3eb80bc8420 admin admin] Notify callbacks ['neutron.services.l3_router.l3_router_plugin.L3_HA_NAT_db_mixin._precommit_router_create-1608810', 'neutron.services.l3_router.l3_router_plugin.DVRResourceOperationHandler._set_distributed_flag-1609680', 'neutron.services.l3_router.l3_router_plugin.RouterAvailabilityZoneMixin._process_az_request-1715673', 'neutron.services.l3_router.service_providers.driver_controller.DriverController._set_router_provider-25136'] for router, precommit_create {{(pid=102909) _notify_loop /usr/local/lib/python3.8/dist-packages/neutron_lib/callbacks/manager.py:192}}
Apr 18 20:24:23.849172 n-d-838323-3 neutron-server[102910]: DEBUG neutron.plugins.ml2.rpc [None req-4b67d8f8-5136-48e5-a413-7f9c0c3592d5 None None] Device d4bb34d2-50a7-470d-bff7-a1cdba8b0e9f up at agent ovs-agent-n-d-838323-3 {{(pid=102910) update_device_up /opt/stack/neutron/neutron/plugins/ml2/rpc.py:296}}
Apr 18 20:24:23.882271 n-d-838323-3 neutron-server[102911]: DEBUG neutron.db.agents_db [None req-b2eb35a7-5cf2-4673-aed2-cf1f03cb48f1 None None] Agent healthcheck: found 7 active agents {{(pid=102911) agent_health_check /opt/stack/neutron/neutron/db/agents_db.py:317}}
Apr 18 20:24:23.939373 n-d-838323-3 neutron-server[102909]: DEBUG neutron_lib.callbacks.manager [None req-e62e34b6-dc02-4f28-b8a6-bb511a0a0762 admin admin] Notify callbacks [] for security_group, precommit_create {{(pid=102909) _notify_loop /usr/local/lib/python3.8/dist-packages/neutron_lib/callbacks/manager.py:192}}
Apr 18 20:24:24.002371 n-d-838323-3 neutron-server[102909]: DEBUG neutron_lib.callbacks.manager [None req-e62e34b6-dc02-4f28-b8a6-bb511a0a0762 admin admin] Notify callbacks ['neutron.plugins.ml2.ovo_rpc._ObjectChangeHandler.handle_event-1789515'] for security_group, after_create {{(pid=102909) _notify_loop /usr/local/lib/python3.8/dist-packages/neutron_lib/callbacks/manager.py:192}}
Apr 18 20:24:24.006967 n-d-838323-3 neutron-server[102908]: DEBUG neutron.pecan_wsgi.hooks.policy_enforcement [req-b600f020-d15c-49b0-b82d-6f0801bb62bc req-15a70345-495e-4b54-aae6-1a3c48a2e5a7 tempest-AggregatesAdminTestJSON-572094163 tempest-AggregatesAdminTestJSON-572094163-project] Attributes excluded by policy engine: ['standard_attr_id', 'binding:profile', 'binding:host_id', 'binding:vif_type', 'binding:vif_details'] {{(pid=102908) _exclude_attributes_by_policy /opt/stack/neutron/neutron/pecan_wsgi/hooks/policy_enforcement.py:255}}
Apr 18 20:24:24.015729 n-d-838323-3 neutron-server[102908]: INFO neutron.wsgi [req-b600f020-d15c-49b0-b82d-6f0801bb62bc req-15a70345-495e-4b54-aae6-1a3c48a2e5a7 tempest-AggregatesAdminTestJSON-572094163 tempest-AggregatesAdminTestJSON-572094163-project] 10.222.0.41 "GET /v2.0/ports?device_id=9f4ba202-db95-4c32-859c-f91c2fcfba2b HTTP/1.1" status: 200 len: 968 time: 0.0843482
Apr 18 20:24:24.084921 n-d-838323-3 neutron-server[102909]: DEBUG neutron.api.rpc.handlers.resources_rpc [None req-e62e34b6-dc02-4f28-b8a6-bb511a0a0762 admin admin] Pushing event updated for resources: {'SecurityGroup': ['ID=5372f2d1-7c01-4d1e-8533-a098c7984729,revision_number=1']} {{(pid=102909) push /opt/stack/neutron/neutron/api/rpc/handlers/resources_rpc.py:237}}
Apr 18 20:24:24.091900 n-d-838323-3 neutron-server[102908]: INFO neutron.wsgi [req-b600f020-d15c-49b0-b82d-6f0801bb62bc req-75d66499-568b-4903-a5c1-09d757693ee1 tempest-AggregatesAdminTestJSON-572094163 tempest-AggregatesAdminTestJSON-572094163-project] 10.222.0.41 "GET /v2.0/security-groups?id=81d0405d-94d7-4325-923e-4c0c82073b16&fields=id&fields=name HTTP/1.1" status: 200 len: 286 time: 0.0747912
Apr 18 20:24:24.144804 n-d-838323-3 neutron-server[102910]: DEBUG neutron.plugins.ml2.rpc [None req-f045bf29-a18f-4a57-87b8-fdca63d937a7 None None] Device 75423c3a-9fbf-47f4-acab-b399f2a3e39c details requested by agent hyperv_n-h2-838323-3 with host n-h2-838323-3 {{(pid=102910) get_device_details /opt/stack/neutron/neutron/plugins/ml2/rpc.py:102}}
Apr 18 20:24:24.152606 n-d-838323-3 neutron-server[102908]: INFO neutron.wsgi [req-1a4878a8-3e40-4690-9730-d2d418235817 req-e34e9573-c006-4d08-b71d-0799d9e64f87 tempest-LiveMigrationNegativeTest-1219089806 tempest-LiveMigrationNegativeTest-1219089806-project] 10.222.0.41 "GET /v2.0/networks?tenant_id=3dba4a5a0b8c48c0b87c94e87f8afb4b&shared=False HTTP/1.1" status: 200 len: 213 time: 0.0594618
Apr 18 20:24:24.192885 n-d-838323-3 neutron-server[102909]: DEBUG neutron.plugins.ml2.drivers.helpers [None req-e62e34b6-dc02-4f28-b8a6-bb511a0a0762 admin admin] vlan segment allocate from pool success with {'vlan_id': 247, 'physical_network': 'physnet1'} {{(pid=102909) allocate_partially_specified_segment /opt/stack/neutron/neutron/plugins/ml2/drivers/helpers.py:153}}
Apr 18 20:24:24.198219 n-d-838323-3 neutron-server[102909]: DEBUG neutron_lib.callbacks.manager [None req-a1d61ecc-6eb3-45cf-ad71-d3eb80bc8420 admin admin] Notify callbacks [] for router_controller, precommit_add_association {{(pid=102909) _notify_loop /usr/local/lib/python3.8/dist-packages/neutron_lib/callbacks/manager.py:192}}
Apr 18 20:24:24.223776 n-d-838323-3 neutron-server[102909]: DEBUG neutron_lib.callbacks.manager [None req-e62e34b6-dc02-4f28-b8a6-bb511a0a0762 admin admin] Notify callbacks ['neutron.plugins.ml2.plugin.Ml2Plugin._handle_segment_change-739673'] for segment, precommit_create {{(pid=102909) _notify_loop /usr/local/lib/python3.8/dist-packages/neutron_lib/callbacks/manager.py:192}}
Apr 18 20:24:24.224373 n-d-838323-3 neutron-server[102909]: INFO neutron.db.segments_db [None req-e62e34b6-dc02-4f28-b8a6-bb511a0a0762 admin admin] Added segment 3b08436f-0e70-450e-9a0b-e8fc05e36f94 of type vlan for network 1dd0bd61-f27e-422c-bb1b-75ba560b3266
Apr 18 20:24:24.256101 n-d-838323-3 neutron-server[102910]: DEBUG neutron.api.rpc.handlers.dhcp_rpc [None req-2de5147a-844f-4e4c-a4fc-6ed19c7a49e9 None None] Create dhcp port {'port': {'name': '', 'admin_state_up': True, 'device_id': 'dhcpacabc9d0-f0c4-504e-8b74-84ba66aabfb0-c28b21b6-ffef-4ade-80c1-b72cdd78003e', 'network_id': 'c28b21b6-ffef-4ade-80c1-b72cdd78003e', 'tenant_id': '181c6fdb9cf04d7181980991cd9fa969', 'fixed_ips': [{'subnet_id': '9e27f124-fb47-4bae-bbea-988726c76f3b'}]}} from n-d-838323-3. {{(pid=102910) create_dhcp_port /opt/stack/neutron/neutron/api/rpc/handlers/dhcp_rpc.py:285}}
Apr 18 20:24:24.257996 n-d-838323-3 neutron-server[102910]: DEBUG neutron_lib.callbacks.manager [None req-2de5147a-844f-4e4c-a4fc-6ed19c7a49e9 None None] Notify callbacks ['neutron.plugins.ml2.plugin.SecurityGroupDbMixin._ensure_default_security_group_handler-532872'] for port, before_create {{(pid=102910) _notify_loop /usr/local/lib/python3.8/dist-packages/neutron_lib/callbacks/manager.py:192}}
Apr 18 20:24:24.360408 n-d-838323-3 neutron-server[102908]: DEBUG neutron.pecan_wsgi.hooks.policy_enforcement [req-1a4878a8-3e40-4690-9730-d2d418235817 req-d7f344e6-97e4-473c-9b0b-1b58ec38ad71 tempest-LiveMigrationNegativeTest-1219089806 tempest-LiveMigrationNegativeTest-1219089806-project] Attributes excluded by policy engine: ['standard_attr_id', 'vlan_transparent', 'provider:network_type', 'provider:physical_network', 'provider:segmentation_id'] {{(pid=102908) _exclude_attributes_by_policy /opt/stack/neutron/neutron/pecan_wsgi/hooks/policy_enforcement.py:255}}
Apr 18 20:24:24.375337 n-d-838323-3 neutron-server[102908]: INFO neutron.wsgi [req-1a4878a8-3e40-4690-9730-d2d418235817 req-d7f344e6-97e4-473c-9b0b-1b58ec38ad71 tempest-LiveMigrationNegativeTest-1219089806 tempest-LiveMigrationNegativeTest-1219089806-project] 10.222.0.41 "GET /v2.0/networks?shared=True HTTP/1.1" status: 200 len: 769 time: 0.2211838
Apr 18 20:24:24.407933 n-d-838323-3 neutron-server[102908]: INFO neutron.wsgi [req-1a4878a8-3e40-4690-9730-d2d418235817 req-09fb86c1-8cdc-45dd-b2ee-8b3fd93b1172 tempest-LiveMigrationNegativeTest-1219089806 tempest-LiveMigrationNegativeTest-1219089806-project] 10.222.0.41 "GET /v2.0/quotas/3dba4a5a0b8c48c0b87c94e87f8afb4b HTTP/1.1" status: 200 len: 375 time: 0.0305405
Apr 18 20:24:24.419252 n-d-838323-3 neutron-server[102909]: DEBUG neutron_lib.callbacks.manager [None req-e62e34b6-dc02-4f28-b8a6-bb511a0a0762 admin admin] Notify callbacks ['neutron.services.auto_allocate.db._ensure_external_network_default_value_callback-8734731023818'] for network, precommit_create {{(pid=102909) _notify_loop /usr/local/lib/python3.8/dist-packages/neutron_lib/callbacks/manager.py:192}}
Apr 18 20:24:24.451846 n-d-838323-3 neutron-server[102908]: INFO neutron.wsgi [req-1a4878a8-3e40-4690-9730-d2d418235817 req-b24bf2d4-1c41-4d01-8d27-a713a04b46ee tempest-LiveMigrationNegativeTest-1219089806 tempest-LiveMigrationNegativeTest-1219089806-project] 10.222.0.41 "GET /v2.0/ports?tenant_id=3dba4a5a0b8c48c0b87c94e87f8afb4b&fields=id HTTP/1.1" status: 200 len: 210 time: 0.0422795
Apr 18 20:24:24.488362 n-d-838323-3 neutron-server[102909]: DEBUG neutron_lib.callbacks.manager [None req-a1d61ecc-6eb3-45cf-ad71-d3eb80bc8420 admin admin] Notify callbacks [] for router_gateway, precommit_update {{(pid=102909) _notify_loop /usr/local/lib/python3.8/dist-packages/neutron_lib/callbacks/manager.py:192}}
Apr 18 20:24:24.497226 n-d-838323-3 neutron-server[102910]: DEBUG neutron_lib.db.resource_extend [None req-f045bf29-a18f-4a57-87b8-fdca63d937a7 None None] It took 0.25 seconds to run function 'neutron_lib.db.resource_extend.apply_funcs' {{(pid=102910) wrapper /usr/local/lib/python3.8/dist-packages/oslo_utils/timeutils.py:386}}
Apr 18 20:24:24.534154 n-d-838323-3 neutron-server[102909]: DEBUG neutron_lib.callbacks.manager [None req-e62e34b6-dc02-4f28-b8a6-bb511a0a0762 admin admin] Notify callbacks ['neutron.plugins.ml2.ovo_rpc._ObjectChangeHandler.handle_event-1752825', 'neutron.api.rpc.agentnotifiers.dhcp_rpc_agent_api.DhcpAgentNotifyAPI._native_event_send_dhcp_notification-1667515'] for network, after_create {{(pid=102909) _notify_loop /usr/local/lib/python3.8/dist-packages/neutron_lib/callbacks/manager.py:192}}
Apr 18 20:24:24.536658 n-d-838323-3 neutron-server[102909]: DEBUG neutron.pecan_wsgi.hooks.policy_enforcement [None req-e62e34b6-dc02-4f28-b8a6-bb511a0a0762 admin admin] Attributes excluded by policy engine: ['standard_attr_id', 'vlan_transparent'] {{(pid=102909) _exclude_attributes_by_policy /opt/stack/neutron/neutron/pecan_wsgi/hooks/policy_enforcement.py:255}}
Apr 18 20:24:24.536658 n-d-838323-3 neutron-server[102909]: DEBUG neutron_lib.callbacks.manager [None req-e62e34b6-dc02-4f28-b8a6-bb511a0a0762 admin admin] Notify callbacks ['neutron.api.rpc.agentnotifiers.dhcp_rpc_agent_api.DhcpAgentNotifyAPI._send_dhcp_notification-1667649'] for network, before_response {{(pid=102909) _notify_loop /usr/local/lib/python3.8/dist-packages/neutron_lib/callbacks/manager.py:192}}
Apr 18 20:24:24.726167 n-d-838323-3 neutron-server[102908]: DEBUG neutron.pecan_wsgi.hooks.policy_enforcement [req-7c505a1f-808d-43c3-8cc5-85f48ba8562f req-c135ddd7-a975-4d87-b4f5-96121169b370 tempest-DeleteServersAdminTestJSON-329558594 tempest-DeleteServersAdminTestJSON-329558594-project] Attributes excluded by policy engine: ['standard_attr_id', 'binding:profile', 'binding:host_id', 'binding:vif_type', 'binding:vif_details'] {{(pid=102908) _exclude_attributes_by_policy /opt/stack/neutron/neutron/pecan_wsgi/hooks/policy_enforcement.py:255}}
Apr 18 20:24:24.727998 n-d-838323-3 neutron-server[102908]: INFO neutron.wsgi [req-7c505a1f-808d-43c3-8cc5-85f48ba8562f req-c135ddd7-a975-4d87-b4f5-96121169b370 tempest-DeleteServersAdminTestJSON-329558594 tempest-DeleteServersAdminTestJSON-329558594-project] 10.222.0.41 "GET /v2.0/ports?device_id=e5535fd2-0f61-42aa-b40d-d91b30dfb2ce HTTP/1.1" status: 200 len: 947 time: 0.0816629
Apr 18 20:24:24.735512 n-d-838323-3 neutron-server[102910]: DEBUG neutron_lib.callbacks.manager [None req-9ab252d5-cf88-47a6-a7b1-413e339de58c None None] Notify callbacks ['neutron.services.segments.db._update_segment_host_mapping_for_agent-8734731592542', 'neutron.plugins.ml2.plugin.Ml2Plugin._retry_binding_revived_agents-737681'] for agent, after_update {{(pid=102910) _notify_loop /usr/local/lib/python3.8/dist-packages/neutron_lib/callbacks/manager.py:192}}
Apr 18 20:24:24.749528 n-d-838323-3 neutron-server[102910]: DEBUG neutron.db.provisioning_blocks [None req-4b67d8f8-5136-48e5-a413-7f9c0c3592d5 None None] Provisioning complete for port d4bb34d2-50a7-470d-bff7-a1cdba8b0e9f triggered by entity L2. {{(pid=102910) provisioning_complete /opt/stack/neutron/neutron/db/provisioning_blocks.py:139}}
Apr 18 20:24:24.750315 n-d-838323-3 neutron-server[102910]: DEBUG neutron_lib.callbacks.manager [None req-4b67d8f8-5136-48e5-a413-7f9c0c3592d5 None None] Notify callbacks ['neutron.plugins.ml2.plugin.Ml2Plugin._port_provisioned-751923'] for port, provisioning_complete {{(pid=102910) _notify_loop /usr/local/lib/python3.8/dist-packages/neutron_lib/callbacks/manager.py:192}}
Apr 18 20:24:24.781282 n-d-838323-3 neutron-server[102909]: INFO neutron.wsgi [None req-e62e34b6-dc02-4f28-b8a6-bb511a0a0762 admin admin] 10.222.0.41 "POST /v2.0/networks HTTP/1.1" status: 201 len: 898 time: 1.5413930
Apr 18 20:24:24.785870 n-d-838323-3 neutron-server[102908]: DEBUG neutron.wsgi [-] (102908) accepted ('10.222.0.41', 53104) {{(pid=102908) server /usr/local/lib/python3.8/dist-packages/eventlet/wsgi.py:982}}
Apr 18 20:24:24.803067 n-d-838323-3 neutron-server[102909]: DEBUG neutron.api.rpc.handlers.resources_rpc [None req-e62e34b6-dc02-4f28-b8a6-bb511a0a0762 admin admin] Pushing event updated for resources: {'Network': ['ID=1dd0bd61-f27e-422c-bb1b-75ba560b3266,revision_number=1']} {{(pid=102909) push /opt/stack/neutron/neutron/api/rpc/handlers/resources_rpc.py:237}}
Apr 18 20:24:24.805668 n-d-838323-3 neutron-server[102908]: DEBUG neutron.api.v2.base [None req-9db57cfd-b192-4b2b-b73f-736dd3f37239 admin admin] Request body: {'subnet': {'network_id': '1dd0bd61-f27e-422c-bb1b-75ba560b3266', 'cidr': '172.20.0.0/28', 'name': 'tempest-LiveMigrationRemoteConsolesV26Test-1104061716-subnet', 'tenant_id': 'a820f473440d4f48bb2004c00f4c6412', 'enable_dhcp': False, 'ip_version': 4}} {{(pid=102908) prepare_request_body /opt/stack/neutron/neutron/api/v2/base.py:729}}
Apr 18 20:24:24.872511 n-d-838323-3 neutron-server[102910]: DEBUG neutron.plugins.ml2.rpc [None req-4b67d8f8-5136-48e5-a413-7f9c0c3592d5 None None] Network 1dd0bd61-f27e-422c-bb1b-75ba560b3266 details requested by agent ovs-agent-n-d-838323-3 with host n-d-838323-3 {{(pid=102910) get_network_details /opt/stack/neutron/neutron/plugins/ml2/rpc.py:248}}
Apr 18 20:24:24.897843 n-d-838323-3 neutron-server[102908]: INFO neutron.wsgi [req-a638f8d3-19cb-4d1c-9043-b0b5af6b490b req-4378ce1f-2cf3-4d88-90e6-850b19b600e4 tempest-LiveMigrationNegativeTest-1219089806 tempest-LiveMigrationNegativeTest-1219089806-project] 10.222.0.41 "GET /v2.0/ports?device_id=8ba33e52-bc53-4f44-9999-cd32df792cba HTTP/1.1" status: 200 len: 210 time: 0.0568659
Apr 18 20:24:24.916675 n-d-838323-3 neutron-server[102908]: INFO neutron.wsgi [req-7c505a1f-808d-43c3-8cc5-85f48ba8562f req-630f541a-69ec-4df8-b95b-bd455fc0c55a tempest-DeleteServersAdminTestJSON-329558594 tempest-DeleteServersAdminTestJSON-329558594-project] 10.222.0.41 "GET /v2.0/security-groups?id=06dc2368-7618-4dbd-81eb-c7eb4490843c&fields=id&fields=name HTTP/1.1" status: 200 len: 286 time: 0.1815906
Apr 18 20:24:24.918023 n-d-838323-3 neutron-server[102908]: DEBUG neutron.pecan_wsgi.hooks.quota_enforcement [None req-9db57cfd-b192-4b2b-b73f-736dd3f37239 admin admin] Made reservation on behalf of a820f473440d4f48bb2004c00f4c6412 for: {'subnet': 1} {{(pid=102908) before /opt/stack/neutron/neutron/pecan_wsgi/hooks/quota_enforcement.py:53}}
Apr 18 20:24:24.926565 n-d-838323-3 neutron-server[102910]: DEBUG neutron.db.db_base_plugin_common [None req-2de5147a-844f-4e4c-a4fc-6ed19c7a49e9 None None] Allocated IP 172.20.0.2 (c28b21b6-ffef-4ade-80c1-b72cdd78003e/9e27f124-fb47-4bae-bbea-988726c76f3b/550f89d9-de33-4267-8602-edf6eb8800f4) {{(pid=102910) _store_ip_allocation /opt/stack/neutron/neutron/db/db_base_plugin_common.py:131}}
Apr 18 20:24:24.926876 n-d-838323-3 neutron-server[102908]: DEBUG neutron_lib.callbacks.manager [None req-9db57cfd-b192-4b2b-b73f-736dd3f37239 admin admin] Notify callbacks [] for subnet, before_create {{(pid=102908) _notify_loop /usr/local/lib/python3.8/dist-packages/neutron_lib/callbacks/manager.py:192}}
Apr 18 20:24:25.135031 n-d-838323-3 neutron-server[102910]: DEBUG neutron.plugins.ml2.db [None req-f045bf29-a18f-4a57-87b8-fdca63d937a7 None None] For port 75423c3a-9fbf-47f4-acab-b399f2a3e39c, host n-h2-838323-3, got binding levels [PortBindingLevel(driver='hyperv',host='n-h2-838323-3',level=0,port_id=75423c3a-9fbf-47f4-acab-b399f2a3e39c,segment=NetworkSegment(13dca32a-65de-4e15-aa11-0ead690dd140),segment_id=13dca32a-65de-4e15-aa11-0ead690dd140)] {{(pid=102910) get_binding_level_objs /opt/stack/neutron/neutron/plugins/ml2/db.py:74}}
Apr 18 20:24:25.188774 n-d-838323-3 neutron-server[102910]: DEBUG neutron.plugins.ml2.rpc [None req-f045bf29-a18f-4a57-87b8-fdca63d937a7 None None] Returning: {'device': '75423c3a-9fbf-47f4-acab-b399f2a3e39c', 'network_id': '615e1cae-b97f-47fa-a701-86445dc2465b', 'port_id': '75423c3a-9fbf-47f4-acab-b399f2a3e39c', 'mac_address': 'fa:16:3e:2d:19:77', 'admin_state_up': True, 'network_type': 'vlan', 'segmentation_id': 204, 'physical_network': 'physnet1', 'mtu': 1500, 'fixed_ips': [{'subnet_id': '738c099a-2d75-4838-affd-4f6009aedc01', 'ip_address': '192.168.233.41'}], 'device_owner': 'compute:tempest-test_az-566036013', 'allowed_address_pairs': [], 'port_security_enabled': True, 'qos_policy_id': None, 'network_qos_policy_id': None, 'profile': {}, 'propagate_uplink_status': False} {{(pid=102910) _get_device_details /opt/stack/neutron/neutron/plugins/ml2/rpc.py:184}}
Apr 18 20:24:25.280056 n-d-838323-3 neutron-server[102910]: DEBUG neutron_lib.callbacks.manager [None req-f045bf29-a18f-4a57-87b8-fdca63d937a7 None None] Notify callbacks ['neutron.plugins.ml2.plugin.SecurityGroupDbMixin._ensure_default_security_group_handler-532872'] for port, before_update {{(pid=102910) _notify_loop /usr/local/lib/python3.8/dist-packages/neutron_lib/callbacks/manager.py:192}}
Apr 18 20:24:25.306307 n-d-838323-3 neutron-server[102910]: DEBUG neutron.notifiers.nova [None req-f045bf29-a18f-4a57-87b8-fdca63d937a7 None None] Ignoring state change previous_port_status: DOWN current_port_status: BUILD port_id 75423c3a-9fbf-47f4-acab-b399f2a3e39c {{(pid=102910) record_port_status_changed /opt/stack/neutron/neutron/notifiers/nova.py:233}}
Apr 18 20:24:25.365097 n-d-838323-3 neutron-server[102910]: DEBUG neutron.plugins.ml2.db [None req-f045bf29-a18f-4a57-87b8-fdca63d937a7 None None] For port 75423c3a-9fbf-47f4-acab-b399f2a3e39c, host n-h2-838323-3, got binding levels [PortBindingLevel(driver='hyperv',host='n-h2-838323-3',level=0,port_id=75423c3a-9fbf-47f4-acab-b399f2a3e39c,segment=NetworkSegment(13dca32a-65de-4e15-aa11-0ead690dd140),segment_id=13dca32a-65de-4e15-aa11-0ead690dd140)] {{(pid=102910) get_binding_level_objs /opt/stack/neutron/neutron/plugins/ml2/db.py:74}}
Apr 18 20:24:25.389516 n-d-838323-3 neutron-server[102910]: DEBUG neutron_lib.callbacks.manager [None req-f045bf29-a18f-4a57-87b8-fdca63d937a7 None None] Notify callbacks ['neutron.plugins.ml2.plugin.SecurityGroupServerNotifierRpcMixin._notify_sg_on_port_change-532815', 'neutron.plugins.ml2.ovo_rpc._ObjectChangeHandler.handle_event-71718', 'neutron.api.rpc.agentnotifiers.dhcp_rpc_agent_api.DhcpAgentNotifyAPI._native_event_send_dhcp_notification-1667515', 'neutron.db.l3_db.L3RpcNotifierMixin._notify_gateway_port_ip_changed-8734731584449', 'neutron.db.l3_dvrscheduler_db._notify_l3_agent_port_update-8734731044060', 'neutron.db.l3_hascheduler_db._notify_l3_agent_ha_port_update-8734731051650'] for port, after_update {{(pid=102910) _notify_loop /usr/local/lib/python3.8/dist-packages/neutron_lib/callbacks/manager.py:192}}
Apr 18 20:24:25.431243 n-d-838323-3 neutron-server[102910]: DEBUG neutron_lib.callbacks.manager [None req-2de5147a-844f-4e4c-a4fc-6ed19c7a49e9 None None] Notify callbacks [] for port, precommit_create {{(pid=102910) _notify_loop /usr/local/lib/python3.8/dist-packages/neutron_lib/callbacks/manager.py:192}}
Apr 18 20:24:25.461797 n-d-838323-3 neutron-server[102910]: DEBUG neutron_lib.callbacks.manager [None req-2de5147a-844f-4e4c-a4fc-6ed19c7a49e9 None None] Notify callbacks ['neutron.plugins.ml2.plugin.SecurityGroupServerNotifierRpcMixin._notify_sg_on_port_change-532815', 'neutron.plugins.ml2.ovo_rpc._ObjectChangeHandler.handle_event-71718', 'neutron.api.rpc.agentnotifiers.dhcp_rpc_agent_api.DhcpAgentNotifyAPI._native_event_send_dhcp_notification-1667515', 'neutron.db.l3_dvrscheduler_db._notify_l3_agent_new_port-8734731044087'] for port, after_create {{(pid=102910) _notify_loop /usr/local/lib/python3.8/dist-packages/neutron_lib/callbacks/manager.py:192}}
Apr 18 20:24:25.464235 n-d-838323-3 neutron-server[102909]: DEBUG neutron_lib.callbacks.manager [None req-a1d61ecc-6eb3-45cf-ad71-d3eb80bc8420 admin admin] Notify callbacks [] for router_gateway, before_create {{(pid=102909) _notify_loop /usr/local/lib/python3.8/dist-packages/neutron_lib/callbacks/manager.py:192}}
Apr 18 20:24:25.478566 n-d-838323-3 neutron-server[102908]: DEBUG neutron_lib.callbacks.manager [None req-9db57cfd-b192-4b2b-b73f-736dd3f37239 admin admin] Notify callbacks ['neutron.plugins.ml2.ovo_rpc._ObjectChangeHandler.handle_event-1752720', 'neutron.api.rpc.agentnotifiers.dhcp_rpc_agent_api.DhcpAgentNotifyAPI._native_event_send_dhcp_notification-1667515'] for subnet, after_create {{(pid=102908) _notify_loop /usr/local/lib/python3.8/dist-packages/neutron_lib/callbacks/manager.py:192}}
Apr 18 20:24:25.502202 n-d-838323-3 neutron-server[102909]: DEBUG neutron_lib.callbacks.manager [None req-a1d61ecc-6eb3-45cf-ad71-d3eb80bc8420 admin admin] Notify callbacks ['neutron.plugins.ml2.plugin.SecurityGroupDbMixin._ensure_default_security_group_handler-532872'] for port, before_create {{(pid=102909) _notify_loop /usr/local/lib/python3.8/dist-packages/neutron_lib/callbacks/manager.py:192}}
Apr 18 20:24:25.524256 n-d-838323-3 neutron-server[102910]: DEBUG neutron.scheduler.dhcp_agent_scheduler [None req-2de5147a-844f-4e4c-a4fc-6ed19c7a49e9 None None] Network c28b21b6-ffef-4ade-80c1-b72cdd78003e is already hosted by enough agents. {{(pid=102910) _get_dhcp_agents_hosting_network /opt/stack/neutron/neutron/scheduler/dhcp_agent_scheduler.py:275}}
Apr 18 20:24:25.545721 n-d-838323-3 neutron-server[102910]: DEBUG neutron.api.rpc.handlers.resources_rpc [None req-f045bf29-a18f-4a57-87b8-fdca63d937a7 None None] Pushing event updated for resources: {'Port': ['ID=75423c3a-9fbf-47f4-acab-b399f2a3e39c,revision_number=4']} {{(pid=102910) push /opt/stack/neutron/neutron/api/rpc/handlers/resources_rpc.py:237}}
Apr 18 20:24:25.558870 n-d-838323-3 neutron-server[102910]: DEBUG neutron.scheduler.base_scheduler [None req-2de5147a-844f-4e4c-a4fc-6ed19c7a49e9 None None] Resources bound (agent type, host, resource id): {{(pid=102910) schedule /opt/stack/neutron/neutron/scheduler/base_scheduler.py:57}}
Apr 18 20:24:25.573067 n-d-838323-3 neutron-server[102910]: DEBUG neutron.db.l3_dvrscheduler_db [None req-2de5147a-844f-4e4c-a4fc-6ed19c7a49e9 None None] Received port after_create {{(pid=102910) _notify_l3_agent_new_port /opt/stack/neutron/neutron/db/l3_dvrscheduler_db.py:536}}
Apr 18 20:24:25.702376 n-d-838323-3 neutron-server[102908]: DEBUG neutron.api.rpc.handlers.resources_rpc [None req-9db57cfd-b192-4b2b-b73f-736dd3f37239 admin admin] Pushing event updated for resources: {'Subnet': ['ID=c2699379-d3d9-42fe-8537-e09eeec18ac5,revision_number=0']} {{(pid=102908) push /opt/stack/neutron/neutron/api/rpc/handlers/resources_rpc.py:237}}
Apr 18 20:24:25.715432 n-d-838323-3 neutron-server[102909]: DEBUG neutron.db.db_base_plugin_common [None req-a1d61ecc-6eb3-45cf-ad71-d3eb80bc8420 admin admin] Allocated IP 172.25.1.192 (3d577dc1-2d2a-4b10-a8c8-cd47eb1d2a06/03b77171-fbe8-4a5d-ab12-73ed34520aa1/6dadae4a-efd5-48fe-881e-d8dae041f611) {{(pid=102909) _store_ip_allocation /opt/stack/neutron/neutron/db/db_base_plugin_common.py:131}}
Apr 18 20:24:25.763394 n-d-838323-3 neutron-server[102908]: DEBUG neutron.pecan_wsgi.hooks.policy_enforcement [req-e3109c4d-92d7-4145-9b37-f77f256e97e1 req-27e98ed7-74e8-4c96-92bb-fa362a69ab70 tempest-AggregatesAdminTestJSON-572094163 tempest-AggregatesAdminTestJSON-572094163-project] Attributes excluded by policy engine: ['standard_attr_id', 'binding:profile', 'binding:host_id', 'binding:vif_type', 'binding:vif_details'] {{(pid=102908) _exclude_attributes_by_policy /opt/stack/neutron/neutron/pecan_wsgi/hooks/policy_enforcement.py:255}}
Apr 18 20:24:25.777484 n-d-838323-3 neutron-server[102908]: INFO neutron.wsgi [req-e3109c4d-92d7-4145-9b37-f77f256e97e1 req-27e98ed7-74e8-4c96-92bb-fa362a69ab70 tempest-AggregatesAdminTestJSON-572094163 tempest-AggregatesAdminTestJSON-572094163-project] 10.222.0.41 "GET /v2.0/ports?device_id=9f4ba202-db95-4c32-859c-f91c2fcfba2b HTTP/1.1" status: 200 len: 969 time: 0.1826108
Apr 18 20:24:25.782291 n-d-838323-3 neutron-server[102910]: DEBUG neutron.plugins.ml2.db [None req-f045bf29-a18f-4a57-87b8-fdca63d937a7 None None] get_ports_and_sgs() called for port_ids ['75423c3a-9fbf-47f4-acab-b399f2a3e39c'] {{(pid=102910) get_ports_and_sgs /opt/stack/neutron/neutron/plugins/ml2/db.py:156}}
Apr 18 20:24:25.783075 n-d-838323-3 neutron-server[102908]: DEBUG neutron.plugins.ml2.drivers.mech_agent [None req-9db57cfd-b192-4b2b-b73f-736dd3f37239 admin admin] Checking segment: {'id': '3b08436f-0e70-450e-9a0b-e8fc05e36f94', 'network_type': 'vlan', 'physical_network': 'physnet1', 'segmentation_id': 247, 'network_id': '1dd0bd61-f27e-422c-bb1b-75ba560b3266'} for mappings: {'physnet1': 'br-data'} with network types: ['local', 'flat', 'vlan'] {{(pid=102908) check_segment_for_agent /opt/stack/neutron/neutron/plugins/ml2/drivers/mech_agent.py:360}}
Apr 18 20:24:25.783649 n-d-838323-3 neutron-server[102908]: DEBUG neutron.scheduler.dhcp_agent_scheduler [None req-9db57cfd-b192-4b2b-b73f-736dd3f37239 admin admin] Network hostable DHCP agents. Network: 1dd0bd61-f27e-422c-bb1b-75ba560b3266, hostable agents: ['d40e1110-2dc6-400a-bb70-535a949efad8'], hosted agents: [] {{(pid=102908) _get_network_hostable_dhcp_agents /opt/stack/neutron/neutron/scheduler/dhcp_agent_scheduler.py:329}}
Apr 18 20:24:25.886125 n-d-838323-3 neutron-server[102908]: INFO neutron.wsgi [req-e3109c4d-92d7-4145-9b37-f77f256e97e1 req-f9eb3853-490b-4294-8da6-52caae674397 tempest-AggregatesAdminTestJSON-572094163 tempest-AggregatesAdminTestJSON-572094163-project] 10.222.0.41 "GET /v2.0/security-groups?id=81d0405d-94d7-4325-923e-4c0c82073b16&fields=id&fields=name HTTP/1.1" status: 200 len: 286 time: 0.1047916
Apr 18 20:24:25.887945 n-d-838323-3 neutron-server[102908]: DEBUG neutron.scheduler.dhcp_agent_scheduler [None req-9db57cfd-b192-4b2b-b73f-736dd3f37239 admin admin] Network 1dd0bd61-f27e-422c-bb1b-75ba560b3266 is scheduled to be hosted by DHCP agent d40e1110-2dc6-400a-bb70-535a949efad8 with binding_index 1 {{(pid=102908) bind /opt/stack/neutron/neutron/scheduler/dhcp_agent_scheduler.py:227}}
Apr 18 20:24:25.928218 n-d-838323-3 neutron-server[102908]: DEBUG neutron.scheduler.base_scheduler [None req-9db57cfd-b192-4b2b-b73f-736dd3f37239 admin admin] Resources bound (agent type, host, resource id): (DHCP agent, n-d-838323-3, 1dd0bd61-f27e-422c-bb1b-75ba560b3266) {{(pid=102908) schedule /opt/stack/neutron/neutron/scheduler/base_scheduler.py:57}}
Apr 18 20:24:25.938278 n-d-838323-3 neutron-server[102908]: DEBUG neutron.pecan_wsgi.hooks.policy_enforcement [None req-9db57cfd-b192-4b2b-b73f-736dd3f37239 admin admin] Attributes excluded by policy engine: ['standard_attr_id', 'shared', 'network'] {{(pid=102908) _exclude_attributes_by_policy /opt/stack/neutron/neutron/pecan_wsgi/hooks/policy_enforcement.py:255}}
Apr 18 20:24:25.941191 n-d-838323-3 neutron-server[102908]: DEBUG neutron_lib.callbacks.manager [None req-9db57cfd-b192-4b2b-b73f-736dd3f37239 admin admin] Notify callbacks ['neutron.api.rpc.agentnotifiers.dhcp_rpc_agent_api.DhcpAgentNotifyAPI._send_dhcp_notification-1667649'] for subnet, before_response {{(pid=102908) _notify_loop /usr/local/lib/python3.8/dist-packages/neutron_lib/callbacks/manager.py:192}}
Apr 18 20:24:25.995025 n-d-838323-3 neutron-server[102908]: INFO neutron.wsgi [None req-9db57cfd-b192-4b2b-b73f-736dd3f37239 admin admin] 10.222.0.41 "POST /v2.0/subnets HTTP/1.1" status: 201 len: 862 time: 1.2065246
Apr 18 20:24:26.042243 n-d-838323-3 neutron-server[102910]: DEBUG neutron.api.rpc.handlers.resources_rpc [None req-2de5147a-844f-4e4c-a4fc-6ed19c7a49e9 None None] Pushing event updated for resources: {'Port': ['ID=550f89d9-de33-4267-8602-edf6eb8800f4,revision_number=1']} {{(pid=102910) push /opt/stack/neutron/neutron/api/rpc/handlers/resources_rpc.py:237}}
Apr 18 20:24:26.060731 n-d-838323-3 neutron-server[102909]: DEBUG neutron_lib.callbacks.manager [None req-a1d61ecc-6eb3-45cf-ad71-d3eb80bc8420 admin admin] Notify callbacks [] for port, precommit_create {{(pid=102909) _notify_loop /usr/local/lib/python3.8/dist-packages/neutron_lib/callbacks/manager.py:192}}
Apr 18 20:24:26.062326 n-d-838323-3 neutron-server[102910]: DEBUG neutron.api.rpc.handlers.dhcp_rpc [None req-ed05395c-f20e-47a6-86e8-80141da6de0a None None] Network 1dd0bd61-f27e-422c-bb1b-75ba560b3266 requested from n-d-838323-3 {{(pid=102910) get_network_info /opt/stack/neutron/neutron/api/rpc/handlers/dhcp_rpc.py:218}}
Apr 18 20:24:26.075255 n-d-838323-3 neutron-server[102910]: DEBUG neutron.plugins.ml2.rpc [None req-a9e5d7c3-bf86-408e-90cf-5223f10a9ab9 None None] Device 97b0016f-c41b-40cf-aee0-1ea6a7d29725 details requested by agent hyperv_n-h1-838323-3 with host n-h1-838323-3 {{(pid=102910) get_device_details /opt/stack/neutron/neutron/plugins/ml2/rpc.py:102}}
Apr 18 20:24:26.140271 n-d-838323-3 neutron-server[102908]: INFO neutron.wsgi [req-92a7f1fe-a4c1-4e3a-a5de-197498fd48be req-0a84011a-20b2-41e5-879c-3898efb408ce tempest-LiveMigrationNegativeTest-1219089806 tempest-LiveMigrationNegativeTest-1219089806-project] 10.222.0.41 "GET /v2.0/ports?device_id=8ba33e52-bc53-4f44-9999-cd32df792cba HTTP/1.1" status: 200 len: 210 time: 0.0780640
Apr 18 20:24:26.147381 n-d-838323-3 neutron-server[102909]: DEBUG neutron_lib.callbacks.manager [None req-a1d61ecc-6eb3-45cf-ad71-d3eb80bc8420 admin admin] Notify callbacks ['neutron.plugins.ml2.plugin.SecurityGroupServerNotifierRpcMixin._notify_sg_on_port_change-532815', 'neutron.plugins.ml2.ovo_rpc._ObjectChangeHandler.handle_event-71718', 'neutron.api.rpc.agentnotifiers.dhcp_rpc_agent_api.DhcpAgentNotifyAPI._native_event_send_dhcp_notification-1667515', 'neutron.db.l3_dvrscheduler_db._notify_l3_agent_new_port-8734731044087'] for port, after_create {{(pid=102909) _notify_loop /usr/local/lib/python3.8/dist-packages/neutron_lib/callbacks/manager.py:192}}
Apr 18 20:24:26.250019 n-d-838323-3 neutron-server[102909]: DEBUG neutron.scheduler.dhcp_agent_scheduler [None req-a1d61ecc-6eb3-45cf-ad71-d3eb80bc8420 admin admin] Network 3d577dc1-2d2a-4b10-a8c8-cd47eb1d2a06 is already hosted by enough agents. {{(pid=102909) _get_dhcp_agents_hosting_network /opt/stack/neutron/neutron/scheduler/dhcp_agent_scheduler.py:275}}
Apr 18 20:24:26.257221 n-d-838323-3 neutron-server[102909]: DEBUG neutron.scheduler.base_scheduler [None req-a1d61ecc-6eb3-45cf-ad71-d3eb80bc8420 admin admin] Resources bound (agent type, host, resource id): {{(pid=102909) schedule /opt/stack/neutron/neutron/scheduler/base_scheduler.py:57}}
Apr 18 20:24:26.266188 n-d-838323-3 neutron-server[102909]: DEBUG neutron.db.l3_dvrscheduler_db [None req-a1d61ecc-6eb3-45cf-ad71-d3eb80bc8420 admin admin] Received port after_create {{(pid=102909) _notify_l3_agent_new_port /opt/stack/neutron/neutron/db/l3_dvrscheduler_db.py:536}}
Apr 18 20:24:26.271659 n-d-838323-3 neutron-server[102910]: DEBUG neutron.plugins.ml2.managers [None req-2de5147a-844f-4e4c-a4fc-6ed19c7a49e9 None None] Attempting to bind port 550f89d9-de33-4267-8602-edf6eb8800f4 on host n-d-838323-3 for vnic_type normal with profile {{(pid=102910) bind_port /opt/stack/neutron/neutron/plugins/ml2/managers.py:790}}
Apr 18 20:24:26.272711 n-d-838323-3 neutron-server[102910]: DEBUG neutron.plugins.ml2.managers [None req-2de5147a-844f-4e4c-a4fc-6ed19c7a49e9 None None] Attempting to bind port 550f89d9-de33-4267-8602-edf6eb8800f4 by drivers openvswitch,hyperv on host n-d-838323-3 at level 0 using segments [{'id': '0a2f0597-c620-44b2-9172-e2c5197f30a3', 'network_type': 'vlan', 'physical_network': 'physnet1', 'segmentation_id': 219, 'network_id': 'c28b21b6-ffef-4ade-80c1-b72cdd78003e'}] {{(pid=102910) _bind_port_level /opt/stack/neutron/neutron/plugins/ml2/managers.py:815}}
Apr 18 20:24:26.273308 n-d-838323-3 neutron-server[102910]: DEBUG neutron.plugins.ml2.drivers.mech_agent [None req-2de5147a-844f-4e4c-a4fc-6ed19c7a49e9 None None] Attempting to bind port 550f89d9-de33-4267-8602-edf6eb8800f4 on network c28b21b6-ffef-4ade-80c1-b72cdd78003e {{(pid=102910) bind_port /opt/stack/neutron/neutron/plugins/ml2/drivers/mech_agent.py:91}}
Apr 18 20:24:26.274792 n-d-838323-3 neutron-server[102909]: DEBUG neutron.api.rpc.handlers.resources_rpc [None req-a1d61ecc-6eb3-45cf-ad71-d3eb80bc8420 admin admin] Pushing event updated for resources: {'Port': ['ID=6dadae4a-efd5-48fe-881e-d8dae041f611,revision_number=1']} {{(pid=102909) push /opt/stack/neutron/neutron/api/rpc/handlers/resources_rpc.py:237}}
Apr 18 20:24:26.299399 n-d-838323-3 neutron-server[102908]: DEBUG neutron.pecan_wsgi.hooks.policy_enforcement [req-52ba4a4e-d267-4f93-a030-f3954a764763 req-92f9dbad-a9f7-4d06-91b4-7e78bbea6b29 tempest-DeleteServersAdminTestJSON-329558594 tempest-DeleteServersAdminTestJSON-329558594-project] Attributes excluded by policy engine: ['standard_attr_id', 'binding:profile', 'binding:host_id', 'binding:vif_type', 'binding:vif_details'] {{(pid=102908) _exclude_attributes_by_policy /opt/stack/neutron/neutron/pecan_wsgi/hooks/policy_enforcement.py:255}}
Apr 18 20:24:26.302656 n-d-838323-3 neutron-server[102908]: INFO neutron.wsgi [req-52ba4a4e-d267-4f93-a030-f3954a764763 req-92f9dbad-a9f7-4d06-91b4-7e78bbea6b29 tempest-DeleteServersAdminTestJSON-329558594 tempest-DeleteServersAdminTestJSON-329558594-project] 10.222.0.41 "GET /v2.0/ports?device_id=e5535fd2-0f61-42aa-b40d-d91b30dfb2ce HTTP/1.1" status: 200 len: 947 time: 0.1514189
Apr 18 20:24:26.444776 n-d-838323-3 neutron-server[102908]: INFO neutron.wsgi [req-52ba4a4e-d267-4f93-a030-f3954a764763 req-e89cf202-a1b2-4de6-86a4-f629798b2a3f tempest-DeleteServersAdminTestJSON-329558594 tempest-DeleteServersAdminTestJSON-329558594-project] 10.222.0.41 "GET /v2.0/security-groups?id=06dc2368-7618-4dbd-81eb-c7eb4490843c&fields=id&fields=name HTTP/1.1" status: 200 len: 286 time: 0.1320989
Apr 18 20:24:26.479961 n-d-838323-3 neutron-server[102908]: INFO neutron.wsgi [req-1a4878a8-3e40-4690-9730-d2d418235817 req-d1ea7761-ee77-405a-915d-a9b499079434 tempest-LiveMigrationNegativeTest-1219089806 tempest-LiveMigrationNegativeTest-1219089806-project] 10.222.0.32 "GET /v2.0/networks?tenant_id=3dba4a5a0b8c48c0b87c94e87f8afb4b&shared=False HTTP/1.1" status: 200 len: 213 time: 0.0720432
