Apr 18 16:51:13.334670 n-d-838323-1 devstack@n-api.service[124237]: DEBUG nova.api.openstack.wsgi [req-73e96f16-5d24-4c44-9407-834dbcd1d096 req-a729b099-23a4-484c-ab47-4b6f4f39483f service nova] Action: 'create', calling method: >, body: {"events": [{"name": "network-changed", "server_uuid": "f35de207-b8d4-4a61-ac40-1c1d84bddc1b", "tag": "c1601a72-dfcc-43c8-ad7f-a1bfd60b07a5"}]} {{(pid=124237) _process_stack /opt/stack/nova/nova/api/openstack/wsgi.py:511}}
Apr 18 16:51:13.336771 n-d-838323-1 devstack@n-api.service[124237]: /usr/local/lib/python3.8/dist-packages/oslo_policy/policy.py:1075: UserWarning: Policy os_compute_api:os-server-external-events:create failed scope check. The token used to make the request was project scoped but the policy requires ['system'] scope. This behavior may change in the future where using the intended scope is required
Apr 18 16:51:13.336771 n-d-838323-1 devstack@n-api.service[124237]: warnings.warn(msg)
Apr 18 16:51:13.350834 n-d-838323-1 devstack@n-api.service[124237]: DEBUG oslo_concurrency.lockutils [req-73e96f16-5d24-4c44-9407-834dbcd1d096 req-a729b099-23a4-484c-ab47-4b6f4f39483f service nova] Lock "8d7cf588-193a-47d0-8d80-90e7b4e5ef5a" acquired by "nova.context.set_target_cell..get_or_set_cached_cell_and_set_connections" :: waited 0.000s {{(pid=124237) inner /usr/local/lib/python3.8/dist-packages/oslo_concurrency/lockutils.py:355}}
Apr 18 16:51:13.351624 n-d-838323-1 devstack@n-api.service[124237]: DEBUG oslo_concurrency.lockutils [req-73e96f16-5d24-4c44-9407-834dbcd1d096 req-a729b099-23a4-484c-ab47-4b6f4f39483f service nova] Lock "8d7cf588-193a-47d0-8d80-90e7b4e5ef5a" released by "nova.context.set_target_cell..get_or_set_cached_cell_and_set_connections" :: held 0.001s {{(pid=124237) inner /usr/local/lib/python3.8/dist-packages/oslo_concurrency/lockutils.py:367}}
Apr 18 16:51:13.365026 n-d-838323-1 devstack@n-api.service[124237]: INFO nova.api.openstack.compute.server_external_events [req-73e96f16-5d24-4c44-9407-834dbcd1d096 req-a729b099-23a4-484c-ab47-4b6f4f39483f service nova] Creating event network-changed:c1601a72-dfcc-43c8-ad7f-a1bfd60b07a5 for instance f35de207-b8d4-4a61-ac40-1c1d84bddc1b on n-h1-838323-1
Apr 18 16:51:13.371411 n-d-838323-1 devstack@n-api.service[124237]: INFO nova.api.openstack.requestlog [req-73e96f16-5d24-4c44-9407-834dbcd1d096 req-a729b099-23a4-484c-ab47-4b6f4f39483f service nova] 10.222.0.16 "POST /compute/v2.1/os-server-external-events" status: 200 len: 179 microversion: 2.1 time: 0.262124
Apr 18 16:51:13.372990 n-d-838323-1 devstack@n-api.service[124237]: [pid: 124237|app: 0|req: 80/191] 10.222.0.16 () {64 vars in 1317 bytes} [Mon Apr 18 16:51:13 2022] POST /compute/v2.1/os-server-external-events => generated 179 bytes in 264 msecs (HTTP/1.1 200) 9 headers in 357 bytes (2 switches on core 0)
Apr 18 16:51:13.380354 n-d-838323-1 devstack@n-api.service[124236]: INFO nova.api.openstack.requestlog [None req-878b9ec5-f511-4295-a51e-0b185efb0a71 tempest-FlavorsV261TestJSON-1048897571 tempest-FlavorsV261TestJSON-1048897571-project-admin] 10.222.0.16 "PUT /compute/v2.1/flavors/774697777" status: 200 len: 466 microversion: 2.61 time: 0.100027
Apr 18 16:51:13.383199 n-d-838323-1 devstack@n-api.service[124236]: [pid: 124236|app: 0|req: 112/192] 10.222.0.16 () {62 vars in 1215 bytes} [Mon Apr 18 16:51:13 2022] PUT /compute/v2.1/flavors/774697777 => generated 466 bytes in 103 msecs (HTTP/1.1 200) 9 headers in 359 bytes (1 switches on core 0)
Apr 18 16:51:13.394835 n-d-838323-1 devstack@n-api.service[124237]: DEBUG nova.api.openstack.wsgi [None req-bd32a560-e369-4387-8d4b-384171acad53 tempest-FlavorsV261TestJSON-1525669991 tempest-FlavorsV261TestJSON-1525669991-project] Calling method '>' {{(pid=124237) _process_stack /opt/stack/nova/nova/api/openstack/wsgi.py:513}}
Apr 18 16:51:13.464793 n-d-838323-1 devstack@n-api.service[124237]: INFO nova.api.openstack.requestlog [None req-bd32a560-e369-4387-8d4b-384171acad53 tempest-FlavorsV261TestJSON-1525669991 tempest-FlavorsV261TestJSON-1525669991-project] 10.222.0.16 "GET /compute/v2.1/flavors/detail" status: 200 len: 7154 microversion: 2.61 time: 0.073761
Apr 18 16:51:13.470207 n-d-838323-1 devstack@n-api.service[124237]: [pid: 124237|app: 0|req: 81/193] 10.222.0.16 () {60 vars in 1186 bytes} [Mon Apr 18 16:51:13 2022] GET /compute/v2.1/flavors/detail => generated 7154 bytes in 81 msecs (HTTP/1.1 200) 9 headers in 360 bytes (1 switches on core 0)
Apr 18 16:51:13.488730 n-d-838323-1 devstack@n-api.service[124237]: DEBUG nova.api.openstack.wsgi [None req-9bc6b52a-7f4a-41f4-b833-7a34b92948db tempest-FlavorsV261TestJSON-1525669991 tempest-FlavorsV261TestJSON-1525669991-project] Calling method '>' {{(pid=124237) _process_stack /opt/stack/nova/nova/api/openstack/wsgi.py:513}}
Apr 18 16:51:13.511334 n-d-838323-1 devstack@n-api.service[124237]: INFO nova.api.openstack.requestlog [None req-9bc6b52a-7f4a-41f4-b833-7a34b92948db tempest-FlavorsV261TestJSON-1525669991 tempest-FlavorsV261TestJSON-1525669991-project] 10.222.0.16 "GET /compute/v2.1/flavors" status: 200 len: 3681 microversion: 2.61 time: 0.027360
Apr 18 16:51:13.512765 n-d-838323-1 devstack@n-api.service[124237]: [pid: 124237|app: 0|req: 82/194] 10.222.0.16 () {60 vars in 1165 bytes} [Mon Apr 18 16:51:13 2022] GET /compute/v2.1/flavors => generated 3681 bytes in 30 msecs (HTTP/1.1 200) 9 headers in 360 bytes (2 switches on core 0)
Apr 18 16:51:13.531167 n-d-838323-1 devstack@n-api.service[124237]: DEBUG nova.api.openstack.wsgi [None req-4af504fe-7dc9-4669-81a7-9ea31ead2e65 tempest-ServersWithSpecificFlavorTestJSON-730125911 tempest-ServersWithSpecificFlavorTestJSON-730125911-project] Calling method '>' {{(pid=124237) _process_stack /opt/stack/nova/nova/api/openstack/wsgi.py:513}}
Apr 18 16:51:13.532272 n-d-838323-1 devstack@n-api.service[124237]: DEBUG nova.compute.api [None req-4af504fe-7dc9-4669-81a7-9ea31ead2e65 tempest-ServersWithSpecificFlavorTestJSON-730125911 tempest-ServersWithSpecificFlavorTestJSON-730125911-project] [instance: f35de207-b8d4-4a61-ac40-1c1d84bddc1b] Fetching instance by UUID {{(pid=124237) get /opt/stack/nova/nova/compute/api.py:2865}}
Apr 18 16:51:13.535237 n-d-838323-1 devstack@n-api.service[124236]: DEBUG nova.api.openstack.wsgi [None req-c309da34-8e5f-48da-a40d-1433b61e7fcd tempest-ServersAdminNegativeTestJSON-226590769 tempest-ServersAdminNegativeTestJSON-226590769-project] Action: 'create', calling method: >, body: {"server": {"name": "tempest-ServersAdminNegativeTestJSON-server-1541371524", "imageRef": "e574536b-4389-45cb-b837-276f7b1535b5", "flavorRef": "452"}} {{(pid=124236) _process_stack /opt/stack/nova/nova/api/openstack/wsgi.py:511}}
Apr 18 16:51:13.539953 n-d-838323-1 devstack@n-api.service[124237]: DEBUG oslo_concurrency.lockutils [None req-4af504fe-7dc9-4669-81a7-9ea31ead2e65 tempest-ServersWithSpecificFlavorTestJSON-730125911 tempest-ServersWithSpecificFlavorTestJSON-730125911-project] Lock "8d7cf588-193a-47d0-8d80-90e7b4e5ef5a" acquired by "nova.context.set_target_cell..get_or_set_cached_cell_and_set_connections" :: waited 0.000s {{(pid=124237) inner /usr/local/lib/python3.8/dist-packages/oslo_concurrency/lockutils.py:355}}
Apr 18 16:51:13.540627 n-d-838323-1 devstack@n-api.service[124237]: DEBUG oslo_concurrency.lockutils [None req-4af504fe-7dc9-4669-81a7-9ea31ead2e65 tempest-ServersWithSpecificFlavorTestJSON-730125911 tempest-ServersWithSpecificFlavorTestJSON-730125911-project] Lock "8d7cf588-193a-47d0-8d80-90e7b4e5ef5a" released by "nova.context.set_target_cell..get_or_set_cached_cell_and_set_connections" :: held 0.001s {{(pid=124237) inner /usr/local/lib/python3.8/dist-packages/oslo_concurrency/lockutils.py:367}}
Apr 18 16:51:13.541698 n-d-838323-1 devstack@n-api.service[124237]: DEBUG oslo_concurrency.lockutils [None req-4af504fe-7dc9-4669-81a7-9ea31ead2e65 tempest-ServersWithSpecificFlavorTestJSON-730125911 tempest-ServersWithSpecificFlavorTestJSON-730125911-project] Lock "8d7cf588-193a-47d0-8d80-90e7b4e5ef5a" acquired by "nova.context.set_target_cell..get_or_set_cached_cell_and_set_connections" :: waited 0.000s {{(pid=124237) inner /usr/local/lib/python3.8/dist-packages/oslo_concurrency/lockutils.py:355}}
Apr 18 16:51:13.542324 n-d-838323-1 devstack@n-api.service[124237]: DEBUG oslo_concurrency.lockutils [None req-4af504fe-7dc9-4669-81a7-9ea31ead2e65 tempest-ServersWithSpecificFlavorTestJSON-730125911 tempest-ServersWithSpecificFlavorTestJSON-730125911-project] Lock "8d7cf588-193a-47d0-8d80-90e7b4e5ef5a" released by "nova.context.set_target_cell..get_or_set_cached_cell_and_set_connections" :: held 0.001s {{(pid=124237) inner /usr/local/lib/python3.8/dist-packages/oslo_concurrency/lockutils.py:367}}
Apr 18 16:51:13.622808 n-d-838323-1 devstack@n-api.service[124236]: DEBUG nova.network.neutron [None req-c309da34-8e5f-48da-a40d-1433b61e7fcd tempest-ServersAdminNegativeTestJSON-226590769 tempest-ServersAdminNegativeTestJSON-226590769-project] validate_networks() for None {{(pid=124236) validate_networks /opt/stack/nova/nova/network/neutron.py:2481}}
Apr 18 16:51:13.843791 n-d-838323-1 devstack@n-api.service[124237]: DEBUG nova.policy [None req-4af504fe-7dc9-4669-81a7-9ea31ead2e65 tempest-ServersWithSpecificFlavorTestJSON-730125911 tempest-ServersWithSpecificFlavorTestJSON-730125911-project] Policy check for os_compute_api:os-extended-server-attributes failed with credentials {'is_admin': False, 'user_id': 'c97540bd7dd94b608e64d777d9399b1f', 'user_domain_id': 'default', 'system_scope': None, 'domain_id': None, 'project_id': '37e85c08af1c46a688b99af5162bdb5f', 'project_domain_id': 'default', 'roles': ['member', 'reader'], 'is_admin_project': True, 'service_user_id': None, 'service_user_domain_id': None, 'service_project_id': None, 'service_project_domain_id': None, 'service_roles': []} {{(pid=124237) authorize /opt/stack/nova/nova/policy.py:199}}
Apr 18 16:51:13.855249 n-d-838323-1 devstack@n-api.service[124237]: INFO nova.api.openstack.requestlog [None req-4af504fe-7dc9-4669-81a7-9ea31ead2e65 tempest-ServersWithSpecificFlavorTestJSON-730125911 tempest-ServersWithSpecificFlavorTestJSON-730125911-project] 10.222.0.16 "GET /compute/v2.1/servers/f35de207-b8d4-4a61-ac40-1c1d84bddc1b" status: 200 len: 1391 microversion: 2.1 time: 0.328843
Apr 18 16:51:13.866009 n-d-838323-1 devstack@n-api.service[124237]: [pid: 124237|app: 0|req: 83/195] 10.222.0.16 () {58 vars in 1235 bytes} [Mon Apr 18 16:51:13 2022] GET /compute/v2.1/servers/f35de207-b8d4-4a61-ac40-1c1d84bddc1b => generated 1391 bytes in 340 msecs (HTTP/1.1 200) 9 headers in 358 bytes (1 switches on core 0)
Apr 18 16:51:13.874270 n-d-838323-1 devstack@n-api.service[124237]: DEBUG nova.api.openstack.wsgi [None req-8283eeb2-23b7-4011-b915-9e320e915ac9 tempest-FlavorsV261TestJSON-1048897571 tempest-FlavorsV261TestJSON-1048897571-project-admin] Calling method '>' {{(pid=124237) _process_stack /opt/stack/nova/nova/api/openstack/wsgi.py:513}}
Apr 18 16:51:13.876381 n-d-838323-1 devstack@n-api.service[124237]: /usr/local/lib/python3.8/dist-packages/oslo_policy/policy.py:1075: UserWarning: Policy os_compute_api:os-flavor-manage:delete failed scope check. The token used to make the request was project scoped but the policy requires ['system'] scope. This behavior may change in the future where using the intended scope is required
Apr 18 16:51:13.876381 n-d-838323-1 devstack@n-api.service[124237]: warnings.warn(msg)
Apr 18 16:51:13.895887 n-d-838323-1 devstack@n-api.service[124237]: INFO nova.api.openstack.requestlog [None req-8283eeb2-23b7-4011-b915-9e320e915ac9 tempest-FlavorsV261TestJSON-1048897571 tempest-FlavorsV261TestJSON-1048897571-project-admin] 10.222.0.16 "DELETE /compute/v2.1/flavors/774697777" status: 202 len: 0 microversion: 2.61 time: 0.028331
Apr 18 16:51:13.896621 n-d-838323-1 devstack@n-api.service[124237]: [pid: 124237|app: 0|req: 84/196] 10.222.0.16 () {60 vars in 1198 bytes} [Mon Apr 18 16:51:13 2022] DELETE /compute/v2.1/flavors/774697777 => generated 0 bytes in 30 msecs (HTTP/1.1 202) 9 headers in 363 bytes (1 switches on core 0)
Apr 18 16:51:13.901613 n-d-838323-1 devstack@n-api.service[124237]: DEBUG nova.api.openstack.wsgi [req-d98cdb5f-b55d-4ced-a8a4-4c8b117894e0 req-22256c6a-03e5-4460-9b9e-19e868a32869 service nova] Action: 'create', calling method: >, body: {"events": [{"server_uuid": "9d5fcf0b-68ac-4125-bbc8-af5857faeb5c", "name": "network-vif-deleted", "tag": "cf52ac0f-f0b6-4717-9a6f-4f2f7c64f2b9"}]} {{(pid=124237) _process_stack /opt/stack/nova/nova/api/openstack/wsgi.py:511}}
Apr 18 16:51:13.903716 n-d-838323-1 devstack@n-api.service[124237]: /usr/local/lib/python3.8/dist-packages/oslo_policy/policy.py:1075: UserWarning: Policy os_compute_api:os-server-external-events:create failed scope check. The token used to make the request was project scoped but the policy requires ['system'] scope. This behavior may change in the future where using the intended scope is required
Apr 18 16:51:13.903716 n-d-838323-1 devstack@n-api.service[124237]: warnings.warn(msg)
Apr 18 16:51:13.911413 n-d-838323-1 devstack@n-api.service[124237]: DEBUG oslo_concurrency.lockutils [req-d98cdb5f-b55d-4ced-a8a4-4c8b117894e0 req-22256c6a-03e5-4460-9b9e-19e868a32869 service nova] Lock "8d7cf588-193a-47d0-8d80-90e7b4e5ef5a" acquired by "nova.context.set_target_cell..get_or_set_cached_cell_and_set_connections" :: waited 0.000s {{(pid=124237) inner /usr/local/lib/python3.8/dist-packages/oslo_concurrency/lockutils.py:355}}
Apr 18 16:51:13.912701 n-d-838323-1 devstack@n-api.service[124237]: DEBUG oslo_concurrency.lockutils [req-d98cdb5f-b55d-4ced-a8a4-4c8b117894e0 req-22256c6a-03e5-4460-9b9e-19e868a32869 service nova] Lock "8d7cf588-193a-47d0-8d80-90e7b4e5ef5a" released by "nova.context.set_target_cell..get_or_set_cached_cell_and_set_connections" :: held 0.001s {{(pid=124237) inner /usr/local/lib/python3.8/dist-packages/oslo_concurrency/lockutils.py:367}}
Apr 18 16:51:13.926506 n-d-838323-1 devstack@n-api.service[124237]: INFO nova.api.openstack.compute.server_external_events [req-d98cdb5f-b55d-4ced-a8a4-4c8b117894e0 req-22256c6a-03e5-4460-9b9e-19e868a32869 service nova] Creating event network-vif-deleted:cf52ac0f-f0b6-4717-9a6f-4f2f7c64f2b9 for instance 9d5fcf0b-68ac-4125-bbc8-af5857faeb5c on n-h2-838323-1
Apr 18 16:51:13.932647 n-d-838323-1 devstack@n-api.service[124237]: INFO nova.api.openstack.requestlog [req-d98cdb5f-b55d-4ced-a8a4-4c8b117894e0 req-22256c6a-03e5-4460-9b9e-19e868a32869 service nova] 10.222.0.16 "POST /compute/v2.1/os-server-external-events" status: 200 len: 183 microversion: 2.1 time: 0.034582
Apr 18 16:51:13.934589 n-d-838323-1 devstack@n-api.service[124237]: [pid: 124237|app: 0|req: 85/197] 10.222.0.16 () {64 vars in 1317 bytes} [Mon Apr 18 16:51:13 2022] POST /compute/v2.1/os-server-external-events => generated 183 bytes in 37 msecs (HTTP/1.1 200) 9 headers in 357 bytes (1 switches on core 0)
Apr 18 16:51:13.940014 n-d-838323-1 devstack@n-api.service[124237]: DEBUG nova.api.openstack.wsgi [None req-d8669fab-ffc0-4af4-abf1-4634f9e2bcd4 tempest-AggregatesAdminTestJSON-1963812658 tempest-AggregatesAdminTestJSON-1963812658-project] Calling method '>' {{(pid=124237) _process_stack /opt/stack/nova/nova/api/openstack/wsgi.py:513}}
Apr 18 16:51:13.941082 n-d-838323-1 devstack@n-api.service[124237]: DEBUG nova.compute.api [None req-d8669fab-ffc0-4af4-abf1-4634f9e2bcd4 tempest-AggregatesAdminTestJSON-1963812658 tempest-AggregatesAdminTestJSON-1963812658-project] [instance: 9d5fcf0b-68ac-4125-bbc8-af5857faeb5c] Fetching instance by UUID {{(pid=124237) get /opt/stack/nova/nova/compute/api.py:2865}}
Apr 18 16:51:13.948311 n-d-838323-1 devstack@n-api.service[124237]: DEBUG oslo_concurrency.lockutils [None req-d8669fab-ffc0-4af4-abf1-4634f9e2bcd4 tempest-AggregatesAdminTestJSON-1963812658 tempest-AggregatesAdminTestJSON-1963812658-project] Lock "8d7cf588-193a-47d0-8d80-90e7b4e5ef5a" acquired by "nova.context.set_target_cell..get_or_set_cached_cell_and_set_connections" :: waited 0.000s {{(pid=124237) inner /usr/local/lib/python3.8/dist-packages/oslo_concurrency/lockutils.py:355}}
Apr 18 16:51:13.948489 n-d-838323-1 devstack@n-api.service[124236]: DEBUG nova.virt.hardware [None req-c309da34-8e5f-48da-a40d-1433b61e7fcd tempest-ServersAdminNegativeTestJSON-226590769 tempest-ServersAdminNegativeTestJSON-226590769-project] Flavor limits 0:0:0 {{(pid=124236) get_cpu_topology_constraints /opt/stack/nova/nova/virt/hardware.py:343}}
Apr 18 16:51:13.949156 n-d-838323-1 devstack@n-api.service[124237]: DEBUG oslo_concurrency.lockutils [None req-d8669fab-ffc0-4af4-abf1-4634f9e2bcd4 tempest-AggregatesAdminTestJSON-1963812658 tempest-AggregatesAdminTestJSON-1963812658-project] Lock "8d7cf588-193a-47d0-8d80-90e7b4e5ef5a" released by "nova.context.set_target_cell..get_or_set_cached_cell_and_set_connections" :: held 0.001s {{(pid=124237) inner /usr/local/lib/python3.8/dist-packages/oslo_concurrency/lockutils.py:367}}
Apr 18 16:51:13.949591 n-d-838323-1 devstack@n-api.service[124236]: DEBUG nova.virt.hardware [None req-c309da34-8e5f-48da-a40d-1433b61e7fcd tempest-ServersAdminNegativeTestJSON-226590769 tempest-ServersAdminNegativeTestJSON-226590769-project] Image limits 0:0:0 {{(pid=124236) get_cpu_topology_constraints /opt/stack/nova/nova/virt/hardware.py:347}}
Apr 18 16:51:13.950169 n-d-838323-1 devstack@n-api.service[124237]: DEBUG oslo_concurrency.lockutils [None req-d8669fab-ffc0-4af4-abf1-4634f9e2bcd4 tempest-AggregatesAdminTestJSON-1963812658 tempest-AggregatesAdminTestJSON-1963812658-project] Lock "8d7cf588-193a-47d0-8d80-90e7b4e5ef5a" acquired by "nova.context.set_target_cell..get_or_set_cached_cell_and_set_connections" :: waited 0.000s {{(pid=124237) inner /usr/local/lib/python3.8/dist-packages/oslo_concurrency/lockutils.py:355}}
Apr 18 16:51:13.950656 n-d-838323-1 devstack@n-api.service[124236]: DEBUG nova.virt.hardware [None req-c309da34-8e5f-48da-a40d-1433b61e7fcd tempest-ServersAdminNegativeTestJSON-226590769 tempest-ServersAdminNegativeTestJSON-226590769-project] Flavor pref 0:0:0 {{(pid=124236) get_cpu_topology_constraints /opt/stack/nova/nova/virt/hardware.py:383}}
Apr 18 16:51:13.950774 n-d-838323-1 devstack@n-api.service[124237]: DEBUG oslo_concurrency.lockutils [None req-d8669fab-ffc0-4af4-abf1-4634f9e2bcd4 tempest-AggregatesAdminTestJSON-1963812658 tempest-AggregatesAdminTestJSON-1963812658-project] Lock "8d7cf588-193a-47d0-8d80-90e7b4e5ef5a" released by "nova.context.set_target_cell..get_or_set_cached_cell_and_set_connections" :: held 0.001s {{(pid=124237) inner /usr/local/lib/python3.8/dist-packages/oslo_concurrency/lockutils.py:367}}
Apr 18 16:51:13.953947 n-d-838323-1 devstack@n-api.service[124236]: DEBUG nova.virt.hardware [None req-c309da34-8e5f-48da-a40d-1433b61e7fcd tempest-ServersAdminNegativeTestJSON-226590769 tempest-ServersAdminNegativeTestJSON-226590769-project] Image pref 0:0:0 {{(pid=124236) get_cpu_topology_constraints /opt/stack/nova/nova/virt/hardware.py:387}}
Apr 18 16:51:13.954798 n-d-838323-1 devstack@n-api.service[124236]: DEBUG nova.virt.hardware [None req-c309da34-8e5f-48da-a40d-1433b61e7fcd tempest-ServersAdminNegativeTestJSON-226590769 tempest-ServersAdminNegativeTestJSON-226590769-project] Chose sockets=0, cores=0, threads=0; limits were sockets=65536, cores=65536, threads=65536 {{(pid=124236) get_cpu_topology_constraints /opt/stack/nova/nova/virt/hardware.py:425}}
Apr 18 16:51:13.966950 n-d-838323-1 devstack@n-api.service[124236]: DEBUG oslo_concurrency.lockutils [None req-c309da34-8e5f-48da-a40d-1433b61e7fcd tempest-ServersAdminNegativeTestJSON-226590769 tempest-ServersAdminNegativeTestJSON-226590769-project] Lock "00000000-0000-0000-0000-000000000000" acquired by "nova.context.set_target_cell..get_or_set_cached_cell_and_set_connections" :: waited 0.002s {{(pid=124236) inner /usr/local/lib/python3.8/dist-packages/oslo_concurrency/lockutils.py:355}}
Apr 18 16:51:13.967708 n-d-838323-1 devstack@n-api.service[124236]: DEBUG oslo_concurrency.lockutils [None req-c309da34-8e5f-48da-a40d-1433b61e7fcd tempest-ServersAdminNegativeTestJSON-226590769 tempest-ServersAdminNegativeTestJSON-226590769-project] Lock "00000000-0000-0000-0000-000000000000" released by "nova.context.set_target_cell..get_or_set_cached_cell_and_set_connections" :: held 0.001s {{(pid=124236) inner /usr/local/lib/python3.8/dist-packages/oslo_concurrency/lockutils.py:367}}
Apr 18 16:51:13.969139 n-d-838323-1 devstack@n-api.service[124236]: DEBUG oslo_concurrency.lockutils [None req-c309da34-8e5f-48da-a40d-1433b61e7fcd tempest-ServersAdminNegativeTestJSON-226590769 tempest-ServersAdminNegativeTestJSON-226590769-project] Lock "8d7cf588-193a-47d0-8d80-90e7b4e5ef5a" acquired by "nova.context.set_target_cell..get_or_set_cached_cell_and_set_connections" :: waited 0.000s {{(pid=124236) inner /usr/local/lib/python3.8/dist-packages/oslo_concurrency/lockutils.py:355}}
Apr 18 16:51:13.969672 n-d-838323-1 devstack@n-api.service[124236]: DEBUG oslo_concurrency.lockutils [None req-c309da34-8e5f-48da-a40d-1433b61e7fcd tempest-ServersAdminNegativeTestJSON-226590769 tempest-ServersAdminNegativeTestJSON-226590769-project] Lock "8d7cf588-193a-47d0-8d80-90e7b4e5ef5a" released by "nova.context.set_target_cell..get_or_set_cached_cell_and_set_connections" :: held 0.001s {{(pid=124236) inner /usr/local/lib/python3.8/dist-packages/oslo_concurrency/lockutils.py:367}}
Apr 18 16:51:13.987671 n-d-838323-1 devstack@n-api.service[124237]: DEBUG oslo_concurrency.lockutils [None req-d8669fab-ffc0-4af4-abf1-4634f9e2bcd4 tempest-AggregatesAdminTestJSON-1963812658 tempest-AggregatesAdminTestJSON-1963812658-project] Lock "8d7cf588-193a-47d0-8d80-90e7b4e5ef5a" acquired by "nova.context.set_target_cell..get_or_set_cached_cell_and_set_connections" :: waited 0.000s {{(pid=124237) inner /usr/local/lib/python3.8/dist-packages/oslo_concurrency/lockutils.py:355}}
Apr 18 16:51:13.988737 n-d-838323-1 devstack@n-api.service[124237]: DEBUG oslo_concurrency.lockutils [None req-d8669fab-ffc0-4af4-abf1-4634f9e2bcd4 tempest-AggregatesAdminTestJSON-1963812658 tempest-AggregatesAdminTestJSON-1963812658-project] Lock "8d7cf588-193a-47d0-8d80-90e7b4e5ef5a" released by "nova.context.set_target_cell..get_or_set_cached_cell_and_set_connections" :: held 0.002s {{(pid=124237) inner /usr/local/lib/python3.8/dist-packages/oslo_concurrency/lockutils.py:367}}
Apr 18 16:51:13.989403 n-d-838323-1 devstack@n-api.service[124237]: DEBUG nova.objects.instance [None req-d8669fab-ffc0-4af4-abf1-4634f9e2bcd4 tempest-AggregatesAdminTestJSON-1963812658 tempest-AggregatesAdminTestJSON-1963812658-project] Lazy-loading 'fault' on Instance uuid 9d5fcf0b-68ac-4125-bbc8-af5857faeb5c {{(pid=124237) obj_load_attr /opt/stack/nova/nova/objects/instance.py:1098}}
Apr 18 16:51:13.993589 n-d-838323-1 devstack@n-api.service[124236]: DEBUG nova.quota [None req-c309da34-8e5f-48da-a40d-1433b61e7fcd tempest-ServersAdminNegativeTestJSON-226590769 tempest-ServersAdminNegativeTestJSON-226590769-project] Getting quotas for project 2a02f715353a47d8bea29fa200c14e09. Resources: {'instances', 'ram', 'cores'} {{(pid=124236) _get_quotas /opt/stack/nova/nova/quota.py:387}}
Apr 18 16:51:14.001566 n-d-838323-1 devstack@n-api.service[124236]: DEBUG nova.quota [None req-c309da34-8e5f-48da-a40d-1433b61e7fcd tempest-ServersAdminNegativeTestJSON-226590769 tempest-ServersAdminNegativeTestJSON-226590769-project] Getting quotas for user 8c1cd692e6a6480f98d2eb3d1911b3ff and project 2a02f715353a47d8bea29fa200c14e09. Resources: {'instances', 'ram', 'cores'} {{(pid=124236) _get_quotas /opt/stack/nova/nova/quota.py:377}}
Apr 18 16:51:14.018761 n-d-838323-1 devstack@n-api.service[124236]: DEBUG nova.compute.api [None req-c309da34-8e5f-48da-a40d-1433b61e7fcd tempest-ServersAdminNegativeTestJSON-226590769 tempest-ServersAdminNegativeTestJSON-226590769-project] Going to run 1 instances... {{(pid=124236) _provision_instances /opt/stack/nova/nova/compute/api.py:1350}}
Apr 18 16:51:14.021117 n-d-838323-1 devstack@n-api.service[124236]: DEBUG nova.compute.api [None req-c309da34-8e5f-48da-a40d-1433b61e7fcd tempest-ServersAdminNegativeTestJSON-226590769 tempest-ServersAdminNegativeTestJSON-226590769-project] [instance: 58e1e3ec-8016-4003-8ac2-57979a734731] block_device_mapping [BlockDeviceMapping(attachment_id=,boot_index=0,connection_info=None,created_at=,delete_on_termination=True,deleted=,deleted_at=,destination_type='local',device_name=None,device_type='disk',disk_bus=None,guest_format=None,id=,image_id='e574536b-4389-45cb-b837-276f7b1535b5',instance=,instance_uuid=,no_device=False,snapshot_id=None,source_type='image',tag=None,updated_at=,uuid=,volume_id=None,volume_size=None,volume_type=None)] {{(pid=124236) _bdm_validate_set_size_and_instance /opt/stack/nova/nova/compute/api.py:1757}}
Apr 18 16:51:14.075157 n-d-838323-1 devstack@n-api.service[124236]: INFO nova.api.openstack.requestlog [None req-c309da34-8e5f-48da-a40d-1433b61e7fcd tempest-ServersAdminNegativeTestJSON-226590769 tempest-ServersAdminNegativeTestJSON-226590769-project] 10.222.0.16 "POST /compute/v2.1/servers" status: 202 len: 380 microversion: 2.1 time: 0.647279
Apr 18 16:51:14.076084 n-d-838323-1 devstack@n-api.service[124236]: [pid: 124236|app: 0|req: 113/198] 10.222.0.16 () {60 vars in 1146 bytes} [Mon Apr 18 16:51:13 2022] POST /compute/v2.1/servers => generated 380 bytes in 650 msecs (HTTP/1.1 202) 10 headers in 451 bytes (1 switches on core 0)
Apr 18 16:51:14.089635 n-d-838323-1 devstack@n-api.service[124236]: DEBUG nova.api.openstack.wsgi [None req-ab0272c3-8f5b-49c2-a143-264006835108 tempest-FlavorsV261TestJSON-1048897571 tempest-FlavorsV261TestJSON-1048897571-project-admin] Calling method '>' {{(pid=124236) _process_stack /opt/stack/nova/nova/api/openstack/wsgi.py:513}}
Apr 18 16:51:14.112513 n-d-838323-1 devstack@n-api.service[124237]: DEBUG nova.policy [None req-d8669fab-ffc0-4af4-abf1-4634f9e2bcd4 tempest-AggregatesAdminTestJSON-1963812658 tempest-AggregatesAdminTestJSON-1963812658-project] Policy check for os_compute_api:os-extended-server-attributes failed with credentials {'is_admin': False, 'user_id': 'c2900f826b114f26baadc1c7a60a2e0c', 'user_domain_id': 'default', 'system_scope': None, 'domain_id': None, 'project_id': '082a102c3d1c433cb77a6a8be6c7c416', 'project_domain_id': 'default', 'roles': ['member', 'reader'], 'is_admin_project': True, 'service_user_id': None, 'service_user_domain_id': None, 'service_project_id': None, 'service_project_domain_id': None, 'service_roles': []} {{(pid=124237) authorize /opt/stack/nova/nova/policy.py:199}}
Apr 18 16:51:14.113805 n-d-838323-1 devstack@n-api.service[124236]: INFO nova.api.openstack.requestlog [None req-ab0272c3-8f5b-49c2-a143-264006835108 tempest-FlavorsV261TestJSON-1048897571 tempest-FlavorsV261TestJSON-1048897571-project-admin] 10.222.0.16 "GET /compute/v2.1/flavors/detail" status: 200 len: 6698 microversion: 2.61 time: 0.035855
Apr 18 16:51:14.123798 n-d-838323-1 devstack@n-api.service[124236]: [pid: 124236|app: 0|req: 114/199] 10.222.0.16 () {60 vars in 1186 bytes} [Mon Apr 18 16:51:14 2022] GET /compute/v2.1/flavors/detail => generated 6698 bytes in 45 msecs (HTTP/1.1 200) 9 headers in 360 bytes (1 switches on core 0)
Apr 18 16:51:14.129497 n-d-838323-1 devstack@n-api.service[124236]: DEBUG nova.api.openstack.wsgi [None req-e93002de-b22f-4a02-8514-682170be9a7c tempest-ServersAdminNegativeTestJSON-226590769 tempest-ServersAdminNegativeTestJSON-226590769-project] Calling method '>' {{(pid=124236) _process_stack /opt/stack/nova/nova/api/openstack/wsgi.py:513}}
Apr 18 16:51:14.133030 n-d-838323-1 devstack@n-api.service[124237]: INFO nova.api.openstack.requestlog [None req-d8669fab-ffc0-4af4-abf1-4634f9e2bcd4 tempest-AggregatesAdminTestJSON-1963812658 tempest-AggregatesAdminTestJSON-1963812658-project] 10.222.0.16 "GET /compute/v2.1/servers/9d5fcf0b-68ac-4125-bbc8-af5857faeb5c" status: 200 len: 1328 microversion: 2.1 time: 0.183664
Apr 18 16:51:14.134602 n-d-838323-1 devstack@n-api.service[124237]: [pid: 124237|app: 0|req: 86/200] 10.222.0.16 () {58 vars in 1235 bytes} [Mon Apr 18 16:51:13 2022] GET /compute/v2.1/servers/9d5fcf0b-68ac-4125-bbc8-af5857faeb5c => generated 1328 bytes in 199 msecs (HTTP/1.1 200) 9 headers in 358 bytes (1 switches on core 0)
Apr 18 16:51:14.136616 n-d-838323-1 devstack@n-api.service[124236]: DEBUG nova.compute.api [None req-e93002de-b22f-4a02-8514-682170be9a7c tempest-ServersAdminNegativeTestJSON-226590769 tempest-ServersAdminNegativeTestJSON-226590769-project] [instance: 58e1e3ec-8016-4003-8ac2-57979a734731] Fetching instance by UUID {{(pid=124236) get /opt/stack/nova/nova/compute/api.py:2865}}
Apr 18 16:51:14.246087 n-d-838323-1 devstack@n-api.service[124236]: DEBUG nova.policy [None req-e93002de-b22f-4a02-8514-682170be9a7c tempest-ServersAdminNegativeTestJSON-226590769 tempest-ServersAdminNegativeTestJSON-226590769-project] Policy check for os_compute_api:os-extended-server-attributes failed with credentials {'is_admin': False, 'user_id': '8c1cd692e6a6480f98d2eb3d1911b3ff', 'user_domain_id': 'default', 'system_scope': None, 'domain_id': None, 'project_id': '2a02f715353a47d8bea29fa200c14e09', 'project_domain_id': 'default', 'roles': ['member', 'reader'], 'is_admin_project': True, 'service_user_id': None, 'service_user_domain_id': None, 'service_project_id': None, 'service_project_domain_id': None, 'service_roles': []} {{(pid=124236) authorize /opt/stack/nova/nova/policy.py:199}}
Apr 18 16:51:14.265906 n-d-838323-1 devstack@n-api.service[124236]: INFO nova.api.openstack.requestlog [None req-e93002de-b22f-4a02-8514-682170be9a7c tempest-ServersAdminNegativeTestJSON-226590769 tempest-ServersAdminNegativeTestJSON-226590769-project] 10.222.0.16 "GET /compute/v2.1/servers/58e1e3ec-8016-4003-8ac2-57979a734731" status: 200 len: 1222 microversion: 2.1 time: 0.142255
Apr 18 16:51:14.266522 n-d-838323-1 devstack@n-api.service[124236]: [pid: 124236|app: 0|req: 115/201] 10.222.0.16 () {58 vars in 1235 bytes} [Mon Apr 18 16:51:14 2022] GET /compute/v2.1/servers/58e1e3ec-8016-4003-8ac2-57979a734731 => generated 1222 bytes in 144 msecs (HTTP/1.1 200) 9 headers in 358 bytes (1 switches on core 0)
Apr 18 16:51:14.874765 n-d-838323-1 devstack@n-api.service[124237]: DEBUG nova.api.openstack.wsgi [None req-47284591-be0e-4e8d-a51d-394183af52af tempest-ServersWithSpecificFlavorTestJSON-730125911 tempest-ServersWithSpecificFlavorTestJSON-730125911-project] Calling method '>' {{(pid=124237) _process_stack /opt/stack/nova/nova/api/openstack/wsgi.py:513}}
Apr 18 16:51:14.876560 n-d-838323-1 devstack@n-api.service[124237]: DEBUG nova.compute.api [None req-47284591-be0e-4e8d-a51d-394183af52af tempest-ServersWithSpecificFlavorTestJSON-730125911 tempest-ServersWithSpecificFlavorTestJSON-730125911-project] [instance: f35de207-b8d4-4a61-ac40-1c1d84bddc1b] Fetching instance by UUID {{(pid=124237) get /opt/stack/nova/nova/compute/api.py:2865}}
Apr 18 16:51:14.883743 n-d-838323-1 devstack@n-api.service[124237]: DEBUG oslo_concurrency.lockutils [None req-47284591-be0e-4e8d-a51d-394183af52af tempest-ServersWithSpecificFlavorTestJSON-730125911 tempest-ServersWithSpecificFlavorTestJSON-730125911-project] Lock "8d7cf588-193a-47d0-8d80-90e7b4e5ef5a" acquired by "nova.context.set_target_cell..get_or_set_cached_cell_and_set_connections" :: waited 0.000s {{(pid=124237) inner /usr/local/lib/python3.8/dist-packages/oslo_concurrency/lockutils.py:355}}
Apr 18 16:51:14.884503 n-d-838323-1 devstack@n-api.service[124237]: DEBUG oslo_concurrency.lockutils [None req-47284591-be0e-4e8d-a51d-394183af52af tempest-ServersWithSpecificFlavorTestJSON-730125911 tempest-ServersWithSpecificFlavorTestJSON-730125911-project] Lock "8d7cf588-193a-47d0-8d80-90e7b4e5ef5a" released by "nova.context.set_target_cell..get_or_set_cached_cell_and_set_connections" :: held 0.001s {{(pid=124237) inner /usr/local/lib/python3.8/dist-packages/oslo_concurrency/lockutils.py:367}}
Apr 18 16:51:14.885677 n-d-838323-1 devstack@n-api.service[124237]: DEBUG oslo_concurrency.lockutils [None req-47284591-be0e-4e8d-a51d-394183af52af tempest-ServersWithSpecificFlavorTestJSON-730125911 tempest-ServersWithSpecificFlavorTestJSON-730125911-project] Lock "8d7cf588-193a-47d0-8d80-90e7b4e5ef5a" acquired by "nova.context.set_target_cell..get_or_set_cached_cell_and_set_connections" :: waited 0.000s {{(pid=124237) inner /usr/local/lib/python3.8/dist-packages/oslo_concurrency/lockutils.py:355}}
Apr 18 16:51:14.886500 n-d-838323-1 devstack@n-api.service[124237]: DEBUG oslo_concurrency.lockutils [None req-47284591-be0e-4e8d-a51d-394183af52af tempest-ServersWithSpecificFlavorTestJSON-730125911 tempest-ServersWithSpecificFlavorTestJSON-730125911-project] Lock "8d7cf588-193a-47d0-8d80-90e7b4e5ef5a" released by "nova.context.set_target_cell..get_or_set_cached_cell_and_set_connections" :: held 0.001s {{(pid=124237) inner /usr/local/lib/python3.8/dist-packages/oslo_concurrency/lockutils.py:367}}
Apr 18 16:51:15.151532 n-d-838323-1 devstack@n-api.service[124236]: DEBUG nova.api.openstack.wsgi [None req-4e695b38-f89c-4953-a1fe-8445d61c484d tempest-AggregatesAdminTestJSON-1963812658 tempest-AggregatesAdminTestJSON-1963812658-project] Calling method '>' {{(pid=124236) _process_stack /opt/stack/nova/nova/api/openstack/wsgi.py:513}}
Apr 18 16:51:15.152347 n-d-838323-1 devstack@n-api.service[124236]: DEBUG nova.compute.api [None req-4e695b38-f89c-4953-a1fe-8445d61c484d tempest-AggregatesAdminTestJSON-1963812658 tempest-AggregatesAdminTestJSON-1963812658-project] [instance: 9d5fcf0b-68ac-4125-bbc8-af5857faeb5c] Fetching instance by UUID {{(pid=124236) get /opt/stack/nova/nova/compute/api.py:2865}}
Apr 18 16:51:15.159093 n-d-838323-1 devstack@n-api.service[124236]: DEBUG oslo_concurrency.lockutils [None req-4e695b38-f89c-4953-a1fe-8445d61c484d tempest-AggregatesAdminTestJSON-1963812658 tempest-AggregatesAdminTestJSON-1963812658-project] Lock "8d7cf588-193a-47d0-8d80-90e7b4e5ef5a" acquired by "nova.context.set_target_cell..get_or_set_cached_cell_and_set_connections" :: waited 0.000s {{(pid=124236) inner /usr/local/lib/python3.8/dist-packages/oslo_concurrency/lockutils.py:355}}
Apr 18 16:51:15.160268 n-d-838323-1 devstack@n-api.service[124236]: DEBUG oslo_concurrency.lockutils [None req-4e695b38-f89c-4953-a1fe-8445d61c484d tempest-AggregatesAdminTestJSON-1963812658 tempest-AggregatesAdminTestJSON-1963812658-project] Lock "8d7cf588-193a-47d0-8d80-90e7b4e5ef5a" released by "nova.context.set_target_cell..get_or_set_cached_cell_and_set_connections" :: held 0.001s {{(pid=124236) inner /usr/local/lib/python3.8/dist-packages/oslo_concurrency/lockutils.py:367}}
Apr 18 16:51:15.161140 n-d-838323-1 devstack@n-api.service[124236]: DEBUG oslo_concurrency.lockutils [None req-4e695b38-f89c-4953-a1fe-8445d61c484d tempest-AggregatesAdminTestJSON-1963812658 tempest-AggregatesAdminTestJSON-1963812658-project] Lock "8d7cf588-193a-47d0-8d80-90e7b4e5ef5a" acquired by "nova.context.set_target_cell..get_or_set_cached_cell_and_set_connections" :: waited 0.000s {{(pid=124236) inner /usr/local/lib/python3.8/dist-packages/oslo_concurrency/lockutils.py:355}}
Apr 18 16:51:15.161650 n-d-838323-1 devstack@n-api.service[124236]: DEBUG oslo_concurrency.lockutils [None req-4e695b38-f89c-4953-a1fe-8445d61c484d tempest-AggregatesAdminTestJSON-1963812658 tempest-AggregatesAdminTestJSON-1963812658-project] Lock "8d7cf588-193a-47d0-8d80-90e7b4e5ef5a" released by "nova.context.set_target_cell..get_or_set_cached_cell_and_set_connections" :: held 0.000s {{(pid=124236) inner /usr/local/lib/python3.8/dist-packages/oslo_concurrency/lockutils.py:367}}
Apr 18 16:51:15.176656 n-d-838323-1 devstack@n-api.service[124236]: INFO nova.api.openstack.wsgi [None req-4e695b38-f89c-4953-a1fe-8445d61c484d tempest-AggregatesAdminTestJSON-1963812658 tempest-AggregatesAdminTestJSON-1963812658-project] HTTP exception thrown: Instance 9d5fcf0b-68ac-4125-bbc8-af5857faeb5c could not be found.
Apr 18 16:51:15.177776 n-d-838323-1 devstack@n-api.service[124236]: DEBUG nova.api.openstack.wsgi [None req-4e695b38-f89c-4953-a1fe-8445d61c484d tempest-AggregatesAdminTestJSON-1963812658 tempest-AggregatesAdminTestJSON-1963812658-project] Returning 404 to user: Instance 9d5fcf0b-68ac-4125-bbc8-af5857faeb5c could not be found. {{(pid=124236) __call__ /opt/stack/nova/nova/api/openstack/wsgi.py:936}}
Apr 18 16:51:15.178874 n-d-838323-1 devstack@n-api.service[124236]: INFO nova.api.openstack.requestlog [None req-4e695b38-f89c-4953-a1fe-8445d61c484d tempest-AggregatesAdminTestJSON-1963812658 tempest-AggregatesAdminTestJSON-1963812658-project] 10.222.0.16 "GET /compute/v2.1/servers/9d5fcf0b-68ac-4125-bbc8-af5857faeb5c" status: 404 len: 111 microversion: 2.1 time: 0.031203
Apr 18 16:51:15.180006 n-d-838323-1 devstack@n-api.service[124236]: [pid: 124236|app: 0|req: 116/202] 10.222.0.16 () {58 vars in 1235 bytes} [Mon Apr 18 16:51:15 2022] GET /compute/v2.1/servers/9d5fcf0b-68ac-4125-bbc8-af5857faeb5c => generated 111 bytes in 33 msecs (HTTP/1.1 404) 9 headers in 379 bytes (2 switches on core 0)
Apr 18 16:51:15.189605 n-d-838323-1 devstack@n-api.service[124236]: DEBUG nova.api.openstack.wsgi [None req-26afe4ac-efbf-4e1a-aebe-dcb1e927af64 tempest-AggregatesAdminTestJSON-2058552720 tempest-AggregatesAdminTestJSON-2058552720-project-admin] Action: 'action', calling method: >, body: {"remove_host": {"host": "n-h2-838323-1"}} {{(pid=124236) _process_stack /opt/stack/nova/nova/api/openstack/wsgi.py:511}}
Apr 18 16:51:15.192804 n-d-838323-1 devstack@n-api.service[124236]: /usr/local/lib/python3.8/dist-packages/oslo_policy/policy.py:1075: UserWarning: Policy os_compute_api:os-aggregates:remove_host failed scope check. The token used to make the request was project scoped but the policy requires ['system'] scope. This behavior may change in the future where using the intended scope is required
Apr 18 16:51:15.192804 n-d-838323-1 devstack@n-api.service[124236]: warnings.warn(msg)
Apr 18 16:51:15.242459 n-d-838323-1 devstack@n-api.service[124236]: DEBUG oslo_concurrency.lockutils [None req-26afe4ac-efbf-4e1a-aebe-dcb1e927af64 tempest-AggregatesAdminTestJSON-2058552720 tempest-AggregatesAdminTestJSON-2058552720-project-admin] Lock "8d7cf588-193a-47d0-8d80-90e7b4e5ef5a" acquired by "nova.context.set_target_cell..get_or_set_cached_cell_and_set_connections" :: waited 0.000s {{(pid=124236) inner /usr/local/lib/python3.8/dist-packages/oslo_concurrency/lockutils.py:355}}
Apr 18 16:51:15.242874 n-d-838323-1 devstack@n-api.service[124236]: DEBUG oslo_concurrency.lockutils [None req-26afe4ac-efbf-4e1a-aebe-dcb1e927af64 tempest-AggregatesAdminTestJSON-2058552720 tempest-AggregatesAdminTestJSON-2058552720-project-admin] Lock "8d7cf588-193a-47d0-8d80-90e7b4e5ef5a" released by "nova.context.set_target_cell..get_or_set_cached_cell_and_set_connections" :: held 0.001s {{(pid=124236) inner /usr/local/lib/python3.8/dist-packages/oslo_concurrency/lockutils.py:367}}
Apr 18 16:51:15.300250 n-d-838323-1 devstack@n-api.service[124237]: DEBUG nova.policy [None req-47284591-be0e-4e8d-a51d-394183af52af tempest-ServersWithSpecificFlavorTestJSON-730125911 tempest-ServersWithSpecificFlavorTestJSON-730125911-project] Policy check for os_compute_api:os-extended-server-attributes failed with credentials {'is_admin': False, 'user_id': 'c97540bd7dd94b608e64d777d9399b1f', 'user_domain_id': 'default', 'system_scope': None, 'domain_id': None, 'project_id': '37e85c08af1c46a688b99af5162bdb5f', 'project_domain_id': 'default', 'roles': ['member', 'reader'], 'is_admin_project': True, 'service_user_id': None, 'service_user_domain_id': None, 'service_project_id': None, 'service_project_domain_id': None, 'service_roles': []} {{(pid=124237) authorize /opt/stack/nova/nova/policy.py:199}}
Apr 18 16:51:15.310914 n-d-838323-1 devstack@n-api.service[124237]: INFO nova.api.openstack.requestlog [None req-47284591-be0e-4e8d-a51d-394183af52af tempest-ServersWithSpecificFlavorTestJSON-730125911 tempest-ServersWithSpecificFlavorTestJSON-730125911-project] 10.222.0.16 "GET /compute/v2.1/servers/f35de207-b8d4-4a61-ac40-1c1d84bddc1b" status: 200 len: 1391 microversion: 2.1 time: 0.441070
Apr 18 16:51:15.311734 n-d-838323-1 devstack@n-api.service[124237]: [pid: 124237|app: 0|req: 87/203] 10.222.0.16 () {58 vars in 1235 bytes} [Mon Apr 18 16:51:14 2022] GET /compute/v2.1/servers/f35de207-b8d4-4a61-ac40-1c1d84bddc1b => generated 1391 bytes in 443 msecs (HTTP/1.1 200) 9 headers in 358 bytes (1 switches on core 0)
Apr 18 16:51:15.317285 n-d-838323-1 devstack@n-api.service[124237]: DEBUG nova.api.openstack.wsgi [None req-906bd1c3-b827-4306-92a3-76eea900c0f8 tempest-ServersAdminNegativeTestJSON-226590769 tempest-ServersAdminNegativeTestJSON-226590769-project] Calling method '>' {{(pid=124237) _process_stack /opt/stack/nova/nova/api/openstack/wsgi.py:513}}
Apr 18 16:51:15.318212 n-d-838323-1 devstack@n-api.service[124237]: DEBUG nova.compute.api [None req-906bd1c3-b827-4306-92a3-76eea900c0f8 tempest-ServersAdminNegativeTestJSON-226590769 tempest-ServersAdminNegativeTestJSON-226590769-project] [instance: 58e1e3ec-8016-4003-8ac2-57979a734731] Fetching instance by UUID {{(pid=124237) get /opt/stack/nova/nova/compute/api.py:2865}}
Apr 18 16:51:15.325639 n-d-838323-1 devstack@n-api.service[124237]: DEBUG oslo_concurrency.lockutils [None req-906bd1c3-b827-4306-92a3-76eea900c0f8 tempest-ServersAdminNegativeTestJSON-226590769 tempest-ServersAdminNegativeTestJSON-226590769-project] Lock "8d7cf588-193a-47d0-8d80-90e7b4e5ef5a" acquired by "nova.context.set_target_cell..get_or_set_cached_cell_and_set_connections" :: waited 0.000s {{(pid=124237) inner /usr/local/lib/python3.8/dist-packages/oslo_concurrency/lockutils.py:355}}
Apr 18 16:51:15.326337 n-d-838323-1 devstack@n-api.service[124237]: DEBUG oslo_concurrency.lockutils [None req-906bd1c3-b827-4306-92a3-76eea900c0f8 tempest-ServersAdminNegativeTestJSON-226590769 tempest-ServersAdminNegativeTestJSON-226590769-project] Lock "8d7cf588-193a-47d0-8d80-90e7b4e5ef5a" released by "nova.context.set_target_cell..get_or_set_cached_cell_and_set_connections" :: held 0.001s {{(pid=124237) inner /usr/local/lib/python3.8/dist-packages/oslo_concurrency/lockutils.py:367}}
Apr 18 16:51:15.327336 n-d-838323-1 devstack@n-api.service[124237]: DEBUG oslo_concurrency.lockutils [None req-906bd1c3-b827-4306-92a3-76eea900c0f8 tempest-ServersAdminNegativeTestJSON-226590769 tempest-ServersAdminNegativeTestJSON-226590769-project] Lock "8d7cf588-193a-47d0-8d80-90e7b4e5ef5a" acquired by "nova.context.set_target_cell..get_or_set_cached_cell_and_set_connections" :: waited 0.000s {{(pid=124237) inner /usr/local/lib/python3.8/dist-packages/oslo_concurrency/lockutils.py:355}}
Apr 18 16:51:15.328063 n-d-838323-1 devstack@n-api.service[124237]: DEBUG oslo_concurrency.lockutils [None req-906bd1c3-b827-4306-92a3-76eea900c0f8 tempest-ServersAdminNegativeTestJSON-226590769 tempest-ServersAdminNegativeTestJSON-226590769-project] Lock "8d7cf588-193a-47d0-8d80-90e7b4e5ef5a" released by "nova.context.set_target_cell..get_or_set_cached_cell_and_set_connections" :: held 0.001s {{(pid=124237) inner /usr/local/lib/python3.8/dist-packages/oslo_concurrency/lockutils.py:367}}
Apr 18 16:51:15.415920 n-d-838323-1 devstack@n-api.service[124237]: DEBUG nova.policy [None req-906bd1c3-b827-4306-92a3-76eea900c0f8 tempest-ServersAdminNegativeTestJSON-226590769 tempest-ServersAdminNegativeTestJSON-226590769-project] Policy check for os_compute_api:os-extended-server-attributes failed with credentials {'is_admin': False, 'user_id': '8c1cd692e6a6480f98d2eb3d1911b3ff', 'user_domain_id': 'default', 'system_scope': None, 'domain_id': None, 'project_id': '2a02f715353a47d8bea29fa200c14e09', 'project_domain_id': 'default', 'roles': ['member', 'reader'], 'is_admin_project': True, 'service_user_id': None, 'service_user_domain_id': None, 'service_project_id': None, 'service_project_domain_id': None, 'service_roles': []} {{(pid=124237) authorize /opt/stack/nova/nova/policy.py:199}}
Apr 18 16:51:15.426737 n-d-838323-1 devstack@n-api.service[124237]: INFO nova.api.openstack.requestlog [None req-906bd1c3-b827-4306-92a3-76eea900c0f8 tempest-ServersAdminNegativeTestJSON-226590769 tempest-ServersAdminNegativeTestJSON-226590769-project] 10.222.0.16 "GET /compute/v2.1/servers/58e1e3ec-8016-4003-8ac2-57979a734731" status: 200 len: 1304 microversion: 2.1 time: 0.112823
Apr 18 16:51:15.428168 n-d-838323-1 devstack@n-api.service[124237]: [pid: 124237|app: 0|req: 88/204] 10.222.0.16 () {58 vars in 1235 bytes} [Mon Apr 18 16:51:15 2022] GET /compute/v2.1/servers/58e1e3ec-8016-4003-8ac2-57979a734731 => generated 1304 bytes in 116 msecs (HTTP/1.1 200) 9 headers in 358 bytes (1 switches on core 0)
Apr 18 16:51:15.895825 n-d-838323-1 devstack@n-api.service[124236]: INFO nova.api.openstack.requestlog [None req-26afe4ac-efbf-4e1a-aebe-dcb1e927af64 tempest-AggregatesAdminTestJSON-2058552720 tempest-AggregatesAdminTestJSON-2058552720-project-admin] 10.222.0.16 "POST /compute/v2.1/os-aggregates/1/action" status: 200 len: 298 microversion: 2.1 time: 0.709905
Apr 18 16:51:15.898428 n-d-838323-1 devstack@n-api.service[124236]: [pid: 124236|app: 0|req: 117/205] 10.222.0.16 () {60 vars in 1190 bytes} [Mon Apr 18 16:51:15 2022] POST /compute/v2.1/os-aggregates/1/action => generated 298 bytes in 713 msecs (HTTP/1.1 200) 9 headers in 357 bytes (1 switches on core 0)
Apr 18 16:51:15.906414 n-d-838323-1 devstack@n-api.service[124237]: DEBUG nova.api.openstack.wsgi [None req-8f6bceea-2107-475b-b61d-aa53b53b1f7b tempest-AggregatesAdminTestJSON-2058552720 tempest-AggregatesAdminTestJSON-2058552720-project-admin] Calling method '>' {{(pid=124237) _process_stack /opt/stack/nova/nova/api/openstack/wsgi.py:513}}
Apr 18 16:51:15.907272 n-d-838323-1 devstack@n-api.service[124237]: /usr/local/lib/python3.8/dist-packages/oslo_policy/policy.py:1075: UserWarning: Policy os_compute_api:os-aggregates:delete failed scope check. The token used to make the request was project scoped but the policy requires ['system'] scope. This behavior may change in the future where using the intended scope is required
Apr 18 16:51:15.907272 n-d-838323-1 devstack@n-api.service[124237]: warnings.warn(msg)
Apr 18 16:51:15.928538 n-d-838323-1 devstack@n-api.service[124237]: INFO nova.api.openstack.requestlog [None req-8f6bceea-2107-475b-b61d-aa53b53b1f7b tempest-AggregatesAdminTestJSON-2058552720 tempest-AggregatesAdminTestJSON-2058552720-project-admin] 10.222.0.16 "DELETE /compute/v2.1/os-aggregates/1" status: 200 len: 0 microversion: 2.1 time: 0.025745
Apr 18 16:51:15.933198 n-d-838323-1 devstack@n-api.service[124237]: [pid: 124237|app: 0|req: 89/206] 10.222.0.16 () {58 vars in 1151 bytes} [Mon Apr 18 16:51:15 2022] DELETE /compute/v2.1/os-aggregates/1 => generated 0 bytes in 31 msecs (HTTP/1.1 200) 9 headers in 355 bytes (1 switches on core 0)
Apr 18 16:51:15.945623 n-d-838323-1 devstack@n-api.service[124236]: DEBUG nova.api.openstack.wsgi [None req-4168182e-c27d-4a64-96a6-b4766508fd9c tempest-AggregatesAdminTestJSON-2058552720 tempest-AggregatesAdminTestJSON-2058552720-project-admin] Action: 'create', calling method: >, body: {"aggregate": {"name": "tempest-test_aggregate-70554390"}} {{(pid=124236) _process_stack /opt/stack/nova/nova/api/openstack/wsgi.py:511}}
Apr 18 16:51:15.947208 n-d-838323-1 devstack@n-api.service[124236]: /usr/local/lib/python3.8/dist-packages/oslo_policy/policy.py:1075: UserWarning: Policy os_compute_api:os-aggregates:create failed scope check. The token used to make the request was project scoped but the policy requires ['system'] scope. This behavior may change in the future where using the intended scope is required
Apr 18 16:51:15.947208 n-d-838323-1 devstack@n-api.service[124236]: warnings.warn(msg)
Apr 18 16:51:15.948436 n-d-838323-1 devstack@n-api.service[124236]: DEBUG nova.objects.aggregate [None req-4168182e-c27d-4a64-96a6-b4766508fd9c tempest-AggregatesAdminTestJSON-2058552720 tempest-AggregatesAdminTestJSON-2058552720-project-admin] Generated uuid b8924f73-0198-4c1c-9ebe-43812ee71fe8 for aggregate {{(pid=124236) create /opt/stack/nova/nova/objects/aggregate.py:298}}
Apr 18 16:51:15.978247 n-d-838323-1 devstack@n-api.service[124236]: INFO nova.api.openstack.requestlog [None req-4168182e-c27d-4a64-96a6-b4766508fd9c tempest-AggregatesAdminTestJSON-2058552720 tempest-AggregatesAdminTestJSON-2058552720-project-admin] 10.222.0.16 "POST /compute/v2.1/os-aggregates" status: 200 len: 196 microversion: 2.1 time: 0.037055
Apr 18 16:51:15.984225 n-d-838323-1 devstack@n-api.service[124236]: [pid: 124236|app: 0|req: 118/207] 10.222.0.16 () {60 vars in 1163 bytes} [Mon Apr 18 16:51:15 2022] POST /compute/v2.1/os-aggregates => generated 196 bytes in 39 msecs (HTTP/1.1 200) 9 headers in 357 bytes (1 switches on core 0)
Apr 18 16:51:15.989478 n-d-838323-1 devstack@n-api.service[124237]: DEBUG nova.api.openstack.wsgi [None req-96eaa75c-206f-4ead-b8ad-d202b0c525a6 tempest-AggregatesAdminTestJSON-2058552720 tempest-AggregatesAdminTestJSON-2058552720-project-admin] Action: 'action', calling method: >, body: {"add_host": {"host": "n-h2-838323-1"}} {{(pid=124237) _process_stack /opt/stack/nova/nova/api/openstack/wsgi.py:511}}
Apr 18 16:51:15.990906 n-d-838323-1 devstack@n-api.service[124237]: /usr/local/lib/python3.8/dist-packages/oslo_policy/policy.py:1075: UserWarning: Policy os_compute_api:os-aggregates:add_host failed scope check. The token used to make the request was project scoped but the policy requires ['system'] scope. This behavior may change in the future where using the intended scope is required
Apr 18 16:51:15.990906 n-d-838323-1 devstack@n-api.service[124237]: warnings.warn(msg)
Apr 18 16:51:16.002637 n-d-838323-1 devstack@n-api.service[124237]: DEBUG oslo_concurrency.lockutils [None req-96eaa75c-206f-4ead-b8ad-d202b0c525a6 tempest-AggregatesAdminTestJSON-2058552720 tempest-AggregatesAdminTestJSON-2058552720-project-admin] Lock "8d7cf588-193a-47d0-8d80-90e7b4e5ef5a" acquired by "nova.context.set_target_cell..get_or_set_cached_cell_and_set_connections" :: waited 0.000s {{(pid=124237) inner /usr/local/lib/python3.8/dist-packages/oslo_concurrency/lockutils.py:355}}
