Apr 15 16:37:14.435312 n-d-838192-1 devstack@placement-api.service[105278]: INFO placement.requestlog [req-2549beb8-c122-4a1a-b506-bd1005131a8e req-edde4314-f071-4820-a0e2-24da83a15091 service placement] 10.222.0.18 "GET /placement/allocation_candidates?limit=1000&resources=DISK_GB%3A1%2CMEMORY_MB%3A1024%2CVCPU%3A1&root_required=%21COMPUTE_STATUS_DISABLED" status: 200 len: 1309 microversion: 1.36
Apr 15 16:37:14.436158 n-d-838192-1 devstack@placement-api.service[105278]: [pid: 105278|app: 0|req: 46/90] 10.222.0.18 () {60 vars in 1506 bytes} [Fri Apr 15 16:37:14 2022] GET /placement/allocation_candidates?limit=1000&resources=DISK_GB%3A1%2CMEMORY_MB%3A1024%2CVCPU%3A1&root_required=%21COMPUTE_STATUS_DISABLED => generated 1309 bytes in 149 msecs (HTTP/1.1 200) 8 headers in 297 bytes (1 switches on core 0)
Apr 15 16:37:14.511977 n-d-838192-1 devstack@placement-api.service[105277]: DEBUG placement.requestlog [req-2549beb8-c122-4a1a-b506-bd1005131a8e req-5936b542-7008-4123-836b-eaa3e6a0cd53 None None] Starting request: 10.222.0.18 "GET /placement/allocations/89228c60-fd55-4da6-bc40-56c52b5e306d" {{(pid=105277) __call__ /opt/stack/placement/placement/requestlog.py:55}}
Apr 15 16:37:14.524463 n-d-838192-1 devstack@placement-api.service[105277]: INFO placement.requestlog [req-2549beb8-c122-4a1a-b506-bd1005131a8e req-5936b542-7008-4123-836b-eaa3e6a0cd53 service placement] 10.222.0.18 "GET /placement/allocations/89228c60-fd55-4da6-bc40-56c52b5e306d" status: 200 len: 19 microversion: 1.28
Apr 15 16:37:14.531530 n-d-838192-1 devstack@placement-api.service[105277]: [pid: 105277|app: 0|req: 45/91] 10.222.0.18 () {60 vars in 1380 bytes} [Fri Apr 15 16:37:14 2022] GET /placement/allocations/89228c60-fd55-4da6-bc40-56c52b5e306d => generated 19 bytes in 20 msecs (HTTP/1.1 200) 8 headers in 295 bytes (1 switches on core 0)
Apr 15 16:37:14.537504 n-d-838192-1 devstack@placement-api.service[105278]: DEBUG placement.requestlog [req-2549beb8-c122-4a1a-b506-bd1005131a8e req-65c45f60-9239-4c33-bd9e-1ac5d1a10033 None None] Starting request: 10.222.0.18 "PUT /placement/allocations/89228c60-fd55-4da6-bc40-56c52b5e306d" {{(pid=105278) __call__ /opt/stack/placement/placement/requestlog.py:55}}
Apr 15 16:37:14.747382 n-d-838192-1 devstack@placement-api.service[105277]: DEBUG placement.requestlog [req-211d26d1-8bc3-4c74-8ee2-1074863051b0 req-4f0c6a8c-699c-43ed-ba8b-52c79aaceecb None None] Starting request: 10.222.0.18 "GET /placement/resource_providers?name=n-h1-838192-1" {{(pid=105277) __call__ /opt/stack/placement/placement/requestlog.py:55}}
Apr 15 16:37:14.759535 n-d-838192-1 devstack@placement-api.service[105277]: INFO placement.requestlog [req-211d26d1-8bc3-4c74-8ee2-1074863051b0 req-4f0c6a8c-699c-43ed-ba8b-52c79aaceecb service placement] 10.222.0.18 "GET /placement/resource_providers?name=n-h1-838192-1" status: 200 len: 441 microversion: 1.0
Apr 15 16:37:14.760206 n-d-838192-1 devstack@placement-api.service[105277]: [pid: 105277|app: 0|req: 46/92] 10.222.0.18 () {58 vars in 1274 bytes} [Fri Apr 15 16:37:14 2022] GET /placement/resource_providers?name=n-h1-838192-1 => generated 441 bytes in 14 msecs (HTTP/1.1 200) 6 headers in 224 bytes (1 switches on core 0)
Apr 15 16:37:14.769501 n-d-838192-1 devstack@placement-api.service[105277]: DEBUG placement.requestlog [req-211d26d1-8bc3-4c74-8ee2-1074863051b0 req-96a6ec75-bb55-49f6-8a37-0a12a3c5b2b5 None None] Starting request: 10.222.0.18 "GET /placement/resource_providers/d7a09377-6f2e-40e9-bf74-12ddf5df0940/aggregates" {{(pid=105277) __call__ /opt/stack/placement/placement/requestlog.py:55}}
Apr 15 16:37:14.796040 n-d-838192-1 devstack@placement-api.service[105277]: INFO placement.requestlog [req-211d26d1-8bc3-4c74-8ee2-1074863051b0 req-96a6ec75-bb55-49f6-8a37-0a12a3c5b2b5 service placement] 10.222.0.18 "GET /placement/resource_providers/d7a09377-6f2e-40e9-bf74-12ddf5df0940/aggregates" status: 200 len: 54 microversion: 1.19
Apr 15 16:37:14.797030 n-d-838192-1 devstack@placement-api.service[105277]: [pid: 105277|app: 0|req: 47/93] 10.222.0.18 () {60 vars in 1425 bytes} [Fri Apr 15 16:37:14 2022] GET /placement/resource_providers/d7a09377-6f2e-40e9-bf74-12ddf5df0940/aggregates => generated 54 bytes in 28 msecs (HTTP/1.1 200) 8 headers in 295 bytes (2 switches on core 0)
Apr 15 16:37:14.807327 n-d-838192-1 devstack@placement-api.service[105277]: DEBUG placement.requestlog [req-211d26d1-8bc3-4c74-8ee2-1074863051b0 req-8acd3ae8-8fbb-4f09-ab46-01cd738672d3 None None] Starting request: 10.222.0.18 "PUT /placement/resource_providers/d7a09377-6f2e-40e9-bf74-12ddf5df0940/aggregates" {{(pid=105277) __call__ /opt/stack/placement/placement/requestlog.py:55}}
Apr 15 16:37:14.827975 n-d-838192-1 devstack@placement-api.service[105277]: DEBUG placement.objects.resource_provider [req-211d26d1-8bc3-4c74-8ee2-1074863051b0 req-8acd3ae8-8fbb-4f09-ab46-01cd738672d3 service placement] _ensure_aggregate() did not find aggregate e0398a36-8738-4565-a17a-4acb795c7f24. Attempting to create it. {{(pid=105277) _ensure_aggregate /opt/stack/placement/placement/objects/resource_provider.py:321}}
Apr 15 16:37:14.831530 n-d-838192-1 devstack@placement-api.service[105277]: DEBUG placement.objects.resource_provider [req-211d26d1-8bc3-4c74-8ee2-1074863051b0 req-8acd3ae8-8fbb-4f09-ab46-01cd738672d3 service placement] _ensure_aggregate() created new aggregate e0398a36-8738-4565-a17a-4acb795c7f24 (id=6). {{(pid=105277) _ensure_aggregate /opt/stack/placement/placement/objects/resource_provider.py:327}}
Apr 15 16:37:14.833206 n-d-838192-1 devstack@placement-api.service[105277]: DEBUG placement.objects.resource_provider [req-211d26d1-8bc3-4c74-8ee2-1074863051b0 req-8acd3ae8-8fbb-4f09-ab46-01cd738672d3 service placement] Setting aggregates for provider d7a09377-6f2e-40e9-bf74-12ddf5df0940. Successfully associated aggregate e0398a36-8738-4565-a17a-4acb795c7f24. {{(pid=105277) _set_aggregates /opt/stack/placement/placement/objects/resource_provider.py:389}}
Apr 15 16:37:14.840106 n-d-838192-1 devstack@placement-api.service[105278]: DEBUG placement.handlers.allocation [req-2549beb8-c122-4a1a-b506-bd1005131a8e req-65c45f60-9239-4c33-bd9e-1ac5d1a10033 service placement] Successfully wrote allocations [, , ] {{(pid=105278) _update_consumers_and_create_allocations /opt/stack/placement/placement/handlers/allocation.py:462}}
Apr 15 16:37:14.894724 n-d-838192-1 devstack@placement-api.service[105277]: INFO placement.requestlog [req-211d26d1-8bc3-4c74-8ee2-1074863051b0 req-8acd3ae8-8fbb-4f09-ab46-01cd738672d3 service placement] 10.222.0.18 "PUT /placement/resource_providers/d7a09377-6f2e-40e9-bf74-12ddf5df0940/aggregates" status: 200 len: 92 microversion: 1.19
Apr 15 16:37:14.895444 n-d-838192-1 devstack@placement-api.service[105277]: [pid: 105277|app: 0|req: 48/94] 10.222.0.18 () {64 vars in 1477 bytes} [Fri Apr 15 16:37:14 2022] PUT /placement/resource_providers/d7a09377-6f2e-40e9-bf74-12ddf5df0940/aggregates => generated 92 bytes in 89 msecs (HTTP/1.1 200) 8 headers in 295 bytes (1 switches on core 0)
Apr 15 16:37:14.917611 n-d-838192-1 devstack@placement-api.service[105278]: INFO placement.requestlog [req-2549beb8-c122-4a1a-b506-bd1005131a8e req-65c45f60-9239-4c33-bd9e-1ac5d1a10033 service placement] 10.222.0.18 "PUT /placement/allocations/89228c60-fd55-4da6-bc40-56c52b5e306d" status: 204 len: 0 microversion: 1.36
Apr 15 16:37:14.918184 n-d-838192-1 devstack@placement-api.service[105278]: [pid: 105278|app: 0|req: 47/95] 10.222.0.18 () {64 vars in 1433 bytes} [Fri Apr 15 16:37:14 2022] PUT /placement/allocations/89228c60-fd55-4da6-bc40-56c52b5e306d => generated 0 bytes in 381 msecs (HTTP/1.1 204) 5 headers in 199 bytes (2 switches on core 0)
Apr 15 16:37:15.986860 n-d-838192-1 devstack@placement-api.service[105277]: DEBUG placement.requestlog [req-2549beb8-c122-4a1a-b506-bd1005131a8e req-36f4f142-0ce6-427c-a1f1-eded4b3378fe None None] Starting request: 10.222.0.45 "GET /placement/allocations/89228c60-fd55-4da6-bc40-56c52b5e306d" {{(pid=105277) __call__ /opt/stack/placement/placement/requestlog.py:55}}
Apr 15 16:37:16.008405 n-d-838192-1 devstack@placement-api.service[105277]: INFO placement.requestlog [req-2549beb8-c122-4a1a-b506-bd1005131a8e req-36f4f142-0ce6-427c-a1f1-eded4b3378fe service placement] 10.222.0.45 "GET /placement/allocations/89228c60-fd55-4da6-bc40-56c52b5e306d" status: 200 len: 258 microversion: 1.28
Apr 15 16:37:16.009034 n-d-838192-1 devstack@placement-api.service[105277]: [pid: 105277|app: 0|req: 49/96] 10.222.0.45 () {60 vars in 1377 bytes} [Fri Apr 15 16:37:15 2022] GET /placement/allocations/89228c60-fd55-4da6-bc40-56c52b5e306d => generated 258 bytes in 22 msecs (HTTP/1.1 200) 8 headers in 296 bytes (1 switches on core 0)
Apr 15 16:37:16.255264 n-d-838192-1 devstack@placement-api.service[105278]: DEBUG placement.requestlog [req-3dc5cb48-1929-4f4f-90ec-579344538cdd req-c5b544a3-f0ad-48be-baf9-5a4aea6e7054 None None] Starting request: 10.222.0.18 "GET /placement/resource_providers?name=n-h1-838192-1" {{(pid=105278) __call__ /opt/stack/placement/placement/requestlog.py:55}}
Apr 15 16:37:16.276792 n-d-838192-1 devstack@placement-api.service[105278]: INFO placement.requestlog [req-3dc5cb48-1929-4f4f-90ec-579344538cdd req-c5b544a3-f0ad-48be-baf9-5a4aea6e7054 service placement] 10.222.0.18 "GET /placement/resource_providers?name=n-h1-838192-1" status: 200 len: 441 microversion: 1.0
Apr 15 16:37:16.278521 n-d-838192-1 devstack@placement-api.service[105278]: [pid: 105278|app: 0|req: 48/97] 10.222.0.18 () {58 vars in 1274 bytes} [Fri Apr 15 16:37:16 2022] GET /placement/resource_providers?name=n-h1-838192-1 => generated 441 bytes in 24 msecs (HTTP/1.1 200) 6 headers in 224 bytes (1 switches on core 0)
Apr 15 16:37:16.287503 n-d-838192-1 devstack@placement-api.service[105277]: DEBUG placement.requestlog [req-3dc5cb48-1929-4f4f-90ec-579344538cdd req-507530f9-e82c-4ca5-9290-e66bbd328b21 None None] Starting request: 10.222.0.18 "GET /placement/resource_providers/d7a09377-6f2e-40e9-bf74-12ddf5df0940/aggregates" {{(pid=105277) __call__ /opt/stack/placement/placement/requestlog.py:55}}
Apr 15 16:37:16.332573 n-d-838192-1 devstack@placement-api.service[105277]: INFO placement.requestlog [req-3dc5cb48-1929-4f4f-90ec-579344538cdd req-507530f9-e82c-4ca5-9290-e66bbd328b21 service placement] 10.222.0.18 "GET /placement/resource_providers/d7a09377-6f2e-40e9-bf74-12ddf5df0940/aggregates" status: 200 len: 92 microversion: 1.19
Apr 15 16:37:16.333802 n-d-838192-1 devstack@placement-api.service[105277]: [pid: 105277|app: 0|req: 50/98] 10.222.0.18 () {60 vars in 1425 bytes} [Fri Apr 15 16:37:16 2022] GET /placement/resource_providers/d7a09377-6f2e-40e9-bf74-12ddf5df0940/aggregates => generated 92 bytes in 47 msecs (HTTP/1.1 200) 8 headers in 295 bytes (1 switches on core 0)
Apr 15 16:37:16.342207 n-d-838192-1 devstack@placement-api.service[105278]: DEBUG placement.requestlog [req-3dc5cb48-1929-4f4f-90ec-579344538cdd req-5e4cdb92-d1eb-4b4c-93f0-20d99f33916b None None] Starting request: 10.222.0.18 "PUT /placement/resource_providers/d7a09377-6f2e-40e9-bf74-12ddf5df0940/aggregates" {{(pid=105278) __call__ /opt/stack/placement/placement/requestlog.py:55}}
Apr 15 16:37:16.373388 n-d-838192-1 devstack@placement-api.service[105278]: DEBUG placement.objects.resource_provider [req-3dc5cb48-1929-4f4f-90ec-579344538cdd req-5e4cdb92-d1eb-4b4c-93f0-20d99f33916b service placement] Setting aggregates for provider d7a09377-6f2e-40e9-bf74-12ddf5df0940. Successfully disassociated aggregate e0398a36-8738-4565-a17a-4acb795c7f24. {{(pid=105278) _set_aggregates /opt/stack/placement/placement/objects/resource_provider.py:404}}
Apr 15 16:37:16.432238 n-d-838192-1 devstack@placement-api.service[105278]: INFO placement.requestlog [req-3dc5cb48-1929-4f4f-90ec-579344538cdd req-5e4cdb92-d1eb-4b4c-93f0-20d99f33916b service placement] 10.222.0.18 "PUT /placement/resource_providers/d7a09377-6f2e-40e9-bf74-12ddf5df0940/aggregates" status: 200 len: 54 microversion: 1.19
Apr 15 16:37:16.433221 n-d-838192-1 devstack@placement-api.service[105278]: [pid: 105278|app: 0|req: 49/99] 10.222.0.18 () {64 vars in 1477 bytes} [Fri Apr 15 16:37:16 2022] PUT /placement/resource_providers/d7a09377-6f2e-40e9-bf74-12ddf5df0940/aggregates => generated 54 bytes in 92 msecs (HTTP/1.1 200) 8 headers in 295 bytes (1 switches on core 0)
Apr 15 16:37:17.050227 n-d-838192-1 devstack@placement-api.service[105277]: DEBUG placement.requestlog [None req-3abd1e90-a6d7-4853-b337-0f12365a3918 None None] Starting request: 10.222.0.18 "GET /placement/" {{(pid=105277) __call__ /opt/stack/placement/placement/requestlog.py:55}}
Apr 15 16:37:17.050227 n-d-838192-1 devstack@placement-api.service[105277]: INFO placement.requestlog [None req-3abd1e90-a6d7-4853-b337-0f12365a3918 None None] 10.222.0.18 "GET /placement/" status: 200 len: 136 microversion: 1.0
Apr 15 16:37:17.050227 n-d-838192-1 devstack@placement-api.service[105277]: [pid: 105277|app: 0|req: 51/100] 10.222.0.18 () {54 vars in 907 bytes} [Fri Apr 15 16:37:17 2022] GET /placement => generated 136 bytes in 2 msecs (HTTP/1.1 200) 6 headers in 224 bytes (1 switches on core 0)
Apr 15 16:37:17.064519 n-d-838192-1 devstack@placement-api.service[105278]: DEBUG placement.requestlog [req-af43dcf7-e972-42b1-be92-343a55eef0b8 req-f7af857e-eddd-4b07-94b1-b6e04dcc3475 None None] Starting request: 10.222.0.18 "GET /placement/resource_providers/d7a09377-6f2e-40e9-bf74-12ddf5df0940/traits" {{(pid=105278) __call__ /opt/stack/placement/placement/requestlog.py:55}}
Apr 15 16:37:17.369948 n-d-838192-1 devstack@placement-api.service[105278]: INFO placement.requestlog [req-af43dcf7-e972-42b1-be92-343a55eef0b8 req-f7af857e-eddd-4b07-94b1-b6e04dcc3475 service placement] 10.222.0.18 "GET /placement/resource_providers/d7a09377-6f2e-40e9-bf74-12ddf5df0940/traits" status: 200 len: 212 microversion: 1.6
Apr 15 16:37:17.370985 n-d-838192-1 devstack@placement-api.service[105278]: [pid: 105278|app: 0|req: 50/101] 10.222.0.18 () {60 vars in 1412 bytes} [Fri Apr 15 16:37:17 2022] GET /placement/resource_providers/d7a09377-6f2e-40e9-bf74-12ddf5df0940/traits => generated 212 bytes in 308 msecs (HTTP/1.1 200) 6 headers in 224 bytes (1 switches on core 0)
Apr 15 16:37:18.258634 n-d-838192-1 devstack@placement-api.service[105277]: DEBUG placement.requestlog [None req-1da49e46-67a1-4228-a88b-ee36487f704f None None] Starting request: 10.222.0.18 "GET /placement/" {{(pid=105277) __call__ /opt/stack/placement/placement/requestlog.py:55}}
Apr 15 16:37:18.260244 n-d-838192-1 devstack@placement-api.service[105277]: INFO placement.requestlog [None req-1da49e46-67a1-4228-a88b-ee36487f704f None None] 10.222.0.18 "GET /placement/" status: 200 len: 136 microversion: 1.0
Apr 15 16:37:18.261291 n-d-838192-1 devstack@placement-api.service[105277]: [pid: 105277|app: 0|req: 52/102] 10.222.0.18 () {54 vars in 916 bytes} [Fri Apr 15 16:37:18 2022] GET /placement => generated 136 bytes in 4 msecs (HTTP/1.1 200) 6 headers in 224 bytes (1 switches on core 0)
Apr 15 16:37:18.276639 n-d-838192-1 devstack@placement-api.service[105278]: DEBUG placement.requestlog [req-af43dcf7-e972-42b1-be92-343a55eef0b8 req-e0293c31-c9ee-4fff-8a42-19ec2292db48 None None] Starting request: 10.222.0.18 "GET /placement/allocations/bbe6b314-3191-4c6d-8a86-c98f4a6e79f1" {{(pid=105278) __call__ /opt/stack/placement/placement/requestlog.py:55}}
Apr 15 16:37:18.392548 n-d-838192-1 devstack@placement-api.service[105278]: INFO placement.requestlog [req-af43dcf7-e972-42b1-be92-343a55eef0b8 req-e0293c31-c9ee-4fff-8a42-19ec2292db48 service placement] 10.222.0.18 "GET /placement/allocations/bbe6b314-3191-4c6d-8a86-c98f4a6e79f1" status: 200 len: 259 microversion: 1.28
Apr 15 16:37:18.399083 n-d-838192-1 devstack@placement-api.service[105278]: [pid: 105278|app: 0|req: 51/103] 10.222.0.18 () {60 vars in 1380 bytes} [Fri Apr 15 16:37:18 2022] GET /placement/allocations/bbe6b314-3191-4c6d-8a86-c98f4a6e79f1 => generated 259 bytes in 123 msecs (HTTP/1.1 200) 8 headers in 296 bytes (1 switches on core 0)
Apr 15 16:37:18.400020 n-d-838192-1 devstack@placement-api.service[105277]: DEBUG placement.requestlog [req-af43dcf7-e972-42b1-be92-343a55eef0b8 req-c6a233c0-e586-4f29-8e5a-fb1e4e9a79ff None None] Starting request: 10.222.0.18 "GET /placement/allocations/bbe6b314-3191-4c6d-8a86-c98f4a6e79f1" {{(pid=105277) __call__ /opt/stack/placement/placement/requestlog.py:55}}
Apr 15 16:37:18.414868 n-d-838192-1 devstack@placement-api.service[105277]: INFO placement.requestlog [req-af43dcf7-e972-42b1-be92-343a55eef0b8 req-c6a233c0-e586-4f29-8e5a-fb1e4e9a79ff service placement] 10.222.0.18 "GET /placement/allocations/bbe6b314-3191-4c6d-8a86-c98f4a6e79f1" status: 200 len: 259 microversion: 1.28
Apr 15 16:37:18.415599 n-d-838192-1 devstack@placement-api.service[105277]: [pid: 105277|app: 0|req: 53/104] 10.222.0.18 () {60 vars in 1380 bytes} [Fri Apr 15 16:37:18 2022] GET /placement/allocations/bbe6b314-3191-4c6d-8a86-c98f4a6e79f1 => generated 259 bytes in 16 msecs (HTTP/1.1 200) 8 headers in 296 bytes (1 switches on core 0)
Apr 15 16:37:18.422767 n-d-838192-1 devstack@placement-api.service[105278]: DEBUG placement.requestlog [req-af43dcf7-e972-42b1-be92-343a55eef0b8 req-98250f8d-d9ca-4d25-bd5f-1bab3765f158 None None] Starting request: 10.222.0.18 "GET /placement/allocations/440930bd-497d-4de9-9dc7-264b6329e442" {{(pid=105278) __call__ /opt/stack/placement/placement/requestlog.py:55}}
Apr 15 16:37:18.437585 n-d-838192-1 devstack@placement-api.service[105278]: INFO placement.requestlog [req-af43dcf7-e972-42b1-be92-343a55eef0b8 req-98250f8d-d9ca-4d25-bd5f-1bab3765f158 service placement] 10.222.0.18 "GET /placement/allocations/440930bd-497d-4de9-9dc7-264b6329e442" status: 200 len: 19 microversion: 1.28
Apr 15 16:37:18.445042 n-d-838192-1 devstack@placement-api.service[105278]: [pid: 105278|app: 0|req: 52/105] 10.222.0.18 () {60 vars in 1380 bytes} [Fri Apr 15 16:37:18 2022] GET /placement/allocations/440930bd-497d-4de9-9dc7-264b6329e442 => generated 19 bytes in 21 msecs (HTTP/1.1 200) 8 headers in 295 bytes (1 switches on core 0)
Apr 15 16:37:18.454458 n-d-838192-1 devstack@placement-api.service[105277]: DEBUG placement.requestlog [req-af43dcf7-e972-42b1-be92-343a55eef0b8 req-4180b78a-1073-4a91-8ba7-f232619e72eb None None] Starting request: 10.222.0.18 "POST /placement/allocations" {{(pid=105277) __call__ /opt/stack/placement/placement/requestlog.py:55}}
Apr 15 16:37:18.497761 n-d-838192-1 devstack@placement-api.service[105278]: DEBUG placement.requestlog [req-0efccdaa-91cc-4bc2-88cf-87e85fa11f78 req-fe38007a-8906-4741-9a42-5cee7d3fb520 None None] Starting request: 10.222.0.18 "GET /placement/allocation_candidates?limit=1000&resources=DISK_GB%3A1%2CMEMORY_MB%3A1024%2CVCPU%3A1&root_required=%21COMPUTE_STATUS_DISABLED" {{(pid=105278) __call__ /opt/stack/placement/placement/requestlog.py:55}}
Apr 15 16:37:18.542819 n-d-838192-1 devstack@placement-api.service[105278]: DEBUG placement.objects.research_context [req-0efccdaa-91cc-4bc2-88cf-87e85fa11f78 req-fe38007a-8906-4741-9a42-5cee7d3fb520 service placement] getting providers with 1 DISK_GB {{(pid=105278) __init__ /opt/stack/placement/placement/objects/research_context.py:136}}
Apr 15 16:37:18.549689 n-d-838192-1 devstack@placement-api.service[105278]: DEBUG placement.objects.research_context [req-0efccdaa-91cc-4bc2-88cf-87e85fa11f78 req-fe38007a-8906-4741-9a42-5cee7d3fb520 service placement] getting providers with 1024 MEMORY_MB {{(pid=105278) __init__ /opt/stack/placement/placement/objects/research_context.py:136}}
Apr 15 16:37:18.559846 n-d-838192-1 devstack@placement-api.service[105278]: DEBUG placement.objects.research_context [req-0efccdaa-91cc-4bc2-88cf-87e85fa11f78 req-fe38007a-8906-4741-9a42-5cee7d3fb520 service placement] getting providers with 1 VCPU {{(pid=105278) __init__ /opt/stack/placement/placement/objects/research_context.py:136}}
Apr 15 16:37:18.566807 n-d-838192-1 devstack@placement-api.service[105278]: DEBUG placement.objects.research_context [req-0efccdaa-91cc-4bc2-88cf-87e85fa11f78 req-fe38007a-8906-4741-9a42-5cee7d3fb520 service placement] found 2 providers with available 1 DISK_GB {{(pid=105278) get_provider_ids_matching /opt/stack/placement/placement/objects/research_context.py:563}}
Apr 15 16:37:18.567400 n-d-838192-1 devstack@placement-api.service[105278]: DEBUG placement.objects.research_context [req-0efccdaa-91cc-4bc2-88cf-87e85fa11f78 req-fe38007a-8906-4741-9a42-5cee7d3fb520 service placement] found 2 providers with available 1024 MEMORY_MB {{(pid=105278) get_provider_ids_matching /opt/stack/placement/placement/objects/research_context.py:563}}
Apr 15 16:37:18.567864 n-d-838192-1 devstack@placement-api.service[105278]: DEBUG placement.objects.research_context [req-0efccdaa-91cc-4bc2-88cf-87e85fa11f78 req-fe38007a-8906-4741-9a42-5cee7d3fb520 service placement] found 2 providers after filtering by previous result {{(pid=105278) get_provider_ids_matching /opt/stack/placement/placement/objects/research_context.py:594}}
Apr 15 16:37:18.568304 n-d-838192-1 devstack@placement-api.service[105278]: DEBUG placement.objects.research_context [req-0efccdaa-91cc-4bc2-88cf-87e85fa11f78 req-fe38007a-8906-4741-9a42-5cee7d3fb520 service placement] found 2 providers with available 1 VCPU {{(pid=105278) get_provider_ids_matching /opt/stack/placement/placement/objects/research_context.py:563}}
Apr 15 16:37:18.568743 n-d-838192-1 devstack@placement-api.service[105278]: DEBUG placement.objects.research_context [req-0efccdaa-91cc-4bc2-88cf-87e85fa11f78 req-fe38007a-8906-4741-9a42-5cee7d3fb520 service placement] found 2 providers after filtering by previous result {{(pid=105278) get_provider_ids_matching /opt/stack/placement/placement/objects/research_context.py:594}}
Apr 15 16:37:18.609803 n-d-838192-1 devstack@placement-api.service[105278]: DEBUG placement.objects.allocation_candidate [req-0efccdaa-91cc-4bc2-88cf-87e85fa11f78 req-fe38007a-8906-4741-9a42-5cee7d3fb520 service placement] RequestGroup(use_same_provider=False, resources={DISK_GB:1, MEMORY_MB:1024, VCPU:1}, traits=(), aggregates=[]) (suffix '') returned 2 matches {{(pid=105278) _get_by_requests /opt/stack/placement/placement/objects/allocation_candidate.py:156}}
Apr 15 16:37:18.613678 n-d-838192-1 devstack@placement-api.service[105278]: DEBUG placement.objects.allocation_candidate [req-0efccdaa-91cc-4bc2-88cf-87e85fa11f78 req-fe38007a-8906-4741-9a42-5cee7d3fb520 service placement] Merging candidates yields 2 allocation requests and 2 provider summaries {{(pid=105278) _merge_candidates /opt/stack/placement/placement/objects/allocation_candidate.py:809}}
Apr 15 16:37:18.617705 n-d-838192-1 devstack@placement-api.service[105278]: INFO placement.requestlog [req-0efccdaa-91cc-4bc2-88cf-87e85fa11f78 req-fe38007a-8906-4741-9a42-5cee7d3fb520 service placement] 10.222.0.18 "GET /placement/allocation_candidates?limit=1000&resources=DISK_GB%3A1%2CMEMORY_MB%3A1024%2CVCPU%3A1&root_required=%21COMPUTE_STATUS_DISABLED" status: 200 len: 1309 microversion: 1.36
Apr 15 16:37:18.632433 n-d-838192-1 devstack@placement-api.service[105278]: [pid: 105278|app: 0|req: 53/106] 10.222.0.18 () {60 vars in 1506 bytes} [Fri Apr 15 16:37:18 2022] GET /placement/allocation_candidates?limit=1000&resources=DISK_GB%3A1%2CMEMORY_MB%3A1024%2CVCPU%3A1&root_required=%21COMPUTE_STATUS_DISABLED => generated 1309 bytes in 134 msecs (HTTP/1.1 200) 8 headers in 297 bytes (1 switches on core 0)
Apr 15 16:37:18.635890 n-d-838192-1 devstack@placement-api.service[105277]: DEBUG placement.handlers.allocation [req-af43dcf7-e972-42b1-be92-343a55eef0b8 req-4180b78a-1073-4a91-8ba7-f232619e72eb service placement] Successfully wrote allocations [, , , , , ] {{(pid=105277) _update_consumers_and_create_allocations /opt/stack/placement/placement/handlers/allocation.py:572}}
Apr 15 16:37:18.702502 n-d-838192-1 devstack@placement-api.service[105277]: INFO placement.requestlog [req-af43dcf7-e972-42b1-be92-343a55eef0b8 req-4180b78a-1073-4a91-8ba7-f232619e72eb service placement] 10.222.0.18 "POST /placement/allocations" status: 204 len: 0 microversion: 1.28
Apr 15 16:37:18.702502 n-d-838192-1 devstack@placement-api.service[105277]: [pid: 105277|app: 0|req: 54/107] 10.222.0.18 () {64 vars in 1323 bytes} [Fri Apr 15 16:37:18 2022] POST /placement/allocations => generated 0 bytes in 248 msecs (HTTP/1.1 204) 5 headers in 199 bytes (1 switches on core 0)
Apr 15 16:37:18.720139 n-d-838192-1 devstack@placement-api.service[105278]: DEBUG placement.requestlog [req-0efccdaa-91cc-4bc2-88cf-87e85fa11f78 req-7216e752-176a-45b6-a85e-0a67f1531843 None None] Starting request: 10.222.0.18 "GET /placement/allocations/3f7d7ef5-044a-4706-b6e9-1c8dba262a88" {{(pid=105278) __call__ /opt/stack/placement/placement/requestlog.py:55}}
Apr 15 16:37:18.732737 n-d-838192-1 devstack@placement-api.service[105278]: INFO placement.requestlog [req-0efccdaa-91cc-4bc2-88cf-87e85fa11f78 req-7216e752-176a-45b6-a85e-0a67f1531843 service placement] 10.222.0.18 "GET /placement/allocations/3f7d7ef5-044a-4706-b6e9-1c8dba262a88" status: 200 len: 19 microversion: 1.28
Apr 15 16:37:18.733585 n-d-838192-1 devstack@placement-api.service[105278]: [pid: 105278|app: 0|req: 54/108] 10.222.0.18 () {60 vars in 1380 bytes} [Fri Apr 15 16:37:18 2022] GET /placement/allocations/3f7d7ef5-044a-4706-b6e9-1c8dba262a88 => generated 19 bytes in 14 msecs (HTTP/1.1 200) 8 headers in 295 bytes (1 switches on core 0)
Apr 15 16:37:18.753244 n-d-838192-1 devstack@placement-api.service[105277]: DEBUG placement.requestlog [req-0efccdaa-91cc-4bc2-88cf-87e85fa11f78 req-37484434-763e-414f-ab95-262f48070378 None None] Starting request: 10.222.0.18 "PUT /placement/allocations/3f7d7ef5-044a-4706-b6e9-1c8dba262a88" {{(pid=105277) __call__ /opt/stack/placement/placement/requestlog.py:55}}
Apr 15 16:37:19.080748 n-d-838192-1 devstack@placement-api.service[105277]: DEBUG placement.handlers.allocation [req-0efccdaa-91cc-4bc2-88cf-87e85fa11f78 req-37484434-763e-414f-ab95-262f48070378 service placement] Successfully wrote allocations [, , ] {{(pid=105277) _update_consumers_and_create_allocations /opt/stack/placement/placement/handlers/allocation.py:462}}
Apr 15 16:37:19.150962 n-d-838192-1 devstack@placement-api.service[105278]: DEBUG placement.requestlog [req-af43dcf7-e972-42b1-be92-343a55eef0b8 req-52b0375f-8924-45db-a20f-088dda6e7e23 None None] Starting request: 10.222.0.18 "GET /placement/allocation_candidates?limit=1000&resources=DISK_GB%3A1%2CMEMORY_MB%3A1024%2CVCPU%3A1&root_required=%21COMPUTE_STATUS_DISABLED" {{(pid=105278) __call__ /opt/stack/placement/placement/requestlog.py:55}}
Apr 15 16:37:19.195465 n-d-838192-1 devstack@placement-api.service[105278]: DEBUG placement.objects.research_context [req-af43dcf7-e972-42b1-be92-343a55eef0b8 req-52b0375f-8924-45db-a20f-088dda6e7e23 service placement] getting providers with 1 DISK_GB {{(pid=105278) __init__ /opt/stack/placement/placement/objects/research_context.py:136}}
Apr 15 16:37:19.203974 n-d-838192-1 devstack@placement-api.service[105278]: DEBUG placement.objects.research_context [req-af43dcf7-e972-42b1-be92-343a55eef0b8 req-52b0375f-8924-45db-a20f-088dda6e7e23 service placement] getting providers with 1024 MEMORY_MB {{(pid=105278) __init__ /opt/stack/placement/placement/objects/research_context.py:136}}
Apr 15 16:37:19.212220 n-d-838192-1 devstack@placement-api.service[105278]: DEBUG placement.objects.research_context [req-af43dcf7-e972-42b1-be92-343a55eef0b8 req-52b0375f-8924-45db-a20f-088dda6e7e23 service placement] getting providers with 1 VCPU {{(pid=105278) __init__ /opt/stack/placement/placement/objects/research_context.py:136}}
Apr 15 16:37:19.242131 n-d-838192-1 devstack@placement-api.service[105278]: DEBUG placement.objects.research_context [req-af43dcf7-e972-42b1-be92-343a55eef0b8 req-52b0375f-8924-45db-a20f-088dda6e7e23 service placement] found 2 providers with available 1 DISK_GB {{(pid=105278) get_provider_ids_matching /opt/stack/placement/placement/objects/research_context.py:563}}
Apr 15 16:37:19.247832 n-d-838192-1 devstack@placement-api.service[105278]: DEBUG placement.objects.research_context [req-af43dcf7-e972-42b1-be92-343a55eef0b8 req-52b0375f-8924-45db-a20f-088dda6e7e23 service placement] found 2 providers with available 1024 MEMORY_MB {{(pid=105278) get_provider_ids_matching /opt/stack/placement/placement/objects/research_context.py:563}}
Apr 15 16:37:19.247832 n-d-838192-1 devstack@placement-api.service[105278]: DEBUG placement.objects.research_context [req-af43dcf7-e972-42b1-be92-343a55eef0b8 req-52b0375f-8924-45db-a20f-088dda6e7e23 service placement] found 2 providers after filtering by previous result {{(pid=105278) get_provider_ids_matching /opt/stack/placement/placement/objects/research_context.py:594}}
Apr 15 16:37:19.247832 n-d-838192-1 devstack@placement-api.service[105278]: DEBUG placement.objects.research_context [req-af43dcf7-e972-42b1-be92-343a55eef0b8 req-52b0375f-8924-45db-a20f-088dda6e7e23 service placement] found 2 providers with available 1 VCPU {{(pid=105278) get_provider_ids_matching /opt/stack/placement/placement/objects/research_context.py:563}}
Apr 15 16:37:19.247832 n-d-838192-1 devstack@placement-api.service[105278]: DEBUG placement.objects.research_context [req-af43dcf7-e972-42b1-be92-343a55eef0b8 req-52b0375f-8924-45db-a20f-088dda6e7e23 service placement] found 2 providers after filtering by previous result {{(pid=105278) get_provider_ids_matching /opt/stack/placement/placement/objects/research_context.py:594}}
Apr 15 16:37:19.266301 n-d-838192-1 devstack@placement-api.service[105277]: INFO placement.requestlog [req-0efccdaa-91cc-4bc2-88cf-87e85fa11f78 req-37484434-763e-414f-ab95-262f48070378 service placement] 10.222.0.18 "PUT /placement/allocations/3f7d7ef5-044a-4706-b6e9-1c8dba262a88" status: 204 len: 0 microversion: 1.36
Apr 15 16:37:19.271113 n-d-838192-1 devstack@placement-api.service[105277]: [pid: 105277|app: 0|req: 55/109] 10.222.0.18 () {64 vars in 1433 bytes} [Fri Apr 15 16:37:18 2022] PUT /placement/allocations/3f7d7ef5-044a-4706-b6e9-1c8dba262a88 => generated 0 bytes in 514 msecs (HTTP/1.1 204) 5 headers in 199 bytes (1 switches on core 0)
Apr 15 16:37:19.276920 n-d-838192-1 devstack@placement-api.service[105278]: DEBUG placement.objects.allocation_candidate [req-af43dcf7-e972-42b1-be92-343a55eef0b8 req-52b0375f-8924-45db-a20f-088dda6e7e23 service placement] RequestGroup(use_same_provider=False, resources={DISK_GB:1, MEMORY_MB:1024, VCPU:1}, traits=(), aggregates=[]) (suffix '') returned 2 matches {{(pid=105278) _get_by_requests /opt/stack/placement/placement/objects/allocation_candidate.py:156}}
Apr 15 16:37:19.277454 n-d-838192-1 devstack@placement-api.service[105278]: DEBUG placement.objects.allocation_candidate [req-af43dcf7-e972-42b1-be92-343a55eef0b8 req-52b0375f-8924-45db-a20f-088dda6e7e23 service placement] Merging candidates yields 2 allocation requests and 2 provider summaries {{(pid=105278) _merge_candidates /opt/stack/placement/placement/objects/allocation_candidate.py:809}}
Apr 15 16:37:19.297279 n-d-838192-1 devstack@placement-api.service[105278]: INFO placement.requestlog [req-af43dcf7-e972-42b1-be92-343a55eef0b8 req-52b0375f-8924-45db-a20f-088dda6e7e23 service placement] 10.222.0.18 "GET /placement/allocation_candidates?limit=1000&resources=DISK_GB%3A1%2CMEMORY_MB%3A1024%2CVCPU%3A1&root_required=%21COMPUTE_STATUS_DISABLED" status: 200 len: 1309 microversion: 1.36
Apr 15 16:37:19.302736 n-d-838192-1 devstack@placement-api.service[105278]: [pid: 105278|app: 0|req: 55/110] 10.222.0.18 () {60 vars in 1506 bytes} [Fri Apr 15 16:37:19 2022] GET /placement/allocation_candidates?limit=1000&resources=DISK_GB%3A1%2CMEMORY_MB%3A1024%2CVCPU%3A1&root_required=%21COMPUTE_STATUS_DISABLED => generated 1309 bytes in 152 msecs (HTTP/1.1 200) 8 headers in 297 bytes (1 switches on core 0)
Apr 15 16:37:19.372756 n-d-838192-1 devstack@placement-api.service[105277]: DEBUG placement.requestlog [req-af43dcf7-e972-42b1-be92-343a55eef0b8 req-bfa223f7-0bbc-44c6-9625-eadc6c6ec353 None None] Starting request: 10.222.0.18 "GET /placement/allocations/bbe6b314-3191-4c6d-8a86-c98f4a6e79f1" {{(pid=105277) __call__ /opt/stack/placement/placement/requestlog.py:55}}
Apr 15 16:37:19.380325 n-d-838192-1 devstack@placement-api.service[105277]: INFO placement.requestlog [req-af43dcf7-e972-42b1-be92-343a55eef0b8 req-bfa223f7-0bbc-44c6-9625-eadc6c6ec353 service placement] 10.222.0.18 "GET /placement/allocations/bbe6b314-3191-4c6d-8a86-c98f4a6e79f1" status: 200 len: 19 microversion: 1.28
Apr 15 16:37:19.380888 n-d-838192-1 devstack@placement-api.service[105277]: [pid: 105277|app: 0|req: 56/111] 10.222.0.18 () {60 vars in 1380 bytes} [Fri Apr 15 16:37:19 2022] GET /placement/allocations/bbe6b314-3191-4c6d-8a86-c98f4a6e79f1 => generated 19 bytes in 16 msecs (HTTP/1.1 200) 8 headers in 295 bytes (1 switches on core 0)
Apr 15 16:37:19.386524 n-d-838192-1 devstack@placement-api.service[105278]: DEBUG placement.requestlog [req-af43dcf7-e972-42b1-be92-343a55eef0b8 req-9592f352-ec5f-49c8-a053-aabd11192938 None None] Starting request: 10.222.0.18 "PUT /placement/allocations/bbe6b314-3191-4c6d-8a86-c98f4a6e79f1" {{(pid=105278) __call__ /opt/stack/placement/placement/requestlog.py:55}}
Apr 15 16:37:19.467690 n-d-838192-1 devstack@placement-api.service[105277]: DEBUG placement.requestlog [req-f380c2eb-e20f-4287-a9fb-5e934c2eea10 req-7321db63-15b2-4644-8ec1-e65adfa43a34 None None] Starting request: 10.222.0.18 "GET /placement/resource_providers?name=n-h1-838192-1" {{(pid=105277) __call__ /opt/stack/placement/placement/requestlog.py:55}}
Apr 15 16:37:19.495009 n-d-838192-1 devstack@placement-api.service[105277]: INFO placement.requestlog [req-f380c2eb-e20f-4287-a9fb-5e934c2eea10 req-7321db63-15b2-4644-8ec1-e65adfa43a34 service placement] 10.222.0.18 "GET /placement/resource_providers?name=n-h1-838192-1" status: 200 len: 441 microversion: 1.0
Apr 15 16:37:19.498664 n-d-838192-1 devstack@placement-api.service[105277]: [pid: 105277|app: 0|req: 57/112] 10.222.0.18 () {58 vars in 1274 bytes} [Fri Apr 15 16:37:19 2022] GET /placement/resource_providers?name=n-h1-838192-1 => generated 441 bytes in 31 msecs (HTTP/1.1 200) 6 headers in 224 bytes (2 switches on core 0)
Apr 15 16:37:19.506383 n-d-838192-1 devstack@placement-api.service[105277]: DEBUG placement.requestlog [req-f380c2eb-e20f-4287-a9fb-5e934c2eea10 req-30dd0bd9-4033-4391-b69f-c54db4f6d963 None None] Starting request: 10.222.0.18 "GET /placement/resource_providers/d7a09377-6f2e-40e9-bf74-12ddf5df0940/aggregates" {{(pid=105277) __call__ /opt/stack/placement/placement/requestlog.py:55}}
Apr 15 16:37:19.545599 n-d-838192-1 devstack@placement-api.service[105278]: DEBUG placement.handlers.allocation [req-af43dcf7-e972-42b1-be92-343a55eef0b8 req-9592f352-ec5f-49c8-a053-aabd11192938 service placement] Successfully wrote allocations [, , ] {{(pid=105278) _update_consumers_and_create_allocations /opt/stack/placement/placement/handlers/allocation.py:462}}
Apr 15 16:37:19.557657 n-d-838192-1 devstack@placement-api.service[105277]: INFO placement.requestlog [req-f380c2eb-e20f-4287-a9fb-5e934c2eea10 req-30dd0bd9-4033-4391-b69f-c54db4f6d963 service placement] 10.222.0.18 "GET /placement/resource_providers/d7a09377-6f2e-40e9-bf74-12ddf5df0940/aggregates" status: 200 len: 54 microversion: 1.19
Apr 15 16:37:19.558675 n-d-838192-1 devstack@placement-api.service[105277]: [pid: 105277|app: 0|req: 58/113] 10.222.0.18 () {60 vars in 1425 bytes} [Fri Apr 15 16:37:19 2022] GET /placement/resource_providers/d7a09377-6f2e-40e9-bf74-12ddf5df0940/aggregates => generated 54 bytes in 52 msecs (HTTP/1.1 200) 8 headers in 295 bytes (1 switches on core 0)
Apr 15 16:37:19.568579 n-d-838192-1 devstack@placement-api.service[105277]: DEBUG placement.requestlog [req-f380c2eb-e20f-4287-a9fb-5e934c2eea10 req-83656e77-572e-4302-b5a8-f18484fb4f37 None None] Starting request: 10.222.0.18 "PUT /placement/resource_providers/d7a09377-6f2e-40e9-bf74-12ddf5df0940/aggregates" {{(pid=105277) __call__ /opt/stack/placement/placement/requestlog.py:55}}
Apr 15 16:37:19.607194 n-d-838192-1 devstack@placement-api.service[105277]: DEBUG placement.objects.resource_provider [req-f380c2eb-e20f-4287-a9fb-5e934c2eea10 req-83656e77-572e-4302-b5a8-f18484fb4f37 service placement] _ensure_aggregate() did not find aggregate 0f2ea4e2-3824-4ab8-bd25-6e4521dfe7b8. Attempting to create it. {{(pid=105277) _ensure_aggregate /opt/stack/placement/placement/objects/resource_provider.py:321}}
Apr 15 16:37:19.612440 n-d-838192-1 devstack@placement-api.service[105277]: DEBUG placement.objects.resource_provider [req-f380c2eb-e20f-4287-a9fb-5e934c2eea10 req-83656e77-572e-4302-b5a8-f18484fb4f37 service placement] _ensure_aggregate() created new aggregate 0f2ea4e2-3824-4ab8-bd25-6e4521dfe7b8 (id=7). {{(pid=105277) _ensure_aggregate /opt/stack/placement/placement/objects/resource_provider.py:327}}
Apr 15 16:37:19.616576 n-d-838192-1 devstack@placement-api.service[105277]: DEBUG placement.objects.resource_provider [req-f380c2eb-e20f-4287-a9fb-5e934c2eea10 req-83656e77-572e-4302-b5a8-f18484fb4f37 service placement] Setting aggregates for provider d7a09377-6f2e-40e9-bf74-12ddf5df0940. Successfully associated aggregate 0f2ea4e2-3824-4ab8-bd25-6e4521dfe7b8. {{(pid=105277) _set_aggregates /opt/stack/placement/placement/objects/resource_provider.py:389}}
Apr 15 16:37:19.637748 n-d-838192-1 devstack@placement-api.service[105278]: INFO placement.requestlog [req-af43dcf7-e972-42b1-be92-343a55eef0b8 req-9592f352-ec5f-49c8-a053-aabd11192938 service placement] 10.222.0.18 "PUT /placement/allocations/bbe6b314-3191-4c6d-8a86-c98f4a6e79f1" status: 204 len: 0 microversion: 1.36
Apr 15 16:37:19.638374 n-d-838192-1 devstack@placement-api.service[105278]: [pid: 105278|app: 0|req: 56/114] 10.222.0.18 () {64 vars in 1433 bytes} [Fri Apr 15 16:37:19 2022] PUT /placement/allocations/bbe6b314-3191-4c6d-8a86-c98f4a6e79f1 => generated 0 bytes in 252 msecs (HTTP/1.1 204) 5 headers in 199 bytes (2 switches on core 0)
Apr 15 16:37:19.695656 n-d-838192-1 devstack@placement-api.service[105277]: INFO placement.requestlog [req-f380c2eb-e20f-4287-a9fb-5e934c2eea10 req-83656e77-572e-4302-b5a8-f18484fb4f37 service placement] 10.222.0.18 "PUT /placement/resource_providers/d7a09377-6f2e-40e9-bf74-12ddf5df0940/aggregates" status: 200 len: 92 microversion: 1.19
Apr 15 16:37:19.697199 n-d-838192-1 devstack@placement-api.service[105277]: [pid: 105277|app: 0|req: 59/115] 10.222.0.18 () {64 vars in 1477 bytes} [Fri Apr 15 16:37:19 2022] PUT /placement/resource_providers/d7a09377-6f2e-40e9-bf74-12ddf5df0940/aggregates => generated 92 bytes in 130 msecs (HTTP/1.1 200) 8 headers in 295 bytes (1 switches on core 0)
Apr 15 16:37:19.834672 n-d-838192-1 devstack@placement-api.service[105278]: DEBUG placement.requestlog [req-5c898308-2e39-46f2-b0a0-3d95348c6cc8 req-b330127c-da3a-461c-8f29-bd38b8cf6972 None None] Starting request: 10.222.0.18 "GET /placement/resource_providers?name=n-h1-838192-1" {{(pid=105278) __call__ /opt/stack/placement/placement/requestlog.py:55}}
Apr 15 16:37:19.852482 n-d-838192-1 devstack@placement-api.service[105278]: INFO placement.requestlog [req-5c898308-2e39-46f2-b0a0-3d95348c6cc8 req-b330127c-da3a-461c-8f29-bd38b8cf6972 service placement] 10.222.0.18 "GET /placement/resource_providers?name=n-h1-838192-1" status: 200 len: 441 microversion: 1.0
Apr 15 16:37:19.853695 n-d-838192-1 devstack@placement-api.service[105278]: [pid: 105278|app: 0|req: 57/116] 10.222.0.18 () {58 vars in 1274 bytes} [Fri Apr 15 16:37:19 2022] GET /placement/resource_providers?name=n-h1-838192-1 => generated 441 bytes in 19 msecs (HTTP/1.1 200) 6 headers in 224 bytes (1 switches on core 0)
Apr 15 16:37:19.865944 n-d-838192-1 devstack@placement-api.service[105277]: DEBUG placement.requestlog [req-5c898308-2e39-46f2-b0a0-3d95348c6cc8 req-59536f2e-0d9c-4d57-a94c-69447763b9e2 None None] Starting request: 10.222.0.18 "GET /placement/resource_providers/d7a09377-6f2e-40e9-bf74-12ddf5df0940/aggregates" {{(pid=105277) __call__ /opt/stack/placement/placement/requestlog.py:55}}
Apr 15 16:37:19.899103 n-d-838192-1 devstack@placement-api.service[105277]: INFO placement.requestlog [req-5c898308-2e39-46f2-b0a0-3d95348c6cc8 req-59536f2e-0d9c-4d57-a94c-69447763b9e2 service placement] 10.222.0.18 "GET /placement/resource_providers/d7a09377-6f2e-40e9-bf74-12ddf5df0940/aggregates" status: 200 len: 92 microversion: 1.19
Apr 15 16:37:19.907657 n-d-838192-1 devstack@placement-api.service[105277]: [pid: 105277|app: 0|req: 60/117] 10.222.0.18 () {60 vars in 1425 bytes} [Fri Apr 15 16:37:19 2022] GET /placement/resource_providers/d7a09377-6f2e-40e9-bf74-12ddf5df0940/aggregates => generated 92 bytes in 42 msecs (HTTP/1.1 200) 8 headers in 295 bytes (1 switches on core 0)
Apr 15 16:37:19.911607 n-d-838192-1 devstack@placement-api.service[105278]: DEBUG placement.requestlog [req-5c898308-2e39-46f2-b0a0-3d95348c6cc8 req-a1c0e73f-c1e6-4dba-b466-cad54e5928c1 None None] Starting request: 10.222.0.18 "PUT /placement/resource_providers/d7a09377-6f2e-40e9-bf74-12ddf5df0940/aggregates" {{(pid=105278) __call__ /opt/stack/placement/placement/requestlog.py:55}}
Apr 15 16:37:19.928105 n-d-838192-1 devstack@placement-api.service[105278]: DEBUG placement.objects.resource_provider [req-5c898308-2e39-46f2-b0a0-3d95348c6cc8 req-a1c0e73f-c1e6-4dba-b466-cad54e5928c1 service placement] Setting aggregates for provider d7a09377-6f2e-40e9-bf74-12ddf5df0940. Successfully disassociated aggregate 0f2ea4e2-3824-4ab8-bd25-6e4521dfe7b8. {{(pid=105278) _set_aggregates /opt/stack/placement/placement/objects/resource_provider.py:404}}
Apr 15 16:37:19.998015 n-d-838192-1 devstack@placement-api.service[105278]: INFO placement.requestlog [req-5c898308-2e39-46f2-b0a0-3d95348c6cc8 req-a1c0e73f-c1e6-4dba-b466-cad54e5928c1 service placement] 10.222.0.18 "PUT /placement/resource_providers/d7a09377-6f2e-40e9-bf74-12ddf5df0940/aggregates" status: 200 len: 54 microversion: 1.19
Apr 15 16:37:19.998420 n-d-838192-1 devstack@placement-api.service[105278]: [pid: 105278|app: 0|req: 58/118] 10.222.0.18 () {64 vars in 1477 bytes} [Fri Apr 15 16:37:19 2022] PUT /placement/resource_providers/d7a09377-6f2e-40e9-bf74-12ddf5df0940/aggregates => generated 54 bytes in 87 msecs (HTTP/1.1 200) 8 headers in 295 bytes (2 switches on core 0)
Apr 15 16:37:20.224939 n-d-838192-1 devstack@placement-api.service[105277]: DEBUG placement.requestlog [req-af43dcf7-e972-42b1-be92-343a55eef0b8 req-23f7a972-3bf0-4742-a36b-fcd4f0deb76a None None] Starting request: 10.222.0.45 "GET /placement/allocations/bbe6b314-3191-4c6d-8a86-c98f4a6e79f1" {{(pid=105277) __call__ /opt/stack/placement/placement/requestlog.py:55}}
Apr 15 16:37:20.244722 n-d-838192-1 devstack@placement-api.service[105277]: INFO placement.requestlog [req-af43dcf7-e972-42b1-be92-343a55eef0b8 req-23f7a972-3bf0-4742-a36b-fcd4f0deb76a service placement] 10.222.0.45 "GET /placement/allocations/bbe6b314-3191-4c6d-8a86-c98f4a6e79f1" status: 200 len: 258 microversion: 1.28
Apr 15 16:37:20.245699 n-d-838192-1 devstack@placement-api.service[105277]: [pid: 105277|app: 0|req: 61/119] 10.222.0.45 () {60 vars in 1377 bytes} [Fri Apr 15 16:37:20 2022] GET /placement/allocations/bbe6b314-3191-4c6d-8a86-c98f4a6e79f1 => generated 258 bytes in 21 msecs (HTTP/1.1 200) 8 headers in 296 bytes (2 switches on core 0)
Apr 15 16:37:20.723092 n-d-838192-1 devstack@placement-api.service[105278]: DEBUG placement.requestlog [req-0efccdaa-91cc-4bc2-88cf-87e85fa11f78 req-a53276a6-00c4-42bb-ad9c-8da8ad984235 None None] Starting request: 10.222.0.13 "GET /placement/allocations/3f7d7ef5-044a-4706-b6e9-1c8dba262a88" {{(pid=105278) __call__ /opt/stack/placement/placement/requestlog.py:55}}
Apr 15 16:37:20.744224 n-d-838192-1 devstack@placement-api.service[105278]: INFO placement.requestlog [req-0efccdaa-91cc-4bc2-88cf-87e85fa11f78 req-a53276a6-00c4-42bb-ad9c-8da8ad984235 service placement] 10.222.0.13 "GET /placement/allocations/3f7d7ef5-044a-4706-b6e9-1c8dba262a88" status: 200 len: 259 microversion: 1.28
Apr 15 16:37:20.744983 n-d-838192-1 devstack@placement-api.service[105278]: [pid: 105278|app: 0|req: 59/120] 10.222.0.13 () {60 vars in 1377 bytes} [Fri Apr 15 16:37:20 2022] GET /placement/allocations/3f7d7ef5-044a-4706-b6e9-1c8dba262a88 => generated 259 bytes in 22 msecs (HTTP/1.1 200) 8 headers in 296 bytes (1 switches on core 0)
Apr 15 16:37:30.420765 n-d-838192-1 devstack@placement-api.service[105277]: DEBUG placement.requestlog [req-194a19e1-2138-4063-b44d-7ec23a85e67a req-eef0fb1e-293b-4424-8797-68590c2e7516 None None] Starting request: 10.222.0.18 "GET /placement/allocation_candidates?limit=1000&resources=DISK_GB%3A1%2CMEMORY_MB%3A1024%2CVCPU%3A1&root_required=%21COMPUTE_STATUS_DISABLED" {{(pid=105277) __call__ /opt/stack/placement/placement/requestlog.py:55}}
Apr 15 16:37:30.447283 n-d-838192-1 devstack@placement-api.service[105278]: DEBUG placement.requestlog [req-c7df8805-78f9-41e8-9313-f6ed497a1001 req-41f7cacf-4c87-49b8-b482-0470779d9288 None None] Starting request: 10.222.0.13 "GET /placement/resource_providers/d7a09377-6f2e-40e9-bf74-12ddf5df0940/allocations" {{(pid=105278) __call__ /opt/stack/placement/placement/requestlog.py:55}}
Apr 15 16:37:30.459752 n-d-838192-1 devstack@placement-api.service[105277]: DEBUG placement.objects.research_context [req-194a19e1-2138-4063-b44d-7ec23a85e67a req-eef0fb1e-293b-4424-8797-68590c2e7516 service placement] getting providers with 1 DISK_GB {{(pid=105277) __init__ /opt/stack/placement/placement/objects/research_context.py:136}}
Apr 15 16:37:30.467557 n-d-838192-1 devstack@placement-api.service[105277]: DEBUG placement.objects.research_context [req-194a19e1-2138-4063-b44d-7ec23a85e67a req-eef0fb1e-293b-4424-8797-68590c2e7516 service placement] getting providers with 1024 MEMORY_MB {{(pid=105277) __init__ /opt/stack/placement/placement/objects/research_context.py:136}}
Apr 15 16:37:30.474879 n-d-838192-1 devstack@placement-api.service[105278]: INFO placement.requestlog [req-c7df8805-78f9-41e8-9313-f6ed497a1001 req-41f7cacf-4c87-49b8-b482-0470779d9288 service placement] 10.222.0.13 "GET /placement/resource_providers/d7a09377-6f2e-40e9-bf74-12ddf5df0940/allocations" status: 200 len: 457 microversion: 1.0
Apr 15 16:37:30.476044 n-d-838192-1 devstack@placement-api.service[105278]: [pid: 105278|app: 0|req: 60/121] 10.222.0.13 () {58 vars in 1390 bytes} [Fri Apr 15 16:37:30 2022] GET /placement/resource_providers/d7a09377-6f2e-40e9-bf74-12ddf5df0940/allocations => generated 457 bytes in 29 msecs (HTTP/1.1 200) 6 headers in 224 bytes (2 switches on core 0)
Apr 15 16:37:30.476660 n-d-838192-1 devstack@placement-api.service[105277]: DEBUG placement.objects.research_context [req-194a19e1-2138-4063-b44d-7ec23a85e67a req-eef0fb1e-293b-4424-8797-68590c2e7516 service placement] getting providers with 1 VCPU {{(pid=105277) __init__ /opt/stack/placement/placement/objects/research_context.py:136}}
Apr 15 16:37:30.483302 n-d-838192-1 devstack@placement-api.service[105277]: DEBUG placement.objects.research_context [req-194a19e1-2138-4063-b44d-7ec23a85e67a req-eef0fb1e-293b-4424-8797-68590c2e7516 service placement] found 2 providers with available 1 DISK_GB {{(pid=105277) get_provider_ids_matching /opt/stack/placement/placement/objects/research_context.py:563}}
Apr 15 16:37:30.483580 n-d-838192-1 devstack@placement-api.service[105277]: DEBUG placement.objects.research_context [req-194a19e1-2138-4063-b44d-7ec23a85e67a req-eef0fb1e-293b-4424-8797-68590c2e7516 service placement] found 2 providers with available 1024 MEMORY_MB {{(pid=105277) get_provider_ids_matching /opt/stack/placement/placement/objects/research_context.py:563}}
Apr 15 16:37:30.483850 n-d-838192-1 devstack@placement-api.service[105277]: DEBUG placement.objects.research_context [req-194a19e1-2138-4063-b44d-7ec23a85e67a req-eef0fb1e-293b-4424-8797-68590c2e7516 service placement] found 2 providers after filtering by previous result {{(pid=105277) get_provider_ids_matching /opt/stack/placement/placement/objects/research_context.py:594}}
Apr 15 16:37:30.484193 n-d-838192-1 devstack@placement-api.service[105277]: DEBUG placement.objects.research_context [req-194a19e1-2138-4063-b44d-7ec23a85e67a req-eef0fb1e-293b-4424-8797-68590c2e7516 service placement] found 2 providers with available 1 VCPU {{(pid=105277) get_provider_ids_matching /opt/stack/placement/placement/objects/research_context.py:563}}
Apr 15 16:37:30.484457 n-d-838192-1 devstack@placement-api.service[105277]: DEBUG placement.objects.research_context [req-194a19e1-2138-4063-b44d-7ec23a85e67a req-eef0fb1e-293b-4424-8797-68590c2e7516 service placement] found 2 providers after filtering by previous result {{(pid=105277) get_provider_ids_matching /opt/stack/placement/placement/objects/research_context.py:594}}
Apr 15 16:37:30.499359 n-d-838192-1 devstack@placement-api.service[105277]: DEBUG placement.objects.allocation_candidate [req-194a19e1-2138-4063-b44d-7ec23a85e67a req-eef0fb1e-293b-4424-8797-68590c2e7516 service placement] RequestGroup(use_same_provider=False, resources={DISK_GB:1, MEMORY_MB:1024, VCPU:1}, traits=(), aggregates=[]) (suffix '') returned 2 matches {{(pid=105277) _get_by_requests /opt/stack/placement/placement/objects/allocation_candidate.py:156}}
Apr 15 16:37:30.499996 n-d-838192-1 devstack@placement-api.service[105277]: DEBUG placement.objects.allocation_candidate [req-194a19e1-2138-4063-b44d-7ec23a85e67a req-eef0fb1e-293b-4424-8797-68590c2e7516 service placement] Merging candidates yields 2 allocation requests and 2 provider summaries {{(pid=105277) _merge_candidates /opt/stack/placement/placement/objects/allocation_candidate.py:809}}
Apr 15 16:37:30.501910 n-d-838192-1 devstack@placement-api.service[105277]: INFO placement.requestlog [req-194a19e1-2138-4063-b44d-7ec23a85e67a req-eef0fb1e-293b-4424-8797-68590c2e7516 service placement] 10.222.0.18 "GET /placement/allocation_candidates?limit=1000&resources=DISK_GB%3A1%2CMEMORY_MB%3A1024%2CVCPU%3A1&root_required=%21COMPUTE_STATUS_DISABLED" status: 200 len: 1309 microversion: 1.36
