Apr 29 02:58:12.824761 n-d-837162-1 devstack@placement-api.service[116934]: [pid: 116934|app: 0|req: 172/347] 10.222.0.11 () {60 vars in 1377 bytes} [Fri Apr 29 02:58:12 2022] GET /placement/allocations/586df91f-2149-4940-a0ef-3ff12f40969d => generated 259 bytes in 41 msecs (HTTP/1.1 200) 8 headers in 296 bytes (1 switches on core 0)
Apr 29 02:58:13.920296 n-d-837162-1 devstack@placement-api.service[116935]: DEBUG placement.requestlog [req-c4bc8df9-11ff-48bf-ab74-e6380b85d944 req-950ccadb-e052-437d-9a41-845f35ba8dcd None None] Starting request: 10.222.0.11 "DELETE /placement/allocations/551da523-7c77-448a-87c7-68d8e602fe21" {{(pid=116935) __call__ /opt/stack/placement/placement/requestlog.py:55}}
Apr 29 02:58:14.151577 n-d-837162-1 devstack@placement-api.service[116935]: DEBUG placement.handlers.allocation [req-c4bc8df9-11ff-48bf-ab74-e6380b85d944 req-950ccadb-e052-437d-9a41-845f35ba8dcd service placement] Successfully deleted allocations [, , ] {{(pid=116935) delete_allocations /opt/stack/placement/placement/handlers/allocation.py:627}}
Apr 29 02:58:14.152519 n-d-837162-1 devstack@placement-api.service[116935]: INFO placement.requestlog [req-c4bc8df9-11ff-48bf-ab74-e6380b85d944 req-950ccadb-e052-437d-9a41-845f35ba8dcd service placement] 10.222.0.11 "DELETE /placement/allocations/551da523-7c77-448a-87c7-68d8e602fe21" status: 204 len: 0 microversion: 1.0
Apr 29 02:58:14.153528 n-d-837162-1 devstack@placement-api.service[116935]: [pid: 116935|app: 0|req: 176/348] 10.222.0.11 () {60 vars in 1355 bytes} [Fri Apr 29 02:58:13 2022] DELETE /placement/allocations/551da523-7c77-448a-87c7-68d8e602fe21 => generated 0 bytes in 233 msecs (HTTP/1.1 204) 5 headers in 198 bytes (1 switches on core 0)
Apr 29 02:58:19.734430 n-d-837162-1 devstack@placement-api.service[116934]: DEBUG placement.requestlog [req-3216e717-e070-46b4-a52c-0cb7a191b42a req-456c3fa3-03f3-411f-8a3b-e12a8d0b772f None None] Starting request: 10.222.0.11 "GET /placement/resource_providers/4d8e3587-b08c-4571-835b-5e85d70f17e0/allocations" {{(pid=116934) __call__ /opt/stack/placement/placement/requestlog.py:55}}
Apr 29 02:58:19.789479 n-d-837162-1 devstack@placement-api.service[116934]: INFO placement.requestlog [req-3216e717-e070-46b4-a52c-0cb7a191b42a req-456c3fa3-03f3-411f-8a3b-e12a8d0b772f service placement] 10.222.0.11 "GET /placement/resource_providers/4d8e3587-b08c-4571-835b-5e85d70f17e0/allocations" status: 200 len: 759 microversion: 1.0
Apr 29 02:58:19.790559 n-d-837162-1 devstack@placement-api.service[116934]: [pid: 116934|app: 0|req: 173/349] 10.222.0.11 () {58 vars in 1390 bytes} [Fri Apr 29 02:58:19 2022] GET /placement/resource_providers/4d8e3587-b08c-4571-835b-5e85d70f17e0/allocations => generated 759 bytes in 57 msecs (HTTP/1.1 200) 6 headers in 224 bytes (1 switches on core 0)
Apr 29 02:58:21.386954 n-d-837162-1 devstack@placement-api.service[116935]: DEBUG placement.requestlog [req-04a80bb0-3512-442e-94b6-33e016df23b5 req-9c8ce1e8-eb9f-4fcb-957d-eaf3964ecd5c None None] Starting request: 10.222.0.25 "DELETE /placement/allocations/796c9b2d-2be4-424e-ab5c-c9232c7bba6f" {{(pid=116935) __call__ /opt/stack/placement/placement/requestlog.py:55}}
Apr 29 02:58:21.569191 n-d-837162-1 devstack@placement-api.service[116935]: DEBUG placement.handlers.allocation [req-04a80bb0-3512-442e-94b6-33e016df23b5 req-9c8ce1e8-eb9f-4fcb-957d-eaf3964ecd5c service placement] Successfully deleted allocations [, , ] {{(pid=116935) delete_allocations /opt/stack/placement/placement/handlers/allocation.py:627}}
Apr 29 02:58:21.569723 n-d-837162-1 devstack@placement-api.service[116935]: INFO placement.requestlog [req-04a80bb0-3512-442e-94b6-33e016df23b5 req-9c8ce1e8-eb9f-4fcb-957d-eaf3964ecd5c service placement] 10.222.0.25 "DELETE /placement/allocations/796c9b2d-2be4-424e-ab5c-c9232c7bba6f" status: 204 len: 0 microversion: 1.0
Apr 29 02:58:21.570399 n-d-837162-1 devstack@placement-api.service[116935]: [pid: 116935|app: 0|req: 177/350] 10.222.0.25 () {60 vars in 1355 bytes} [Fri Apr 29 02:58:21 2022] DELETE /placement/allocations/796c9b2d-2be4-424e-ab5c-c9232c7bba6f => generated 0 bytes in 184 msecs (HTTP/1.1 204) 5 headers in 198 bytes (1 switches on core 0)
Apr 29 02:58:22.490347 n-d-837162-1 devstack@placement-api.service[116934]: DEBUG placement.requestlog [req-238c75ce-68b7-4199-b5ce-a0bd77cc4886 req-96ee55d0-7d0e-4690-a19e-75df178646a4 None None] Starting request: 10.222.0.25 "GET /placement/resource_providers/bfd3c268-9a32-4c04-9f8d-015904e388e4/allocations" {{(pid=116934) __call__ /opt/stack/placement/placement/requestlog.py:55}}
Apr 29 02:58:22.528740 n-d-837162-1 devstack@placement-api.service[116934]: INFO placement.requestlog [req-238c75ce-68b7-4199-b5ce-a0bd77cc4886 req-96ee55d0-7d0e-4690-a19e-75df178646a4 service placement] 10.222.0.25 "GET /placement/resource_providers/bfd3c268-9a32-4c04-9f8d-015904e388e4/allocations" status: 200 len: 659 microversion: 1.0
Apr 29 02:58:22.529667 n-d-837162-1 devstack@placement-api.service[116934]: [pid: 116934|app: 0|req: 174/351] 10.222.0.25 () {58 vars in 1390 bytes} [Fri Apr 29 02:58:22 2022] GET /placement/resource_providers/bfd3c268-9a32-4c04-9f8d-015904e388e4/allocations => generated 659 bytes in 40 msecs (HTTP/1.1 200) 6 headers in 224 bytes (1 switches on core 0)
Apr 29 02:58:26.965516 n-d-837162-1 devstack@placement-api.service[116935]: DEBUG placement.requestlog [req-2b372359-ae8b-4a97-8d14-07be638b7c0b req-b64fc5c7-a0da-4f3e-a7e0-7b35f120acd8 None None] Starting request: 10.222.0.11 "DELETE /placement/allocations/c7c0e358-7d1d-4a55-8d9d-d3d352f2bbac" {{(pid=116935) __call__ /opt/stack/placement/placement/requestlog.py:55}}
Apr 29 02:58:27.810104 n-d-837162-1 devstack@placement-api.service[116935]: DEBUG placement.handlers.allocation [req-2b372359-ae8b-4a97-8d14-07be638b7c0b req-b64fc5c7-a0da-4f3e-a7e0-7b35f120acd8 service placement] Successfully deleted allocations [, , ] {{(pid=116935) delete_allocations /opt/stack/placement/placement/handlers/allocation.py:627}}
Apr 29 02:58:27.810539 n-d-837162-1 devstack@placement-api.service[116935]: INFO placement.requestlog [req-2b372359-ae8b-4a97-8d14-07be638b7c0b req-b64fc5c7-a0da-4f3e-a7e0-7b35f120acd8 service placement] 10.222.0.11 "DELETE /placement/allocations/c7c0e358-7d1d-4a55-8d9d-d3d352f2bbac" status: 204 len: 0 microversion: 1.0
Apr 29 02:58:27.810934 n-d-837162-1 devstack@placement-api.service[116935]: [pid: 116935|app: 0|req: 178/352] 10.222.0.11 () {60 vars in 1355 bytes} [Fri Apr 29 02:58:26 2022] DELETE /placement/allocations/c7c0e358-7d1d-4a55-8d9d-d3d352f2bbac => generated 0 bytes in 846 msecs (HTTP/1.1 204) 5 headers in 198 bytes (1 switches on core 0)
Apr 29 02:58:35.387052 n-d-837162-1 devstack@placement-api.service[116934]: DEBUG placement.requestlog [req-a81b44c7-7206-4a0b-8241-6fc99afadc9d req-5c60c89d-f2ce-4359-bdcc-c02ce3e9b00c None None] Starting request: 10.222.0.13 "GET /placement/allocation_candidates?limit=1000&resources=DISK_GB%3A1%2CMEMORY_MB%3A1024%2CVCPU%3A1&root_required=%21COMPUTE_STATUS_DISABLED" {{(pid=116934) __call__ /opt/stack/placement/placement/requestlog.py:55}}
Apr 29 02:58:35.448855 n-d-837162-1 devstack@placement-api.service[116935]: DEBUG placement.requestlog [req-f465eee2-5366-4cc1-ba91-d5c16a3a4780 req-44f4f445-51af-4cd1-8f06-71175ae9aa95 None None] Starting request: 10.222.0.13 "GET /placement/allocation_candidates?limit=1000&resources=DISK_GB%3A1%2CMEMORY_MB%3A1024%2CVCPU%3A1&root_required=%21COMPUTE_STATUS_DISABLED" {{(pid=116935) __call__ /opt/stack/placement/placement/requestlog.py:55}}
Apr 29 02:58:35.498646 n-d-837162-1 devstack@placement-api.service[116934]: DEBUG placement.objects.research_context [req-a81b44c7-7206-4a0b-8241-6fc99afadc9d req-5c60c89d-f2ce-4359-bdcc-c02ce3e9b00c service placement] getting providers with 1 DISK_GB {{(pid=116934) __init__ /opt/stack/placement/placement/objects/research_context.py:136}}
Apr 29 02:58:35.517685 n-d-837162-1 devstack@placement-api.service[116934]: DEBUG placement.objects.research_context [req-a81b44c7-7206-4a0b-8241-6fc99afadc9d req-5c60c89d-f2ce-4359-bdcc-c02ce3e9b00c service placement] getting providers with 1024 MEMORY_MB {{(pid=116934) __init__ /opt/stack/placement/placement/objects/research_context.py:136}}
Apr 29 02:58:35.530076 n-d-837162-1 devstack@placement-api.service[116934]: DEBUG placement.objects.research_context [req-a81b44c7-7206-4a0b-8241-6fc99afadc9d req-5c60c89d-f2ce-4359-bdcc-c02ce3e9b00c service placement] getting providers with 1 VCPU {{(pid=116934) __init__ /opt/stack/placement/placement/objects/research_context.py:136}}
Apr 29 02:58:35.535631 n-d-837162-1 devstack@placement-api.service[116935]: DEBUG placement.objects.research_context [req-f465eee2-5366-4cc1-ba91-d5c16a3a4780 req-44f4f445-51af-4cd1-8f06-71175ae9aa95 service placement] getting providers with 1 DISK_GB {{(pid=116935) __init__ /opt/stack/placement/placement/objects/research_context.py:136}}
Apr 29 02:58:35.540872 n-d-837162-1 devstack@placement-api.service[116934]: DEBUG placement.objects.research_context [req-a81b44c7-7206-4a0b-8241-6fc99afadc9d req-5c60c89d-f2ce-4359-bdcc-c02ce3e9b00c service placement] found 2 providers with available 1 DISK_GB {{(pid=116934) get_provider_ids_matching /opt/stack/placement/placement/objects/research_context.py:563}}
Apr 29 02:58:35.541920 n-d-837162-1 devstack@placement-api.service[116934]: DEBUG placement.objects.research_context [req-a81b44c7-7206-4a0b-8241-6fc99afadc9d req-5c60c89d-f2ce-4359-bdcc-c02ce3e9b00c service placement] found 2 providers with available 1024 MEMORY_MB {{(pid=116934) get_provider_ids_matching /opt/stack/placement/placement/objects/research_context.py:563}}
Apr 29 02:58:35.544534 n-d-837162-1 devstack@placement-api.service[116934]: DEBUG placement.objects.research_context [req-a81b44c7-7206-4a0b-8241-6fc99afadc9d req-5c60c89d-f2ce-4359-bdcc-c02ce3e9b00c service placement] found 2 providers after filtering by previous result {{(pid=116934) get_provider_ids_matching /opt/stack/placement/placement/objects/research_context.py:594}}
Apr 29 02:58:35.545313 n-d-837162-1 devstack@placement-api.service[116934]: DEBUG placement.objects.research_context [req-a81b44c7-7206-4a0b-8241-6fc99afadc9d req-5c60c89d-f2ce-4359-bdcc-c02ce3e9b00c service placement] found 2 providers with available 1 VCPU {{(pid=116934) get_provider_ids_matching /opt/stack/placement/placement/objects/research_context.py:563}}
Apr 29 02:58:35.545809 n-d-837162-1 devstack@placement-api.service[116934]: DEBUG placement.objects.research_context [req-a81b44c7-7206-4a0b-8241-6fc99afadc9d req-5c60c89d-f2ce-4359-bdcc-c02ce3e9b00c service placement] found 2 providers after filtering by previous result {{(pid=116934) get_provider_ids_matching /opt/stack/placement/placement/objects/research_context.py:594}}
Apr 29 02:58:35.551940 n-d-837162-1 devstack@placement-api.service[116935]: DEBUG placement.objects.research_context [req-f465eee2-5366-4cc1-ba91-d5c16a3a4780 req-44f4f445-51af-4cd1-8f06-71175ae9aa95 service placement] getting providers with 1024 MEMORY_MB {{(pid=116935) __init__ /opt/stack/placement/placement/objects/research_context.py:136}}
Apr 29 02:58:35.570456 n-d-837162-1 devstack@placement-api.service[116934]: DEBUG placement.objects.allocation_candidate [req-a81b44c7-7206-4a0b-8241-6fc99afadc9d req-5c60c89d-f2ce-4359-bdcc-c02ce3e9b00c service placement] RequestGroup(use_same_provider=False, resources={DISK_GB:1, MEMORY_MB:1024, VCPU:1}, traits=(), aggregates=[]) (suffix '') returned 2 matches {{(pid=116934) _get_by_requests /opt/stack/placement/placement/objects/allocation_candidate.py:156}}
Apr 29 02:58:35.571732 n-d-837162-1 devstack@placement-api.service[116934]: DEBUG placement.objects.allocation_candidate [req-a81b44c7-7206-4a0b-8241-6fc99afadc9d req-5c60c89d-f2ce-4359-bdcc-c02ce3e9b00c service placement] Merging candidates yields 2 allocation requests and 2 provider summaries {{(pid=116934) _merge_candidates /opt/stack/placement/placement/objects/allocation_candidate.py:809}}
Apr 29 02:58:35.574957 n-d-837162-1 devstack@placement-api.service[116934]: INFO placement.requestlog [req-a81b44c7-7206-4a0b-8241-6fc99afadc9d req-5c60c89d-f2ce-4359-bdcc-c02ce3e9b00c service placement] 10.222.0.13 "GET /placement/allocation_candidates?limit=1000&resources=DISK_GB%3A1%2CMEMORY_MB%3A1024%2CVCPU%3A1&root_required=%21COMPUTE_STATUS_DISABLED" status: 200 len: 1309 microversion: 1.36
Apr 29 02:58:35.582435 n-d-837162-1 devstack@placement-api.service[116935]: DEBUG placement.objects.research_context [req-f465eee2-5366-4cc1-ba91-d5c16a3a4780 req-44f4f445-51af-4cd1-8f06-71175ae9aa95 service placement] getting providers with 1 VCPU {{(pid=116935) __init__ /opt/stack/placement/placement/objects/research_context.py:136}}
Apr 29 02:58:35.595639 n-d-837162-1 devstack@placement-api.service[116934]: [pid: 116934|app: 0|req: 175/353] 10.222.0.13 () {60 vars in 1506 bytes} [Fri Apr 29 02:58:35 2022] GET /placement/allocation_candidates?limit=1000&resources=DISK_GB%3A1%2CMEMORY_MB%3A1024%2CVCPU%3A1&root_required=%21COMPUTE_STATUS_DISABLED => generated 1309 bytes in 208 msecs (HTTP/1.1 200) 8 headers in 297 bytes (1 switches on core 0)
Apr 29 02:58:35.597459 n-d-837162-1 devstack@placement-api.service[116935]: DEBUG placement.objects.research_context [req-f465eee2-5366-4cc1-ba91-d5c16a3a4780 req-44f4f445-51af-4cd1-8f06-71175ae9aa95 service placement] found 2 providers with available 1 DISK_GB {{(pid=116935) get_provider_ids_matching /opt/stack/placement/placement/objects/research_context.py:563}}
Apr 29 02:58:35.600513 n-d-837162-1 devstack@placement-api.service[116935]: DEBUG placement.objects.research_context [req-f465eee2-5366-4cc1-ba91-d5c16a3a4780 req-44f4f445-51af-4cd1-8f06-71175ae9aa95 service placement] found 2 providers with available 1024 MEMORY_MB {{(pid=116935) get_provider_ids_matching /opt/stack/placement/placement/objects/research_context.py:563}}
Apr 29 02:58:35.601050 n-d-837162-1 devstack@placement-api.service[116935]: DEBUG placement.objects.research_context [req-f465eee2-5366-4cc1-ba91-d5c16a3a4780 req-44f4f445-51af-4cd1-8f06-71175ae9aa95 service placement] found 2 providers after filtering by previous result {{(pid=116935) get_provider_ids_matching /opt/stack/placement/placement/objects/research_context.py:594}}
Apr 29 02:58:35.601324 n-d-837162-1 devstack@placement-api.service[116935]: DEBUG placement.objects.research_context [req-f465eee2-5366-4cc1-ba91-d5c16a3a4780 req-44f4f445-51af-4cd1-8f06-71175ae9aa95 service placement] found 2 providers with available 1 VCPU {{(pid=116935) get_provider_ids_matching /opt/stack/placement/placement/objects/research_context.py:563}}
Apr 29 02:58:35.601602 n-d-837162-1 devstack@placement-api.service[116935]: DEBUG placement.objects.research_context [req-f465eee2-5366-4cc1-ba91-d5c16a3a4780 req-44f4f445-51af-4cd1-8f06-71175ae9aa95 service placement] found 2 providers after filtering by previous result {{(pid=116935) get_provider_ids_matching /opt/stack/placement/placement/objects/research_context.py:594}}
Apr 29 02:58:35.647282 n-d-837162-1 devstack@placement-api.service[116935]: DEBUG placement.objects.allocation_candidate [req-f465eee2-5366-4cc1-ba91-d5c16a3a4780 req-44f4f445-51af-4cd1-8f06-71175ae9aa95 service placement] RequestGroup(use_same_provider=False, resources={DISK_GB:1, MEMORY_MB:1024, VCPU:1}, traits=(), aggregates=[]) (suffix '') returned 2 matches {{(pid=116935) _get_by_requests /opt/stack/placement/placement/objects/allocation_candidate.py:156}}
Apr 29 02:58:35.647662 n-d-837162-1 devstack@placement-api.service[116935]: DEBUG placement.objects.allocation_candidate [req-f465eee2-5366-4cc1-ba91-d5c16a3a4780 req-44f4f445-51af-4cd1-8f06-71175ae9aa95 service placement] Merging candidates yields 2 allocation requests and 2 provider summaries {{(pid=116935) _merge_candidates /opt/stack/placement/placement/objects/allocation_candidate.py:809}}
Apr 29 02:58:35.651695 n-d-837162-1 devstack@placement-api.service[116935]: INFO placement.requestlog [req-f465eee2-5366-4cc1-ba91-d5c16a3a4780 req-44f4f445-51af-4cd1-8f06-71175ae9aa95 service placement] 10.222.0.13 "GET /placement/allocation_candidates?limit=1000&resources=DISK_GB%3A1%2CMEMORY_MB%3A1024%2CVCPU%3A1&root_required=%21COMPUTE_STATUS_DISABLED" status: 200 len: 1309 microversion: 1.36
Apr 29 02:58:35.652094 n-d-837162-1 devstack@placement-api.service[116935]: [pid: 116935|app: 0|req: 179/354] 10.222.0.13 () {60 vars in 1506 bytes} [Fri Apr 29 02:58:35 2022] GET /placement/allocation_candidates?limit=1000&resources=DISK_GB%3A1%2CMEMORY_MB%3A1024%2CVCPU%3A1&root_required=%21COMPUTE_STATUS_DISABLED => generated 1309 bytes in 204 msecs (HTTP/1.1 200) 8 headers in 297 bytes (2 switches on core 0)
Apr 29 02:58:35.728822 n-d-837162-1 devstack@placement-api.service[116934]: DEBUG placement.requestlog [req-a81b44c7-7206-4a0b-8241-6fc99afadc9d req-2253179d-319c-46b1-9312-a478359853c3 None None] Starting request: 10.222.0.13 "GET /placement/allocations/3ff91705-7e28-441c-886f-a1743d0891a8" {{(pid=116934) __call__ /opt/stack/placement/placement/requestlog.py:55}}
Apr 29 02:58:35.741760 n-d-837162-1 devstack@placement-api.service[116934]: INFO placement.requestlog [req-a81b44c7-7206-4a0b-8241-6fc99afadc9d req-2253179d-319c-46b1-9312-a478359853c3 service placement] 10.222.0.13 "GET /placement/allocations/3ff91705-7e28-441c-886f-a1743d0891a8" status: 200 len: 19 microversion: 1.28
Apr 29 02:58:35.743825 n-d-837162-1 devstack@placement-api.service[116934]: [pid: 116934|app: 0|req: 176/355] 10.222.0.13 () {60 vars in 1380 bytes} [Fri Apr 29 02:58:35 2022] GET /placement/allocations/3ff91705-7e28-441c-886f-a1743d0891a8 => generated 19 bytes in 16 msecs (HTTP/1.1 200) 8 headers in 295 bytes (1 switches on core 0)
Apr 29 02:58:35.755236 n-d-837162-1 devstack@placement-api.service[116935]: DEBUG placement.requestlog [req-a81b44c7-7206-4a0b-8241-6fc99afadc9d req-6fb08728-f7c4-4f7b-b00d-8f133dc35c7b None None] Starting request: 10.222.0.13 "PUT /placement/allocations/3ff91705-7e28-441c-886f-a1743d0891a8" {{(pid=116935) __call__ /opt/stack/placement/placement/requestlog.py:55}}
Apr 29 02:58:35.786570 n-d-837162-1 devstack@placement-api.service[116934]: DEBUG placement.requestlog [req-f465eee2-5366-4cc1-ba91-d5c16a3a4780 req-271b69c5-8b8c-4a7f-8b91-365aaaa05d2e None None] Starting request: 10.222.0.13 "GET /placement/allocations/ee8e8811-53c9-44a0-ac46-1f384e32669b" {{(pid=116934) __call__ /opt/stack/placement/placement/requestlog.py:55}}
Apr 29 02:58:35.798557 n-d-837162-1 devstack@placement-api.service[116934]: INFO placement.requestlog [req-f465eee2-5366-4cc1-ba91-d5c16a3a4780 req-271b69c5-8b8c-4a7f-8b91-365aaaa05d2e service placement] 10.222.0.13 "GET /placement/allocations/ee8e8811-53c9-44a0-ac46-1f384e32669b" status: 200 len: 19 microversion: 1.28
Apr 29 02:58:35.805667 n-d-837162-1 devstack@placement-api.service[116934]: [pid: 116934|app: 0|req: 177/356] 10.222.0.13 () {60 vars in 1380 bytes} [Fri Apr 29 02:58:35 2022] GET /placement/allocations/ee8e8811-53c9-44a0-ac46-1f384e32669b => generated 19 bytes in 17 msecs (HTTP/1.1 200) 8 headers in 295 bytes (2 switches on core 0)
Apr 29 02:58:35.805667 n-d-837162-1 devstack@placement-api.service[116934]: DEBUG placement.requestlog [req-f465eee2-5366-4cc1-ba91-d5c16a3a4780 req-bda85cca-398d-4f4c-acc0-73795023fc71 None None] Starting request: 10.222.0.13 "PUT /placement/allocations/ee8e8811-53c9-44a0-ac46-1f384e32669b" {{(pid=116934) __call__ /opt/stack/placement/placement/requestlog.py:55}}
Apr 29 02:58:35.928708 n-d-837162-1 devstack@placement-api.service[116934]: DEBUG placement.handlers.allocation [req-f465eee2-5366-4cc1-ba91-d5c16a3a4780 req-bda85cca-398d-4f4c-acc0-73795023fc71 service placement] Successfully wrote allocations [, , ] {{(pid=116934) _update_consumers_and_create_allocations /opt/stack/placement/placement/handlers/allocation.py:462}}
Apr 29 02:58:36.180036 n-d-837162-1 devstack@placement-api.service[116934]: INFO placement.requestlog [req-f465eee2-5366-4cc1-ba91-d5c16a3a4780 req-bda85cca-398d-4f4c-acc0-73795023fc71 service placement] 10.222.0.13 "PUT /placement/allocations/ee8e8811-53c9-44a0-ac46-1f384e32669b" status: 204 len: 0 microversion: 1.36
Apr 29 02:58:36.180442 n-d-837162-1 devstack@placement-api.service[116934]: [pid: 116934|app: 0|req: 178/357] 10.222.0.13 () {64 vars in 1433 bytes} [Fri Apr 29 02:58:35 2022] PUT /placement/allocations/ee8e8811-53c9-44a0-ac46-1f384e32669b => generated 0 bytes in 376 msecs (HTTP/1.1 204) 5 headers in 199 bytes (2 switches on core 0)
Apr 29 02:58:36.637633 n-d-837162-1 devstack@placement-api.service[116935]: DEBUG placement.handlers.allocation [req-a81b44c7-7206-4a0b-8241-6fc99afadc9d req-6fb08728-f7c4-4f7b-b00d-8f133dc35c7b service placement] Successfully wrote allocations [, , ] {{(pid=116935) _update_consumers_and_create_allocations /opt/stack/placement/placement/handlers/allocation.py:462}}
Apr 29 02:58:36.723678 n-d-837162-1 devstack@placement-api.service[116935]: INFO placement.requestlog [req-a81b44c7-7206-4a0b-8241-6fc99afadc9d req-6fb08728-f7c4-4f7b-b00d-8f133dc35c7b service placement] 10.222.0.13 "PUT /placement/allocations/3ff91705-7e28-441c-886f-a1743d0891a8" status: 204 len: 0 microversion: 1.36
Apr 29 02:58:36.724288 n-d-837162-1 devstack@placement-api.service[116935]: [pid: 116935|app: 0|req: 180/358] 10.222.0.13 () {64 vars in 1433 bytes} [Fri Apr 29 02:58:35 2022] PUT /placement/allocations/3ff91705-7e28-441c-886f-a1743d0891a8 => generated 0 bytes in 969 msecs (HTTP/1.1 204) 5 headers in 199 bytes (1 switches on core 0)
Apr 29 02:58:37.636640 n-d-837162-1 devstack@placement-api.service[116934]: DEBUG placement.requestlog [req-f465eee2-5366-4cc1-ba91-d5c16a3a4780 req-9f36a093-32c1-4db8-8315-a02d4b463c45 None None] Starting request: 10.222.0.25 "GET /placement/allocations/ee8e8811-53c9-44a0-ac46-1f384e32669b" {{(pid=116934) __call__ /opt/stack/placement/placement/requestlog.py:55}}
Apr 29 02:58:37.655834 n-d-837162-1 devstack@placement-api.service[116934]: INFO placement.requestlog [req-f465eee2-5366-4cc1-ba91-d5c16a3a4780 req-9f36a093-32c1-4db8-8315-a02d4b463c45 service placement] 10.222.0.25 "GET /placement/allocations/ee8e8811-53c9-44a0-ac46-1f384e32669b" status: 200 len: 259 microversion: 1.28
Apr 29 02:58:37.656794 n-d-837162-1 devstack@placement-api.service[116934]: [pid: 116934|app: 0|req: 179/359] 10.222.0.25 () {60 vars in 1377 bytes} [Fri Apr 29 02:58:37 2022] GET /placement/allocations/ee8e8811-53c9-44a0-ac46-1f384e32669b => generated 259 bytes in 20 msecs (HTTP/1.1 200) 8 headers in 296 bytes (1 switches on core 0)
Apr 29 02:58:37.840008 n-d-837162-1 devstack@placement-api.service[116935]: DEBUG placement.requestlog [req-a81b44c7-7206-4a0b-8241-6fc99afadc9d req-3e8ee4e6-b9d8-4c12-97d1-4599b4377146 None None] Starting request: 10.222.0.25 "GET /placement/allocations/3ff91705-7e28-441c-886f-a1743d0891a8" {{(pid=116935) __call__ /opt/stack/placement/placement/requestlog.py:55}}
Apr 29 02:58:37.863808 n-d-837162-1 devstack@placement-api.service[116935]: INFO placement.requestlog [req-a81b44c7-7206-4a0b-8241-6fc99afadc9d req-3e8ee4e6-b9d8-4c12-97d1-4599b4377146 service placement] 10.222.0.25 "GET /placement/allocations/3ff91705-7e28-441c-886f-a1743d0891a8" status: 200 len: 259 microversion: 1.28
Apr 29 02:58:37.865262 n-d-837162-1 devstack@placement-api.service[116935]: [pid: 116935|app: 0|req: 181/360] 10.222.0.25 () {60 vars in 1377 bytes} [Fri Apr 29 02:58:37 2022] GET /placement/allocations/3ff91705-7e28-441c-886f-a1743d0891a8 => generated 259 bytes in 25 msecs (HTTP/1.1 200) 8 headers in 296 bytes (1 switches on core 0)
Apr 29 02:58:41.784000 n-d-837162-1 devstack@placement-api.service[116934]: DEBUG placement.requestlog [req-2d8bd9e6-b28b-4a76-a887-fb7a67779516 req-c202fa06-6389-4e5d-8b13-6d9f4cd35b8c None None] Starting request: 10.222.0.11 "DELETE /placement/allocations/dba33923-9299-4d21-8763-6ca09ed5df1c" {{(pid=116934) __call__ /opt/stack/placement/placement/requestlog.py:55}}
Apr 29 02:58:41.974207 n-d-837162-1 devstack@placement-api.service[116934]: DEBUG placement.handlers.allocation [req-2d8bd9e6-b28b-4a76-a887-fb7a67779516 req-c202fa06-6389-4e5d-8b13-6d9f4cd35b8c service placement] Successfully deleted allocations [, , ] {{(pid=116934) delete_allocations /opt/stack/placement/placement/handlers/allocation.py:627}}
Apr 29 02:58:41.975038 n-d-837162-1 devstack@placement-api.service[116934]: INFO placement.requestlog [req-2d8bd9e6-b28b-4a76-a887-fb7a67779516 req-c202fa06-6389-4e5d-8b13-6d9f4cd35b8c service placement] 10.222.0.11 "DELETE /placement/allocations/dba33923-9299-4d21-8763-6ca09ed5df1c" status: 204 len: 0 microversion: 1.0
Apr 29 02:58:41.975876 n-d-837162-1 devstack@placement-api.service[116934]: [pid: 116934|app: 0|req: 180/361] 10.222.0.11 () {60 vars in 1355 bytes} [Fri Apr 29 02:58:41 2022] DELETE /placement/allocations/dba33923-9299-4d21-8763-6ca09ed5df1c => generated 0 bytes in 192 msecs (HTTP/1.1 204) 5 headers in 198 bytes (1 switches on core 0)
Apr 29 02:58:48.034635 n-d-837162-1 devstack@placement-api.service[116935]: DEBUG placement.requestlog [req-267da786-b131-479c-b761-060b13d9a7a2 req-b339ce27-9cd7-4c68-a47c-176d6c2b7bd2 None None] Starting request: 10.222.0.13 "GET /placement/allocation_candidates?resources=DISK_GB%3A1%2CMEMORY_MB%3A1024%2CVCPU%3A1&root_required=%21COMPUTE_STATUS_DISABLED" {{(pid=116935) __call__ /opt/stack/placement/placement/requestlog.py:55}}
Apr 29 02:58:48.113951 n-d-837162-1 devstack@placement-api.service[116935]: DEBUG placement.objects.research_context [req-267da786-b131-479c-b761-060b13d9a7a2 req-b339ce27-9cd7-4c68-a47c-176d6c2b7bd2 service placement] getting providers with 1 DISK_GB {{(pid=116935) __init__ /opt/stack/placement/placement/objects/research_context.py:136}}
Apr 29 02:58:48.134673 n-d-837162-1 devstack@placement-api.service[116935]: DEBUG placement.objects.research_context [req-267da786-b131-479c-b761-060b13d9a7a2 req-b339ce27-9cd7-4c68-a47c-176d6c2b7bd2 service placement] getting providers with 1024 MEMORY_MB {{(pid=116935) __init__ /opt/stack/placement/placement/objects/research_context.py:136}}
Apr 29 02:58:48.175341 n-d-837162-1 devstack@placement-api.service[116935]: DEBUG placement.objects.research_context [req-267da786-b131-479c-b761-060b13d9a7a2 req-b339ce27-9cd7-4c68-a47c-176d6c2b7bd2 service placement] getting providers with 1 VCPU {{(pid=116935) __init__ /opt/stack/placement/placement/objects/research_context.py:136}}
Apr 29 02:58:48.193376 n-d-837162-1 devstack@placement-api.service[116935]: DEBUG placement.objects.research_context [req-267da786-b131-479c-b761-060b13d9a7a2 req-b339ce27-9cd7-4c68-a47c-176d6c2b7bd2 service placement] found 2 providers with available 1 DISK_GB {{(pid=116935) get_provider_ids_matching /opt/stack/placement/placement/objects/research_context.py:563}}
Apr 29 02:58:48.193641 n-d-837162-1 devstack@placement-api.service[116935]: DEBUG placement.objects.research_context [req-267da786-b131-479c-b761-060b13d9a7a2 req-b339ce27-9cd7-4c68-a47c-176d6c2b7bd2 service placement] found 2 providers with available 1024 MEMORY_MB {{(pid=116935) get_provider_ids_matching /opt/stack/placement/placement/objects/research_context.py:563}}
Apr 29 02:58:48.197022 n-d-837162-1 devstack@placement-api.service[116935]: DEBUG placement.objects.research_context [req-267da786-b131-479c-b761-060b13d9a7a2 req-b339ce27-9cd7-4c68-a47c-176d6c2b7bd2 service placement] found 2 providers after filtering by previous result {{(pid=116935) get_provider_ids_matching /opt/stack/placement/placement/objects/research_context.py:594}}
Apr 29 02:58:48.197505 n-d-837162-1 devstack@placement-api.service[116935]: DEBUG placement.objects.research_context [req-267da786-b131-479c-b761-060b13d9a7a2 req-b339ce27-9cd7-4c68-a47c-176d6c2b7bd2 service placement] found 2 providers with available 1 VCPU {{(pid=116935) get_provider_ids_matching /opt/stack/placement/placement/objects/research_context.py:563}}
Apr 29 02:58:48.198995 n-d-837162-1 devstack@placement-api.service[116935]: DEBUG placement.objects.research_context [req-267da786-b131-479c-b761-060b13d9a7a2 req-b339ce27-9cd7-4c68-a47c-176d6c2b7bd2 service placement] found 2 providers after filtering by previous result {{(pid=116935) get_provider_ids_matching /opt/stack/placement/placement/objects/research_context.py:594}}
Apr 29 02:58:48.235334 n-d-837162-1 devstack@placement-api.service[116935]: DEBUG placement.objects.allocation_candidate [req-267da786-b131-479c-b761-060b13d9a7a2 req-b339ce27-9cd7-4c68-a47c-176d6c2b7bd2 service placement] RequestGroup(use_same_provider=False, resources={DISK_GB:1, MEMORY_MB:1024, VCPU:1}, traits=(), aggregates=[]) (suffix '') returned 2 matches {{(pid=116935) _get_by_requests /opt/stack/placement/placement/objects/allocation_candidate.py:156}}
Apr 29 02:58:48.235965 n-d-837162-1 devstack@placement-api.service[116935]: DEBUG placement.objects.allocation_candidate [req-267da786-b131-479c-b761-060b13d9a7a2 req-b339ce27-9cd7-4c68-a47c-176d6c2b7bd2 service placement] Merging candidates yields 2 allocation requests and 2 provider summaries {{(pid=116935) _merge_candidates /opt/stack/placement/placement/objects/allocation_candidate.py:809}}
Apr 29 02:58:48.238630 n-d-837162-1 devstack@placement-api.service[116935]: INFO placement.requestlog [req-267da786-b131-479c-b761-060b13d9a7a2 req-b339ce27-9cd7-4c68-a47c-176d6c2b7bd2 service placement] 10.222.0.13 "GET /placement/allocation_candidates?resources=DISK_GB%3A1%2CMEMORY_MB%3A1024%2CVCPU%3A1&root_required=%21COMPUTE_STATUS_DISABLED" status: 200 len: 1309 microversion: 1.36
Apr 29 02:58:48.238951 n-d-837162-1 devstack@placement-api.service[116935]: [pid: 116935|app: 0|req: 182/362] 10.222.0.13 () {60 vars in 1484 bytes} [Fri Apr 29 02:58:48 2022] GET /placement/allocation_candidates?resources=DISK_GB%3A1%2CMEMORY_MB%3A1024%2CVCPU%3A1&root_required=%21COMPUTE_STATUS_DISABLED => generated 1309 bytes in 205 msecs (HTTP/1.1 200) 8 headers in 297 bytes (1 switches on core 0)
Apr 29 02:58:48.368637 n-d-837162-1 devstack@placement-api.service[116934]: DEBUG placement.requestlog [req-267da786-b131-479c-b761-060b13d9a7a2 req-9ebd2fe3-4987-4014-a4ce-b99c12f6cd7e None None] Starting request: 10.222.0.13 "GET /placement/allocations/0f6940f3-206a-44e0-8856-efe77627727b" {{(pid=116934) __call__ /opt/stack/placement/placement/requestlog.py:55}}
Apr 29 02:58:48.381035 n-d-837162-1 devstack@placement-api.service[116934]: INFO placement.requestlog [req-267da786-b131-479c-b761-060b13d9a7a2 req-9ebd2fe3-4987-4014-a4ce-b99c12f6cd7e service placement] 10.222.0.13 "GET /placement/allocations/0f6940f3-206a-44e0-8856-efe77627727b" status: 200 len: 19 microversion: 1.28
Apr 29 02:58:48.386886 n-d-837162-1 devstack@placement-api.service[116934]: [pid: 116934|app: 0|req: 181/363] 10.222.0.13 () {60 vars in 1380 bytes} [Fri Apr 29 02:58:48 2022] GET /placement/allocations/0f6940f3-206a-44e0-8856-efe77627727b => generated 19 bytes in 18 msecs (HTTP/1.1 200) 8 headers in 295 bytes (1 switches on core 0)
Apr 29 02:58:48.388697 n-d-837162-1 devstack@placement-api.service[116935]: DEBUG placement.requestlog [req-267da786-b131-479c-b761-060b13d9a7a2 req-afd0688f-4903-4b6d-b63c-325bbf0e8396 None None] Starting request: 10.222.0.13 "PUT /placement/allocations/0f6940f3-206a-44e0-8856-efe77627727b" {{(pid=116935) __call__ /opt/stack/placement/placement/requestlog.py:55}}
Apr 29 02:58:48.583636 n-d-837162-1 devstack@placement-api.service[116935]: DEBUG placement.handlers.allocation [req-267da786-b131-479c-b761-060b13d9a7a2 req-afd0688f-4903-4b6d-b63c-325bbf0e8396 service placement] Successfully wrote allocations [, , ] {{(pid=116935) _update_consumers_and_create_allocations /opt/stack/placement/placement/handlers/allocation.py:462}}
Apr 29 02:58:48.660106 n-d-837162-1 devstack@placement-api.service[116935]: INFO placement.requestlog [req-267da786-b131-479c-b761-060b13d9a7a2 req-afd0688f-4903-4b6d-b63c-325bbf0e8396 service placement] 10.222.0.13 "PUT /placement/allocations/0f6940f3-206a-44e0-8856-efe77627727b" status: 204 len: 0 microversion: 1.36
Apr 29 02:58:48.660775 n-d-837162-1 devstack@placement-api.service[116935]: [pid: 116935|app: 0|req: 183/364] 10.222.0.13 () {64 vars in 1433 bytes} [Fri Apr 29 02:58:48 2022] PUT /placement/allocations/0f6940f3-206a-44e0-8856-efe77627727b => generated 0 bytes in 272 msecs (HTTP/1.1 204) 5 headers in 199 bytes (1 switches on core 0)
Apr 29 02:58:48.673540 n-d-837162-1 devstack@placement-api.service[116934]: DEBUG placement.requestlog [req-267da786-b131-479c-b761-060b13d9a7a2 req-f3729f50-0be2-4ee9-add4-6f0bdad34708 None None] Starting request: 10.222.0.13 "GET /placement/allocations/dfc41098-66db-477f-9996-f462b108b447" {{(pid=116934) __call__ /opt/stack/placement/placement/requestlog.py:55}}
Apr 29 02:58:48.697727 n-d-837162-1 devstack@placement-api.service[116934]: INFO placement.requestlog [req-267da786-b131-479c-b761-060b13d9a7a2 req-f3729f50-0be2-4ee9-add4-6f0bdad34708 service placement] 10.222.0.13 "GET /placement/allocations/dfc41098-66db-477f-9996-f462b108b447" status: 200 len: 19 microversion: 1.28
Apr 29 02:58:48.701595 n-d-837162-1 devstack@placement-api.service[116934]: [pid: 116934|app: 0|req: 182/365] 10.222.0.13 () {60 vars in 1380 bytes} [Fri Apr 29 02:58:48 2022] GET /placement/allocations/dfc41098-66db-477f-9996-f462b108b447 => generated 19 bytes in 29 msecs (HTTP/1.1 200) 8 headers in 295 bytes (1 switches on core 0)
Apr 29 02:58:48.708541 n-d-837162-1 devstack@placement-api.service[116935]: DEBUG placement.requestlog [req-267da786-b131-479c-b761-060b13d9a7a2 req-7a7c3ae0-c0b7-468d-bc03-a0fdf6b88118 None None] Starting request: 10.222.0.13 "PUT /placement/allocations/dfc41098-66db-477f-9996-f462b108b447" {{(pid=116935) __call__ /opt/stack/placement/placement/requestlog.py:55}}
Apr 29 02:58:48.891395 n-d-837162-1 devstack@placement-api.service[116935]: DEBUG placement.handlers.allocation [req-267da786-b131-479c-b761-060b13d9a7a2 req-7a7c3ae0-c0b7-468d-bc03-a0fdf6b88118 service placement] Successfully wrote allocations [, , ] {{(pid=116935) _update_consumers_and_create_allocations /opt/stack/placement/placement/handlers/allocation.py:462}}
Apr 29 02:58:48.974191 n-d-837162-1 devstack@placement-api.service[116935]: INFO placement.requestlog [req-267da786-b131-479c-b761-060b13d9a7a2 req-7a7c3ae0-c0b7-468d-bc03-a0fdf6b88118 service placement] 10.222.0.13 "PUT /placement/allocations/dfc41098-66db-477f-9996-f462b108b447" status: 204 len: 0 microversion: 1.36
Apr 29 02:58:48.974857 n-d-837162-1 devstack@placement-api.service[116935]: [pid: 116935|app: 0|req: 184/366] 10.222.0.13 () {64 vars in 1433 bytes} [Fri Apr 29 02:58:48 2022] PUT /placement/allocations/dfc41098-66db-477f-9996-f462b108b447 => generated 0 bytes in 267 msecs (HTTP/1.1 204) 5 headers in 199 bytes (2 switches on core 0)
Apr 29 02:58:50.601798 n-d-837162-1 devstack@placement-api.service[116934]: DEBUG placement.requestlog [req-082d0a7c-dec4-4b30-a32b-473cafb508fa req-a123c5f8-4158-4939-bdae-f508cc703c3e None None] Starting request: 10.222.0.13 "GET /placement/allocation_candidates?limit=1000&resources=DISK_GB%3A1%2CMEMORY_MB%3A1024%2CVCPU%3A1&root_required=%21COMPUTE_STATUS_DISABLED" {{(pid=116934) __call__ /opt/stack/placement/placement/requestlog.py:55}}
Apr 29 02:58:50.680360 n-d-837162-1 devstack@placement-api.service[116934]: DEBUG placement.objects.research_context [req-082d0a7c-dec4-4b30-a32b-473cafb508fa req-a123c5f8-4158-4939-bdae-f508cc703c3e service placement] getting providers with 1 DISK_GB {{(pid=116934) __init__ /opt/stack/placement/placement/objects/research_context.py:136}}
Apr 29 02:58:50.680360 n-d-837162-1 devstack@placement-api.service[116934]: DEBUG placement.objects.research_context [req-082d0a7c-dec4-4b30-a32b-473cafb508fa req-a123c5f8-4158-4939-bdae-f508cc703c3e service placement] getting providers with 1024 MEMORY_MB {{(pid=116934) __init__ /opt/stack/placement/placement/objects/research_context.py:136}}
Apr 29 02:58:50.697213 n-d-837162-1 devstack@placement-api.service[116934]: DEBUG placement.objects.research_context [req-082d0a7c-dec4-4b30-a32b-473cafb508fa req-a123c5f8-4158-4939-bdae-f508cc703c3e service placement] getting providers with 1 VCPU {{(pid=116934) __init__ /opt/stack/placement/placement/objects/research_context.py:136}}
Apr 29 02:58:50.710143 n-d-837162-1 devstack@placement-api.service[116934]: DEBUG placement.objects.research_context [req-082d0a7c-dec4-4b30-a32b-473cafb508fa req-a123c5f8-4158-4939-bdae-f508cc703c3e service placement] found 2 providers with available 1 DISK_GB {{(pid=116934) get_provider_ids_matching /opt/stack/placement/placement/objects/research_context.py:563}}
Apr 29 02:58:50.710518 n-d-837162-1 devstack@placement-api.service[116934]: DEBUG placement.objects.research_context [req-082d0a7c-dec4-4b30-a32b-473cafb508fa req-a123c5f8-4158-4939-bdae-f508cc703c3e service placement] found 2 providers with available 1024 MEMORY_MB {{(pid=116934) get_provider_ids_matching /opt/stack/placement/placement/objects/research_context.py:563}}
Apr 29 02:58:50.710803 n-d-837162-1 devstack@placement-api.service[116934]: DEBUG placement.objects.research_context [req-082d0a7c-dec4-4b30-a32b-473cafb508fa req-a123c5f8-4158-4939-bdae-f508cc703c3e service placement] found 2 providers after filtering by previous result {{(pid=116934) get_provider_ids_matching /opt/stack/placement/placement/objects/research_context.py:594}}
Apr 29 02:58:50.711476 n-d-837162-1 devstack@placement-api.service[116934]: DEBUG placement.objects.research_context [req-082d0a7c-dec4-4b30-a32b-473cafb508fa req-a123c5f8-4158-4939-bdae-f508cc703c3e service placement] found 2 providers with available 1 VCPU {{(pid=116934) get_provider_ids_matching /opt/stack/placement/placement/objects/research_context.py:563}}
Apr 29 02:58:50.712023 n-d-837162-1 devstack@placement-api.service[116934]: DEBUG placement.objects.research_context [req-082d0a7c-dec4-4b30-a32b-473cafb508fa req-a123c5f8-4158-4939-bdae-f508cc703c3e service placement] found 2 providers after filtering by previous result {{(pid=116934) get_provider_ids_matching /opt/stack/placement/placement/objects/research_context.py:594}}
Apr 29 02:58:50.727781 n-d-837162-1 devstack@placement-api.service[116934]: DEBUG placement.objects.allocation_candidate [req-082d0a7c-dec4-4b30-a32b-473cafb508fa req-a123c5f8-4158-4939-bdae-f508cc703c3e service placement] RequestGroup(use_same_provider=False, resources={DISK_GB:1, MEMORY_MB:1024, VCPU:1}, traits=(), aggregates=[]) (suffix '') returned 2 matches {{(pid=116934) _get_by_requests /opt/stack/placement/placement/objects/allocation_candidate.py:156}}
Apr 29 02:58:50.728799 n-d-837162-1 devstack@placement-api.service[116934]: DEBUG placement.objects.allocation_candidate [req-082d0a7c-dec4-4b30-a32b-473cafb508fa req-a123c5f8-4158-4939-bdae-f508cc703c3e service placement] Merging candidates yields 2 allocation requests and 2 provider summaries {{(pid=116934) _merge_candidates /opt/stack/placement/placement/objects/allocation_candidate.py:809}}
Apr 29 02:58:50.731249 n-d-837162-1 devstack@placement-api.service[116934]: INFO placement.requestlog [req-082d0a7c-dec4-4b30-a32b-473cafb508fa req-a123c5f8-4158-4939-bdae-f508cc703c3e service placement] 10.222.0.13 "GET /placement/allocation_candidates?limit=1000&resources=DISK_GB%3A1%2CMEMORY_MB%3A1024%2CVCPU%3A1&root_required=%21COMPUTE_STATUS_DISABLED" status: 200 len: 1309 microversion: 1.36
Apr 29 02:58:50.732317 n-d-837162-1 devstack@placement-api.service[116934]: [pid: 116934|app: 0|req: 183/367] 10.222.0.13 () {60 vars in 1506 bytes} [Fri Apr 29 02:58:50 2022] GET /placement/allocation_candidates?limit=1000&resources=DISK_GB%3A1%2CMEMORY_MB%3A1024%2CVCPU%3A1&root_required=%21COMPUTE_STATUS_DISABLED => generated 1309 bytes in 131 msecs (HTTP/1.1 200) 8 headers in 297 bytes (1 switches on core 0)
Apr 29 02:58:50.823907 n-d-837162-1 devstack@placement-api.service[116935]: DEBUG placement.requestlog [req-267da786-b131-479c-b761-060b13d9a7a2 req-528305d3-daf9-45cb-9461-368755995d32 None None] Starting request: 10.222.0.11 "GET /placement/allocations/0f6940f3-206a-44e0-8856-efe77627727b" {{(pid=116935) __call__ /opt/stack/placement/placement/requestlog.py:55}}
Apr 29 02:58:50.845960 n-d-837162-1 devstack@placement-api.service[116934]: DEBUG placement.requestlog [req-082d0a7c-dec4-4b30-a32b-473cafb508fa req-00d60086-c208-40f8-8cc2-07be4bce6b60 None None] Starting request: 10.222.0.13 "GET /placement/allocations/d77f2945-2501-493a-b1fe-20c9a3b59708" {{(pid=116934) __call__ /opt/stack/placement/placement/requestlog.py:55}}
Apr 29 02:58:50.861726 n-d-837162-1 devstack@placement-api.service[116934]: INFO placement.requestlog [req-082d0a7c-dec4-4b30-a32b-473cafb508fa req-00d60086-c208-40f8-8cc2-07be4bce6b60 service placement] 10.222.0.13 "GET /placement/allocations/d77f2945-2501-493a-b1fe-20c9a3b59708" status: 200 len: 19 microversion: 1.28
Apr 29 02:58:50.862096 n-d-837162-1 devstack@placement-api.service[116934]: [pid: 116934|app: 0|req: 184/368] 10.222.0.13 () {60 vars in 1380 bytes} [Fri Apr 29 02:58:50 2022] GET /placement/allocations/d77f2945-2501-493a-b1fe-20c9a3b59708 => generated 19 bytes in 16 msecs (HTTP/1.1 200) 8 headers in 295 bytes (2 switches on core 0)
Apr 29 02:58:50.869877 n-d-837162-1 devstack@placement-api.service[116934]: DEBUG placement.requestlog [req-082d0a7c-dec4-4b30-a32b-473cafb508fa req-704b1f81-d6ef-47a8-89f6-6a0e90385d0f None None] Starting request: 10.222.0.13 "PUT /placement/allocations/d77f2945-2501-493a-b1fe-20c9a3b59708" {{(pid=116934) __call__ /opt/stack/placement/placement/requestlog.py:55}}
Apr 29 02:58:50.870955 n-d-837162-1 devstack@placement-api.service[116935]: INFO placement.requestlog [req-267da786-b131-479c-b761-060b13d9a7a2 req-528305d3-daf9-45cb-9461-368755995d32 service placement] 10.222.0.11 "GET /placement/allocations/0f6940f3-206a-44e0-8856-efe77627727b" status: 200 len: 259 microversion: 1.28
Apr 29 02:58:50.876151 n-d-837162-1 devstack@placement-api.service[116935]: [pid: 116935|app: 0|req: 185/369] 10.222.0.11 () {60 vars in 1377 bytes} [Fri Apr 29 02:58:50 2022] GET /placement/allocations/0f6940f3-206a-44e0-8856-efe77627727b => generated 259 bytes in 52 msecs (HTTP/1.1 200) 8 headers in 296 bytes (1 switches on core 0)
Apr 29 02:58:51.050573 n-d-837162-1 devstack@placement-api.service[116934]: DEBUG placement.handlers.allocation [req-082d0a7c-dec4-4b30-a32b-473cafb508fa req-704b1f81-d6ef-47a8-89f6-6a0e90385d0f service placement] Successfully wrote allocations [, , ] {{(pid=116934) _update_consumers_and_create_allocations /opt/stack/placement/placement/handlers/allocation.py:462}}
Apr 29 02:58:51.174441 n-d-837162-1 devstack@placement-api.service[116934]: INFO placement.requestlog [req-082d0a7c-dec4-4b30-a32b-473cafb508fa req-704b1f81-d6ef-47a8-89f6-6a0e90385d0f service placement] 10.222.0.13 "PUT /placement/allocations/d77f2945-2501-493a-b1fe-20c9a3b59708" status: 204 len: 0 microversion: 1.36
Apr 29 02:58:51.175011 n-d-837162-1 devstack@placement-api.service[116934]: [pid: 116934|app: 0|req: 185/370] 10.222.0.13 () {64 vars in 1433 bytes} [Fri Apr 29 02:58:50 2022] PUT /placement/allocations/d77f2945-2501-493a-b1fe-20c9a3b59708 => generated 0 bytes in 307 msecs (HTTP/1.1 204) 5 headers in 199 bytes (1 switches on core 0)
Apr 29 02:58:51.699003 n-d-837162-1 devstack@placement-api.service[116935]: DEBUG placement.requestlog [req-064ad835-ca08-4718-ab1a-6f937310a529 req-efd83bbe-fd39-462c-a489-ee18305d5a78 None None] Starting request: 10.222.0.13 "GET /placement/allocation_candidates?limit=1000&resources=DISK_GB%3A1%2CMEMORY_MB%3A1024%2CVCPU%3A1&root_required=%21COMPUTE_STATUS_DISABLED" {{(pid=116935) __call__ /opt/stack/placement/placement/requestlog.py:55}}
Apr 29 02:58:51.741490 n-d-837162-1 devstack@placement-api.service[116935]: DEBUG placement.objects.research_context [req-064ad835-ca08-4718-ab1a-6f937310a529 req-efd83bbe-fd39-462c-a489-ee18305d5a78 service placement] getting providers with 1 DISK_GB {{(pid=116935) __init__ /opt/stack/placement/placement/objects/research_context.py:136}}
Apr 29 02:58:51.748526 n-d-837162-1 devstack@placement-api.service[116935]: DEBUG placement.objects.research_context [req-064ad835-ca08-4718-ab1a-6f937310a529 req-efd83bbe-fd39-462c-a489-ee18305d5a78 service placement] getting providers with 1024 MEMORY_MB {{(pid=116935) __init__ /opt/stack/placement/placement/objects/research_context.py:136}}
Apr 29 02:58:51.758740 n-d-837162-1 devstack@placement-api.service[116935]: DEBUG placement.objects.research_context [req-064ad835-ca08-4718-ab1a-6f937310a529 req-efd83bbe-fd39-462c-a489-ee18305d5a78 service placement] getting providers with 1 VCPU {{(pid=116935) __init__ /opt/stack/placement/placement/objects/research_context.py:136}}
Apr 29 02:58:51.765513 n-d-837162-1 devstack@placement-api.service[116935]: DEBUG placement.objects.research_context [req-064ad835-ca08-4718-ab1a-6f937310a529 req-efd83bbe-fd39-462c-a489-ee18305d5a78 service placement] found 2 providers with available 1 DISK_GB {{(pid=116935) get_provider_ids_matching /opt/stack/placement/placement/objects/research_context.py:563}}
Apr 29 02:58:51.766364 n-d-837162-1 devstack@placement-api.service[116935]: DEBUG placement.objects.research_context [req-064ad835-ca08-4718-ab1a-6f937310a529 req-efd83bbe-fd39-462c-a489-ee18305d5a78 service placement] found 2 providers with available 1024 MEMORY_MB {{(pid=116935) get_provider_ids_matching /opt/stack/placement/placement/objects/research_context.py:563}}
Apr 29 02:58:51.767000 n-d-837162-1 devstack@placement-api.service[116935]: DEBUG placement.objects.research_context [req-064ad835-ca08-4718-ab1a-6f937310a529 req-efd83bbe-fd39-462c-a489-ee18305d5a78 service placement] found 2 providers after filtering by previous result {{(pid=116935) get_provider_ids_matching /opt/stack/placement/placement/objects/research_context.py:594}}
Apr 29 02:58:51.767522 n-d-837162-1 devstack@placement-api.service[116935]: DEBUG placement.objects.research_context [req-064ad835-ca08-4718-ab1a-6f937310a529 req-efd83bbe-fd39-462c-a489-ee18305d5a78 service placement] found 2 providers with available 1 VCPU {{(pid=116935) get_provider_ids_matching /opt/stack/placement/placement/objects/research_context.py:563}}
Apr 29 02:58:51.768038 n-d-837162-1 devstack@placement-api.service[116935]: DEBUG placement.objects.research_context [req-064ad835-ca08-4718-ab1a-6f937310a529 req-efd83bbe-fd39-462c-a489-ee18305d5a78 service placement] found 2 providers after filtering by previous result {{(pid=116935) get_provider_ids_matching /opt/stack/placement/placement/objects/research_context.py:594}}
Apr 29 02:58:51.783660 n-d-837162-1 devstack@placement-api.service[116935]: DEBUG placement.objects.allocation_candidate [req-064ad835-ca08-4718-ab1a-6f937310a529 req-efd83bbe-fd39-462c-a489-ee18305d5a78 service placement] RequestGroup(use_same_provider=False, resources={DISK_GB:1, MEMORY_MB:1024, VCPU:1}, traits=(), aggregates=[]) (suffix '') returned 2 matches {{(pid=116935) _get_by_requests /opt/stack/placement/placement/objects/allocation_candidate.py:156}}
Apr 29 02:58:51.784112 n-d-837162-1 devstack@placement-api.service[116935]: DEBUG placement.objects.allocation_candidate [req-064ad835-ca08-4718-ab1a-6f937310a529 req-efd83bbe-fd39-462c-a489-ee18305d5a78 service placement] Merging candidates yields 2 allocation requests and 2 provider summaries {{(pid=116935) _merge_candidates /opt/stack/placement/placement/objects/allocation_candidate.py:809}}
Apr 29 02:58:51.786260 n-d-837162-1 devstack@placement-api.service[116935]: INFO placement.requestlog [req-064ad835-ca08-4718-ab1a-6f937310a529 req-efd83bbe-fd39-462c-a489-ee18305d5a78 service placement] 10.222.0.13 "GET /placement/allocation_candidates?limit=1000&resources=DISK_GB%3A1%2CMEMORY_MB%3A1024%2CVCPU%3A1&root_required=%21COMPUTE_STATUS_DISABLED" status: 200 len: 1309 microversion: 1.36
Apr 29 02:58:51.786721 n-d-837162-1 devstack@placement-api.service[116935]: [pid: 116935|app: 0|req: 186/371] 10.222.0.13 () {60 vars in 1506 bytes} [Fri Apr 29 02:58:51 2022] GET /placement/allocation_candidates?limit=1000&resources=DISK_GB%3A1%2CMEMORY_MB%3A1024%2CVCPU%3A1&root_required=%21COMPUTE_STATUS_DISABLED => generated 1309 bytes in 88 msecs (HTTP/1.1 200) 8 headers in 297 bytes (1 switches on core 0)
Apr 29 02:58:51.871402 n-d-837162-1 devstack@placement-api.service[116934]: DEBUG placement.requestlog [req-064ad835-ca08-4718-ab1a-6f937310a529 req-966a3367-fdc6-439e-9596-8cf29bb3a795 None None] Starting request: 10.222.0.13 "GET /placement/allocations/602ae792-f656-406f-9123-22fe0c74fe09" {{(pid=116934) __call__ /opt/stack/placement/placement/requestlog.py:55}}
Apr 29 02:58:51.872671 n-d-837162-1 devstack@placement-api.service[116935]: DEBUG placement.requestlog [req-267da786-b131-479c-b761-060b13d9a7a2 req-0957feb7-1188-4b19-a132-deae3590d16e None None] Starting request: 10.222.0.25 "GET /placement/allocations/dfc41098-66db-477f-9996-f462b108b447" {{(pid=116935) __call__ /opt/stack/placement/placement/requestlog.py:55}}
Apr 29 02:58:51.892560 n-d-837162-1 devstack@placement-api.service[116934]: INFO placement.requestlog [req-064ad835-ca08-4718-ab1a-6f937310a529 req-966a3367-fdc6-439e-9596-8cf29bb3a795 service placement] 10.222.0.13 "GET /placement/allocations/602ae792-f656-406f-9123-22fe0c74fe09" status: 200 len: 19 microversion: 1.28
Apr 29 02:58:51.893027 n-d-837162-1 devstack@placement-api.service[116934]: [pid: 116934|app: 0|req: 186/372] 10.222.0.13 () {60 vars in 1380 bytes} [Fri Apr 29 02:58:51 2022] GET /placement/allocations/602ae792-f656-406f-9123-22fe0c74fe09 => generated 19 bytes in 24 msecs (HTTP/1.1 200) 8 headers in 295 bytes (1 switches on core 0)
Apr 29 02:58:51.894171 n-d-837162-1 devstack@placement-api.service[116935]: INFO placement.requestlog [req-267da786-b131-479c-b761-060b13d9a7a2 req-0957feb7-1188-4b19-a132-deae3590d16e service placement] 10.222.0.25 "GET /placement/allocations/dfc41098-66db-477f-9996-f462b108b447" status: 200 len: 259 microversion: 1.28
