Apr 29 03:16:45.470225 n-d-837162-1 devstack@placement-api.service[116935]: DEBUG placement.requestlog [req-2b00f855-1dbd-4f77-a533-b371c7a5c8cc req-35529351-52a2-422b-96bf-4294f7920872 None None] Starting request: 10.222.0.25 "GET /placement/allocations/95881b20-fd22-4132-be2d-57ba03f9e64b" {{(pid=116935) __call__ /opt/stack/placement/placement/requestlog.py:55}}
Apr 29 03:16:45.495370 n-d-837162-1 devstack@placement-api.service[116935]: INFO placement.requestlog [req-2b00f855-1dbd-4f77-a533-b371c7a5c8cc req-35529351-52a2-422b-96bf-4294f7920872 service placement] 10.222.0.25 "GET /placement/allocations/95881b20-fd22-4132-be2d-57ba03f9e64b" status: 200 len: 259 microversion: 1.28
Apr 29 03:16:45.496575 n-d-837162-1 devstack@placement-api.service[116935]: [pid: 116935|app: 0|req: 434/858] 10.222.0.25 () {60 vars in 1377 bytes} [Fri Apr 29 03:16:45 2022] GET /placement/allocations/95881b20-fd22-4132-be2d-57ba03f9e64b => generated 259 bytes in 27 msecs (HTTP/1.1 200) 8 headers in 296 bytes (1 switches on core 0)
Apr 29 03:16:51.312922 n-d-837162-1 devstack@placement-api.service[116934]: DEBUG placement.requestlog [req-9cd6aa0f-cc0e-42a4-a514-63bf2455eb16 req-b01470d9-abc0-4152-88ef-10645121e376 None None] Starting request: 10.222.0.13 "GET /placement/allocation_candidates?limit=1000&resources=DISK_GB%3A1%2CMEMORY_MB%3A1024%2CVCPU%3A1&root_required=%21COMPUTE_STATUS_DISABLED" {{(pid=116934) __call__ /opt/stack/placement/placement/requestlog.py:55}}
Apr 29 03:16:51.383416 n-d-837162-1 devstack@placement-api.service[116934]: DEBUG placement.objects.research_context [req-9cd6aa0f-cc0e-42a4-a514-63bf2455eb16 req-b01470d9-abc0-4152-88ef-10645121e376 service placement] getting providers with 1 DISK_GB {{(pid=116934) __init__ /opt/stack/placement/placement/objects/research_context.py:136}}
Apr 29 03:16:51.391520 n-d-837162-1 devstack@placement-api.service[116934]: DEBUG placement.objects.research_context [req-9cd6aa0f-cc0e-42a4-a514-63bf2455eb16 req-b01470d9-abc0-4152-88ef-10645121e376 service placement] getting providers with 1024 MEMORY_MB {{(pid=116934) __init__ /opt/stack/placement/placement/objects/research_context.py:136}}
Apr 29 03:16:51.403018 n-d-837162-1 devstack@placement-api.service[116934]: DEBUG placement.objects.research_context [req-9cd6aa0f-cc0e-42a4-a514-63bf2455eb16 req-b01470d9-abc0-4152-88ef-10645121e376 service placement] getting providers with 1 VCPU {{(pid=116934) __init__ /opt/stack/placement/placement/objects/research_context.py:136}}
Apr 29 03:16:51.414803 n-d-837162-1 devstack@placement-api.service[116934]: DEBUG placement.objects.research_context [req-9cd6aa0f-cc0e-42a4-a514-63bf2455eb16 req-b01470d9-abc0-4152-88ef-10645121e376 service placement] found 2 providers with available 1 DISK_GB {{(pid=116934) get_provider_ids_matching /opt/stack/placement/placement/objects/research_context.py:563}}
Apr 29 03:16:51.417372 n-d-837162-1 devstack@placement-api.service[116934]: DEBUG placement.objects.research_context [req-9cd6aa0f-cc0e-42a4-a514-63bf2455eb16 req-b01470d9-abc0-4152-88ef-10645121e376 service placement] found 2 providers with available 1024 MEMORY_MB {{(pid=116934) get_provider_ids_matching /opt/stack/placement/placement/objects/research_context.py:563}}
Apr 29 03:16:51.417372 n-d-837162-1 devstack@placement-api.service[116934]: DEBUG placement.objects.research_context [req-9cd6aa0f-cc0e-42a4-a514-63bf2455eb16 req-b01470d9-abc0-4152-88ef-10645121e376 service placement] found 2 providers after filtering by previous result {{(pid=116934) get_provider_ids_matching /opt/stack/placement/placement/objects/research_context.py:594}}
Apr 29 03:16:51.417372 n-d-837162-1 devstack@placement-api.service[116934]: DEBUG placement.objects.research_context [req-9cd6aa0f-cc0e-42a4-a514-63bf2455eb16 req-b01470d9-abc0-4152-88ef-10645121e376 service placement] found 2 providers with available 1 VCPU {{(pid=116934) get_provider_ids_matching /opt/stack/placement/placement/objects/research_context.py:563}}
Apr 29 03:16:51.417372 n-d-837162-1 devstack@placement-api.service[116934]: DEBUG placement.objects.research_context [req-9cd6aa0f-cc0e-42a4-a514-63bf2455eb16 req-b01470d9-abc0-4152-88ef-10645121e376 service placement] found 2 providers after filtering by previous result {{(pid=116934) get_provider_ids_matching /opt/stack/placement/placement/objects/research_context.py:594}}
Apr 29 03:16:51.438592 n-d-837162-1 devstack@placement-api.service[116934]: DEBUG placement.objects.allocation_candidate [req-9cd6aa0f-cc0e-42a4-a514-63bf2455eb16 req-b01470d9-abc0-4152-88ef-10645121e376 service placement] RequestGroup(use_same_provider=False, resources={DISK_GB:1, MEMORY_MB:1024, VCPU:1}, traits=(), aggregates=[]) (suffix '') returned 2 matches {{(pid=116934) _get_by_requests /opt/stack/placement/placement/objects/allocation_candidate.py:156}}
Apr 29 03:16:51.440401 n-d-837162-1 devstack@placement-api.service[116934]: DEBUG placement.objects.allocation_candidate [req-9cd6aa0f-cc0e-42a4-a514-63bf2455eb16 req-b01470d9-abc0-4152-88ef-10645121e376 service placement] Merging candidates yields 2 allocation requests and 2 provider summaries {{(pid=116934) _merge_candidates /opt/stack/placement/placement/objects/allocation_candidate.py:809}}
Apr 29 03:16:51.442699 n-d-837162-1 devstack@placement-api.service[116934]: INFO placement.requestlog [req-9cd6aa0f-cc0e-42a4-a514-63bf2455eb16 req-b01470d9-abc0-4152-88ef-10645121e376 service placement] 10.222.0.13 "GET /placement/allocation_candidates?limit=1000&resources=DISK_GB%3A1%2CMEMORY_MB%3A1024%2CVCPU%3A1&root_required=%21COMPUTE_STATUS_DISABLED" status: 200 len: 1306 microversion: 1.36
Apr 29 03:16:51.460756 n-d-837162-1 devstack@placement-api.service[116934]: [pid: 116934|app: 0|req: 425/859] 10.222.0.13 () {60 vars in 1506 bytes} [Fri Apr 29 03:16:51 2022] GET /placement/allocation_candidates?limit=1000&resources=DISK_GB%3A1%2CMEMORY_MB%3A1024%2CVCPU%3A1&root_required=%21COMPUTE_STATUS_DISABLED => generated 1306 bytes in 148 msecs (HTTP/1.1 200) 8 headers in 297 bytes (1 switches on core 0)
Apr 29 03:16:51.570705 n-d-837162-1 devstack@placement-api.service[116935]: DEBUG placement.requestlog [req-9cd6aa0f-cc0e-42a4-a514-63bf2455eb16 req-5fe61a62-ecdf-4b13-bcb6-2ec1f101cfb8 None None] Starting request: 10.222.0.13 "GET /placement/allocations/7aa67da9-f8c7-4afa-ac3e-38070d1ed529" {{(pid=116935) __call__ /opt/stack/placement/placement/requestlog.py:55}}
Apr 29 03:16:51.589246 n-d-837162-1 devstack@placement-api.service[116935]: INFO placement.requestlog [req-9cd6aa0f-cc0e-42a4-a514-63bf2455eb16 req-5fe61a62-ecdf-4b13-bcb6-2ec1f101cfb8 service placement] 10.222.0.13 "GET /placement/allocations/7aa67da9-f8c7-4afa-ac3e-38070d1ed529" status: 200 len: 19 microversion: 1.28
Apr 29 03:16:51.599680 n-d-837162-1 devstack@placement-api.service[116935]: [pid: 116935|app: 0|req: 435/860] 10.222.0.13 () {60 vars in 1380 bytes} [Fri Apr 29 03:16:51 2022] GET /placement/allocations/7aa67da9-f8c7-4afa-ac3e-38070d1ed529 => generated 19 bytes in 29 msecs (HTTP/1.1 200) 8 headers in 295 bytes (1 switches on core 0)
Apr 29 03:16:51.615224 n-d-837162-1 devstack@placement-api.service[116934]: DEBUG placement.requestlog [req-9cd6aa0f-cc0e-42a4-a514-63bf2455eb16 req-6a6912f0-711b-42cb-8515-39a1eb35b419 None None] Starting request: 10.222.0.13 "PUT /placement/allocations/7aa67da9-f8c7-4afa-ac3e-38070d1ed529" {{(pid=116934) __call__ /opt/stack/placement/placement/requestlog.py:55}}
Apr 29 03:16:51.925555 n-d-837162-1 devstack@placement-api.service[116934]: DEBUG placement.handlers.allocation [req-9cd6aa0f-cc0e-42a4-a514-63bf2455eb16 req-6a6912f0-711b-42cb-8515-39a1eb35b419 service placement] Successfully wrote allocations [, , ] {{(pid=116934) _update_consumers_and_create_allocations /opt/stack/placement/placement/handlers/allocation.py:462}}
Apr 29 03:16:52.000821 n-d-837162-1 devstack@placement-api.service[116934]: INFO placement.requestlog [req-9cd6aa0f-cc0e-42a4-a514-63bf2455eb16 req-6a6912f0-711b-42cb-8515-39a1eb35b419 service placement] 10.222.0.13 "PUT /placement/allocations/7aa67da9-f8c7-4afa-ac3e-38070d1ed529" status: 204 len: 0 microversion: 1.36
Apr 29 03:16:52.001764 n-d-837162-1 devstack@placement-api.service[116934]: [pid: 116934|app: 0|req: 426/861] 10.222.0.13 () {64 vars in 1433 bytes} [Fri Apr 29 03:16:51 2022] PUT /placement/allocations/7aa67da9-f8c7-4afa-ac3e-38070d1ed529 => generated 0 bytes in 387 msecs (HTTP/1.1 204) 5 headers in 199 bytes (1 switches on core 0)
Apr 29 03:16:53.148394 n-d-837162-1 devstack@placement-api.service[116935]: DEBUG placement.requestlog [req-9cd6aa0f-cc0e-42a4-a514-63bf2455eb16 req-01b74dfa-3eed-4024-b4f6-2f031a09de00 None None] Starting request: 10.222.0.11 "GET /placement/allocations/7aa67da9-f8c7-4afa-ac3e-38070d1ed529" {{(pid=116935) __call__ /opt/stack/placement/placement/requestlog.py:55}}
Apr 29 03:16:53.194189 n-d-837162-1 devstack@placement-api.service[116935]: INFO placement.requestlog [req-9cd6aa0f-cc0e-42a4-a514-63bf2455eb16 req-01b74dfa-3eed-4024-b4f6-2f031a09de00 service placement] 10.222.0.11 "GET /placement/allocations/7aa67da9-f8c7-4afa-ac3e-38070d1ed529" status: 200 len: 259 microversion: 1.28
Apr 29 03:16:53.194883 n-d-837162-1 devstack@placement-api.service[116935]: [pid: 116935|app: 0|req: 436/862] 10.222.0.11 () {60 vars in 1377 bytes} [Fri Apr 29 03:16:53 2022] GET /placement/allocations/7aa67da9-f8c7-4afa-ac3e-38070d1ed529 => generated 259 bytes in 47 msecs (HTTP/1.1 200) 8 headers in 296 bytes (1 switches on core 0)
Apr 29 03:17:01.804711 n-d-837162-1 devstack@placement-api.service[116934]: DEBUG placement.requestlog [req-4106762d-1403-442e-b961-2fb6cbafa932 req-d3474dcc-c031-4ec4-a5e6-128019b73585 None None] Starting request: 10.222.0.25 "GET /placement/allocations/171ff24b-d25b-445a-9f40-92739b8a3f93" {{(pid=116934) __call__ /opt/stack/placement/placement/requestlog.py:55}}
Apr 29 03:17:01.829862 n-d-837162-1 devstack@placement-api.service[116934]: INFO placement.requestlog [req-4106762d-1403-442e-b961-2fb6cbafa932 req-d3474dcc-c031-4ec4-a5e6-128019b73585 service placement] 10.222.0.25 "GET /placement/allocations/171ff24b-d25b-445a-9f40-92739b8a3f93" status: 200 len: 259 microversion: 1.28
Apr 29 03:17:01.829862 n-d-837162-1 devstack@placement-api.service[116934]: [pid: 116934|app: 0|req: 427/863] 10.222.0.25 () {60 vars in 1377 bytes} [Fri Apr 29 03:17:01 2022] GET /placement/allocations/171ff24b-d25b-445a-9f40-92739b8a3f93 => generated 259 bytes in 23 msecs (HTTP/1.1 200) 8 headers in 296 bytes (1 switches on core 0)
Apr 29 03:17:16.370091 n-d-837162-1 devstack@placement-api.service[116935]: DEBUG placement.requestlog [req-09b22516-0fac-4ff3-a08a-f7167d5da1dd req-60ef5bf4-3e16-48fa-97f8-b0aff37c2641 None None] Starting request: 10.222.0.11 "DELETE /placement/allocations/7aa67da9-f8c7-4afa-ac3e-38070d1ed529" {{(pid=116935) __call__ /opt/stack/placement/placement/requestlog.py:55}}
Apr 29 03:17:16.599766 n-d-837162-1 devstack@placement-api.service[116935]: DEBUG placement.handlers.allocation [req-09b22516-0fac-4ff3-a08a-f7167d5da1dd req-60ef5bf4-3e16-48fa-97f8-b0aff37c2641 service placement] Successfully deleted allocations [, , ] {{(pid=116935) delete_allocations /opt/stack/placement/placement/handlers/allocation.py:627}}
Apr 29 03:17:16.600268 n-d-837162-1 devstack@placement-api.service[116935]: INFO placement.requestlog [req-09b22516-0fac-4ff3-a08a-f7167d5da1dd req-60ef5bf4-3e16-48fa-97f8-b0aff37c2641 service placement] 10.222.0.11 "DELETE /placement/allocations/7aa67da9-f8c7-4afa-ac3e-38070d1ed529" status: 204 len: 0 microversion: 1.0
Apr 29 03:17:16.600630 n-d-837162-1 devstack@placement-api.service[116935]: [pid: 116935|app: 0|req: 437/864] 10.222.0.11 () {60 vars in 1355 bytes} [Fri Apr 29 03:17:16 2022] DELETE /placement/allocations/7aa67da9-f8c7-4afa-ac3e-38070d1ed529 => generated 0 bytes in 231 msecs (HTTP/1.1 204) 5 headers in 198 bytes (1 switches on core 0)
Apr 29 03:17:28.380506 n-d-837162-1 devstack@placement-api.service[116934]: DEBUG placement.requestlog [req-c22548e7-5e12-4b03-8fba-38142b49f96c req-2886320c-3281-4b4c-8ada-dcd5c40c15d1 None None] Starting request: 10.222.0.13 "GET /placement/allocation_candidates?limit=1000&resources=DISK_GB%3A1%2CMEMORY_MB%3A1024%2CVCPU%3A1&root_required=%21COMPUTE_STATUS_DISABLED" {{(pid=116934) __call__ /opt/stack/placement/placement/requestlog.py:55}}
Apr 29 03:17:28.443404 n-d-837162-1 devstack@placement-api.service[116934]: DEBUG placement.objects.research_context [req-c22548e7-5e12-4b03-8fba-38142b49f96c req-2886320c-3281-4b4c-8ada-dcd5c40c15d1 service placement] getting providers with 1 DISK_GB {{(pid=116934) __init__ /opt/stack/placement/placement/objects/research_context.py:136}}
Apr 29 03:17:28.461201 n-d-837162-1 devstack@placement-api.service[116934]: DEBUG placement.objects.research_context [req-c22548e7-5e12-4b03-8fba-38142b49f96c req-2886320c-3281-4b4c-8ada-dcd5c40c15d1 service placement] getting providers with 1024 MEMORY_MB {{(pid=116934) __init__ /opt/stack/placement/placement/objects/research_context.py:136}}
Apr 29 03:17:28.467428 n-d-837162-1 devstack@placement-api.service[116934]: DEBUG placement.objects.research_context [req-c22548e7-5e12-4b03-8fba-38142b49f96c req-2886320c-3281-4b4c-8ada-dcd5c40c15d1 service placement] getting providers with 1 VCPU {{(pid=116934) __init__ /opt/stack/placement/placement/objects/research_context.py:136}}
Apr 29 03:17:28.485254 n-d-837162-1 devstack@placement-api.service[116934]: DEBUG placement.objects.research_context [req-c22548e7-5e12-4b03-8fba-38142b49f96c req-2886320c-3281-4b4c-8ada-dcd5c40c15d1 service placement] found 2 providers with available 1 DISK_GB {{(pid=116934) get_provider_ids_matching /opt/stack/placement/placement/objects/research_context.py:563}}
Apr 29 03:17:28.485498 n-d-837162-1 devstack@placement-api.service[116934]: DEBUG placement.objects.research_context [req-c22548e7-5e12-4b03-8fba-38142b49f96c req-2886320c-3281-4b4c-8ada-dcd5c40c15d1 service placement] found 2 providers with available 1024 MEMORY_MB {{(pid=116934) get_provider_ids_matching /opt/stack/placement/placement/objects/research_context.py:563}}
Apr 29 03:17:28.486034 n-d-837162-1 devstack@placement-api.service[116934]: DEBUG placement.objects.research_context [req-c22548e7-5e12-4b03-8fba-38142b49f96c req-2886320c-3281-4b4c-8ada-dcd5c40c15d1 service placement] found 2 providers after filtering by previous result {{(pid=116934) get_provider_ids_matching /opt/stack/placement/placement/objects/research_context.py:594}}
Apr 29 03:17:28.486306 n-d-837162-1 devstack@placement-api.service[116934]: DEBUG placement.objects.research_context [req-c22548e7-5e12-4b03-8fba-38142b49f96c req-2886320c-3281-4b4c-8ada-dcd5c40c15d1 service placement] found 2 providers with available 1 VCPU {{(pid=116934) get_provider_ids_matching /opt/stack/placement/placement/objects/research_context.py:563}}
Apr 29 03:17:28.486570 n-d-837162-1 devstack@placement-api.service[116934]: DEBUG placement.objects.research_context [req-c22548e7-5e12-4b03-8fba-38142b49f96c req-2886320c-3281-4b4c-8ada-dcd5c40c15d1 service placement] found 2 providers after filtering by previous result {{(pid=116934) get_provider_ids_matching /opt/stack/placement/placement/objects/research_context.py:594}}
Apr 29 03:17:28.498217 n-d-837162-1 devstack@placement-api.service[116934]: DEBUG placement.objects.allocation_candidate [req-c22548e7-5e12-4b03-8fba-38142b49f96c req-2886320c-3281-4b4c-8ada-dcd5c40c15d1 service placement] RequestGroup(use_same_provider=False, resources={DISK_GB:1, MEMORY_MB:1024, VCPU:1}, traits=(), aggregates=[]) (suffix '') returned 2 matches {{(pid=116934) _get_by_requests /opt/stack/placement/placement/objects/allocation_candidate.py:156}}
Apr 29 03:17:28.498891 n-d-837162-1 devstack@placement-api.service[116934]: DEBUG placement.objects.allocation_candidate [req-c22548e7-5e12-4b03-8fba-38142b49f96c req-2886320c-3281-4b4c-8ada-dcd5c40c15d1 service placement] Merging candidates yields 2 allocation requests and 2 provider summaries {{(pid=116934) _merge_candidates /opt/stack/placement/placement/objects/allocation_candidate.py:809}}
Apr 29 03:17:28.501241 n-d-837162-1 devstack@placement-api.service[116934]: INFO placement.requestlog [req-c22548e7-5e12-4b03-8fba-38142b49f96c req-2886320c-3281-4b4c-8ada-dcd5c40c15d1 service placement] 10.222.0.13 "GET /placement/allocation_candidates?limit=1000&resources=DISK_GB%3A1%2CMEMORY_MB%3A1024%2CVCPU%3A1&root_required=%21COMPUTE_STATUS_DISABLED" status: 200 len: 1306 microversion: 1.36
Apr 29 03:17:28.517956 n-d-837162-1 devstack@placement-api.service[116934]: [pid: 116934|app: 0|req: 428/865] 10.222.0.13 () {60 vars in 1506 bytes} [Fri Apr 29 03:17:28 2022] GET /placement/allocation_candidates?limit=1000&resources=DISK_GB%3A1%2CMEMORY_MB%3A1024%2CVCPU%3A1&root_required=%21COMPUTE_STATUS_DISABLED => generated 1306 bytes in 129 msecs (HTTP/1.1 200) 8 headers in 297 bytes (1 switches on core 0)
Apr 29 03:17:28.586313 n-d-837162-1 devstack@placement-api.service[116935]: DEBUG placement.requestlog [req-c22548e7-5e12-4b03-8fba-38142b49f96c req-a1400849-e78e-4435-8c83-beaef67b43c1 None None] Starting request: 10.222.0.13 "GET /placement/allocations/89524375-86f2-46b3-8ee3-fac2d6a852e3" {{(pid=116935) __call__ /opt/stack/placement/placement/requestlog.py:55}}
Apr 29 03:17:28.599072 n-d-837162-1 devstack@placement-api.service[116935]: INFO placement.requestlog [req-c22548e7-5e12-4b03-8fba-38142b49f96c req-a1400849-e78e-4435-8c83-beaef67b43c1 service placement] 10.222.0.13 "GET /placement/allocations/89524375-86f2-46b3-8ee3-fac2d6a852e3" status: 200 len: 19 microversion: 1.28
Apr 29 03:17:28.599439 n-d-837162-1 devstack@placement-api.service[116935]: [pid: 116935|app: 0|req: 438/866] 10.222.0.13 () {60 vars in 1380 bytes} [Fri Apr 29 03:17:28 2022] GET /placement/allocations/89524375-86f2-46b3-8ee3-fac2d6a852e3 => generated 19 bytes in 13 msecs (HTTP/1.1 200) 8 headers in 295 bytes (1 switches on core 0)
Apr 29 03:17:28.609581 n-d-837162-1 devstack@placement-api.service[116934]: DEBUG placement.requestlog [req-c22548e7-5e12-4b03-8fba-38142b49f96c req-37307e34-7b50-44d2-8884-a779569d0f78 None None] Starting request: 10.222.0.13 "PUT /placement/allocations/89524375-86f2-46b3-8ee3-fac2d6a852e3" {{(pid=116934) __call__ /opt/stack/placement/placement/requestlog.py:55}}
Apr 29 03:17:28.961988 n-d-837162-1 devstack@placement-api.service[116934]: DEBUG placement.handlers.allocation [req-c22548e7-5e12-4b03-8fba-38142b49f96c req-37307e34-7b50-44d2-8884-a779569d0f78 service placement] Successfully wrote allocations [, , ] {{(pid=116934) _update_consumers_and_create_allocations /opt/stack/placement/placement/handlers/allocation.py:462}}
Apr 29 03:17:29.050880 n-d-837162-1 devstack@placement-api.service[116934]: INFO placement.requestlog [req-c22548e7-5e12-4b03-8fba-38142b49f96c req-37307e34-7b50-44d2-8884-a779569d0f78 service placement] 10.222.0.13 "PUT /placement/allocations/89524375-86f2-46b3-8ee3-fac2d6a852e3" status: 204 len: 0 microversion: 1.36
Apr 29 03:17:29.051290 n-d-837162-1 devstack@placement-api.service[116934]: [pid: 116934|app: 0|req: 429/867] 10.222.0.13 () {64 vars in 1433 bytes} [Fri Apr 29 03:17:28 2022] PUT /placement/allocations/89524375-86f2-46b3-8ee3-fac2d6a852e3 => generated 0 bytes in 442 msecs (HTTP/1.1 204) 5 headers in 199 bytes (2 switches on core 0)
Apr 29 03:17:29.077071 n-d-837162-1 devstack@placement-api.service[116935]: DEBUG placement.requestlog [req-c22548e7-5e12-4b03-8fba-38142b49f96c req-b59c7e32-a7e9-4c56-9c8a-f11c638a325e None None] Starting request: 10.222.0.13 "GET /placement/allocations/ff7b152d-8938-43cf-bd9f-8da0556967ef" {{(pid=116935) __call__ /opt/stack/placement/placement/requestlog.py:55}}
Apr 29 03:17:29.089723 n-d-837162-1 devstack@placement-api.service[116935]: INFO placement.requestlog [req-c22548e7-5e12-4b03-8fba-38142b49f96c req-b59c7e32-a7e9-4c56-9c8a-f11c638a325e service placement] 10.222.0.13 "GET /placement/allocations/ff7b152d-8938-43cf-bd9f-8da0556967ef" status: 200 len: 19 microversion: 1.28
Apr 29 03:17:29.095254 n-d-837162-1 devstack@placement-api.service[116935]: [pid: 116935|app: 0|req: 439/868] 10.222.0.13 () {60 vars in 1380 bytes} [Fri Apr 29 03:17:29 2022] GET /placement/allocations/ff7b152d-8938-43cf-bd9f-8da0556967ef => generated 19 bytes in 18 msecs (HTTP/1.1 200) 8 headers in 295 bytes (1 switches on core 0)
Apr 29 03:17:29.096942 n-d-837162-1 devstack@placement-api.service[116934]: DEBUG placement.requestlog [req-c22548e7-5e12-4b03-8fba-38142b49f96c req-17378409-510e-4fff-8684-70b14282b0f8 None None] Starting request: 10.222.0.13 "PUT /placement/allocations/ff7b152d-8938-43cf-bd9f-8da0556967ef" {{(pid=116934) __call__ /opt/stack/placement/placement/requestlog.py:55}}
Apr 29 03:17:29.230897 n-d-837162-1 devstack@placement-api.service[116934]: DEBUG placement.handlers.allocation [req-c22548e7-5e12-4b03-8fba-38142b49f96c req-17378409-510e-4fff-8684-70b14282b0f8 service placement] Successfully wrote allocations [, , ] {{(pid=116934) _update_consumers_and_create_allocations /opt/stack/placement/placement/handlers/allocation.py:462}}
Apr 29 03:17:29.316726 n-d-837162-1 devstack@placement-api.service[116934]: INFO placement.requestlog [req-c22548e7-5e12-4b03-8fba-38142b49f96c req-17378409-510e-4fff-8684-70b14282b0f8 service placement] 10.222.0.13 "PUT /placement/allocations/ff7b152d-8938-43cf-bd9f-8da0556967ef" status: 204 len: 0 microversion: 1.36
Apr 29 03:17:29.317193 n-d-837162-1 devstack@placement-api.service[116934]: [pid: 116934|app: 0|req: 430/869] 10.222.0.13 () {64 vars in 1433 bytes} [Fri Apr 29 03:17:29 2022] PUT /placement/allocations/ff7b152d-8938-43cf-bd9f-8da0556967ef => generated 0 bytes in 221 msecs (HTTP/1.1 204) 5 headers in 199 bytes (1 switches on core 0)
Apr 29 03:17:29.360792 n-d-837162-1 devstack@placement-api.service[116935]: DEBUG placement.requestlog [req-c22548e7-5e12-4b03-8fba-38142b49f96c req-51814774-bf9b-40ed-8c23-7c6e53a5fdc0 None None] Starting request: 10.222.0.13 "GET /placement/allocations/828f68ff-9cc7-4c94-8df6-76ffe6f1fd23" {{(pid=116935) __call__ /opt/stack/placement/placement/requestlog.py:55}}
Apr 29 03:17:29.374488 n-d-837162-1 devstack@placement-api.service[116935]: INFO placement.requestlog [req-c22548e7-5e12-4b03-8fba-38142b49f96c req-51814774-bf9b-40ed-8c23-7c6e53a5fdc0 service placement] 10.222.0.13 "GET /placement/allocations/828f68ff-9cc7-4c94-8df6-76ffe6f1fd23" status: 200 len: 19 microversion: 1.28
Apr 29 03:17:29.374927 n-d-837162-1 devstack@placement-api.service[116935]: [pid: 116935|app: 0|req: 440/870] 10.222.0.13 () {60 vars in 1380 bytes} [Fri Apr 29 03:17:29 2022] GET /placement/allocations/828f68ff-9cc7-4c94-8df6-76ffe6f1fd23 => generated 19 bytes in 15 msecs (HTTP/1.1 200) 8 headers in 295 bytes (1 switches on core 0)
Apr 29 03:17:29.382133 n-d-837162-1 devstack@placement-api.service[116934]: DEBUG placement.requestlog [req-c22548e7-5e12-4b03-8fba-38142b49f96c req-922540b3-5711-4878-a1a6-6636681cf318 None None] Starting request: 10.222.0.13 "PUT /placement/allocations/828f68ff-9cc7-4c94-8df6-76ffe6f1fd23" {{(pid=116934) __call__ /opt/stack/placement/placement/requestlog.py:55}}
Apr 29 03:17:29.507317 n-d-837162-1 devstack@placement-api.service[116934]: DEBUG placement.handlers.allocation [req-c22548e7-5e12-4b03-8fba-38142b49f96c req-922540b3-5711-4878-a1a6-6636681cf318 service placement] Successfully wrote allocations [, , ] {{(pid=116934) _update_consumers_and_create_allocations /opt/stack/placement/placement/handlers/allocation.py:462}}
Apr 29 03:17:29.559537 n-d-837162-1 devstack@placement-api.service[116934]: INFO placement.requestlog [req-c22548e7-5e12-4b03-8fba-38142b49f96c req-922540b3-5711-4878-a1a6-6636681cf318 service placement] 10.222.0.13 "PUT /placement/allocations/828f68ff-9cc7-4c94-8df6-76ffe6f1fd23" status: 204 len: 0 microversion: 1.36
Apr 29 03:17:29.559938 n-d-837162-1 devstack@placement-api.service[116934]: [pid: 116934|app: 0|req: 431/871] 10.222.0.13 () {64 vars in 1433 bytes} [Fri Apr 29 03:17:29 2022] PUT /placement/allocations/828f68ff-9cc7-4c94-8df6-76ffe6f1fd23 => generated 0 bytes in 178 msecs (HTTP/1.1 204) 5 headers in 199 bytes (1 switches on core 0)
Apr 29 03:17:30.894260 n-d-837162-1 devstack@placement-api.service[116935]: DEBUG placement.requestlog [req-c22548e7-5e12-4b03-8fba-38142b49f96c req-3daf7a99-0069-4565-aeca-c20a3e5ed1fb None None] Starting request: 10.222.0.11 "GET /placement/allocations/89524375-86f2-46b3-8ee3-fac2d6a852e3" {{(pid=116935) __call__ /opt/stack/placement/placement/requestlog.py:55}}
Apr 29 03:17:30.916535 n-d-837162-1 devstack@placement-api.service[116935]: INFO placement.requestlog [req-c22548e7-5e12-4b03-8fba-38142b49f96c req-3daf7a99-0069-4565-aeca-c20a3e5ed1fb service placement] 10.222.0.11 "GET /placement/allocations/89524375-86f2-46b3-8ee3-fac2d6a852e3" status: 200 len: 259 microversion: 1.28
Apr 29 03:17:30.917427 n-d-837162-1 devstack@placement-api.service[116935]: [pid: 116935|app: 0|req: 441/872] 10.222.0.11 () {60 vars in 1377 bytes} [Fri Apr 29 03:17:30 2022] GET /placement/allocations/89524375-86f2-46b3-8ee3-fac2d6a852e3 => generated 259 bytes in 23 msecs (HTTP/1.1 200) 8 headers in 296 bytes (1 switches on core 0)
Apr 29 03:17:31.514359 n-d-837162-1 devstack@placement-api.service[116934]: DEBUG placement.requestlog [req-c22548e7-5e12-4b03-8fba-38142b49f96c req-7222f700-9f24-4776-befe-b81f7c7e76f3 None None] Starting request: 10.222.0.11 "GET /placement/allocations/ff7b152d-8938-43cf-bd9f-8da0556967ef" {{(pid=116934) __call__ /opt/stack/placement/placement/requestlog.py:55}}
Apr 29 03:17:31.593145 n-d-837162-1 devstack@placement-api.service[116934]: INFO placement.requestlog [req-c22548e7-5e12-4b03-8fba-38142b49f96c req-7222f700-9f24-4776-befe-b81f7c7e76f3 service placement] 10.222.0.11 "GET /placement/allocations/ff7b152d-8938-43cf-bd9f-8da0556967ef" status: 200 len: 259 microversion: 1.28
Apr 29 03:17:31.599110 n-d-837162-1 devstack@placement-api.service[116934]: [pid: 116934|app: 0|req: 432/873] 10.222.0.11 () {60 vars in 1377 bytes} [Fri Apr 29 03:17:31 2022] GET /placement/allocations/ff7b152d-8938-43cf-bd9f-8da0556967ef => generated 259 bytes in 86 msecs (HTTP/1.1 200) 8 headers in 296 bytes (1 switches on core 0)
Apr 29 03:17:31.854216 n-d-837162-1 devstack@placement-api.service[116935]: DEBUG placement.requestlog [req-c22548e7-5e12-4b03-8fba-38142b49f96c req-947aa049-abe3-423e-8396-5ed8148c8fac None None] Starting request: 10.222.0.25 "GET /placement/allocations/828f68ff-9cc7-4c94-8df6-76ffe6f1fd23" {{(pid=116935) __call__ /opt/stack/placement/placement/requestlog.py:55}}
Apr 29 03:17:31.907337 n-d-837162-1 devstack@placement-api.service[116935]: INFO placement.requestlog [req-c22548e7-5e12-4b03-8fba-38142b49f96c req-947aa049-abe3-423e-8396-5ed8148c8fac service placement] 10.222.0.25 "GET /placement/allocations/828f68ff-9cc7-4c94-8df6-76ffe6f1fd23" status: 200 len: 259 microversion: 1.28
Apr 29 03:17:31.910172 n-d-837162-1 devstack@placement-api.service[116935]: [pid: 116935|app: 0|req: 442/874] 10.222.0.25 () {60 vars in 1377 bytes} [Fri Apr 29 03:17:31 2022] GET /placement/allocations/828f68ff-9cc7-4c94-8df6-76ffe6f1fd23 => generated 259 bytes in 57 msecs (HTTP/1.1 200) 8 headers in 296 bytes (1 switches on core 0)
Apr 29 03:17:31.913345 n-d-837162-1 devstack@placement-api.service[116934]: DEBUG placement.requestlog [req-d20ddc42-13ec-46a4-82de-9f034d7b1f15 req-e4ac531c-f961-43d2-a19a-04efbff1e96f None None] Starting request: 10.222.0.11 "GET /placement/resource_providers/4d8e3587-b08c-4571-835b-5e85d70f17e0/allocations" {{(pid=116934) __call__ /opt/stack/placement/placement/requestlog.py:55}}
Apr 29 03:17:31.981358 n-d-837162-1 devstack@placement-api.service[116934]: INFO placement.requestlog [req-d20ddc42-13ec-46a4-82de-9f034d7b1f15 req-e4ac531c-f961-43d2-a19a-04efbff1e96f service placement] 10.222.0.11 "GET /placement/resource_providers/4d8e3587-b08c-4571-835b-5e85d70f17e0/allocations" status: 200 len: 255 microversion: 1.0
Apr 29 03:17:31.983052 n-d-837162-1 devstack@placement-api.service[116934]: [pid: 116934|app: 0|req: 433/875] 10.222.0.11 () {58 vars in 1390 bytes} [Fri Apr 29 03:17:31 2022] GET /placement/resource_providers/4d8e3587-b08c-4571-835b-5e85d70f17e0/allocations => generated 255 bytes in 70 msecs (HTTP/1.1 200) 6 headers in 224 bytes (1 switches on core 0)
Apr 29 03:17:34.125132 n-d-837162-1 devstack@placement-api.service[116935]: DEBUG placement.requestlog [req-fe389a1f-0d2e-490b-a754-0273f11d8ede req-6307578b-0cc5-4d2a-8d40-9f27dcb8280f None None] Starting request: 10.222.0.25 "GET /placement/resource_providers/bfd3c268-9a32-4c04-9f8d-015904e388e4/allocations" {{(pid=116935) __call__ /opt/stack/placement/placement/requestlog.py:55}}
Apr 29 03:17:34.174598 n-d-837162-1 devstack@placement-api.service[116935]: INFO placement.requestlog [req-fe389a1f-0d2e-490b-a754-0273f11d8ede req-6307578b-0cc5-4d2a-8d40-9f27dcb8280f service placement] 10.222.0.25 "GET /placement/resource_providers/bfd3c268-9a32-4c04-9f8d-015904e388e4/allocations" status: 200 len: 356 microversion: 1.0
Apr 29 03:17:34.174969 n-d-837162-1 devstack@placement-api.service[116935]: [pid: 116935|app: 0|req: 443/876] 10.222.0.25 () {58 vars in 1390 bytes} [Fri Apr 29 03:17:34 2022] GET /placement/resource_providers/bfd3c268-9a32-4c04-9f8d-015904e388e4/allocations => generated 356 bytes in 50 msecs (HTTP/1.1 200) 6 headers in 224 bytes (1 switches on core 0)
Apr 29 03:17:45.670015 n-d-837162-1 devstack@placement-api.service[116934]: DEBUG placement.requestlog [req-c508b13c-61d3-48c6-aee2-8440137c3975 req-adf391cc-959f-42ba-9f01-aba2b7f79a87 None None] Starting request: 10.222.0.13 "GET /placement/allocation_candidates?limit=1000&resources=DISK_GB%3A1%2CMEMORY_MB%3A1024%2CVCPU%3A1&root_required=%21COMPUTE_STATUS_DISABLED" {{(pid=116934) __call__ /opt/stack/placement/placement/requestlog.py:55}}
Apr 29 03:17:45.789910 n-d-837162-1 devstack@placement-api.service[116934]: DEBUG placement.objects.research_context [req-c508b13c-61d3-48c6-aee2-8440137c3975 req-adf391cc-959f-42ba-9f01-aba2b7f79a87 service placement] getting providers with 1 DISK_GB {{(pid=116934) __init__ /opt/stack/placement/placement/objects/research_context.py:136}}
Apr 29 03:17:45.824844 n-d-837162-1 devstack@placement-api.service[116934]: DEBUG placement.objects.research_context [req-c508b13c-61d3-48c6-aee2-8440137c3975 req-adf391cc-959f-42ba-9f01-aba2b7f79a87 service placement] getting providers with 1024 MEMORY_MB {{(pid=116934) __init__ /opt/stack/placement/placement/objects/research_context.py:136}}
Apr 29 03:17:45.847357 n-d-837162-1 devstack@placement-api.service[116934]: DEBUG placement.objects.research_context [req-c508b13c-61d3-48c6-aee2-8440137c3975 req-adf391cc-959f-42ba-9f01-aba2b7f79a87 service placement] getting providers with 1 VCPU {{(pid=116934) __init__ /opt/stack/placement/placement/objects/research_context.py:136}}
Apr 29 03:17:45.865840 n-d-837162-1 devstack@placement-api.service[116934]: DEBUG placement.objects.research_context [req-c508b13c-61d3-48c6-aee2-8440137c3975 req-adf391cc-959f-42ba-9f01-aba2b7f79a87 service placement] found 2 providers with available 1 DISK_GB {{(pid=116934) get_provider_ids_matching /opt/stack/placement/placement/objects/research_context.py:563}}
Apr 29 03:17:45.866046 n-d-837162-1 devstack@placement-api.service[116934]: DEBUG placement.objects.research_context [req-c508b13c-61d3-48c6-aee2-8440137c3975 req-adf391cc-959f-42ba-9f01-aba2b7f79a87 service placement] found 2 providers with available 1024 MEMORY_MB {{(pid=116934) get_provider_ids_matching /opt/stack/placement/placement/objects/research_context.py:563}}
Apr 29 03:17:45.866770 n-d-837162-1 devstack@placement-api.service[116934]: DEBUG placement.objects.research_context [req-c508b13c-61d3-48c6-aee2-8440137c3975 req-adf391cc-959f-42ba-9f01-aba2b7f79a87 service placement] found 2 providers after filtering by previous result {{(pid=116934) get_provider_ids_matching /opt/stack/placement/placement/objects/research_context.py:594}}
Apr 29 03:17:45.870357 n-d-837162-1 devstack@placement-api.service[116934]: DEBUG placement.objects.research_context [req-c508b13c-61d3-48c6-aee2-8440137c3975 req-adf391cc-959f-42ba-9f01-aba2b7f79a87 service placement] found 2 providers with available 1 VCPU {{(pid=116934) get_provider_ids_matching /opt/stack/placement/placement/objects/research_context.py:563}}
Apr 29 03:17:45.870357 n-d-837162-1 devstack@placement-api.service[116934]: DEBUG placement.objects.research_context [req-c508b13c-61d3-48c6-aee2-8440137c3975 req-adf391cc-959f-42ba-9f01-aba2b7f79a87 service placement] found 2 providers after filtering by previous result {{(pid=116934) get_provider_ids_matching /opt/stack/placement/placement/objects/research_context.py:594}}
Apr 29 03:17:45.892923 n-d-837162-1 devstack@placement-api.service[116934]: DEBUG placement.objects.allocation_candidate [req-c508b13c-61d3-48c6-aee2-8440137c3975 req-adf391cc-959f-42ba-9f01-aba2b7f79a87 service placement] RequestGroup(use_same_provider=False, resources={DISK_GB:1, MEMORY_MB:1024, VCPU:1}, traits=(), aggregates=[]) (suffix '') returned 2 matches {{(pid=116934) _get_by_requests /opt/stack/placement/placement/objects/allocation_candidate.py:156}}
Apr 29 03:17:45.896845 n-d-837162-1 devstack@placement-api.service[116934]: DEBUG placement.objects.allocation_candidate [req-c508b13c-61d3-48c6-aee2-8440137c3975 req-adf391cc-959f-42ba-9f01-aba2b7f79a87 service placement] Merging candidates yields 2 allocation requests and 2 provider summaries {{(pid=116934) _merge_candidates /opt/stack/placement/placement/objects/allocation_candidate.py:809}}
Apr 29 03:17:45.901193 n-d-837162-1 devstack@placement-api.service[116934]: INFO placement.requestlog [req-c508b13c-61d3-48c6-aee2-8440137c3975 req-adf391cc-959f-42ba-9f01-aba2b7f79a87 service placement] 10.222.0.13 "GET /placement/allocation_candidates?limit=1000&resources=DISK_GB%3A1%2CMEMORY_MB%3A1024%2CVCPU%3A1&root_required=%21COMPUTE_STATUS_DISABLED" status: 200 len: 1309 microversion: 1.36
Apr 29 03:17:45.902112 n-d-837162-1 devstack@placement-api.service[116934]: [pid: 116934|app: 0|req: 434/877] 10.222.0.13 () {60 vars in 1506 bytes} [Fri Apr 29 03:17:45 2022] GET /placement/allocation_candidates?limit=1000&resources=DISK_GB%3A1%2CMEMORY_MB%3A1024%2CVCPU%3A1&root_required=%21COMPUTE_STATUS_DISABLED => generated 1309 bytes in 232 msecs (HTTP/1.1 200) 8 headers in 297 bytes (1 switches on core 0)
Apr 29 03:17:46.067679 n-d-837162-1 devstack@placement-api.service[116935]: DEBUG placement.requestlog [req-c508b13c-61d3-48c6-aee2-8440137c3975 req-3f681ae8-646f-492c-947e-db35a1c62137 None None] Starting request: 10.222.0.13 "GET /placement/allocations/910fae7b-750a-4a9f-8ed1-bbf93dccce9f" {{(pid=116935) __call__ /opt/stack/placement/placement/requestlog.py:55}}
Apr 29 03:17:46.087518 n-d-837162-1 devstack@placement-api.service[116935]: INFO placement.requestlog [req-c508b13c-61d3-48c6-aee2-8440137c3975 req-3f681ae8-646f-492c-947e-db35a1c62137 service placement] 10.222.0.13 "GET /placement/allocations/910fae7b-750a-4a9f-8ed1-bbf93dccce9f" status: 200 len: 19 microversion: 1.28
Apr 29 03:17:46.090542 n-d-837162-1 devstack@placement-api.service[116935]: [pid: 116935|app: 0|req: 444/878] 10.222.0.13 () {60 vars in 1380 bytes} [Fri Apr 29 03:17:46 2022] GET /placement/allocations/910fae7b-750a-4a9f-8ed1-bbf93dccce9f => generated 19 bytes in 23 msecs (HTTP/1.1 200) 8 headers in 295 bytes (1 switches on core 0)
Apr 29 03:17:46.095489 n-d-837162-1 devstack@placement-api.service[116934]: DEBUG placement.requestlog [req-c508b13c-61d3-48c6-aee2-8440137c3975 req-34706552-72a8-4eba-9cdd-89586e03a2f9 None None] Starting request: 10.222.0.13 "PUT /placement/allocations/910fae7b-750a-4a9f-8ed1-bbf93dccce9f" {{(pid=116934) __call__ /opt/stack/placement/placement/requestlog.py:55}}
Apr 29 03:17:46.309599 n-d-837162-1 devstack@placement-api.service[116935]: DEBUG placement.requestlog [req-2570ea8d-bf82-468a-b190-51f972e2a544 req-27bf73de-75a2-4c2e-82b5-641a932999ad None None] Starting request: 10.222.0.25 "DELETE /placement/allocations/171ff24b-d25b-445a-9f40-92739b8a3f93" {{(pid=116935) __call__ /opt/stack/placement/placement/requestlog.py:55}}
Apr 29 03:17:46.337067 n-d-837162-1 devstack@placement-api.service[116934]: DEBUG placement.handlers.allocation [req-c508b13c-61d3-48c6-aee2-8440137c3975 req-34706552-72a8-4eba-9cdd-89586e03a2f9 service placement] Successfully wrote allocations [, , ] {{(pid=116934) _update_consumers_and_create_allocations /opt/stack/placement/placement/handlers/allocation.py:462}}
Apr 29 03:17:46.403636 n-d-837162-1 devstack@placement-api.service[116934]: INFO placement.requestlog [req-c508b13c-61d3-48c6-aee2-8440137c3975 req-34706552-72a8-4eba-9cdd-89586e03a2f9 service placement] 10.222.0.13 "PUT /placement/allocations/910fae7b-750a-4a9f-8ed1-bbf93dccce9f" status: 204 len: 0 microversion: 1.36
Apr 29 03:17:46.403636 n-d-837162-1 devstack@placement-api.service[116934]: [pid: 116934|app: 0|req: 435/879] 10.222.0.13 () {64 vars in 1433 bytes} [Fri Apr 29 03:17:46 2022] PUT /placement/allocations/910fae7b-750a-4a9f-8ed1-bbf93dccce9f => generated 0 bytes in 306 msecs (HTTP/1.1 204) 5 headers in 199 bytes (1 switches on core 0)
Apr 29 03:17:46.570351 n-d-837162-1 devstack@placement-api.service[116935]: DEBUG placement.handlers.allocation [req-2570ea8d-bf82-468a-b190-51f972e2a544 req-27bf73de-75a2-4c2e-82b5-641a932999ad service placement] Successfully deleted allocations [, , ] {{(pid=116935) delete_allocations /opt/stack/placement/placement/handlers/allocation.py:627}}
Apr 29 03:17:46.570930 n-d-837162-1 devstack@placement-api.service[116935]: INFO placement.requestlog [req-2570ea8d-bf82-468a-b190-51f972e2a544 req-27bf73de-75a2-4c2e-82b5-641a932999ad service placement] 10.222.0.25 "DELETE /placement/allocations/171ff24b-d25b-445a-9f40-92739b8a3f93" status: 204 len: 0 microversion: 1.0
Apr 29 03:17:46.571652 n-d-837162-1 devstack@placement-api.service[116935]: [pid: 116935|app: 0|req: 445/880] 10.222.0.25 () {60 vars in 1355 bytes} [Fri Apr 29 03:17:46 2022] DELETE /placement/allocations/171ff24b-d25b-445a-9f40-92739b8a3f93 => generated 0 bytes in 262 msecs (HTTP/1.1 204) 5 headers in 198 bytes (1 switches on core 0)
Apr 29 03:17:47.554689 n-d-837162-1 devstack@placement-api.service[116934]: DEBUG placement.requestlog [req-c508b13c-61d3-48c6-aee2-8440137c3975 req-877b8825-7994-42e8-b061-3f3bc06b8281 None None] Starting request: 10.222.0.25 "GET /placement/allocations/910fae7b-750a-4a9f-8ed1-bbf93dccce9f" {{(pid=116934) __call__ /opt/stack/placement/placement/requestlog.py:55}}
Apr 29 03:17:47.591728 n-d-837162-1 devstack@placement-api.service[116934]: INFO placement.requestlog [req-c508b13c-61d3-48c6-aee2-8440137c3975 req-877b8825-7994-42e8-b061-3f3bc06b8281 service placement] 10.222.0.25 "GET /placement/allocations/910fae7b-750a-4a9f-8ed1-bbf93dccce9f" status: 200 len: 259 microversion: 1.28
Apr 29 03:17:47.594514 n-d-837162-1 devstack@placement-api.service[116934]: [pid: 116934|app: 0|req: 436/881] 10.222.0.25 () {60 vars in 1377 bytes} [Fri Apr 29 03:17:47 2022] GET /placement/allocations/910fae7b-750a-4a9f-8ed1-bbf93dccce9f => generated 259 bytes in 40 msecs (HTTP/1.1 200) 8 headers in 296 bytes (1 switches on core 0)
Apr 29 03:17:49.890142 n-d-837162-1 devstack@placement-api.service[116935]: DEBUG placement.requestlog [req-52b8d491-26f0-462d-8c05-5be1d4a00e56 req-ba93bc2a-b60a-4d26-85d4-90fd11375658 None None] Starting request: 10.222.0.25 "DELETE /placement/allocations/95881b20-fd22-4132-be2d-57ba03f9e64b" {{(pid=116935) __call__ /opt/stack/placement/placement/requestlog.py:55}}
Apr 29 03:17:50.130256 n-d-837162-1 devstack@placement-api.service[116935]: DEBUG placement.handlers.allocation [req-52b8d491-26f0-462d-8c05-5be1d4a00e56 req-ba93bc2a-b60a-4d26-85d4-90fd11375658 service placement] Successfully deleted allocations [, , ] {{(pid=116935) delete_allocations /opt/stack/placement/placement/handlers/allocation.py:627}}
Apr 29 03:17:50.130788 n-d-837162-1 devstack@placement-api.service[116935]: INFO placement.requestlog [req-52b8d491-26f0-462d-8c05-5be1d4a00e56 req-ba93bc2a-b60a-4d26-85d4-90fd11375658 service placement] 10.222.0.25 "DELETE /placement/allocations/95881b20-fd22-4132-be2d-57ba03f9e64b" status: 204 len: 0 microversion: 1.0
Apr 29 03:17:50.131170 n-d-837162-1 devstack@placement-api.service[116935]: [pid: 116935|app: 0|req: 446/882] 10.222.0.25 () {60 vars in 1355 bytes} [Fri Apr 29 03:17:49 2022] DELETE /placement/allocations/95881b20-fd22-4132-be2d-57ba03f9e64b => generated 0 bytes in 241 msecs (HTTP/1.1 204) 5 headers in 198 bytes (2 switches on core 0)
Apr 29 03:18:02.407076 n-d-837162-1 devstack@placement-api.service[116934]: DEBUG placement.requestlog [req-bcb7c94b-f120-47d9-9a83-ba075600620a req-7789832e-4f45-4761-b592-1657e6e74c61 None None] Starting request: 10.222.0.11 "DELETE /placement/allocations/89524375-86f2-46b3-8ee3-fac2d6a852e3" {{(pid=116934) __call__ /opt/stack/placement/placement/requestlog.py:55}}
Apr 29 03:18:02.655613 n-d-837162-1 devstack@placement-api.service[116934]: DEBUG placement.handlers.allocation [req-bcb7c94b-f120-47d9-9a83-ba075600620a req-7789832e-4f45-4761-b592-1657e6e74c61 service placement] Successfully deleted allocations [, , ] {{(pid=116934) delete_allocations /opt/stack/placement/placement/handlers/allocation.py:627}}
Apr 29 03:18:02.656480 n-d-837162-1 devstack@placement-api.service[116934]: INFO placement.requestlog [req-bcb7c94b-f120-47d9-9a83-ba075600620a req-7789832e-4f45-4761-b592-1657e6e74c61 service placement] 10.222.0.11 "DELETE /placement/allocations/89524375-86f2-46b3-8ee3-fac2d6a852e3" status: 204 len: 0 microversion: 1.0
Apr 29 03:18:02.657132 n-d-837162-1 devstack@placement-api.service[116934]: [pid: 116934|app: 0|req: 437/883] 10.222.0.11 () {60 vars in 1355 bytes} [Fri Apr 29 03:18:02 2022] DELETE /placement/allocations/89524375-86f2-46b3-8ee3-fac2d6a852e3 => generated 0 bytes in 250 msecs (HTTP/1.1 204) 5 headers in 198 bytes (1 switches on core 0)
Apr 29 03:18:08.269878 n-d-837162-1 devstack@placement-api.service[116935]: DEBUG placement.requestlog [req-92af4103-6723-46f7-9338-24d9d3b54d67 req-a4c6a890-718f-4827-affa-73554ae81b46 None None] Starting request: 10.222.0.25 "GET /placement/allocations/910fae7b-750a-4a9f-8ed1-bbf93dccce9f" {{(pid=116935) __call__ /opt/stack/placement/placement/requestlog.py:55}}
Apr 29 03:18:08.298279 n-d-837162-1 devstack@placement-api.service[116935]: INFO placement.requestlog [req-92af4103-6723-46f7-9338-24d9d3b54d67 req-a4c6a890-718f-4827-affa-73554ae81b46 service placement] 10.222.0.25 "GET /placement/allocations/910fae7b-750a-4a9f-8ed1-bbf93dccce9f" status: 200 len: 259 microversion: 1.28
Apr 29 03:18:08.299060 n-d-837162-1 devstack@placement-api.service[116935]: [pid: 116935|app: 0|req: 447/884] 10.222.0.25 () {60 vars in 1377 bytes} [Fri Apr 29 03:18:08 2022] GET /placement/allocations/910fae7b-750a-4a9f-8ed1-bbf93dccce9f => generated 259 bytes in 29 msecs (HTTP/1.1 200) 8 headers in 296 bytes (1 switches on core 0)
Apr 29 03:18:10.168716 n-d-837162-1 devstack@placement-api.service[116934]: DEBUG placement.requestlog [req-4b056497-e4e5-4385-a5e0-16154e410c1c req-b1139513-45ee-4a69-9dc1-b605a4a03838 None None] Starting request: 10.222.0.11 "DELETE /placement/allocations/ff7b152d-8938-43cf-bd9f-8da0556967ef" {{(pid=116934) __call__ /opt/stack/placement/placement/requestlog.py:55}}
Apr 29 03:18:10.368107 n-d-837162-1 devstack@placement-api.service[116934]: DEBUG placement.handlers.allocation [req-4b056497-e4e5-4385-a5e0-16154e410c1c req-b1139513-45ee-4a69-9dc1-b605a4a03838 service placement] Successfully deleted allocations [, , ] {{(pid=116934) delete_allocations /opt/stack/placement/placement/handlers/allocation.py:627}}
Apr 29 03:18:10.368107 n-d-837162-1 devstack@placement-api.service[116934]: INFO placement.requestlog [req-4b056497-e4e5-4385-a5e0-16154e410c1c req-b1139513-45ee-4a69-9dc1-b605a4a03838 service placement] 10.222.0.11 "DELETE /placement/allocations/ff7b152d-8938-43cf-bd9f-8da0556967ef" status: 204 len: 0 microversion: 1.0
Apr 29 03:18:10.368107 n-d-837162-1 devstack@placement-api.service[116934]: [pid: 116934|app: 0|req: 438/885] 10.222.0.11 () {60 vars in 1355 bytes} [Fri Apr 29 03:18:10 2022] DELETE /placement/allocations/ff7b152d-8938-43cf-bd9f-8da0556967ef => generated 0 bytes in 198 msecs (HTTP/1.1 204) 5 headers in 198 bytes (1 switches on core 0)
Apr 29 03:18:11.599093 n-d-837162-1 devstack@placement-api.service[116935]: DEBUG placement.requestlog [req-956d4bdb-1606-43f1-8429-e9c0dcd3052d req-56fc8f64-c3d2-4b51-9bf0-d5cf3118aa6d None None] Starting request: 10.222.0.25 "DELETE /placement/allocations/828f68ff-9cc7-4c94-8df6-76ffe6f1fd23" {{(pid=116935) __call__ /opt/stack/placement/placement/requestlog.py:55}}
Apr 29 03:18:11.792189 n-d-837162-1 devstack@placement-api.service[116935]: DEBUG placement.handlers.allocation [req-956d4bdb-1606-43f1-8429-e9c0dcd3052d req-56fc8f64-c3d2-4b51-9bf0-d5cf3118aa6d service placement] Successfully deleted allocations [, , ] {{(pid=116935) delete_allocations /opt/stack/placement/placement/handlers/allocation.py:627}}
Apr 29 03:18:11.806830 n-d-837162-1 devstack@placement-api.service[116935]: INFO placement.requestlog [req-956d4bdb-1606-43f1-8429-e9c0dcd3052d req-56fc8f64-c3d2-4b51-9bf0-d5cf3118aa6d service placement] 10.222.0.25 "DELETE /placement/allocations/828f68ff-9cc7-4c94-8df6-76ffe6f1fd23" status: 204 len: 0 microversion: 1.0
Apr 29 03:18:11.806830 n-d-837162-1 devstack@placement-api.service[116935]: [pid: 116935|app: 0|req: 448/886] 10.222.0.25 () {60 vars in 1355 bytes} [Fri Apr 29 03:18:11 2022] DELETE /placement/allocations/828f68ff-9cc7-4c94-8df6-76ffe6f1fd23 => generated 0 bytes in 194 msecs (HTTP/1.1 204) 5 headers in 198 bytes (1 switches on core 0)
Apr 29 03:18:25.837338 n-d-837162-1 devstack@placement-api.service[116934]: DEBUG placement.requestlog [req-3724c930-885f-4625-a101-2d508f0030a0 req-823139b9-e4e9-4bb7-8ed8-2efd56b638ce None None] Starting request: 10.222.0.13 "GET /placement/allocation_candidates?limit=1000&resources=DISK_GB%3A1%2CMEMORY_MB%3A1024%2CVCPU%3A1&root_required=%21COMPUTE_STATUS_DISABLED" {{(pid=116934) __call__ /opt/stack/placement/placement/requestlog.py:55}}
Apr 29 03:18:26.020933 n-d-837162-1 devstack@placement-api.service[116934]: DEBUG placement.objects.research_context [req-3724c930-885f-4625-a101-2d508f0030a0 req-823139b9-e4e9-4bb7-8ed8-2efd56b638ce service placement] getting providers with 1 DISK_GB {{(pid=116934) __init__ /opt/stack/placement/placement/objects/research_context.py:136}}
Apr 29 03:18:26.026687 n-d-837162-1 devstack@placement-api.service[116934]: DEBUG placement.objects.research_context [req-3724c930-885f-4625-a101-2d508f0030a0 req-823139b9-e4e9-4bb7-8ed8-2efd56b638ce service placement] getting providers with 1024 MEMORY_MB {{(pid=116934) __init__ /opt/stack/placement/placement/objects/research_context.py:136}}
Apr 29 03:18:26.033933 n-d-837162-1 devstack@placement-api.service[116934]: DEBUG placement.objects.research_context [req-3724c930-885f-4625-a101-2d508f0030a0 req-823139b9-e4e9-4bb7-8ed8-2efd56b638ce service placement] getting providers with 1 VCPU {{(pid=116934) __init__ /opt/stack/placement/placement/objects/research_context.py:136}}
Apr 29 03:18:26.040073 n-d-837162-1 devstack@placement-api.service[116934]: DEBUG placement.objects.research_context [req-3724c930-885f-4625-a101-2d508f0030a0 req-823139b9-e4e9-4bb7-8ed8-2efd56b638ce service placement] found 2 providers with available 1 DISK_GB {{(pid=116934) get_provider_ids_matching /opt/stack/placement/placement/objects/research_context.py:563}}
Apr 29 03:18:26.040658 n-d-837162-1 devstack@placement-api.service[116934]: DEBUG placement.objects.research_context [req-3724c930-885f-4625-a101-2d508f0030a0 req-823139b9-e4e9-4bb7-8ed8-2efd56b638ce service placement] found 2 providers with available 1024 MEMORY_MB {{(pid=116934) get_provider_ids_matching /opt/stack/placement/placement/objects/research_context.py:563}}
Apr 29 03:18:26.041145 n-d-837162-1 devstack@placement-api.service[116934]: DEBUG placement.objects.research_context [req-3724c930-885f-4625-a101-2d508f0030a0 req-823139b9-e4e9-4bb7-8ed8-2efd56b638ce service placement] found 2 providers after filtering by previous result {{(pid=116934) get_provider_ids_matching /opt/stack/placement/placement/objects/research_context.py:594}}
Apr 29 03:18:26.041614 n-d-837162-1 devstack@placement-api.service[116934]: DEBUG placement.objects.research_context [req-3724c930-885f-4625-a101-2d508f0030a0 req-823139b9-e4e9-4bb7-8ed8-2efd56b638ce service placement] found 2 providers with available 1 VCPU {{(pid=116934) get_provider_ids_matching /opt/stack/placement/placement/objects/research_context.py:563}}
Apr 29 03:18:26.042082 n-d-837162-1 devstack@placement-api.service[116934]: DEBUG placement.objects.research_context [req-3724c930-885f-4625-a101-2d508f0030a0 req-823139b9-e4e9-4bb7-8ed8-2efd56b638ce service placement] found 2 providers after filtering by previous result {{(pid=116934) get_provider_ids_matching /opt/stack/placement/placement/objects/research_context.py:594}}
Apr 29 03:18:26.055545 n-d-837162-1 devstack@placement-api.service[116934]: DEBUG placement.objects.allocation_candidate [req-3724c930-885f-4625-a101-2d508f0030a0 req-823139b9-e4e9-4bb7-8ed8-2efd56b638ce service placement] RequestGroup(use_same_provider=False, resources={DISK_GB:1, MEMORY_MB:1024, VCPU:1}, traits=(), aggregates=[]) (suffix '') returned 2 matches {{(pid=116934) _get_by_requests /opt/stack/placement/placement/objects/allocation_candidate.py:156}}
Apr 29 03:18:26.056628 n-d-837162-1 devstack@placement-api.service[116934]: DEBUG placement.objects.allocation_candidate [req-3724c930-885f-4625-a101-2d508f0030a0 req-823139b9-e4e9-4bb7-8ed8-2efd56b638ce service placement] Merging candidates yields 2 allocation requests and 2 provider summaries {{(pid=116934) _merge_candidates /opt/stack/placement/placement/objects/allocation_candidate.py:809}}
