Apr 29 03:19:37.746355 n-d-837162-1 devstack@placement-api.service[116935]: DEBUG placement.objects.research_context [req-c819740b-d2b8-42a1-adfb-004fd2539b8d req-9df6aa6b-5362-4096-ac86-812ec9992a65 service placement] getting providers with 1024 MEMORY_MB {{(pid=116935) __init__ /opt/stack/placement/placement/objects/research_context.py:136}}
Apr 29 03:19:37.768769 n-d-837162-1 devstack@placement-api.service[116935]: DEBUG placement.objects.research_context [req-c819740b-d2b8-42a1-adfb-004fd2539b8d req-9df6aa6b-5362-4096-ac86-812ec9992a65 service placement] getting providers with 1 VCPU {{(pid=116935) __init__ /opt/stack/placement/placement/objects/research_context.py:136}}
Apr 29 03:19:37.801562 n-d-837162-1 devstack@placement-api.service[116935]: DEBUG placement.objects.research_context [req-c819740b-d2b8-42a1-adfb-004fd2539b8d req-9df6aa6b-5362-4096-ac86-812ec9992a65 service placement] found 2 providers with available 1 DISK_GB {{(pid=116935) get_provider_ids_matching /opt/stack/placement/placement/objects/research_context.py:563}}
Apr 29 03:19:37.801562 n-d-837162-1 devstack@placement-api.service[116935]: DEBUG placement.objects.research_context [req-c819740b-d2b8-42a1-adfb-004fd2539b8d req-9df6aa6b-5362-4096-ac86-812ec9992a65 service placement] found 2 providers with available 1024 MEMORY_MB {{(pid=116935) get_provider_ids_matching /opt/stack/placement/placement/objects/research_context.py:563}}
Apr 29 03:19:37.801562 n-d-837162-1 devstack@placement-api.service[116935]: DEBUG placement.objects.research_context [req-c819740b-d2b8-42a1-adfb-004fd2539b8d req-9df6aa6b-5362-4096-ac86-812ec9992a65 service placement] found 2 providers after filtering by previous result {{(pid=116935) get_provider_ids_matching /opt/stack/placement/placement/objects/research_context.py:594}}
Apr 29 03:19:37.801562 n-d-837162-1 devstack@placement-api.service[116935]: DEBUG placement.objects.research_context [req-c819740b-d2b8-42a1-adfb-004fd2539b8d req-9df6aa6b-5362-4096-ac86-812ec9992a65 service placement] found 2 providers with available 1 VCPU {{(pid=116935) get_provider_ids_matching /opt/stack/placement/placement/objects/research_context.py:563}}
Apr 29 03:19:37.801562 n-d-837162-1 devstack@placement-api.service[116935]: DEBUG placement.objects.research_context [req-c819740b-d2b8-42a1-adfb-004fd2539b8d req-9df6aa6b-5362-4096-ac86-812ec9992a65 service placement] found 2 providers after filtering by previous result {{(pid=116935) get_provider_ids_matching /opt/stack/placement/placement/objects/research_context.py:594}}
Apr 29 03:19:37.817546 n-d-837162-1 devstack@placement-api.service[116935]: DEBUG placement.objects.allocation_candidate [req-c819740b-d2b8-42a1-adfb-004fd2539b8d req-9df6aa6b-5362-4096-ac86-812ec9992a65 service placement] RequestGroup(use_same_provider=False, resources={DISK_GB:1, MEMORY_MB:1024, VCPU:1}, traits=(), aggregates=[]) (suffix '') returned 2 matches {{(pid=116935) _get_by_requests /opt/stack/placement/placement/objects/allocation_candidate.py:156}}
Apr 29 03:19:37.818127 n-d-837162-1 devstack@placement-api.service[116935]: DEBUG placement.objects.allocation_candidate [req-c819740b-d2b8-42a1-adfb-004fd2539b8d req-9df6aa6b-5362-4096-ac86-812ec9992a65 service placement] Merging candidates yields 2 allocation requests and 2 provider summaries {{(pid=116935) _merge_candidates /opt/stack/placement/placement/objects/allocation_candidate.py:809}}
Apr 29 03:19:37.825289 n-d-837162-1 devstack@placement-api.service[116935]: INFO placement.requestlog [req-c819740b-d2b8-42a1-adfb-004fd2539b8d req-9df6aa6b-5362-4096-ac86-812ec9992a65 service placement] 10.222.0.13 "GET /placement/allocation_candidates?limit=1000&resources=DISK_GB%3A1%2CMEMORY_MB%3A1024%2CVCPU%3A1&root_required=%21COMPUTE_STATUS_DISABLED" status: 200 len: 1309 microversion: 1.36
Apr 29 03:19:37.825918 n-d-837162-1 devstack@placement-api.service[116935]: [pid: 116935|app: 0|req: 463/916] 10.222.0.13 () {60 vars in 1506 bytes} [Fri Apr 29 03:19:37 2022] GET /placement/allocation_candidates?limit=1000&resources=DISK_GB%3A1%2CMEMORY_MB%3A1024%2CVCPU%3A1&root_required=%21COMPUTE_STATUS_DISABLED => generated 1309 bytes in 225 msecs (HTTP/1.1 200) 8 headers in 297 bytes (1 switches on core 0)
Apr 29 03:19:38.141360 n-d-837162-1 devstack@placement-api.service[116934]: DEBUG placement.requestlog [req-c819740b-d2b8-42a1-adfb-004fd2539b8d req-3743852c-1e87-40ef-8c03-7f08fb03e1e6 None None] Starting request: 10.222.0.13 "GET /placement/allocations/27b63e82-f129-4719-a4ce-7888d5ef9faf" {{(pid=116934) __call__ /opt/stack/placement/placement/requestlog.py:55}}
Apr 29 03:19:38.160187 n-d-837162-1 devstack@placement-api.service[116934]: INFO placement.requestlog [req-c819740b-d2b8-42a1-adfb-004fd2539b8d req-3743852c-1e87-40ef-8c03-7f08fb03e1e6 service placement] 10.222.0.13 "GET /placement/allocations/27b63e82-f129-4719-a4ce-7888d5ef9faf" status: 200 len: 19 microversion: 1.28
Apr 29 03:19:38.161187 n-d-837162-1 devstack@placement-api.service[116934]: [pid: 116934|app: 0|req: 454/917] 10.222.0.13 () {60 vars in 1380 bytes} [Fri Apr 29 03:19:38 2022] GET /placement/allocations/27b63e82-f129-4719-a4ce-7888d5ef9faf => generated 19 bytes in 21 msecs (HTTP/1.1 200) 8 headers in 295 bytes (1 switches on core 0)
Apr 29 03:19:38.177220 n-d-837162-1 devstack@placement-api.service[116935]: DEBUG placement.requestlog [req-c819740b-d2b8-42a1-adfb-004fd2539b8d req-5df33580-90d9-4c5b-90ad-79a096cb8117 None None] Starting request: 10.222.0.13 "PUT /placement/allocations/27b63e82-f129-4719-a4ce-7888d5ef9faf" {{(pid=116935) __call__ /opt/stack/placement/placement/requestlog.py:55}}
Apr 29 03:19:38.371332 n-d-837162-1 devstack@placement-api.service[116935]: DEBUG placement.handlers.allocation [req-c819740b-d2b8-42a1-adfb-004fd2539b8d req-5df33580-90d9-4c5b-90ad-79a096cb8117 service placement] Successfully wrote allocations [, , ] {{(pid=116935) _update_consumers_and_create_allocations /opt/stack/placement/placement/handlers/allocation.py:462}}
Apr 29 03:19:38.522145 n-d-837162-1 devstack@placement-api.service[116935]: INFO placement.requestlog [req-c819740b-d2b8-42a1-adfb-004fd2539b8d req-5df33580-90d9-4c5b-90ad-79a096cb8117 service placement] 10.222.0.13 "PUT /placement/allocations/27b63e82-f129-4719-a4ce-7888d5ef9faf" status: 204 len: 0 microversion: 1.36
Apr 29 03:19:38.522868 n-d-837162-1 devstack@placement-api.service[116935]: [pid: 116935|app: 0|req: 464/918] 10.222.0.13 () {64 vars in 1433 bytes} [Fri Apr 29 03:19:38 2022] PUT /placement/allocations/27b63e82-f129-4719-a4ce-7888d5ef9faf => generated 0 bytes in 346 msecs (HTTP/1.1 204) 5 headers in 199 bytes (1 switches on core 0)
Apr 29 03:19:39.208755 n-d-837162-1 devstack@placement-api.service[116934]: DEBUG placement.requestlog [req-4b20225d-bcb0-40c5-ae14-0b952c6d445a req-2b8bba0f-8280-47d0-ac4f-08c20fcf720d None None] Starting request: 10.222.0.13 "GET /placement/allocation_candidates?limit=1000&resources=DISK_GB%3A1%2CMEMORY_MB%3A1024%2CVCPU%3A1&root_required=%21COMPUTE_STATUS_DISABLED" {{(pid=116934) __call__ /opt/stack/placement/placement/requestlog.py:55}}
Apr 29 03:19:39.383851 n-d-837162-1 devstack@placement-api.service[116934]: DEBUG placement.objects.research_context [req-4b20225d-bcb0-40c5-ae14-0b952c6d445a req-2b8bba0f-8280-47d0-ac4f-08c20fcf720d service placement] getting providers with 1 DISK_GB {{(pid=116934) __init__ /opt/stack/placement/placement/objects/research_context.py:136}}
Apr 29 03:19:39.391292 n-d-837162-1 devstack@placement-api.service[116934]: DEBUG placement.objects.research_context [req-4b20225d-bcb0-40c5-ae14-0b952c6d445a req-2b8bba0f-8280-47d0-ac4f-08c20fcf720d service placement] getting providers with 1024 MEMORY_MB {{(pid=116934) __init__ /opt/stack/placement/placement/objects/research_context.py:136}}
Apr 29 03:19:39.399877 n-d-837162-1 devstack@placement-api.service[116934]: DEBUG placement.objects.research_context [req-4b20225d-bcb0-40c5-ae14-0b952c6d445a req-2b8bba0f-8280-47d0-ac4f-08c20fcf720d service placement] getting providers with 1 VCPU {{(pid=116934) __init__ /opt/stack/placement/placement/objects/research_context.py:136}}
Apr 29 03:19:39.421716 n-d-837162-1 devstack@placement-api.service[116934]: DEBUG placement.objects.research_context [req-4b20225d-bcb0-40c5-ae14-0b952c6d445a req-2b8bba0f-8280-47d0-ac4f-08c20fcf720d service placement] found 2 providers with available 1 DISK_GB {{(pid=116934) get_provider_ids_matching /opt/stack/placement/placement/objects/research_context.py:563}}
Apr 29 03:19:39.422283 n-d-837162-1 devstack@placement-api.service[116934]: DEBUG placement.objects.research_context [req-4b20225d-bcb0-40c5-ae14-0b952c6d445a req-2b8bba0f-8280-47d0-ac4f-08c20fcf720d service placement] found 2 providers with available 1024 MEMORY_MB {{(pid=116934) get_provider_ids_matching /opt/stack/placement/placement/objects/research_context.py:563}}
Apr 29 03:19:39.426534 n-d-837162-1 devstack@placement-api.service[116934]: DEBUG placement.objects.research_context [req-4b20225d-bcb0-40c5-ae14-0b952c6d445a req-2b8bba0f-8280-47d0-ac4f-08c20fcf720d service placement] found 2 providers after filtering by previous result {{(pid=116934) get_provider_ids_matching /opt/stack/placement/placement/objects/research_context.py:594}}
Apr 29 03:19:39.426534 n-d-837162-1 devstack@placement-api.service[116934]: DEBUG placement.objects.research_context [req-4b20225d-bcb0-40c5-ae14-0b952c6d445a req-2b8bba0f-8280-47d0-ac4f-08c20fcf720d service placement] found 2 providers with available 1 VCPU {{(pid=116934) get_provider_ids_matching /opt/stack/placement/placement/objects/research_context.py:563}}
Apr 29 03:19:39.426534 n-d-837162-1 devstack@placement-api.service[116934]: DEBUG placement.objects.research_context [req-4b20225d-bcb0-40c5-ae14-0b952c6d445a req-2b8bba0f-8280-47d0-ac4f-08c20fcf720d service placement] found 2 providers after filtering by previous result {{(pid=116934) get_provider_ids_matching /opt/stack/placement/placement/objects/research_context.py:594}}
Apr 29 03:19:39.452867 n-d-837162-1 devstack@placement-api.service[116934]: DEBUG placement.objects.allocation_candidate [req-4b20225d-bcb0-40c5-ae14-0b952c6d445a req-2b8bba0f-8280-47d0-ac4f-08c20fcf720d service placement] RequestGroup(use_same_provider=False, resources={DISK_GB:1, MEMORY_MB:1024, VCPU:1}, traits=(), aggregates=[]) (suffix '') returned 2 matches {{(pid=116934) _get_by_requests /opt/stack/placement/placement/objects/allocation_candidate.py:156}}
Apr 29 03:19:39.456187 n-d-837162-1 devstack@placement-api.service[116934]: DEBUG placement.objects.allocation_candidate [req-4b20225d-bcb0-40c5-ae14-0b952c6d445a req-2b8bba0f-8280-47d0-ac4f-08c20fcf720d service placement] Merging candidates yields 2 allocation requests and 2 provider summaries {{(pid=116934) _merge_candidates /opt/stack/placement/placement/objects/allocation_candidate.py:809}}
Apr 29 03:19:39.456187 n-d-837162-1 devstack@placement-api.service[116934]: INFO placement.requestlog [req-4b20225d-bcb0-40c5-ae14-0b952c6d445a req-2b8bba0f-8280-47d0-ac4f-08c20fcf720d service placement] 10.222.0.13 "GET /placement/allocation_candidates?limit=1000&resources=DISK_GB%3A1%2CMEMORY_MB%3A1024%2CVCPU%3A1&root_required=%21COMPUTE_STATUS_DISABLED" status: 200 len: 1309 microversion: 1.36
Apr 29 03:19:39.456680 n-d-837162-1 devstack@placement-api.service[116934]: [pid: 116934|app: 0|req: 455/919] 10.222.0.13 () {60 vars in 1506 bytes} [Fri Apr 29 03:19:39 2022] GET /placement/allocation_candidates?limit=1000&resources=DISK_GB%3A1%2CMEMORY_MB%3A1024%2CVCPU%3A1&root_required=%21COMPUTE_STATUS_DISABLED => generated 1309 bytes in 265 msecs (HTTP/1.1 200) 8 headers in 297 bytes (1 switches on core 0)
Apr 29 03:19:39.716784 n-d-837162-1 devstack@placement-api.service[116935]: DEBUG placement.requestlog [req-4b20225d-bcb0-40c5-ae14-0b952c6d445a req-e13db7f4-8ee3-4ee5-bd34-91822ee1a9ae None None] Starting request: 10.222.0.13 "GET /placement/allocations/9b9bd402-cfdd-43af-9cf9-c6475eb6bd87" {{(pid=116935) __call__ /opt/stack/placement/placement/requestlog.py:55}}
Apr 29 03:19:39.737879 n-d-837162-1 devstack@placement-api.service[116935]: INFO placement.requestlog [req-4b20225d-bcb0-40c5-ae14-0b952c6d445a req-e13db7f4-8ee3-4ee5-bd34-91822ee1a9ae service placement] 10.222.0.13 "GET /placement/allocations/9b9bd402-cfdd-43af-9cf9-c6475eb6bd87" status: 200 len: 19 microversion: 1.28
Apr 29 03:19:39.740034 n-d-837162-1 devstack@placement-api.service[116935]: [pid: 116935|app: 0|req: 465/920] 10.222.0.13 () {60 vars in 1380 bytes} [Fri Apr 29 03:19:39 2022] GET /placement/allocations/9b9bd402-cfdd-43af-9cf9-c6475eb6bd87 => generated 19 bytes in 23 msecs (HTTP/1.1 200) 8 headers in 295 bytes (1 switches on core 0)
Apr 29 03:19:39.745589 n-d-837162-1 devstack@placement-api.service[116934]: DEBUG placement.requestlog [req-4b20225d-bcb0-40c5-ae14-0b952c6d445a req-abf50c18-bda6-45ce-95d2-714acb323cfb None None] Starting request: 10.222.0.13 "PUT /placement/allocations/9b9bd402-cfdd-43af-9cf9-c6475eb6bd87" {{(pid=116934) __call__ /opt/stack/placement/placement/requestlog.py:55}}
Apr 29 03:19:40.151975 n-d-837162-1 devstack@placement-api.service[116934]: DEBUG placement.handlers.allocation [req-4b20225d-bcb0-40c5-ae14-0b952c6d445a req-abf50c18-bda6-45ce-95d2-714acb323cfb service placement] Successfully wrote allocations [, , ] {{(pid=116934) _update_consumers_and_create_allocations /opt/stack/placement/placement/handlers/allocation.py:462}}
Apr 29 03:19:40.157893 n-d-837162-1 devstack@placement-api.service[116935]: DEBUG placement.requestlog [req-c819740b-d2b8-42a1-adfb-004fd2539b8d req-119b0ec4-7673-4730-b83f-8c498b6e8112 None None] Starting request: 10.222.0.11 "GET /placement/allocations/27b63e82-f129-4719-a4ce-7888d5ef9faf" {{(pid=116935) __call__ /opt/stack/placement/placement/requestlog.py:55}}
Apr 29 03:19:40.241385 n-d-837162-1 devstack@placement-api.service[116934]: INFO placement.requestlog [req-4b20225d-bcb0-40c5-ae14-0b952c6d445a req-abf50c18-bda6-45ce-95d2-714acb323cfb service placement] 10.222.0.13 "PUT /placement/allocations/9b9bd402-cfdd-43af-9cf9-c6475eb6bd87" status: 204 len: 0 microversion: 1.36
Apr 29 03:19:40.242377 n-d-837162-1 devstack@placement-api.service[116934]: [pid: 116934|app: 0|req: 456/921] 10.222.0.13 () {64 vars in 1433 bytes} [Fri Apr 29 03:19:39 2022] PUT /placement/allocations/9b9bd402-cfdd-43af-9cf9-c6475eb6bd87 => generated 0 bytes in 498 msecs (HTTP/1.1 204) 5 headers in 199 bytes (1 switches on core 0)
Apr 29 03:19:40.245522 n-d-837162-1 devstack@placement-api.service[116935]: INFO placement.requestlog [req-c819740b-d2b8-42a1-adfb-004fd2539b8d req-119b0ec4-7673-4730-b83f-8c498b6e8112 service placement] 10.222.0.11 "GET /placement/allocations/27b63e82-f129-4719-a4ce-7888d5ef9faf" status: 200 len: 259 microversion: 1.28
Apr 29 03:19:40.252925 n-d-837162-1 devstack@placement-api.service[116935]: [pid: 116935|app: 0|req: 466/922] 10.222.0.11 () {60 vars in 1377 bytes} [Fri Apr 29 03:19:40 2022] GET /placement/allocations/27b63e82-f129-4719-a4ce-7888d5ef9faf => generated 259 bytes in 95 msecs (HTTP/1.1 200) 8 headers in 296 bytes (2 switches on core 0)
Apr 29 03:19:41.809630 n-d-837162-1 devstack@placement-api.service[116934]: DEBUG placement.requestlog [req-4b20225d-bcb0-40c5-ae14-0b952c6d445a req-4aaffcc4-da6c-4b71-9cc8-ecf893197159 None None] Starting request: 10.222.0.11 "GET /placement/allocations/9b9bd402-cfdd-43af-9cf9-c6475eb6bd87" {{(pid=116934) __call__ /opt/stack/placement/placement/requestlog.py:55}}
Apr 29 03:19:41.836101 n-d-837162-1 devstack@placement-api.service[116934]: INFO placement.requestlog [req-4b20225d-bcb0-40c5-ae14-0b952c6d445a req-4aaffcc4-da6c-4b71-9cc8-ecf893197159 service placement] 10.222.0.11 "GET /placement/allocations/9b9bd402-cfdd-43af-9cf9-c6475eb6bd87" status: 200 len: 259 microversion: 1.28
Apr 29 03:19:41.838557 n-d-837162-1 devstack@placement-api.service[116934]: [pid: 116934|app: 0|req: 457/923] 10.222.0.11 () {60 vars in 1377 bytes} [Fri Apr 29 03:19:41 2022] GET /placement/allocations/9b9bd402-cfdd-43af-9cf9-c6475eb6bd87 => generated 259 bytes in 31 msecs (HTTP/1.1 200) 8 headers in 296 bytes (1 switches on core 0)
Apr 29 03:19:43.110929 n-d-837162-1 devstack@placement-api.service[116935]: DEBUG placement.requestlog [req-359fb7f6-9bec-41dd-aa99-e97ec65335c9 req-7209f716-bb20-403b-940f-7fae4648a2c4 None None] Starting request: 10.222.0.25 "DELETE /placement/allocations/5e9f9e81-7a30-4240-b54b-3a5b4ab1625f" {{(pid=116935) __call__ /opt/stack/placement/placement/requestlog.py:55}}
Apr 29 03:19:43.322381 n-d-837162-1 devstack@placement-api.service[116935]: DEBUG placement.handlers.allocation [req-359fb7f6-9bec-41dd-aa99-e97ec65335c9 req-7209f716-bb20-403b-940f-7fae4648a2c4 service placement] Successfully deleted allocations [, , ] {{(pid=116935) delete_allocations /opt/stack/placement/placement/handlers/allocation.py:627}}
Apr 29 03:19:43.323411 n-d-837162-1 devstack@placement-api.service[116935]: INFO placement.requestlog [req-359fb7f6-9bec-41dd-aa99-e97ec65335c9 req-7209f716-bb20-403b-940f-7fae4648a2c4 service placement] 10.222.0.25 "DELETE /placement/allocations/5e9f9e81-7a30-4240-b54b-3a5b4ab1625f" status: 204 len: 0 microversion: 1.0
Apr 29 03:19:43.324180 n-d-837162-1 devstack@placement-api.service[116935]: [pid: 116935|app: 0|req: 467/924] 10.222.0.25 () {60 vars in 1355 bytes} [Fri Apr 29 03:19:43 2022] DELETE /placement/allocations/5e9f9e81-7a30-4240-b54b-3a5b4ab1625f => generated 0 bytes in 213 msecs (HTTP/1.1 204) 5 headers in 198 bytes (1 switches on core 0)
Apr 29 03:19:58.288228 n-d-837162-1 devstack@placement-api.service[116934]: DEBUG placement.requestlog [req-b7503ac5-c118-4902-bb01-cdeeeaa90857 req-16ae7265-dfb4-454a-a90a-7a3e10070c63 None None] Starting request: 10.222.0.13 "GET /placement/allocation_candidates?limit=1000&resources=DISK_GB%3A1%2CMEMORY_MB%3A1024%2CVCPU%3A1&root_required=%21COMPUTE_STATUS_DISABLED" {{(pid=116934) __call__ /opt/stack/placement/placement/requestlog.py:55}}
Apr 29 03:19:58.327352 n-d-837162-1 devstack@placement-api.service[116934]: DEBUG placement.objects.research_context [req-b7503ac5-c118-4902-bb01-cdeeeaa90857 req-16ae7265-dfb4-454a-a90a-7a3e10070c63 service placement] getting providers with 1 DISK_GB {{(pid=116934) __init__ /opt/stack/placement/placement/objects/research_context.py:136}}
Apr 29 03:19:58.344752 n-d-837162-1 devstack@placement-api.service[116934]: DEBUG placement.objects.research_context [req-b7503ac5-c118-4902-bb01-cdeeeaa90857 req-16ae7265-dfb4-454a-a90a-7a3e10070c63 service placement] getting providers with 1024 MEMORY_MB {{(pid=116934) __init__ /opt/stack/placement/placement/objects/research_context.py:136}}
Apr 29 03:19:58.355184 n-d-837162-1 devstack@placement-api.service[116934]: DEBUG placement.objects.research_context [req-b7503ac5-c118-4902-bb01-cdeeeaa90857 req-16ae7265-dfb4-454a-a90a-7a3e10070c63 service placement] getting providers with 1 VCPU {{(pid=116934) __init__ /opt/stack/placement/placement/objects/research_context.py:136}}
Apr 29 03:19:58.362301 n-d-837162-1 devstack@placement-api.service[116934]: DEBUG placement.objects.research_context [req-b7503ac5-c118-4902-bb01-cdeeeaa90857 req-16ae7265-dfb4-454a-a90a-7a3e10070c63 service placement] found 2 providers with available 1 DISK_GB {{(pid=116934) get_provider_ids_matching /opt/stack/placement/placement/objects/research_context.py:563}}
Apr 29 03:19:58.362868 n-d-837162-1 devstack@placement-api.service[116934]: DEBUG placement.objects.research_context [req-b7503ac5-c118-4902-bb01-cdeeeaa90857 req-16ae7265-dfb4-454a-a90a-7a3e10070c63 service placement] found 2 providers with available 1024 MEMORY_MB {{(pid=116934) get_provider_ids_matching /opt/stack/placement/placement/objects/research_context.py:563}}
Apr 29 03:19:58.363613 n-d-837162-1 devstack@placement-api.service[116934]: DEBUG placement.objects.research_context [req-b7503ac5-c118-4902-bb01-cdeeeaa90857 req-16ae7265-dfb4-454a-a90a-7a3e10070c63 service placement] found 2 providers after filtering by previous result {{(pid=116934) get_provider_ids_matching /opt/stack/placement/placement/objects/research_context.py:594}}
Apr 29 03:19:58.364085 n-d-837162-1 devstack@placement-api.service[116934]: DEBUG placement.objects.research_context [req-b7503ac5-c118-4902-bb01-cdeeeaa90857 req-16ae7265-dfb4-454a-a90a-7a3e10070c63 service placement] found 2 providers with available 1 VCPU {{(pid=116934) get_provider_ids_matching /opt/stack/placement/placement/objects/research_context.py:563}}
Apr 29 03:19:58.364629 n-d-837162-1 devstack@placement-api.service[116934]: DEBUG placement.objects.research_context [req-b7503ac5-c118-4902-bb01-cdeeeaa90857 req-16ae7265-dfb4-454a-a90a-7a3e10070c63 service placement] found 2 providers after filtering by previous result {{(pid=116934) get_provider_ids_matching /opt/stack/placement/placement/objects/research_context.py:594}}
Apr 29 03:19:58.381986 n-d-837162-1 devstack@placement-api.service[116934]: DEBUG placement.objects.allocation_candidate [req-b7503ac5-c118-4902-bb01-cdeeeaa90857 req-16ae7265-dfb4-454a-a90a-7a3e10070c63 service placement] RequestGroup(use_same_provider=False, resources={DISK_GB:1, MEMORY_MB:1024, VCPU:1}, traits=(), aggregates=[]) (suffix '') returned 2 matches {{(pid=116934) _get_by_requests /opt/stack/placement/placement/objects/allocation_candidate.py:156}}
Apr 29 03:19:58.386133 n-d-837162-1 devstack@placement-api.service[116934]: DEBUG placement.objects.allocation_candidate [req-b7503ac5-c118-4902-bb01-cdeeeaa90857 req-16ae7265-dfb4-454a-a90a-7a3e10070c63 service placement] Merging candidates yields 2 allocation requests and 2 provider summaries {{(pid=116934) _merge_candidates /opt/stack/placement/placement/objects/allocation_candidate.py:809}}
Apr 29 03:19:58.391059 n-d-837162-1 devstack@placement-api.service[116934]: INFO placement.requestlog [req-b7503ac5-c118-4902-bb01-cdeeeaa90857 req-16ae7265-dfb4-454a-a90a-7a3e10070c63 service placement] 10.222.0.13 "GET /placement/allocation_candidates?limit=1000&resources=DISK_GB%3A1%2CMEMORY_MB%3A1024%2CVCPU%3A1&root_required=%21COMPUTE_STATUS_DISABLED" status: 200 len: 1306 microversion: 1.36
Apr 29 03:19:58.391059 n-d-837162-1 devstack@placement-api.service[116934]: [pid: 116934|app: 0|req: 458/925] 10.222.0.13 () {60 vars in 1506 bytes} [Fri Apr 29 03:19:58 2022] GET /placement/allocation_candidates?limit=1000&resources=DISK_GB%3A1%2CMEMORY_MB%3A1024%2CVCPU%3A1&root_required=%21COMPUTE_STATUS_DISABLED => generated 1306 bytes in 101 msecs (HTTP/1.1 200) 8 headers in 297 bytes (1 switches on core 0)
Apr 29 03:19:58.480236 n-d-837162-1 devstack@placement-api.service[116935]: DEBUG placement.requestlog [req-b7503ac5-c118-4902-bb01-cdeeeaa90857 req-77be4789-52dc-4682-9594-d7cc5efa7845 None None] Starting request: 10.222.0.13 "GET /placement/allocations/6377de34-6c83-4843-8f75-8d1558cba156" {{(pid=116935) __call__ /opt/stack/placement/placement/requestlog.py:55}}
Apr 29 03:19:58.493820 n-d-837162-1 devstack@placement-api.service[116935]: INFO placement.requestlog [req-b7503ac5-c118-4902-bb01-cdeeeaa90857 req-77be4789-52dc-4682-9594-d7cc5efa7845 service placement] 10.222.0.13 "GET /placement/allocations/6377de34-6c83-4843-8f75-8d1558cba156" status: 200 len: 19 microversion: 1.28
Apr 29 03:19:58.494274 n-d-837162-1 devstack@placement-api.service[116935]: [pid: 116935|app: 0|req: 468/926] 10.222.0.13 () {60 vars in 1380 bytes} [Fri Apr 29 03:19:58 2022] GET /placement/allocations/6377de34-6c83-4843-8f75-8d1558cba156 => generated 19 bytes in 14 msecs (HTTP/1.1 200) 8 headers in 295 bytes (1 switches on core 0)
Apr 29 03:19:58.505037 n-d-837162-1 devstack@placement-api.service[116934]: DEBUG placement.requestlog [req-b7503ac5-c118-4902-bb01-cdeeeaa90857 req-25a5650e-b9c0-4bc2-9866-6ba362d26d9d None None] Starting request: 10.222.0.13 "PUT /placement/allocations/6377de34-6c83-4843-8f75-8d1558cba156" {{(pid=116934) __call__ /opt/stack/placement/placement/requestlog.py:55}}
Apr 29 03:19:58.955391 n-d-837162-1 devstack@placement-api.service[116934]: DEBUG placement.handlers.allocation [req-b7503ac5-c118-4902-bb01-cdeeeaa90857 req-25a5650e-b9c0-4bc2-9866-6ba362d26d9d service placement] Successfully wrote allocations [, , ] {{(pid=116934) _update_consumers_and_create_allocations /opt/stack/placement/placement/handlers/allocation.py:462}}
Apr 29 03:19:59.041795 n-d-837162-1 devstack@placement-api.service[116934]: INFO placement.requestlog [req-b7503ac5-c118-4902-bb01-cdeeeaa90857 req-25a5650e-b9c0-4bc2-9866-6ba362d26d9d service placement] 10.222.0.13 "PUT /placement/allocations/6377de34-6c83-4843-8f75-8d1558cba156" status: 204 len: 0 microversion: 1.36
Apr 29 03:19:59.042395 n-d-837162-1 devstack@placement-api.service[116934]: [pid: 116934|app: 0|req: 459/927] 10.222.0.13 () {64 vars in 1433 bytes} [Fri Apr 29 03:19:58 2022] PUT /placement/allocations/6377de34-6c83-4843-8f75-8d1558cba156 => generated 0 bytes in 538 msecs (HTTP/1.1 204) 5 headers in 199 bytes (1 switches on core 0)
Apr 29 03:20:00.424589 n-d-837162-1 devstack@placement-api.service[116935]: DEBUG placement.requestlog [req-b7503ac5-c118-4902-bb01-cdeeeaa90857 req-179232b7-c5ee-4190-877c-8cfda2b53dfb None None] Starting request: 10.222.0.25 "GET /placement/allocations/6377de34-6c83-4843-8f75-8d1558cba156" {{(pid=116935) __call__ /opt/stack/placement/placement/requestlog.py:55}}
Apr 29 03:20:00.452143 n-d-837162-1 devstack@placement-api.service[116935]: INFO placement.requestlog [req-b7503ac5-c118-4902-bb01-cdeeeaa90857 req-179232b7-c5ee-4190-877c-8cfda2b53dfb service placement] 10.222.0.25 "GET /placement/allocations/6377de34-6c83-4843-8f75-8d1558cba156" status: 200 len: 259 microversion: 1.28
Apr 29 03:20:00.452877 n-d-837162-1 devstack@placement-api.service[116935]: [pid: 116935|app: 0|req: 469/928] 10.222.0.25 () {60 vars in 1377 bytes} [Fri Apr 29 03:20:00 2022] GET /placement/allocations/6377de34-6c83-4843-8f75-8d1558cba156 => generated 259 bytes in 30 msecs (HTTP/1.1 200) 8 headers in 296 bytes (1 switches on core 0)
Apr 29 03:20:07.107739 n-d-837162-1 devstack@placement-api.service[116934]: DEBUG placement.requestlog [req-39ec09fa-18c3-49f1-b0ae-0a8cf864a61d req-b71b5288-a93b-48b1-ab4b-151adfa379ca None None] Starting request: 10.222.0.11 "DELETE /placement/allocations/27b63e82-f129-4719-a4ce-7888d5ef9faf" {{(pid=116934) __call__ /opt/stack/placement/placement/requestlog.py:55}}
Apr 29 03:20:07.395514 n-d-837162-1 devstack@placement-api.service[116934]: DEBUG placement.handlers.allocation [req-39ec09fa-18c3-49f1-b0ae-0a8cf864a61d req-b71b5288-a93b-48b1-ab4b-151adfa379ca service placement] Successfully deleted allocations [, , ] {{(pid=116934) delete_allocations /opt/stack/placement/placement/handlers/allocation.py:627}}
Apr 29 03:20:07.396001 n-d-837162-1 devstack@placement-api.service[116934]: INFO placement.requestlog [req-39ec09fa-18c3-49f1-b0ae-0a8cf864a61d req-b71b5288-a93b-48b1-ab4b-151adfa379ca service placement] 10.222.0.11 "DELETE /placement/allocations/27b63e82-f129-4719-a4ce-7888d5ef9faf" status: 204 len: 0 microversion: 1.0
Apr 29 03:20:07.396458 n-d-837162-1 devstack@placement-api.service[116934]: [pid: 116934|app: 0|req: 460/929] 10.222.0.11 () {60 vars in 1355 bytes} [Fri Apr 29 03:20:07 2022] DELETE /placement/allocations/27b63e82-f129-4719-a4ce-7888d5ef9faf => generated 0 bytes in 289 msecs (HTTP/1.1 204) 5 headers in 198 bytes (1 switches on core 0)
Apr 29 03:20:19.561627 n-d-837162-1 devstack@placement-api.service[116935]: DEBUG placement.requestlog [req-07cb478e-7455-4c11-81d4-55208b4bf668 req-2c1baeac-104d-4ca9-add5-3b5955f34729 None None] Starting request: 10.222.0.25 "DELETE /placement/allocations/6377de34-6c83-4843-8f75-8d1558cba156" {{(pid=116935) __call__ /opt/stack/placement/placement/requestlog.py:55}}
Apr 29 03:20:19.766058 n-d-837162-1 devstack@placement-api.service[116935]: DEBUG placement.handlers.allocation [req-07cb478e-7455-4c11-81d4-55208b4bf668 req-2c1baeac-104d-4ca9-add5-3b5955f34729 service placement] Successfully deleted allocations [, , ] {{(pid=116935) delete_allocations /opt/stack/placement/placement/handlers/allocation.py:627}}
Apr 29 03:20:19.766820 n-d-837162-1 devstack@placement-api.service[116935]: INFO placement.requestlog [req-07cb478e-7455-4c11-81d4-55208b4bf668 req-2c1baeac-104d-4ca9-add5-3b5955f34729 service placement] 10.222.0.25 "DELETE /placement/allocations/6377de34-6c83-4843-8f75-8d1558cba156" status: 204 len: 0 microversion: 1.0
Apr 29 03:20:19.767671 n-d-837162-1 devstack@placement-api.service[116935]: [pid: 116935|app: 0|req: 470/930] 10.222.0.25 () {60 vars in 1355 bytes} [Fri Apr 29 03:20:19 2022] DELETE /placement/allocations/6377de34-6c83-4843-8f75-8d1558cba156 => generated 0 bytes in 214 msecs (HTTP/1.1 204) 5 headers in 198 bytes (1 switches on core 0)
Apr 29 03:20:32.256614 n-d-837162-1 devstack@placement-api.service[116934]: DEBUG placement.requestlog [req-165e8c62-549d-4a48-bc2d-6705b62e43d5 req-b51b7f29-abe5-45e8-a7a5-7dfc6a5a3ded None None] Starting request: 10.222.0.11 "GET /placement/resource_providers/4d8e3587-b08c-4571-835b-5e85d70f17e0/allocations" {{(pid=116934) __call__ /opt/stack/placement/placement/requestlog.py:55}}
Apr 29 03:20:32.801368 n-d-837162-1 devstack@placement-api.service[116934]: INFO placement.requestlog [req-165e8c62-549d-4a48-bc2d-6705b62e43d5 req-b51b7f29-abe5-45e8-a7a5-7dfc6a5a3ded service placement] 10.222.0.11 "GET /placement/resource_providers/4d8e3587-b08c-4571-835b-5e85d70f17e0/allocations" status: 200 len: 255 microversion: 1.0
Apr 29 03:20:32.803606 n-d-837162-1 devstack@placement-api.service[116934]: [pid: 116934|app: 0|req: 461/931] 10.222.0.11 () {58 vars in 1390 bytes} [Fri Apr 29 03:20:32 2022] GET /placement/resource_providers/4d8e3587-b08c-4571-835b-5e85d70f17e0/allocations => generated 255 bytes in 547 msecs (HTTP/1.1 200) 6 headers in 224 bytes (1 switches on core 0)
Apr 29 03:20:36.883764 n-d-837162-1 devstack@placement-api.service[116935]: DEBUG placement.requestlog [req-bd1f9d08-9184-422c-9901-184c1b03c50c req-ae0ccf5a-407b-431a-9821-c44aaaaf1cf8 None None] Starting request: 10.222.0.25 "GET /placement/resource_providers/bfd3c268-9a32-4c04-9f8d-015904e388e4/allocations" {{(pid=116935) __call__ /opt/stack/placement/placement/requestlog.py:55}}
Apr 29 03:20:37.241714 n-d-837162-1 devstack@placement-api.service[116935]: INFO placement.requestlog [req-bd1f9d08-9184-422c-9901-184c1b03c50c req-ae0ccf5a-407b-431a-9821-c44aaaaf1cf8 service placement] 10.222.0.25 "GET /placement/resource_providers/bfd3c268-9a32-4c04-9f8d-015904e388e4/allocations" status: 200 len: 55 microversion: 1.0
Apr 29 03:20:37.242940 n-d-837162-1 devstack@placement-api.service[116935]: [pid: 116935|app: 0|req: 471/932] 10.222.0.25 () {58 vars in 1390 bytes} [Fri Apr 29 03:20:36 2022] GET /placement/resource_providers/bfd3c268-9a32-4c04-9f8d-015904e388e4/allocations => generated 55 bytes in 360 msecs (HTTP/1.1 200) 6 headers in 223 bytes (2 switches on core 0)
Apr 29 03:20:37.373018 n-d-837162-1 devstack@placement-api.service[116934]: DEBUG placement.requestlog [req-bd1f9d08-9184-422c-9901-184c1b03c50c req-a579e534-56c8-41dc-b6c4-5890dd4bc644 None None] Starting request: 10.222.0.25 "GET /placement/resource_providers?in_tree=bfd3c268-9a32-4c04-9f8d-015904e388e4" {{(pid=116934) __call__ /opt/stack/placement/placement/requestlog.py:55}}
Apr 29 03:20:37.406312 n-d-837162-1 devstack@placement-api.service[116934]: INFO placement.requestlog [req-bd1f9d08-9184-422c-9901-184c1b03c50c req-a579e534-56c8-41dc-b6c4-5890dd4bc644 service placement] 10.222.0.25 "GET /placement/resource_providers?in_tree=bfd3c268-9a32-4c04-9f8d-015904e388e4" status: 200 len: 863 microversion: 1.14
Apr 29 03:20:37.409136 n-d-837162-1 devstack@placement-api.service[116934]: [pid: 116934|app: 0|req: 462/933] 10.222.0.25 () {60 vars in 1376 bytes} [Fri Apr 29 03:20:37 2022] GET /placement/resource_providers?in_tree=bfd3c268-9a32-4c04-9f8d-015904e388e4 => generated 863 bytes in 36 msecs (HTTP/1.1 200) 6 headers in 225 bytes (1 switches on core 0)
Apr 29 03:20:37.415553 n-d-837162-1 devstack@placement-api.service[116935]: DEBUG placement.requestlog [req-bd1f9d08-9184-422c-9901-184c1b03c50c req-3be561be-ae2b-4b49-be71-1418fba3b799 None None] Starting request: 10.222.0.25 "GET /placement/resource_providers/bfd3c268-9a32-4c04-9f8d-015904e388e4/inventories" {{(pid=116935) __call__ /opt/stack/placement/placement/requestlog.py:55}}
Apr 29 03:20:37.461454 n-d-837162-1 devstack@placement-api.service[116935]: INFO placement.requestlog [req-bd1f9d08-9184-422c-9901-184c1b03c50c req-3be561be-ae2b-4b49-be71-1418fba3b799 service placement] 10.222.0.25 "GET /placement/resource_providers/bfd3c268-9a32-4c04-9f8d-015904e388e4/inventories" status: 200 len: 398 microversion: 1.0
Apr 29 03:20:37.463730 n-d-837162-1 devstack@placement-api.service[116935]: [pid: 116935|app: 0|req: 472/934] 10.222.0.25 () {58 vars in 1390 bytes} [Fri Apr 29 03:20:37 2022] GET /placement/resource_providers/bfd3c268-9a32-4c04-9f8d-015904e388e4/inventories => generated 398 bytes in 48 msecs (HTTP/1.1 200) 6 headers in 224 bytes (1 switches on core 0)
Apr 29 03:20:37.470603 n-d-837162-1 devstack@placement-api.service[116934]: DEBUG placement.requestlog [req-bd1f9d08-9184-422c-9901-184c1b03c50c req-a64c9c02-1a75-4d25-a86e-4d6b1556976e None None] Starting request: 10.222.0.25 "GET /placement/resource_providers/bfd3c268-9a32-4c04-9f8d-015904e388e4/aggregates" {{(pid=116934) __call__ /opt/stack/placement/placement/requestlog.py:55}}
Apr 29 03:20:37.497857 n-d-837162-1 devstack@placement-api.service[116934]: INFO placement.requestlog [req-bd1f9d08-9184-422c-9901-184c1b03c50c req-a64c9c02-1a75-4d25-a86e-4d6b1556976e service placement] 10.222.0.25 "GET /placement/resource_providers/bfd3c268-9a32-4c04-9f8d-015904e388e4/aggregates" status: 200 len: 54 microversion: 1.19
Apr 29 03:20:37.502625 n-d-837162-1 devstack@placement-api.service[116934]: [pid: 116934|app: 0|req: 463/935] 10.222.0.25 () {60 vars in 1431 bytes} [Fri Apr 29 03:20:37 2022] GET /placement/resource_providers/bfd3c268-9a32-4c04-9f8d-015904e388e4/aggregates => generated 54 bytes in 28 msecs (HTTP/1.1 200) 8 headers in 295 bytes (2 switches on core 0)
Apr 29 03:20:37.507993 n-d-837162-1 devstack@placement-api.service[116935]: DEBUG placement.requestlog [req-bd1f9d08-9184-422c-9901-184c1b03c50c req-53e43ef0-1a29-420e-acf3-313702f93532 None None] Starting request: 10.222.0.25 "GET /placement/resource_providers/bfd3c268-9a32-4c04-9f8d-015904e388e4/traits" {{(pid=116935) __call__ /opt/stack/placement/placement/requestlog.py:55}}
Apr 29 03:20:37.599688 n-d-837162-1 devstack@placement-api.service[116935]: INFO placement.requestlog [req-bd1f9d08-9184-422c-9901-184c1b03c50c req-53e43ef0-1a29-420e-acf3-313702f93532 service placement] 10.222.0.25 "GET /placement/resource_providers/bfd3c268-9a32-4c04-9f8d-015904e388e4/traits" status: 200 len: 212 microversion: 1.6
Apr 29 03:20:37.607789 n-d-837162-1 devstack@placement-api.service[116935]: [pid: 116935|app: 0|req: 473/936] 10.222.0.25 () {60 vars in 1418 bytes} [Fri Apr 29 03:20:37 2022] GET /placement/resource_providers/bfd3c268-9a32-4c04-9f8d-015904e388e4/traits => generated 212 bytes in 100 msecs (HTTP/1.1 200) 6 headers in 224 bytes (1 switches on core 0)
Apr 29 03:20:40.126556 n-d-837162-1 devstack@placement-api.service[116934]: DEBUG placement.requestlog [req-fd8d0da2-af19-40d5-85d9-bcf8a78ab0a7 req-9ef10b0f-3ce9-4ee9-8e89-34c1aa3c431c None None] Starting request: 10.222.0.13 "GET /placement/allocation_candidates?limit=1000&resources=DISK_GB%3A1%2CMEMORY_MB%3A1024%2CVCPU%3A1&root_required=%21COMPUTE_STATUS_DISABLED" {{(pid=116934) __call__ /opt/stack/placement/placement/requestlog.py:55}}
Apr 29 03:20:40.237221 n-d-837162-1 devstack@placement-api.service[116934]: DEBUG placement.objects.research_context [req-fd8d0da2-af19-40d5-85d9-bcf8a78ab0a7 req-9ef10b0f-3ce9-4ee9-8e89-34c1aa3c431c service placement] getting providers with 1 DISK_GB {{(pid=116934) __init__ /opt/stack/placement/placement/objects/research_context.py:136}}
Apr 29 03:20:40.253382 n-d-837162-1 devstack@placement-api.service[116934]: DEBUG placement.objects.research_context [req-fd8d0da2-af19-40d5-85d9-bcf8a78ab0a7 req-9ef10b0f-3ce9-4ee9-8e89-34c1aa3c431c service placement] getting providers with 1024 MEMORY_MB {{(pid=116934) __init__ /opt/stack/placement/placement/objects/research_context.py:136}}
Apr 29 03:20:40.273787 n-d-837162-1 devstack@placement-api.service[116934]: DEBUG placement.objects.research_context [req-fd8d0da2-af19-40d5-85d9-bcf8a78ab0a7 req-9ef10b0f-3ce9-4ee9-8e89-34c1aa3c431c service placement] getting providers with 1 VCPU {{(pid=116934) __init__ /opt/stack/placement/placement/objects/research_context.py:136}}
Apr 29 03:20:40.301689 n-d-837162-1 devstack@placement-api.service[116934]: DEBUG placement.objects.research_context [req-fd8d0da2-af19-40d5-85d9-bcf8a78ab0a7 req-9ef10b0f-3ce9-4ee9-8e89-34c1aa3c431c service placement] found 2 providers with available 1 DISK_GB {{(pid=116934) get_provider_ids_matching /opt/stack/placement/placement/objects/research_context.py:563}}
Apr 29 03:20:40.302733 n-d-837162-1 devstack@placement-api.service[116934]: DEBUG placement.objects.research_context [req-fd8d0da2-af19-40d5-85d9-bcf8a78ab0a7 req-9ef10b0f-3ce9-4ee9-8e89-34c1aa3c431c service placement] found 2 providers with available 1024 MEMORY_MB {{(pid=116934) get_provider_ids_matching /opt/stack/placement/placement/objects/research_context.py:563}}
Apr 29 03:20:40.306608 n-d-837162-1 devstack@placement-api.service[116934]: DEBUG placement.objects.research_context [req-fd8d0da2-af19-40d5-85d9-bcf8a78ab0a7 req-9ef10b0f-3ce9-4ee9-8e89-34c1aa3c431c service placement] found 2 providers after filtering by previous result {{(pid=116934) get_provider_ids_matching /opt/stack/placement/placement/objects/research_context.py:594}}
Apr 29 03:20:40.307209 n-d-837162-1 devstack@placement-api.service[116934]: DEBUG placement.objects.research_context [req-fd8d0da2-af19-40d5-85d9-bcf8a78ab0a7 req-9ef10b0f-3ce9-4ee9-8e89-34c1aa3c431c service placement] found 2 providers with available 1 VCPU {{(pid=116934) get_provider_ids_matching /opt/stack/placement/placement/objects/research_context.py:563}}
Apr 29 03:20:40.307684 n-d-837162-1 devstack@placement-api.service[116934]: DEBUG placement.objects.research_context [req-fd8d0da2-af19-40d5-85d9-bcf8a78ab0a7 req-9ef10b0f-3ce9-4ee9-8e89-34c1aa3c431c service placement] found 2 providers after filtering by previous result {{(pid=116934) get_provider_ids_matching /opt/stack/placement/placement/objects/research_context.py:594}}
Apr 29 03:20:40.348178 n-d-837162-1 devstack@placement-api.service[116934]: DEBUG placement.objects.allocation_candidate [req-fd8d0da2-af19-40d5-85d9-bcf8a78ab0a7 req-9ef10b0f-3ce9-4ee9-8e89-34c1aa3c431c service placement] RequestGroup(use_same_provider=False, resources={DISK_GB:1, MEMORY_MB:1024, VCPU:1}, traits=(), aggregates=[]) (suffix '') returned 2 matches {{(pid=116934) _get_by_requests /opt/stack/placement/placement/objects/allocation_candidate.py:156}}
Apr 29 03:20:40.356822 n-d-837162-1 devstack@placement-api.service[116934]: DEBUG placement.objects.allocation_candidate [req-fd8d0da2-af19-40d5-85d9-bcf8a78ab0a7 req-9ef10b0f-3ce9-4ee9-8e89-34c1aa3c431c service placement] Merging candidates yields 2 allocation requests and 2 provider summaries {{(pid=116934) _merge_candidates /opt/stack/placement/placement/objects/allocation_candidate.py:809}}
Apr 29 03:20:40.364078 n-d-837162-1 devstack@placement-api.service[116934]: INFO placement.requestlog [req-fd8d0da2-af19-40d5-85d9-bcf8a78ab0a7 req-9ef10b0f-3ce9-4ee9-8e89-34c1aa3c431c service placement] 10.222.0.13 "GET /placement/allocation_candidates?limit=1000&resources=DISK_GB%3A1%2CMEMORY_MB%3A1024%2CVCPU%3A1&root_required=%21COMPUTE_STATUS_DISABLED" status: 200 len: 1306 microversion: 1.36
Apr 29 03:20:40.365865 n-d-837162-1 devstack@placement-api.service[116934]: [pid: 116934|app: 0|req: 464/937] 10.222.0.13 () {60 vars in 1506 bytes} [Fri Apr 29 03:20:40 2022] GET /placement/allocation_candidates?limit=1000&resources=DISK_GB%3A1%2CMEMORY_MB%3A1024%2CVCPU%3A1&root_required=%21COMPUTE_STATUS_DISABLED => generated 1306 bytes in 240 msecs (HTTP/1.1 200) 8 headers in 297 bytes (1 switches on core 0)
Apr 29 03:20:40.547411 n-d-837162-1 devstack@placement-api.service[116935]: DEBUG placement.requestlog [req-fd8d0da2-af19-40d5-85d9-bcf8a78ab0a7 req-9a49d9a0-c767-4c5c-8c5f-782b091bacb0 None None] Starting request: 10.222.0.13 "GET /placement/allocations/8300ae31-bf47-47a8-89d8-ca3302b66869" {{(pid=116935) __call__ /opt/stack/placement/placement/requestlog.py:55}}
Apr 29 03:20:40.572669 n-d-837162-1 devstack@placement-api.service[116935]: INFO placement.requestlog [req-fd8d0da2-af19-40d5-85d9-bcf8a78ab0a7 req-9a49d9a0-c767-4c5c-8c5f-782b091bacb0 service placement] 10.222.0.13 "GET /placement/allocations/8300ae31-bf47-47a8-89d8-ca3302b66869" status: 200 len: 19 microversion: 1.28
Apr 29 03:20:40.578103 n-d-837162-1 devstack@placement-api.service[116935]: [pid: 116935|app: 0|req: 474/938] 10.222.0.13 () {60 vars in 1380 bytes} [Fri Apr 29 03:20:40 2022] GET /placement/allocations/8300ae31-bf47-47a8-89d8-ca3302b66869 => generated 19 bytes in 30 msecs (HTTP/1.1 200) 8 headers in 295 bytes (1 switches on core 0)
Apr 29 03:20:40.583553 n-d-837162-1 devstack@placement-api.service[116934]: DEBUG placement.requestlog [req-fd8d0da2-af19-40d5-85d9-bcf8a78ab0a7 req-888c6a8f-91e8-47f9-ac43-36646983c03c None None] Starting request: 10.222.0.13 "PUT /placement/allocations/8300ae31-bf47-47a8-89d8-ca3302b66869" {{(pid=116934) __call__ /opt/stack/placement/placement/requestlog.py:55}}
Apr 29 03:20:40.937616 n-d-837162-1 devstack@placement-api.service[116934]: DEBUG placement.handlers.allocation [req-fd8d0da2-af19-40d5-85d9-bcf8a78ab0a7 req-888c6a8f-91e8-47f9-ac43-36646983c03c service placement] Successfully wrote allocations [, , ] {{(pid=116934) _update_consumers_and_create_allocations /opt/stack/placement/placement/handlers/allocation.py:462}}
Apr 29 03:20:41.005152 n-d-837162-1 devstack@placement-api.service[116934]: INFO placement.requestlog [req-fd8d0da2-af19-40d5-85d9-bcf8a78ab0a7 req-888c6a8f-91e8-47f9-ac43-36646983c03c service placement] 10.222.0.13 "PUT /placement/allocations/8300ae31-bf47-47a8-89d8-ca3302b66869" status: 204 len: 0 microversion: 1.36
Apr 29 03:20:41.005851 n-d-837162-1 devstack@placement-api.service[116934]: [pid: 116934|app: 0|req: 465/939] 10.222.0.13 () {64 vars in 1433 bytes} [Fri Apr 29 03:20:40 2022] PUT /placement/allocations/8300ae31-bf47-47a8-89d8-ca3302b66869 => generated 0 bytes in 423 msecs (HTTP/1.1 204) 5 headers in 199 bytes (1 switches on core 0)
Apr 29 03:20:42.451148 n-d-837162-1 devstack@placement-api.service[116935]: DEBUG placement.requestlog [req-fd8d0da2-af19-40d5-85d9-bcf8a78ab0a7 req-0a288532-c37f-4047-af9a-a658259dc8e5 None None] Starting request: 10.222.0.25 "GET /placement/allocations/8300ae31-bf47-47a8-89d8-ca3302b66869" {{(pid=116935) __call__ /opt/stack/placement/placement/requestlog.py:55}}
Apr 29 03:20:42.487453 n-d-837162-1 devstack@placement-api.service[116935]: INFO placement.requestlog [req-fd8d0da2-af19-40d5-85d9-bcf8a78ab0a7 req-0a288532-c37f-4047-af9a-a658259dc8e5 service placement] 10.222.0.25 "GET /placement/allocations/8300ae31-bf47-47a8-89d8-ca3302b66869" status: 200 len: 259 microversion: 1.28
Apr 29 03:20:42.492700 n-d-837162-1 devstack@placement-api.service[116935]: [pid: 116935|app: 0|req: 475/940] 10.222.0.25 () {60 vars in 1377 bytes} [Fri Apr 29 03:20:42 2022] GET /placement/allocations/8300ae31-bf47-47a8-89d8-ca3302b66869 => generated 259 bytes in 42 msecs (HTTP/1.1 200) 8 headers in 296 bytes (1 switches on core 0)
Apr 29 03:21:33.568014 n-d-837162-1 devstack@placement-api.service[116934]: DEBUG placement.requestlog [req-16c92505-3616-4a50-a7eb-203e17abc21b req-0edabc50-8b20-4771-aebc-34c2ac87b450 None None] Starting request: 10.222.0.11 "GET /placement/resource_providers/4d8e3587-b08c-4571-835b-5e85d70f17e0/allocations" {{(pid=116934) __call__ /opt/stack/placement/placement/requestlog.py:55}}
Apr 29 03:21:33.614533 n-d-837162-1 devstack@placement-api.service[116935]: DEBUG placement.requestlog [req-2520d875-5a31-41c5-9439-184cea5b0fa8 req-350dcddb-652b-403a-a666-88712ce12d92 None None] Starting request: 10.222.0.25 "DELETE /placement/allocations/8300ae31-bf47-47a8-89d8-ca3302b66869" {{(pid=116935) __call__ /opt/stack/placement/placement/requestlog.py:55}}
Apr 29 03:21:33.655110 n-d-837162-1 devstack@placement-api.service[116934]: INFO placement.requestlog [req-16c92505-3616-4a50-a7eb-203e17abc21b req-0edabc50-8b20-4771-aebc-34c2ac87b450 service placement] 10.222.0.11 "GET /placement/resource_providers/4d8e3587-b08c-4571-835b-5e85d70f17e0/allocations" status: 200 len: 255 microversion: 1.0
Apr 29 03:21:33.658573 n-d-837162-1 devstack@placement-api.service[116934]: [pid: 116934|app: 0|req: 466/941] 10.222.0.11 () {58 vars in 1390 bytes} [Fri Apr 29 03:21:33 2022] GET /placement/resource_providers/4d8e3587-b08c-4571-835b-5e85d70f17e0/allocations => generated 255 bytes in 91 msecs (HTTP/1.1 200) 6 headers in 224 bytes (1 switches on core 0)
Apr 29 03:21:33.790408 n-d-837162-1 devstack@placement-api.service[116934]: DEBUG placement.requestlog [req-16c92505-3616-4a50-a7eb-203e17abc21b req-2e0b2414-ceb9-4bc4-8b47-0a0367693672 None None] Starting request: 10.222.0.11 "GET /placement/resource_providers?in_tree=4d8e3587-b08c-4571-835b-5e85d70f17e0" {{(pid=116934) __call__ /opt/stack/placement/placement/requestlog.py:55}}
Apr 29 03:21:33.862903 n-d-837162-1 devstack@placement-api.service[116934]: INFO placement.requestlog [req-16c92505-3616-4a50-a7eb-203e17abc21b req-2e0b2414-ceb9-4bc4-8b47-0a0367693672 service placement] 10.222.0.11 "GET /placement/resource_providers?in_tree=4d8e3587-b08c-4571-835b-5e85d70f17e0" status: 200 len: 863 microversion: 1.14
Apr 29 03:21:33.863204 n-d-837162-1 devstack@placement-api.service[116934]: [pid: 116934|app: 0|req: 467/942] 10.222.0.11 () {60 vars in 1376 bytes} [Fri Apr 29 03:21:33 2022] GET /placement/resource_providers?in_tree=4d8e3587-b08c-4571-835b-5e85d70f17e0 => generated 863 bytes in 76 msecs (HTTP/1.1 200) 6 headers in 225 bytes (2 switches on core 0)
Apr 29 03:21:33.883767 n-d-837162-1 devstack@placement-api.service[116934]: DEBUG placement.requestlog [req-16c92505-3616-4a50-a7eb-203e17abc21b req-6541f765-d759-437d-a18c-f3432671e72a None None] Starting request: 10.222.0.11 "GET /placement/resource_providers/4d8e3587-b08c-4571-835b-5e85d70f17e0/inventories" {{(pid=116934) __call__ /opt/stack/placement/placement/requestlog.py:55}}
Apr 29 03:21:33.929694 n-d-837162-1 devstack@placement-api.service[116935]: DEBUG placement.handlers.allocation [req-2520d875-5a31-41c5-9439-184cea5b0fa8 req-350dcddb-652b-403a-a666-88712ce12d92 service placement] Successfully deleted allocations [, , ] {{(pid=116935) delete_allocations /opt/stack/placement/placement/handlers/allocation.py:627}}
Apr 29 03:21:33.930392 n-d-837162-1 devstack@placement-api.service[116935]: INFO placement.requestlog [req-2520d875-5a31-41c5-9439-184cea5b0fa8 req-350dcddb-652b-403a-a666-88712ce12d92 service placement] 10.222.0.25 "DELETE /placement/allocations/8300ae31-bf47-47a8-89d8-ca3302b66869" status: 204 len: 0 microversion: 1.0
Apr 29 03:21:33.931010 n-d-837162-1 devstack@placement-api.service[116935]: [pid: 116935|app: 0|req: 476/943] 10.222.0.25 () {60 vars in 1355 bytes} [Fri Apr 29 03:21:33 2022] DELETE /placement/allocations/8300ae31-bf47-47a8-89d8-ca3302b66869 => generated 0 bytes in 317 msecs (HTTP/1.1 204) 5 headers in 198 bytes (1 switches on core 0)
Apr 29 03:21:33.959262 n-d-837162-1 devstack@placement-api.service[116934]: INFO placement.requestlog [req-16c92505-3616-4a50-a7eb-203e17abc21b req-6541f765-d759-437d-a18c-f3432671e72a service placement] 10.222.0.11 "GET /placement/resource_providers/4d8e3587-b08c-4571-835b-5e85d70f17e0/inventories" status: 200 len: 398 microversion: 1.0
Apr 29 03:21:33.962367 n-d-837162-1 devstack@placement-api.service[116934]: [pid: 116934|app: 0|req: 468/944] 10.222.0.11 () {58 vars in 1390 bytes} [Fri Apr 29 03:21:33 2022] GET /placement/resource_providers/4d8e3587-b08c-4571-835b-5e85d70f17e0/inventories => generated 398 bytes in 82 msecs (HTTP/1.1 200) 6 headers in 224 bytes (1 switches on core 0)
Apr 29 03:21:33.972041 n-d-837162-1 devstack@placement-api.service[116935]: DEBUG placement.requestlog [req-16c92505-3616-4a50-a7eb-203e17abc21b req-43cda46c-2b2b-49c6-837c-6a6e73c2ed5f None None] Starting request: 10.222.0.11 "GET /placement/resource_providers/4d8e3587-b08c-4571-835b-5e85d70f17e0/aggregates" {{(pid=116935) __call__ /opt/stack/placement/placement/requestlog.py:55}}
Apr 29 03:21:33.999916 n-d-837162-1 devstack@placement-api.service[116935]: INFO placement.requestlog [req-16c92505-3616-4a50-a7eb-203e17abc21b req-43cda46c-2b2b-49c6-837c-6a6e73c2ed5f service placement] 10.222.0.11 "GET /placement/resource_providers/4d8e3587-b08c-4571-835b-5e85d70f17e0/aggregates" status: 200 len: 54 microversion: 1.19
Apr 29 03:21:34.002855 n-d-837162-1 devstack@placement-api.service[116935]: [pid: 116935|app: 0|req: 477/945] 10.222.0.11 () {60 vars in 1431 bytes} [Fri Apr 29 03:21:33 2022] GET /placement/resource_providers/4d8e3587-b08c-4571-835b-5e85d70f17e0/aggregates => generated 54 bytes in 31 msecs (HTTP/1.1 200) 8 headers in 295 bytes (1 switches on core 0)
Apr 29 03:21:34.010437 n-d-837162-1 devstack@placement-api.service[116934]: DEBUG placement.requestlog [req-16c92505-3616-4a50-a7eb-203e17abc21b req-ebd83314-d9e5-4332-8410-5f05e7ecedf0 None None] Starting request: 10.222.0.11 "GET /placement/resource_providers/4d8e3587-b08c-4571-835b-5e85d70f17e0/traits" {{(pid=116934) __call__ /opt/stack/placement/placement/requestlog.py:55}}
