Apr 14 15:17:16.894187 n-d-837156-1 devstack@placement-api.service[105331]: DEBUG placement.requestlog [req-5b47a256-5b89-42d5-b32d-10ef5ce793a7 req-9a614a1c-e015-4d64-9de0-6a52ddaaf2db None None] Starting request: 10.222.0.25 "GET /placement/allocations/41c95a80-a137-451d-9346-ee616815a211" {{(pid=105331) __call__ /opt/stack/placement/placement/requestlog.py:55}}
Apr 14 15:17:16.949087 n-d-837156-1 devstack@placement-api.service[105331]: INFO placement.requestlog [req-5b47a256-5b89-42d5-b32d-10ef5ce793a7 req-9a614a1c-e015-4d64-9de0-6a52ddaaf2db service placement] 10.222.0.25 "GET /placement/allocations/41c95a80-a137-451d-9346-ee616815a211" status: 200 len: 259 microversion: 1.28
Apr 14 15:17:16.953666 n-d-837156-1 devstack@placement-api.service[105331]: [pid: 105331|app: 0|req: 244/496] 10.222.0.25 () {60 vars in 1377 bytes} [Thu Apr 14 15:17:16 2022] GET /placement/allocations/41c95a80-a137-451d-9346-ee616815a211 => generated 259 bytes in 60 msecs (HTTP/1.1 200) 8 headers in 296 bytes (1 switches on core 0)
Apr 14 15:17:19.559282 n-d-837156-1 devstack@placement-api.service[105332]: DEBUG placement.requestlog [req-3cef079c-f253-472d-b974-e0a9b8464a7c req-117fc4f8-8097-4d58-adeb-d2da229b1956 None None] Starting request: 10.222.0.25 "GET /placement/resource_providers/4e0141eb-b2a1-4b61-b243-345eb71486b7/allocations" {{(pid=105332) __call__ /opt/stack/placement/placement/requestlog.py:55}}
Apr 14 15:17:19.591416 n-d-837156-1 devstack@placement-api.service[105332]: INFO placement.requestlog [req-3cef079c-f253-472d-b974-e0a9b8464a7c req-117fc4f8-8097-4d58-adeb-d2da229b1956 service placement] 10.222.0.25 "GET /placement/resource_providers/4e0141eb-b2a1-4b61-b243-345eb71486b7/allocations" status: 200 len: 645 microversion: 1.0
Apr 14 15:17:19.592861 n-d-837156-1 devstack@placement-api.service[105332]: [pid: 105332|app: 0|req: 253/497] 10.222.0.25 () {58 vars in 1390 bytes} [Thu Apr 14 15:17:19 2022] GET /placement/resource_providers/4e0141eb-b2a1-4b61-b243-345eb71486b7/allocations => generated 645 bytes in 34 msecs (HTTP/1.1 200) 6 headers in 224 bytes (2 switches on core 0)
Apr 14 15:17:27.311802 n-d-837156-1 devstack@placement-api.service[105331]: DEBUG placement.requestlog [req-9353d4a4-6a10-44ce-8cec-1197a7666fbc req-05fef935-0298-4aa1-ae07-525732bc502e None None] Starting request: 10.222.0.25 "DELETE /placement/allocations/cbb4a793-191a-4ad9-a047-509c59b9d276" {{(pid=105331) __call__ /opt/stack/placement/placement/requestlog.py:55}}
Apr 14 15:17:27.547312 n-d-837156-1 devstack@placement-api.service[105331]: DEBUG placement.handlers.allocation [req-9353d4a4-6a10-44ce-8cec-1197a7666fbc req-05fef935-0298-4aa1-ae07-525732bc502e service placement] Successfully deleted allocations [, ] {{(pid=105331) delete_allocations /opt/stack/placement/placement/handlers/allocation.py:627}}
Apr 14 15:17:27.553444 n-d-837156-1 devstack@placement-api.service[105331]: INFO placement.requestlog [req-9353d4a4-6a10-44ce-8cec-1197a7666fbc req-05fef935-0298-4aa1-ae07-525732bc502e service placement] 10.222.0.25 "DELETE /placement/allocations/cbb4a793-191a-4ad9-a047-509c59b9d276" status: 204 len: 0 microversion: 1.0
Apr 14 15:17:27.553444 n-d-837156-1 devstack@placement-api.service[105331]: [pid: 105331|app: 0|req: 245/498] 10.222.0.25 () {60 vars in 1355 bytes} [Thu Apr 14 15:17:27 2022] DELETE /placement/allocations/cbb4a793-191a-4ad9-a047-509c59b9d276 => generated 0 bytes in 237 msecs (HTTP/1.1 204) 5 headers in 198 bytes (2 switches on core 0)
Apr 14 15:17:29.658891 n-d-837156-1 devstack@placement-api.service[105332]: DEBUG placement.requestlog [req-66ef63dd-f1ec-4c85-ae33-352b743c9d8f req-c15365cc-2713-4aa7-a430-35e024c97cc2 None None] Starting request: 10.222.0.13 "GET /placement/allocation_candidates?limit=1000&resources=DISK_GB%3A1%2CMEMORY_MB%3A1024%2CVCPU%3A1&root_required=%21COMPUTE_STATUS_DISABLED" {{(pid=105332) __call__ /opt/stack/placement/placement/requestlog.py:55}}
Apr 14 15:17:29.703780 n-d-837156-1 devstack@placement-api.service[105332]: DEBUG placement.objects.research_context [req-66ef63dd-f1ec-4c85-ae33-352b743c9d8f req-c15365cc-2713-4aa7-a430-35e024c97cc2 service placement] getting providers with 1 DISK_GB {{(pid=105332) __init__ /opt/stack/placement/placement/objects/research_context.py:136}}
Apr 14 15:17:29.726644 n-d-837156-1 devstack@placement-api.service[105332]: DEBUG placement.objects.research_context [req-66ef63dd-f1ec-4c85-ae33-352b743c9d8f req-c15365cc-2713-4aa7-a430-35e024c97cc2 service placement] getting providers with 1024 MEMORY_MB {{(pid=105332) __init__ /opt/stack/placement/placement/objects/research_context.py:136}}
Apr 14 15:17:29.739175 n-d-837156-1 devstack@placement-api.service[105332]: DEBUG placement.objects.research_context [req-66ef63dd-f1ec-4c85-ae33-352b743c9d8f req-c15365cc-2713-4aa7-a430-35e024c97cc2 service placement] getting providers with 1 VCPU {{(pid=105332) __init__ /opt/stack/placement/placement/objects/research_context.py:136}}
Apr 14 15:17:29.749428 n-d-837156-1 devstack@placement-api.service[105332]: DEBUG placement.objects.research_context [req-66ef63dd-f1ec-4c85-ae33-352b743c9d8f req-c15365cc-2713-4aa7-a430-35e024c97cc2 service placement] found 2 providers with available 1 DISK_GB {{(pid=105332) get_provider_ids_matching /opt/stack/placement/placement/objects/research_context.py:559}}
Apr 14 15:17:29.749777 n-d-837156-1 devstack@placement-api.service[105332]: DEBUG placement.objects.research_context [req-66ef63dd-f1ec-4c85-ae33-352b743c9d8f req-c15365cc-2713-4aa7-a430-35e024c97cc2 service placement] found 2 providers with available 1024 MEMORY_MB {{(pid=105332) get_provider_ids_matching /opt/stack/placement/placement/objects/research_context.py:559}}
Apr 14 15:17:29.750057 n-d-837156-1 devstack@placement-api.service[105332]: DEBUG placement.objects.research_context [req-66ef63dd-f1ec-4c85-ae33-352b743c9d8f req-c15365cc-2713-4aa7-a430-35e024c97cc2 service placement] found 2 providers after filtering by previous result {{(pid=105332) get_provider_ids_matching /opt/stack/placement/placement/objects/research_context.py:590}}
Apr 14 15:17:29.750320 n-d-837156-1 devstack@placement-api.service[105332]: DEBUG placement.objects.research_context [req-66ef63dd-f1ec-4c85-ae33-352b743c9d8f req-c15365cc-2713-4aa7-a430-35e024c97cc2 service placement] found 2 providers with available 1 VCPU {{(pid=105332) get_provider_ids_matching /opt/stack/placement/placement/objects/research_context.py:559}}
Apr 14 15:17:29.750575 n-d-837156-1 devstack@placement-api.service[105332]: DEBUG placement.objects.research_context [req-66ef63dd-f1ec-4c85-ae33-352b743c9d8f req-c15365cc-2713-4aa7-a430-35e024c97cc2 service placement] found 2 providers after filtering by previous result {{(pid=105332) get_provider_ids_matching /opt/stack/placement/placement/objects/research_context.py:590}}
Apr 14 15:17:29.774732 n-d-837156-1 devstack@placement-api.service[105332]: DEBUG placement.objects.allocation_candidate [req-66ef63dd-f1ec-4c85-ae33-352b743c9d8f req-c15365cc-2713-4aa7-a430-35e024c97cc2 service placement] RequestGroup(use_same_provider=False, resources={DISK_GB:1, MEMORY_MB:1024, VCPU:1}, traits=(), aggregates=[]) (suffix '') returned 2 matches {{(pid=105332) _get_by_requests /opt/stack/placement/placement/objects/allocation_candidate.py:156}}
Apr 14 15:17:29.775132 n-d-837156-1 devstack@placement-api.service[105332]: DEBUG placement.objects.allocation_candidate [req-66ef63dd-f1ec-4c85-ae33-352b743c9d8f req-c15365cc-2713-4aa7-a430-35e024c97cc2 service placement] Merging candidates yields 2 allocation requests and 2 provider summaries {{(pid=105332) _merge_candidates /opt/stack/placement/placement/objects/allocation_candidate.py:809}}
Apr 14 15:17:29.776718 n-d-837156-1 devstack@placement-api.service[105332]: INFO placement.requestlog [req-66ef63dd-f1ec-4c85-ae33-352b743c9d8f req-c15365cc-2713-4aa7-a430-35e024c97cc2 service placement] 10.222.0.13 "GET /placement/allocation_candidates?limit=1000&resources=DISK_GB%3A1%2CMEMORY_MB%3A1024%2CVCPU%3A1&root_required=%21COMPUTE_STATUS_DISABLED" status: 200 len: 1309 microversion: 1.36
Apr 14 15:17:29.777380 n-d-837156-1 devstack@placement-api.service[105332]: [pid: 105332|app: 0|req: 254/499] 10.222.0.13 () {60 vars in 1506 bytes} [Thu Apr 14 15:17:29 2022] GET /placement/allocation_candidates?limit=1000&resources=DISK_GB%3A1%2CMEMORY_MB%3A1024%2CVCPU%3A1&root_required=%21COMPUTE_STATUS_DISABLED => generated 1309 bytes in 119 msecs (HTTP/1.1 200) 8 headers in 297 bytes (1 switches on core 0)
Apr 14 15:17:29.847874 n-d-837156-1 devstack@placement-api.service[105331]: DEBUG placement.requestlog [req-66ef63dd-f1ec-4c85-ae33-352b743c9d8f req-6554b4b4-cfef-46e2-9e2c-8ce79d283ac8 None None] Starting request: 10.222.0.13 "GET /placement/allocations/268be624-d6d6-46b1-8f32-2d1403a69406" {{(pid=105331) __call__ /opt/stack/placement/placement/requestlog.py:55}}
Apr 14 15:17:29.858784 n-d-837156-1 devstack@placement-api.service[105331]: INFO placement.requestlog [req-66ef63dd-f1ec-4c85-ae33-352b743c9d8f req-6554b4b4-cfef-46e2-9e2c-8ce79d283ac8 service placement] 10.222.0.13 "GET /placement/allocations/268be624-d6d6-46b1-8f32-2d1403a69406" status: 200 len: 19 microversion: 1.28
Apr 14 15:17:29.859470 n-d-837156-1 devstack@placement-api.service[105331]: [pid: 105331|app: 0|req: 246/500] 10.222.0.13 () {60 vars in 1380 bytes} [Thu Apr 14 15:17:29 2022] GET /placement/allocations/268be624-d6d6-46b1-8f32-2d1403a69406 => generated 19 bytes in 12 msecs (HTTP/1.1 200) 8 headers in 295 bytes (1 switches on core 0)
Apr 14 15:17:29.865439 n-d-837156-1 devstack@placement-api.service[105332]: DEBUG placement.requestlog [req-66ef63dd-f1ec-4c85-ae33-352b743c9d8f req-0902bcc4-161a-4c88-be35-5aa50af73a51 None None] Starting request: 10.222.0.13 "PUT /placement/allocations/268be624-d6d6-46b1-8f32-2d1403a69406" {{(pid=105332) __call__ /opt/stack/placement/placement/requestlog.py:55}}
Apr 14 15:17:30.238527 n-d-837156-1 devstack@placement-api.service[105332]: DEBUG placement.handlers.allocation [req-66ef63dd-f1ec-4c85-ae33-352b743c9d8f req-0902bcc4-161a-4c88-be35-5aa50af73a51 service placement] Successfully wrote allocations [, , ] {{(pid=105332) _update_consumers_and_create_allocations /opt/stack/placement/placement/handlers/allocation.py:462}}
Apr 14 15:17:30.324483 n-d-837156-1 devstack@placement-api.service[105332]: INFO placement.requestlog [req-66ef63dd-f1ec-4c85-ae33-352b743c9d8f req-0902bcc4-161a-4c88-be35-5aa50af73a51 service placement] 10.222.0.13 "PUT /placement/allocations/268be624-d6d6-46b1-8f32-2d1403a69406" status: 204 len: 0 microversion: 1.36
Apr 14 15:17:30.325643 n-d-837156-1 devstack@placement-api.service[105332]: [pid: 105332|app: 0|req: 255/501] 10.222.0.13 () {64 vars in 1433 bytes} [Thu Apr 14 15:17:29 2022] PUT /placement/allocations/268be624-d6d6-46b1-8f32-2d1403a69406 => generated 0 bytes in 460 msecs (HTTP/1.1 204) 5 headers in 199 bytes (1 switches on core 0)
Apr 14 15:17:31.637291 n-d-837156-1 devstack@placement-api.service[105331]: DEBUG placement.requestlog [req-66ef63dd-f1ec-4c85-ae33-352b743c9d8f req-5b23e078-201c-478c-be7f-b4e05e013a13 None None] Starting request: 10.222.0.18 "GET /placement/allocations/268be624-d6d6-46b1-8f32-2d1403a69406" {{(pid=105331) __call__ /opt/stack/placement/placement/requestlog.py:55}}
Apr 14 15:17:31.667955 n-d-837156-1 devstack@placement-api.service[105331]: INFO placement.requestlog [req-66ef63dd-f1ec-4c85-ae33-352b743c9d8f req-5b23e078-201c-478c-be7f-b4e05e013a13 service placement] 10.222.0.18 "GET /placement/allocations/268be624-d6d6-46b1-8f32-2d1403a69406" status: 200 len: 259 microversion: 1.28
Apr 14 15:17:31.668342 n-d-837156-1 devstack@placement-api.service[105331]: [pid: 105331|app: 0|req: 247/502] 10.222.0.18 () {60 vars in 1377 bytes} [Thu Apr 14 15:17:31 2022] GET /placement/allocations/268be624-d6d6-46b1-8f32-2d1403a69406 => generated 259 bytes in 31 msecs (HTTP/1.1 200) 8 headers in 296 bytes (1 switches on core 0)
Apr 14 15:17:46.455810 n-d-837156-1 devstack@placement-api.service[105332]: DEBUG placement.requestlog [req-52485765-ece7-45d4-9c0c-be7848ab4492 req-9e28cc68-a230-40fc-bf3b-d6669567d5df None None] Starting request: 10.222.0.13 "GET /placement/allocation_candidates?limit=1000&resources=DISK_GB%3A1%2CMEMORY_MB%3A1024%2CVCPU%3A1&root_required=%21COMPUTE_STATUS_DISABLED" {{(pid=105332) __call__ /opt/stack/placement/placement/requestlog.py:55}}
Apr 14 15:17:46.532263 n-d-837156-1 devstack@placement-api.service[105332]: DEBUG placement.objects.research_context [req-52485765-ece7-45d4-9c0c-be7848ab4492 req-9e28cc68-a230-40fc-bf3b-d6669567d5df service placement] getting providers with 1 DISK_GB {{(pid=105332) __init__ /opt/stack/placement/placement/objects/research_context.py:136}}
Apr 14 15:17:46.560293 n-d-837156-1 devstack@placement-api.service[105332]: DEBUG placement.objects.research_context [req-52485765-ece7-45d4-9c0c-be7848ab4492 req-9e28cc68-a230-40fc-bf3b-d6669567d5df service placement] getting providers with 1024 MEMORY_MB {{(pid=105332) __init__ /opt/stack/placement/placement/objects/research_context.py:136}}
Apr 14 15:17:46.576406 n-d-837156-1 devstack@placement-api.service[105332]: DEBUG placement.objects.research_context [req-52485765-ece7-45d4-9c0c-be7848ab4492 req-9e28cc68-a230-40fc-bf3b-d6669567d5df service placement] getting providers with 1 VCPU {{(pid=105332) __init__ /opt/stack/placement/placement/objects/research_context.py:136}}
Apr 14 15:17:46.589796 n-d-837156-1 devstack@placement-api.service[105332]: DEBUG placement.objects.research_context [req-52485765-ece7-45d4-9c0c-be7848ab4492 req-9e28cc68-a230-40fc-bf3b-d6669567d5df service placement] found 2 providers with available 1 DISK_GB {{(pid=105332) get_provider_ids_matching /opt/stack/placement/placement/objects/research_context.py:559}}
Apr 14 15:17:46.590070 n-d-837156-1 devstack@placement-api.service[105332]: DEBUG placement.objects.research_context [req-52485765-ece7-45d4-9c0c-be7848ab4492 req-9e28cc68-a230-40fc-bf3b-d6669567d5df service placement] found 2 providers with available 1024 MEMORY_MB {{(pid=105332) get_provider_ids_matching /opt/stack/placement/placement/objects/research_context.py:559}}
Apr 14 15:17:46.590549 n-d-837156-1 devstack@placement-api.service[105332]: DEBUG placement.objects.research_context [req-52485765-ece7-45d4-9c0c-be7848ab4492 req-9e28cc68-a230-40fc-bf3b-d6669567d5df service placement] found 2 providers after filtering by previous result {{(pid=105332) get_provider_ids_matching /opt/stack/placement/placement/objects/research_context.py:590}}
Apr 14 15:17:46.590972 n-d-837156-1 devstack@placement-api.service[105332]: DEBUG placement.objects.research_context [req-52485765-ece7-45d4-9c0c-be7848ab4492 req-9e28cc68-a230-40fc-bf3b-d6669567d5df service placement] found 2 providers with available 1 VCPU {{(pid=105332) get_provider_ids_matching /opt/stack/placement/placement/objects/research_context.py:559}}
Apr 14 15:17:46.591417 n-d-837156-1 devstack@placement-api.service[105332]: DEBUG placement.objects.research_context [req-52485765-ece7-45d4-9c0c-be7848ab4492 req-9e28cc68-a230-40fc-bf3b-d6669567d5df service placement] found 2 providers after filtering by previous result {{(pid=105332) get_provider_ids_matching /opt/stack/placement/placement/objects/research_context.py:590}}
Apr 14 15:17:46.684717 n-d-837156-1 devstack@placement-api.service[105332]: DEBUG placement.objects.allocation_candidate [req-52485765-ece7-45d4-9c0c-be7848ab4492 req-9e28cc68-a230-40fc-bf3b-d6669567d5df service placement] RequestGroup(use_same_provider=False, resources={DISK_GB:1, MEMORY_MB:1024, VCPU:1}, traits=(), aggregates=[]) (suffix '') returned 2 matches {{(pid=105332) _get_by_requests /opt/stack/placement/placement/objects/allocation_candidate.py:156}}
Apr 14 15:17:46.685269 n-d-837156-1 devstack@placement-api.service[105332]: DEBUG placement.objects.allocation_candidate [req-52485765-ece7-45d4-9c0c-be7848ab4492 req-9e28cc68-a230-40fc-bf3b-d6669567d5df service placement] Merging candidates yields 2 allocation requests and 2 provider summaries {{(pid=105332) _merge_candidates /opt/stack/placement/placement/objects/allocation_candidate.py:809}}
Apr 14 15:17:46.687087 n-d-837156-1 devstack@placement-api.service[105332]: INFO placement.requestlog [req-52485765-ece7-45d4-9c0c-be7848ab4492 req-9e28cc68-a230-40fc-bf3b-d6669567d5df service placement] 10.222.0.13 "GET /placement/allocation_candidates?limit=1000&resources=DISK_GB%3A1%2CMEMORY_MB%3A1024%2CVCPU%3A1&root_required=%21COMPUTE_STATUS_DISABLED" status: 200 len: 1309 microversion: 1.36
Apr 14 15:17:46.688075 n-d-837156-1 devstack@placement-api.service[105332]: [pid: 105332|app: 0|req: 256/503] 10.222.0.13 () {60 vars in 1506 bytes} [Thu Apr 14 15:17:46 2022] GET /placement/allocation_candidates?limit=1000&resources=DISK_GB%3A1%2CMEMORY_MB%3A1024%2CVCPU%3A1&root_required=%21COMPUTE_STATUS_DISABLED => generated 1309 bytes in 232 msecs (HTTP/1.1 200) 8 headers in 297 bytes (1 switches on core 0)
Apr 14 15:17:46.936294 n-d-837156-1 devstack@placement-api.service[105331]: DEBUG placement.requestlog [req-52485765-ece7-45d4-9c0c-be7848ab4492 req-53fd4883-e77d-4b30-9c13-505ce42f30c1 None None] Starting request: 10.222.0.13 "GET /placement/allocations/35b52def-eef7-4da3-b30d-26e1ce4bc131" {{(pid=105331) __call__ /opt/stack/placement/placement/requestlog.py:55}}
Apr 14 15:17:46.948600 n-d-837156-1 devstack@placement-api.service[105331]: INFO placement.requestlog [req-52485765-ece7-45d4-9c0c-be7848ab4492 req-53fd4883-e77d-4b30-9c13-505ce42f30c1 service placement] 10.222.0.13 "GET /placement/allocations/35b52def-eef7-4da3-b30d-26e1ce4bc131" status: 200 len: 19 microversion: 1.28
Apr 14 15:17:46.948988 n-d-837156-1 devstack@placement-api.service[105331]: [pid: 105331|app: 0|req: 248/504] 10.222.0.13 () {60 vars in 1380 bytes} [Thu Apr 14 15:17:46 2022] GET /placement/allocations/35b52def-eef7-4da3-b30d-26e1ce4bc131 => generated 19 bytes in 13 msecs (HTTP/1.1 200) 8 headers in 295 bytes (1 switches on core 0)
Apr 14 15:17:46.962453 n-d-837156-1 devstack@placement-api.service[105332]: DEBUG placement.requestlog [req-52485765-ece7-45d4-9c0c-be7848ab4492 req-59c99c6a-dbdf-423e-a9dd-de2c0a40a6e2 None None] Starting request: 10.222.0.13 "PUT /placement/allocations/35b52def-eef7-4da3-b30d-26e1ce4bc131" {{(pid=105332) __call__ /opt/stack/placement/placement/requestlog.py:55}}
Apr 14 15:17:47.194592 n-d-837156-1 devstack@placement-api.service[105332]: DEBUG placement.handlers.allocation [req-52485765-ece7-45d4-9c0c-be7848ab4492 req-59c99c6a-dbdf-423e-a9dd-de2c0a40a6e2 service placement] Successfully wrote allocations [, , ] {{(pid=105332) _update_consumers_and_create_allocations /opt/stack/placement/placement/handlers/allocation.py:462}}
Apr 14 15:17:47.272976 n-d-837156-1 devstack@placement-api.service[105332]: INFO placement.requestlog [req-52485765-ece7-45d4-9c0c-be7848ab4492 req-59c99c6a-dbdf-423e-a9dd-de2c0a40a6e2 service placement] 10.222.0.13 "PUT /placement/allocations/35b52def-eef7-4da3-b30d-26e1ce4bc131" status: 204 len: 0 microversion: 1.36
Apr 14 15:17:47.273753 n-d-837156-1 devstack@placement-api.service[105332]: [pid: 105332|app: 0|req: 257/505] 10.222.0.13 () {64 vars in 1433 bytes} [Thu Apr 14 15:17:46 2022] PUT /placement/allocations/35b52def-eef7-4da3-b30d-26e1ce4bc131 => generated 0 bytes in 312 msecs (HTTP/1.1 204) 5 headers in 199 bytes (1 switches on core 0)
Apr 14 15:17:47.845324 n-d-837156-1 devstack@placement-api.service[105331]: DEBUG placement.requestlog [req-6d778f98-ca0d-49e2-abe8-48bace1c9907 req-290359d7-ab63-4a3e-889e-7e51cbb8fd72 None None] Starting request: 10.222.0.25 "DELETE /placement/allocations/41c95a80-a137-451d-9346-ee616815a211" {{(pid=105331) __call__ /opt/stack/placement/placement/requestlog.py:55}}
Apr 14 15:17:48.095738 n-d-837156-1 devstack@placement-api.service[105331]: DEBUG placement.handlers.allocation [req-6d778f98-ca0d-49e2-abe8-48bace1c9907 req-290359d7-ab63-4a3e-889e-7e51cbb8fd72 service placement] Successfully deleted allocations [, , ] {{(pid=105331) delete_allocations /opt/stack/placement/placement/handlers/allocation.py:627}}
Apr 14 15:17:48.096952 n-d-837156-1 devstack@placement-api.service[105331]: INFO placement.requestlog [req-6d778f98-ca0d-49e2-abe8-48bace1c9907 req-290359d7-ab63-4a3e-889e-7e51cbb8fd72 service placement] 10.222.0.25 "DELETE /placement/allocations/41c95a80-a137-451d-9346-ee616815a211" status: 204 len: 0 microversion: 1.0
Apr 14 15:17:48.097873 n-d-837156-1 devstack@placement-api.service[105331]: [pid: 105331|app: 0|req: 249/506] 10.222.0.25 () {60 vars in 1355 bytes} [Thu Apr 14 15:17:47 2022] DELETE /placement/allocations/41c95a80-a137-451d-9346-ee616815a211 => generated 0 bytes in 253 msecs (HTTP/1.1 204) 5 headers in 198 bytes (1 switches on core 0)
Apr 14 15:17:48.127240 n-d-837156-1 devstack@placement-api.service[105332]: DEBUG placement.requestlog [req-65fd9b40-f940-48fb-9df6-57563c248610 req-acf79344-7627-4f9d-9159-21740f3582dd None None] Starting request: 10.222.0.18 "DELETE /placement/allocations/534d6cb9-d0c5-4a0f-ba0e-bf25726f614a" {{(pid=105332) __call__ /opt/stack/placement/placement/requestlog.py:55}}
Apr 14 15:17:48.388314 n-d-837156-1 devstack@placement-api.service[105332]: DEBUG placement.handlers.allocation [req-65fd9b40-f940-48fb-9df6-57563c248610 req-acf79344-7627-4f9d-9159-21740f3582dd service placement] Successfully deleted allocations [, , ] {{(pid=105332) delete_allocations /opt/stack/placement/placement/handlers/allocation.py:627}}
Apr 14 15:17:48.389776 n-d-837156-1 devstack@placement-api.service[105332]: INFO placement.requestlog [req-65fd9b40-f940-48fb-9df6-57563c248610 req-acf79344-7627-4f9d-9159-21740f3582dd service placement] 10.222.0.18 "DELETE /placement/allocations/534d6cb9-d0c5-4a0f-ba0e-bf25726f614a" status: 204 len: 0 microversion: 1.0
Apr 14 15:17:48.391097 n-d-837156-1 devstack@placement-api.service[105332]: [pid: 105332|app: 0|req: 258/507] 10.222.0.18 () {60 vars in 1355 bytes} [Thu Apr 14 15:17:48 2022] DELETE /placement/allocations/534d6cb9-d0c5-4a0f-ba0e-bf25726f614a => generated 0 bytes in 265 msecs (HTTP/1.1 204) 5 headers in 198 bytes (1 switches on core 0)
Apr 14 15:17:48.698857 n-d-837156-1 devstack@placement-api.service[105331]: DEBUG placement.requestlog [req-52485765-ece7-45d4-9c0c-be7848ab4492 req-fb570fe4-1580-4023-ad3b-9fde7814c52c None None] Starting request: 10.222.0.18 "GET /placement/allocations/35b52def-eef7-4da3-b30d-26e1ce4bc131" {{(pid=105331) __call__ /opt/stack/placement/placement/requestlog.py:55}}
Apr 14 15:17:48.766616 n-d-837156-1 devstack@placement-api.service[105331]: INFO placement.requestlog [req-52485765-ece7-45d4-9c0c-be7848ab4492 req-fb570fe4-1580-4023-ad3b-9fde7814c52c service placement] 10.222.0.18 "GET /placement/allocations/35b52def-eef7-4da3-b30d-26e1ce4bc131" status: 200 len: 259 microversion: 1.28
Apr 14 15:17:48.769943 n-d-837156-1 devstack@placement-api.service[105331]: [pid: 105331|app: 0|req: 250/508] 10.222.0.18 () {60 vars in 1377 bytes} [Thu Apr 14 15:17:48 2022] GET /placement/allocations/35b52def-eef7-4da3-b30d-26e1ce4bc131 => generated 259 bytes in 71 msecs (HTTP/1.1 200) 8 headers in 296 bytes (1 switches on core 0)
Apr 14 15:17:50.537509 n-d-837156-1 devstack@placement-api.service[105332]: DEBUG placement.requestlog [req-f596c10f-e4ef-497d-9ec9-e0382a69ad4c req-17e2d102-d189-4dc8-bd97-915cf5eb346c None None] Starting request: 10.222.0.25 "DELETE /placement/allocations/5c124900-d428-46aa-8555-4e80e4a6b684" {{(pid=105332) __call__ /opt/stack/placement/placement/requestlog.py:55}}
Apr 14 15:17:50.736992 n-d-837156-1 devstack@placement-api.service[105332]: DEBUG placement.handlers.allocation [req-f596c10f-e4ef-497d-9ec9-e0382a69ad4c req-17e2d102-d189-4dc8-bd97-915cf5eb346c service placement] Successfully deleted allocations [, , ] {{(pid=105332) delete_allocations /opt/stack/placement/placement/handlers/allocation.py:627}}
Apr 14 15:17:50.738303 n-d-837156-1 devstack@placement-api.service[105332]: INFO placement.requestlog [req-f596c10f-e4ef-497d-9ec9-e0382a69ad4c req-17e2d102-d189-4dc8-bd97-915cf5eb346c service placement] 10.222.0.25 "DELETE /placement/allocations/5c124900-d428-46aa-8555-4e80e4a6b684" status: 204 len: 0 microversion: 1.0
Apr 14 15:17:50.738965 n-d-837156-1 devstack@placement-api.service[105332]: [pid: 105332|app: 0|req: 259/509] 10.222.0.25 () {60 vars in 1355 bytes} [Thu Apr 14 15:17:50 2022] DELETE /placement/allocations/5c124900-d428-46aa-8555-4e80e4a6b684 => generated 0 bytes in 202 msecs (HTTP/1.1 204) 5 headers in 198 bytes (1 switches on core 0)
Apr 14 15:17:55.125656 n-d-837156-1 devstack@placement-api.service[105331]: DEBUG placement.requestlog [req-2912f574-3d3d-41c0-9de4-54b178e690f8 req-04f808ce-bad8-4a02-9cb0-a48033d0ecff None None] Starting request: 10.222.0.25 "DELETE /placement/allocations/a7aeb136-361b-43df-99ad-9928128c938a" {{(pid=105331) __call__ /opt/stack/placement/placement/requestlog.py:55}}
Apr 14 15:17:55.306775 n-d-837156-1 devstack@placement-api.service[105331]: DEBUG placement.handlers.allocation [req-2912f574-3d3d-41c0-9de4-54b178e690f8 req-04f808ce-bad8-4a02-9cb0-a48033d0ecff service placement] Successfully deleted allocations [, , ] {{(pid=105331) delete_allocations /opt/stack/placement/placement/handlers/allocation.py:627}}
Apr 14 15:17:55.307627 n-d-837156-1 devstack@placement-api.service[105331]: INFO placement.requestlog [req-2912f574-3d3d-41c0-9de4-54b178e690f8 req-04f808ce-bad8-4a02-9cb0-a48033d0ecff service placement] 10.222.0.25 "DELETE /placement/allocations/a7aeb136-361b-43df-99ad-9928128c938a" status: 204 len: 0 microversion: 1.0
Apr 14 15:17:55.308460 n-d-837156-1 devstack@placement-api.service[105331]: [pid: 105331|app: 0|req: 251/510] 10.222.0.25 () {60 vars in 1355 bytes} [Thu Apr 14 15:17:55 2022] DELETE /placement/allocations/a7aeb136-361b-43df-99ad-9928128c938a => generated 0 bytes in 183 msecs (HTTP/1.1 204) 5 headers in 198 bytes (1 switches on core 0)
Apr 14 15:18:00.033795 n-d-837156-1 devstack@placement-api.service[105332]: DEBUG placement.requestlog [req-4a7dcf78-fa09-41ce-9606-7b11f1cc9c53 req-5b9274a3-36de-4f71-9e41-0a26e3f5a74e None None] Starting request: 10.222.0.25 "DELETE /placement/allocations/da531021-f820-42b3-bf28-6364c00e0b96" {{(pid=105332) __call__ /opt/stack/placement/placement/requestlog.py:55}}
Apr 14 15:18:00.074644 n-d-837156-1 devstack@placement-api.service[105331]: DEBUG placement.requestlog [req-2ec6657f-62f3-4566-8255-3b196a8002cb req-2d48eb3e-55ac-4050-83d4-81c14f34da11 None None] Starting request: 10.222.0.13 "GET /placement/allocation_candidates?limit=1000&resources=DISK_GB%3A1%2CMEMORY_MB%3A1024%2CVCPU%3A1&root_required=%21COMPUTE_STATUS_DISABLED" {{(pid=105331) __call__ /opt/stack/placement/placement/requestlog.py:55}}
Apr 14 15:18:00.128704 n-d-837156-1 devstack@placement-api.service[105331]: DEBUG placement.objects.research_context [req-2ec6657f-62f3-4566-8255-3b196a8002cb req-2d48eb3e-55ac-4050-83d4-81c14f34da11 service placement] getting providers with 1 DISK_GB {{(pid=105331) __init__ /opt/stack/placement/placement/objects/research_context.py:136}}
Apr 14 15:18:00.136450 n-d-837156-1 devstack@placement-api.service[105331]: DEBUG placement.objects.research_context [req-2ec6657f-62f3-4566-8255-3b196a8002cb req-2d48eb3e-55ac-4050-83d4-81c14f34da11 service placement] getting providers with 1024 MEMORY_MB {{(pid=105331) __init__ /opt/stack/placement/placement/objects/research_context.py:136}}
Apr 14 15:18:00.142612 n-d-837156-1 devstack@placement-api.service[105331]: DEBUG placement.objects.research_context [req-2ec6657f-62f3-4566-8255-3b196a8002cb req-2d48eb3e-55ac-4050-83d4-81c14f34da11 service placement] getting providers with 1 VCPU {{(pid=105331) __init__ /opt/stack/placement/placement/objects/research_context.py:136}}
Apr 14 15:18:00.148530 n-d-837156-1 devstack@placement-api.service[105331]: DEBUG placement.objects.research_context [req-2ec6657f-62f3-4566-8255-3b196a8002cb req-2d48eb3e-55ac-4050-83d4-81c14f34da11 service placement] found 2 providers with available 1 DISK_GB {{(pid=105331) get_provider_ids_matching /opt/stack/placement/placement/objects/research_context.py:559}}
Apr 14 15:18:00.148794 n-d-837156-1 devstack@placement-api.service[105331]: DEBUG placement.objects.research_context [req-2ec6657f-62f3-4566-8255-3b196a8002cb req-2d48eb3e-55ac-4050-83d4-81c14f34da11 service placement] found 2 providers with available 1024 MEMORY_MB {{(pid=105331) get_provider_ids_matching /opt/stack/placement/placement/objects/research_context.py:559}}
Apr 14 15:18:00.149527 n-d-837156-1 devstack@placement-api.service[105331]: DEBUG placement.objects.research_context [req-2ec6657f-62f3-4566-8255-3b196a8002cb req-2d48eb3e-55ac-4050-83d4-81c14f34da11 service placement] found 2 providers after filtering by previous result {{(pid=105331) get_provider_ids_matching /opt/stack/placement/placement/objects/research_context.py:590}}
Apr 14 15:18:00.154169 n-d-837156-1 devstack@placement-api.service[105331]: DEBUG placement.objects.research_context [req-2ec6657f-62f3-4566-8255-3b196a8002cb req-2d48eb3e-55ac-4050-83d4-81c14f34da11 service placement] found 2 providers with available 1 VCPU {{(pid=105331) get_provider_ids_matching /opt/stack/placement/placement/objects/research_context.py:559}}
Apr 14 15:18:00.154169 n-d-837156-1 devstack@placement-api.service[105331]: DEBUG placement.objects.research_context [req-2ec6657f-62f3-4566-8255-3b196a8002cb req-2d48eb3e-55ac-4050-83d4-81c14f34da11 service placement] found 2 providers after filtering by previous result {{(pid=105331) get_provider_ids_matching /opt/stack/placement/placement/objects/research_context.py:590}}
Apr 14 15:18:00.170698 n-d-837156-1 devstack@placement-api.service[105331]: DEBUG placement.objects.allocation_candidate [req-2ec6657f-62f3-4566-8255-3b196a8002cb req-2d48eb3e-55ac-4050-83d4-81c14f34da11 service placement] RequestGroup(use_same_provider=False, resources={DISK_GB:1, MEMORY_MB:1024, VCPU:1}, traits=(), aggregates=[]) (suffix '') returned 2 matches {{(pid=105331) _get_by_requests /opt/stack/placement/placement/objects/allocation_candidate.py:156}}
Apr 14 15:18:00.171266 n-d-837156-1 devstack@placement-api.service[105331]: DEBUG placement.objects.allocation_candidate [req-2ec6657f-62f3-4566-8255-3b196a8002cb req-2d48eb3e-55ac-4050-83d4-81c14f34da11 service placement] Merging candidates yields 2 allocation requests and 2 provider summaries {{(pid=105331) _merge_candidates /opt/stack/placement/placement/objects/allocation_candidate.py:809}}
Apr 14 15:18:00.173127 n-d-837156-1 devstack@placement-api.service[105331]: INFO placement.requestlog [req-2ec6657f-62f3-4566-8255-3b196a8002cb req-2d48eb3e-55ac-4050-83d4-81c14f34da11 service placement] 10.222.0.13 "GET /placement/allocation_candidates?limit=1000&resources=DISK_GB%3A1%2CMEMORY_MB%3A1024%2CVCPU%3A1&root_required=%21COMPUTE_STATUS_DISABLED" status: 200 len: 1309 microversion: 1.36
Apr 14 15:18:00.179439 n-d-837156-1 devstack@placement-api.service[105331]: [pid: 105331|app: 0|req: 252/511] 10.222.0.13 () {60 vars in 1506 bytes} [Thu Apr 14 15:18:00 2022] GET /placement/allocation_candidates?limit=1000&resources=DISK_GB%3A1%2CMEMORY_MB%3A1024%2CVCPU%3A1&root_required=%21COMPUTE_STATUS_DISABLED => generated 1309 bytes in 105 msecs (HTTP/1.1 200) 8 headers in 297 bytes (1 switches on core 0)
Apr 14 15:18:00.270162 n-d-837156-1 devstack@placement-api.service[105332]: DEBUG placement.handlers.allocation [req-4a7dcf78-fa09-41ce-9606-7b11f1cc9c53 req-5b9274a3-36de-4f71-9e41-0a26e3f5a74e service placement] Successfully deleted allocations [, , ] {{(pid=105332) delete_allocations /opt/stack/placement/placement/handlers/allocation.py:627}}
Apr 14 15:18:00.271203 n-d-837156-1 devstack@placement-api.service[105332]: INFO placement.requestlog [req-4a7dcf78-fa09-41ce-9606-7b11f1cc9c53 req-5b9274a3-36de-4f71-9e41-0a26e3f5a74e service placement] 10.222.0.25 "DELETE /placement/allocations/da531021-f820-42b3-bf28-6364c00e0b96" status: 204 len: 0 microversion: 1.0
Apr 14 15:18:00.271669 n-d-837156-1 devstack@placement-api.service[105332]: [pid: 105332|app: 0|req: 260/512] 10.222.0.25 () {60 vars in 1355 bytes} [Thu Apr 14 15:18:00 2022] DELETE /placement/allocations/da531021-f820-42b3-bf28-6364c00e0b96 => generated 0 bytes in 238 msecs (HTTP/1.1 204) 5 headers in 198 bytes (1 switches on core 0)
Apr 14 15:18:00.312732 n-d-837156-1 devstack@placement-api.service[105331]: DEBUG placement.requestlog [req-2ec6657f-62f3-4566-8255-3b196a8002cb req-00baaecb-112e-4789-9a8c-d0dc017c7a45 None None] Starting request: 10.222.0.13 "GET /placement/allocations/b95d0153-e6bc-42b3-be20-61f3a2e2b6a0" {{(pid=105331) __call__ /opt/stack/placement/placement/requestlog.py:55}}
Apr 14 15:18:00.328403 n-d-837156-1 devstack@placement-api.service[105331]: INFO placement.requestlog [req-2ec6657f-62f3-4566-8255-3b196a8002cb req-00baaecb-112e-4789-9a8c-d0dc017c7a45 service placement] 10.222.0.13 "GET /placement/allocations/b95d0153-e6bc-42b3-be20-61f3a2e2b6a0" status: 200 len: 19 microversion: 1.28
Apr 14 15:18:00.332397 n-d-837156-1 devstack@placement-api.service[105331]: [pid: 105331|app: 0|req: 253/513] 10.222.0.13 () {60 vars in 1380 bytes} [Thu Apr 14 15:18:00 2022] GET /placement/allocations/b95d0153-e6bc-42b3-be20-61f3a2e2b6a0 => generated 19 bytes in 20 msecs (HTTP/1.1 200) 8 headers in 295 bytes (1 switches on core 0)
Apr 14 15:18:00.369101 n-d-837156-1 devstack@placement-api.service[105332]: DEBUG placement.requestlog [req-2ec6657f-62f3-4566-8255-3b196a8002cb req-bad08cf9-44a5-48c8-b10e-8f690d8fdf1d None None] Starting request: 10.222.0.13 "PUT /placement/allocations/b95d0153-e6bc-42b3-be20-61f3a2e2b6a0" {{(pid=105332) __call__ /opt/stack/placement/placement/requestlog.py:55}}
Apr 14 15:18:01.148538 n-d-837156-1 devstack@placement-api.service[105332]: DEBUG placement.handlers.allocation [req-2ec6657f-62f3-4566-8255-3b196a8002cb req-bad08cf9-44a5-48c8-b10e-8f690d8fdf1d service placement] Successfully wrote allocations [, , ] {{(pid=105332) _update_consumers_and_create_allocations /opt/stack/placement/placement/handlers/allocation.py:462}}
Apr 14 15:18:01.312865 n-d-837156-1 devstack@placement-api.service[105332]: INFO placement.requestlog [req-2ec6657f-62f3-4566-8255-3b196a8002cb req-bad08cf9-44a5-48c8-b10e-8f690d8fdf1d service placement] 10.222.0.13 "PUT /placement/allocations/b95d0153-e6bc-42b3-be20-61f3a2e2b6a0" status: 204 len: 0 microversion: 1.36
Apr 14 15:18:01.317519 n-d-837156-1 devstack@placement-api.service[105332]: [pid: 105332|app: 0|req: 261/514] 10.222.0.13 () {64 vars in 1433 bytes} [Thu Apr 14 15:18:00 2022] PUT /placement/allocations/b95d0153-e6bc-42b3-be20-61f3a2e2b6a0 => generated 0 bytes in 944 msecs (HTTP/1.1 204) 5 headers in 199 bytes (1 switches on core 0)
Apr 14 15:18:01.573497 n-d-837156-1 devstack@placement-api.service[105331]: DEBUG placement.requestlog [req-1c6ee4f1-443d-4e8b-bc3f-bddfa6d7ca26 req-85d2f6e2-1d54-4772-8194-c25274afb2ef None None] Starting request: 10.222.0.13 "GET /placement/allocation_candidates?limit=1000&resources=DISK_GB%3A1%2CMEMORY_MB%3A1024%2CVCPU%3A1&root_required=%21COMPUTE_STATUS_DISABLED" {{(pid=105331) __call__ /opt/stack/placement/placement/requestlog.py:55}}
Apr 14 15:18:01.612633 n-d-837156-1 devstack@placement-api.service[105331]: DEBUG placement.objects.research_context [req-1c6ee4f1-443d-4e8b-bc3f-bddfa6d7ca26 req-85d2f6e2-1d54-4772-8194-c25274afb2ef service placement] getting providers with 1 DISK_GB {{(pid=105331) __init__ /opt/stack/placement/placement/objects/research_context.py:136}}
Apr 14 15:18:01.620025 n-d-837156-1 devstack@placement-api.service[105331]: DEBUG placement.objects.research_context [req-1c6ee4f1-443d-4e8b-bc3f-bddfa6d7ca26 req-85d2f6e2-1d54-4772-8194-c25274afb2ef service placement] getting providers with 1024 MEMORY_MB {{(pid=105331) __init__ /opt/stack/placement/placement/objects/research_context.py:136}}
Apr 14 15:18:01.626685 n-d-837156-1 devstack@placement-api.service[105331]: DEBUG placement.objects.research_context [req-1c6ee4f1-443d-4e8b-bc3f-bddfa6d7ca26 req-85d2f6e2-1d54-4772-8194-c25274afb2ef service placement] getting providers with 1 VCPU {{(pid=105331) __init__ /opt/stack/placement/placement/objects/research_context.py:136}}
Apr 14 15:18:01.633726 n-d-837156-1 devstack@placement-api.service[105331]: DEBUG placement.objects.research_context [req-1c6ee4f1-443d-4e8b-bc3f-bddfa6d7ca26 req-85d2f6e2-1d54-4772-8194-c25274afb2ef service placement] found 2 providers with available 1 DISK_GB {{(pid=105331) get_provider_ids_matching /opt/stack/placement/placement/objects/research_context.py:559}}
Apr 14 15:18:01.634322 n-d-837156-1 devstack@placement-api.service[105331]: DEBUG placement.objects.research_context [req-1c6ee4f1-443d-4e8b-bc3f-bddfa6d7ca26 req-85d2f6e2-1d54-4772-8194-c25274afb2ef service placement] found 2 providers with available 1024 MEMORY_MB {{(pid=105331) get_provider_ids_matching /opt/stack/placement/placement/objects/research_context.py:559}}
Apr 14 15:18:01.634867 n-d-837156-1 devstack@placement-api.service[105331]: DEBUG placement.objects.research_context [req-1c6ee4f1-443d-4e8b-bc3f-bddfa6d7ca26 req-85d2f6e2-1d54-4772-8194-c25274afb2ef service placement] found 2 providers after filtering by previous result {{(pid=105331) get_provider_ids_matching /opt/stack/placement/placement/objects/research_context.py:590}}
Apr 14 15:18:01.635736 n-d-837156-1 devstack@placement-api.service[105331]: DEBUG placement.objects.research_context [req-1c6ee4f1-443d-4e8b-bc3f-bddfa6d7ca26 req-85d2f6e2-1d54-4772-8194-c25274afb2ef service placement] found 2 providers with available 1 VCPU {{(pid=105331) get_provider_ids_matching /opt/stack/placement/placement/objects/research_context.py:559}}
Apr 14 15:18:01.636465 n-d-837156-1 devstack@placement-api.service[105331]: DEBUG placement.objects.research_context [req-1c6ee4f1-443d-4e8b-bc3f-bddfa6d7ca26 req-85d2f6e2-1d54-4772-8194-c25274afb2ef service placement] found 2 providers after filtering by previous result {{(pid=105331) get_provider_ids_matching /opt/stack/placement/placement/objects/research_context.py:590}}
Apr 14 15:18:01.656467 n-d-837156-1 devstack@placement-api.service[105331]: DEBUG placement.objects.allocation_candidate [req-1c6ee4f1-443d-4e8b-bc3f-bddfa6d7ca26 req-85d2f6e2-1d54-4772-8194-c25274afb2ef service placement] RequestGroup(use_same_provider=False, resources={DISK_GB:1, MEMORY_MB:1024, VCPU:1}, traits=(), aggregates=[]) (suffix '') returned 2 matches {{(pid=105331) _get_by_requests /opt/stack/placement/placement/objects/allocation_candidate.py:156}}
Apr 14 15:18:01.656467 n-d-837156-1 devstack@placement-api.service[105331]: DEBUG placement.objects.allocation_candidate [req-1c6ee4f1-443d-4e8b-bc3f-bddfa6d7ca26 req-85d2f6e2-1d54-4772-8194-c25274afb2ef service placement] Merging candidates yields 2 allocation requests and 2 provider summaries {{(pid=105331) _merge_candidates /opt/stack/placement/placement/objects/allocation_candidate.py:809}}
Apr 14 15:18:01.656467 n-d-837156-1 devstack@placement-api.service[105331]: INFO placement.requestlog [req-1c6ee4f1-443d-4e8b-bc3f-bddfa6d7ca26 req-85d2f6e2-1d54-4772-8194-c25274afb2ef service placement] 10.222.0.13 "GET /placement/allocation_candidates?limit=1000&resources=DISK_GB%3A1%2CMEMORY_MB%3A1024%2CVCPU%3A1&root_required=%21COMPUTE_STATUS_DISABLED" status: 200 len: 1309 microversion: 1.36
Apr 14 15:18:01.656933 n-d-837156-1 devstack@placement-api.service[105331]: [pid: 105331|app: 0|req: 254/515] 10.222.0.13 () {60 vars in 1506 bytes} [Thu Apr 14 15:18:01 2022] GET /placement/allocation_candidates?limit=1000&resources=DISK_GB%3A1%2CMEMORY_MB%3A1024%2CVCPU%3A1&root_required=%21COMPUTE_STATUS_DISABLED => generated 1309 bytes in 83 msecs (HTTP/1.1 200) 8 headers in 297 bytes (1 switches on core 0)
Apr 14 15:18:01.732251 n-d-837156-1 devstack@placement-api.service[105332]: DEBUG placement.requestlog [req-1c6ee4f1-443d-4e8b-bc3f-bddfa6d7ca26 req-81624485-cc64-47b1-af03-764521bf9330 None None] Starting request: 10.222.0.13 "GET /placement/allocations/c4d51076-6e33-481c-83e3-9bcdeb862c0a" {{(pid=105332) __call__ /opt/stack/placement/placement/requestlog.py:55}}
Apr 14 15:18:01.745944 n-d-837156-1 devstack@placement-api.service[105332]: INFO placement.requestlog [req-1c6ee4f1-443d-4e8b-bc3f-bddfa6d7ca26 req-81624485-cc64-47b1-af03-764521bf9330 service placement] 10.222.0.13 "GET /placement/allocations/c4d51076-6e33-481c-83e3-9bcdeb862c0a" status: 200 len: 19 microversion: 1.28
Apr 14 15:18:01.746824 n-d-837156-1 devstack@placement-api.service[105332]: [pid: 105332|app: 0|req: 262/516] 10.222.0.13 () {60 vars in 1380 bytes} [Thu Apr 14 15:18:01 2022] GET /placement/allocations/c4d51076-6e33-481c-83e3-9bcdeb862c0a => generated 19 bytes in 15 msecs (HTTP/1.1 200) 8 headers in 295 bytes (1 switches on core 0)
Apr 14 15:18:01.753859 n-d-837156-1 devstack@placement-api.service[105331]: DEBUG placement.requestlog [req-1c6ee4f1-443d-4e8b-bc3f-bddfa6d7ca26 req-9f78f4db-e099-484e-b875-712c9966e75f None None] Starting request: 10.222.0.13 "PUT /placement/allocations/c4d51076-6e33-481c-83e3-9bcdeb862c0a" {{(pid=105331) __call__ /opt/stack/placement/placement/requestlog.py:55}}
Apr 14 15:18:02.302981 n-d-837156-1 devstack@placement-api.service[105331]: DEBUG placement.handlers.allocation [req-1c6ee4f1-443d-4e8b-bc3f-bddfa6d7ca26 req-9f78f4db-e099-484e-b875-712c9966e75f service placement] Successfully wrote allocations [, , ] {{(pid=105331) _update_consumers_and_create_allocations /opt/stack/placement/placement/handlers/allocation.py:462}}
Apr 14 15:18:02.387239 n-d-837156-1 devstack@placement-api.service[105331]: INFO placement.requestlog [req-1c6ee4f1-443d-4e8b-bc3f-bddfa6d7ca26 req-9f78f4db-e099-484e-b875-712c9966e75f service placement] 10.222.0.13 "PUT /placement/allocations/c4d51076-6e33-481c-83e3-9bcdeb862c0a" status: 204 len: 0 microversion: 1.36
Apr 14 15:18:02.387639 n-d-837156-1 devstack@placement-api.service[105331]: [pid: 105331|app: 0|req: 255/517] 10.222.0.13 () {64 vars in 1433 bytes} [Thu Apr 14 15:18:01 2022] PUT /placement/allocations/c4d51076-6e33-481c-83e3-9bcdeb862c0a => generated 0 bytes in 634 msecs (HTTP/1.1 204) 5 headers in 199 bytes (1 switches on core 0)
Apr 14 15:18:02.535199 n-d-837156-1 devstack@placement-api.service[105332]: DEBUG placement.requestlog [req-ae17050b-254b-41e3-a1cd-e971bee9a294 req-7ea02925-0b65-4ebd-a30f-6fffbbe54289 None None] Starting request: 10.222.0.13 "GET /placement/allocation_candidates?limit=1000&resources=MEMORY_MB%3A1024%2CVCPU%3A1&root_required=%21COMPUTE_STATUS_DISABLED" {{(pid=105332) __call__ /opt/stack/placement/placement/requestlog.py:55}}
Apr 14 15:18:02.583999 n-d-837156-1 devstack@placement-api.service[105332]: DEBUG placement.objects.research_context [req-ae17050b-254b-41e3-a1cd-e971bee9a294 req-7ea02925-0b65-4ebd-a30f-6fffbbe54289 service placement] getting providers with 1024 MEMORY_MB {{(pid=105332) __init__ /opt/stack/placement/placement/objects/research_context.py:136}}
Apr 14 15:18:02.598755 n-d-837156-1 devstack@placement-api.service[105332]: DEBUG placement.objects.research_context [req-ae17050b-254b-41e3-a1cd-e971bee9a294 req-7ea02925-0b65-4ebd-a30f-6fffbbe54289 service placement] getting providers with 1 VCPU {{(pid=105332) __init__ /opt/stack/placement/placement/objects/research_context.py:136}}
Apr 14 15:18:02.610721 n-d-837156-1 devstack@placement-api.service[105332]: DEBUG placement.objects.research_context [req-ae17050b-254b-41e3-a1cd-e971bee9a294 req-7ea02925-0b65-4ebd-a30f-6fffbbe54289 service placement] found 2 providers with available 1024 MEMORY_MB {{(pid=105332) get_provider_ids_matching /opt/stack/placement/placement/objects/research_context.py:559}}
Apr 14 15:18:02.611353 n-d-837156-1 devstack@placement-api.service[105332]: DEBUG placement.objects.research_context [req-ae17050b-254b-41e3-a1cd-e971bee9a294 req-7ea02925-0b65-4ebd-a30f-6fffbbe54289 service placement] found 2 providers with available 1 VCPU {{(pid=105332) get_provider_ids_matching /opt/stack/placement/placement/objects/research_context.py:559}}
Apr 14 15:18:02.612356 n-d-837156-1 devstack@placement-api.service[105332]: DEBUG placement.objects.research_context [req-ae17050b-254b-41e3-a1cd-e971bee9a294 req-7ea02925-0b65-4ebd-a30f-6fffbbe54289 service placement] found 2 providers after filtering by previous result {{(pid=105332) get_provider_ids_matching /opt/stack/placement/placement/objects/research_context.py:590}}
Apr 14 15:18:02.624352 n-d-837156-1 devstack@placement-api.service[105332]: DEBUG placement.objects.allocation_candidate [req-ae17050b-254b-41e3-a1cd-e971bee9a294 req-7ea02925-0b65-4ebd-a30f-6fffbbe54289 service placement] RequestGroup(use_same_provider=False, resources={MEMORY_MB:1024, VCPU:1}, traits=(), aggregates=[]) (suffix '') returned 2 matches {{(pid=105332) _get_by_requests /opt/stack/placement/placement/objects/allocation_candidate.py:156}}
Apr 14 15:18:02.624780 n-d-837156-1 devstack@placement-api.service[105332]: DEBUG placement.objects.allocation_candidate [req-ae17050b-254b-41e3-a1cd-e971bee9a294 req-7ea02925-0b65-4ebd-a30f-6fffbbe54289 service placement] Merging candidates yields 2 allocation requests and 2 provider summaries {{(pid=105332) _merge_candidates /opt/stack/placement/placement/objects/allocation_candidate.py:809}}
Apr 14 15:18:02.626366 n-d-837156-1 devstack@placement-api.service[105332]: INFO placement.requestlog [req-ae17050b-254b-41e3-a1cd-e971bee9a294 req-7ea02925-0b65-4ebd-a30f-6fffbbe54289 service placement] 10.222.0.13 "GET /placement/allocation_candidates?limit=1000&resources=MEMORY_MB%3A1024%2CVCPU%3A1&root_required=%21COMPUTE_STATUS_DISABLED" status: 200 len: 1281 microversion: 1.36
Apr 14 15:18:02.627084 n-d-837156-1 devstack@placement-api.service[105332]: [pid: 105332|app: 0|req: 263/518] 10.222.0.13 () {60 vars in 1478 bytes} [Thu Apr 14 15:18:02 2022] GET /placement/allocation_candidates?limit=1000&resources=MEMORY_MB%3A1024%2CVCPU%3A1&root_required=%21COMPUTE_STATUS_DISABLED => generated 1281 bytes in 93 msecs (HTTP/1.1 200) 8 headers in 297 bytes (1 switches on core 0)
Apr 14 15:18:02.700048 n-d-837156-1 devstack@placement-api.service[105331]: DEBUG placement.requestlog [req-ae17050b-254b-41e3-a1cd-e971bee9a294 req-c802371d-a495-4318-8d98-708ef4db9f42 None None] Starting request: 10.222.0.13 "GET /placement/allocations/77d5060c-4a51-4f60-9a75-982ba47186d9" {{(pid=105331) __call__ /opt/stack/placement/placement/requestlog.py:55}}
Apr 14 15:18:02.714841 n-d-837156-1 devstack@placement-api.service[105331]: INFO placement.requestlog [req-ae17050b-254b-41e3-a1cd-e971bee9a294 req-c802371d-a495-4318-8d98-708ef4db9f42 service placement] 10.222.0.13 "GET /placement/allocations/77d5060c-4a51-4f60-9a75-982ba47186d9" status: 200 len: 19 microversion: 1.28
Apr 14 15:18:02.714841 n-d-837156-1 devstack@placement-api.service[105331]: [pid: 105331|app: 0|req: 256/519] 10.222.0.13 () {60 vars in 1380 bytes} [Thu Apr 14 15:18:02 2022] GET /placement/allocations/77d5060c-4a51-4f60-9a75-982ba47186d9 => generated 19 bytes in 15 msecs (HTTP/1.1 200) 8 headers in 295 bytes (1 switches on core 0)
Apr 14 15:18:02.719490 n-d-837156-1 devstack@placement-api.service[105332]: DEBUG placement.requestlog [req-2ec6657f-62f3-4566-8255-3b196a8002cb req-2c4a2f47-a7de-4e1b-9837-ca53396dd8ca None None] Starting request: 10.222.0.25 "GET /placement/allocations/b95d0153-e6bc-42b3-be20-61f3a2e2b6a0" {{(pid=105332) __call__ /opt/stack/placement/placement/requestlog.py:55}}
Apr 14 15:18:02.733056 n-d-837156-1 devstack@placement-api.service[105331]: DEBUG placement.requestlog [req-ae17050b-254b-41e3-a1cd-e971bee9a294 req-db941f1b-5bdc-434e-af76-1258e90d877c None None] Starting request: 10.222.0.13 "PUT /placement/allocations/77d5060c-4a51-4f60-9a75-982ba47186d9" {{(pid=105331) __call__ /opt/stack/placement/placement/requestlog.py:55}}
Apr 14 15:18:02.750204 n-d-837156-1 devstack@placement-api.service[105332]: INFO placement.requestlog [req-2ec6657f-62f3-4566-8255-3b196a8002cb req-2c4a2f47-a7de-4e1b-9837-ca53396dd8ca service placement] 10.222.0.25 "GET /placement/allocations/b95d0153-e6bc-42b3-be20-61f3a2e2b6a0" status: 200 len: 259 microversion: 1.28
Apr 14 15:18:02.750204 n-d-837156-1 devstack@placement-api.service[105332]: [pid: 105332|app: 0|req: 264/520] 10.222.0.25 () {60 vars in 1377 bytes} [Thu Apr 14 15:18:02 2022] GET /placement/allocations/b95d0153-e6bc-42b3-be20-61f3a2e2b6a0 => generated 259 bytes in 29 msecs (HTTP/1.1 200) 8 headers in 296 bytes (1 switches on core 0)
Apr 14 15:18:03.145354 n-d-837156-1 devstack@placement-api.service[105331]: DEBUG placement.handlers.allocation [req-ae17050b-254b-41e3-a1cd-e971bee9a294 req-db941f1b-5bdc-434e-af76-1258e90d877c service placement] Successfully wrote allocations [, ] {{(pid=105331) _update_consumers_and_create_allocations /opt/stack/placement/placement/handlers/allocation.py:462}}
Apr 14 15:18:03.261688 n-d-837156-1 devstack@placement-api.service[105331]: INFO placement.requestlog [req-ae17050b-254b-41e3-a1cd-e971bee9a294 req-db941f1b-5bdc-434e-af76-1258e90d877c service placement] 10.222.0.13 "PUT /placement/allocations/77d5060c-4a51-4f60-9a75-982ba47186d9" status: 204 len: 0 microversion: 1.36
Apr 14 15:18:03.262430 n-d-837156-1 devstack@placement-api.service[105331]: [pid: 105331|app: 0|req: 257/521] 10.222.0.13 () {64 vars in 1433 bytes} [Thu Apr 14 15:18:02 2022] PUT /placement/allocations/77d5060c-4a51-4f60-9a75-982ba47186d9 => generated 0 bytes in 530 msecs (HTTP/1.1 204) 5 headers in 199 bytes (1 switches on core 0)
Apr 14 15:18:03.620204 n-d-837156-1 devstack@placement-api.service[105332]: DEBUG placement.requestlog [req-1c6ee4f1-443d-4e8b-bc3f-bddfa6d7ca26 req-0c8cec35-36b3-42be-b21b-90d319e0c7bd None None] Starting request: 10.222.0.25 "GET /placement/allocations/c4d51076-6e33-481c-83e3-9bcdeb862c0a" {{(pid=105332) __call__ /opt/stack/placement/placement/requestlog.py:55}}
