Apr 14 15:27:55.576465 n-d-837156-1 devstack@placement-api.service[105331]: DEBUG placement.objects.allocation_candidate [req-abceabcd-183b-4071-ba7e-17509ca616f5 req-2b30fd13-e452-49c9-a1f3-95fafafef07e service placement] RequestGroup(use_same_provider=False, resources={DISK_GB:1, MEMORY_MB:1024, VCPU:1}, traits=(), aggregates=[]) (suffix '') returned 2 matches {{(pid=105331) _get_by_requests /opt/stack/placement/placement/objects/allocation_candidate.py:156}}
Apr 14 15:27:55.576848 n-d-837156-1 devstack@placement-api.service[105331]: DEBUG placement.objects.allocation_candidate [req-abceabcd-183b-4071-ba7e-17509ca616f5 req-2b30fd13-e452-49c9-a1f3-95fafafef07e service placement] Merging candidates yields 2 allocation requests and 2 provider summaries {{(pid=105331) _merge_candidates /opt/stack/placement/placement/objects/allocation_candidate.py:809}}
Apr 14 15:27:55.578616 n-d-837156-1 devstack@placement-api.service[105331]: INFO placement.requestlog [req-abceabcd-183b-4071-ba7e-17509ca616f5 req-2b30fd13-e452-49c9-a1f3-95fafafef07e service placement] 10.222.0.13 "GET /placement/allocation_candidates?limit=1000&resources=DISK_GB%3A1%2CMEMORY_MB%3A1024%2CVCPU%3A1&root_required=%21COMPUTE_STATUS_DISABLED" status: 200 len: 1309 microversion: 1.36
Apr 14 15:27:55.579246 n-d-837156-1 devstack@placement-api.service[105331]: [pid: 105331|app: 0|req: 371/746] 10.222.0.13 () {60 vars in 1506 bytes} [Thu Apr 14 15:27:55 2022] GET /placement/allocation_candidates?limit=1000&resources=DISK_GB%3A1%2CMEMORY_MB%3A1024%2CVCPU%3A1&root_required=%21COMPUTE_STATUS_DISABLED => generated 1309 bytes in 106 msecs (HTTP/1.1 200) 8 headers in 297 bytes (2 switches on core 0)
Apr 14 15:27:55.668145 n-d-837156-1 devstack@placement-api.service[105332]: DEBUG placement.requestlog [req-abceabcd-183b-4071-ba7e-17509ca616f5 req-3054bb22-5e38-4b9a-b224-ac9eaaf5715e None None] Starting request: 10.222.0.13 "GET /placement/allocations/08a4e240-39bd-4651-840a-530d80db0926" {{(pid=105332) __call__ /opt/stack/placement/placement/requestlog.py:55}}
Apr 14 15:27:55.682223 n-d-837156-1 devstack@placement-api.service[105332]: INFO placement.requestlog [req-abceabcd-183b-4071-ba7e-17509ca616f5 req-3054bb22-5e38-4b9a-b224-ac9eaaf5715e service placement] 10.222.0.13 "GET /placement/allocations/08a4e240-39bd-4651-840a-530d80db0926" status: 200 len: 19 microversion: 1.28
Apr 14 15:27:55.682601 n-d-837156-1 devstack@placement-api.service[105332]: [pid: 105332|app: 0|req: 376/747] 10.222.0.13 () {60 vars in 1380 bytes} [Thu Apr 14 15:27:55 2022] GET /placement/allocations/08a4e240-39bd-4651-840a-530d80db0926 => generated 19 bytes in 15 msecs (HTTP/1.1 200) 8 headers in 295 bytes (1 switches on core 0)
Apr 14 15:27:55.689011 n-d-837156-1 devstack@placement-api.service[105331]: DEBUG placement.requestlog [req-abceabcd-183b-4071-ba7e-17509ca616f5 req-bedf3a49-4154-492f-863f-d58c48884c2a None None] Starting request: 10.222.0.13 "PUT /placement/allocations/08a4e240-39bd-4651-840a-530d80db0926" {{(pid=105331) __call__ /opt/stack/placement/placement/requestlog.py:55}}
Apr 14 15:27:55.961458 n-d-837156-1 devstack@placement-api.service[105331]: DEBUG placement.handlers.allocation [req-abceabcd-183b-4071-ba7e-17509ca616f5 req-bedf3a49-4154-492f-863f-d58c48884c2a service placement] Successfully wrote allocations [, , ] {{(pid=105331) _update_consumers_and_create_allocations /opt/stack/placement/placement/handlers/allocation.py:462}}
Apr 14 15:27:56.018436 n-d-837156-1 devstack@placement-api.service[105331]: INFO placement.requestlog [req-abceabcd-183b-4071-ba7e-17509ca616f5 req-bedf3a49-4154-492f-863f-d58c48884c2a service placement] 10.222.0.13 "PUT /placement/allocations/08a4e240-39bd-4651-840a-530d80db0926" status: 204 len: 0 microversion: 1.36
Apr 14 15:27:56.018955 n-d-837156-1 devstack@placement-api.service[105331]: [pid: 105331|app: 0|req: 372/748] 10.222.0.13 () {64 vars in 1433 bytes} [Thu Apr 14 15:27:55 2022] PUT /placement/allocations/08a4e240-39bd-4651-840a-530d80db0926 => generated 0 bytes in 330 msecs (HTTP/1.1 204) 5 headers in 199 bytes (1 switches on core 0)
Apr 14 15:27:57.027650 n-d-837156-1 devstack@placement-api.service[105332]: DEBUG placement.requestlog [req-abceabcd-183b-4071-ba7e-17509ca616f5 req-85361a70-2d78-4eeb-bfff-3aa3e66f201d None None] Starting request: 10.222.0.25 "GET /placement/allocations/08a4e240-39bd-4651-840a-530d80db0926" {{(pid=105332) __call__ /opt/stack/placement/placement/requestlog.py:55}}
Apr 14 15:27:57.042222 n-d-837156-1 devstack@placement-api.service[105332]: INFO placement.requestlog [req-abceabcd-183b-4071-ba7e-17509ca616f5 req-85361a70-2d78-4eeb-bfff-3aa3e66f201d service placement] 10.222.0.25 "GET /placement/allocations/08a4e240-39bd-4651-840a-530d80db0926" status: 200 len: 259 microversion: 1.28
Apr 14 15:27:57.043936 n-d-837156-1 devstack@placement-api.service[105332]: [pid: 105332|app: 0|req: 377/749] 10.222.0.25 () {60 vars in 1377 bytes} [Thu Apr 14 15:27:57 2022] GET /placement/allocations/08a4e240-39bd-4651-840a-530d80db0926 => generated 259 bytes in 15 msecs (HTTP/1.1 200) 8 headers in 296 bytes (1 switches on core 0)
Apr 14 15:28:03.823781 n-d-837156-1 devstack@placement-api.service[105331]: DEBUG placement.requestlog [req-a5bfde90-95d4-423e-a905-2c6f2703c847 req-aa2fa495-6baf-4a9d-9d72-e7e07b5fdcf6 None None] Starting request: 10.222.0.25 "DELETE /placement/allocations/0ed3ab78-9b45-49ff-b8a4-2214b4957783" {{(pid=105331) __call__ /opt/stack/placement/placement/requestlog.py:55}}
Apr 14 15:28:04.016284 n-d-837156-1 devstack@placement-api.service[105331]: DEBUG placement.handlers.allocation [req-a5bfde90-95d4-423e-a905-2c6f2703c847 req-aa2fa495-6baf-4a9d-9d72-e7e07b5fdcf6 service placement] Successfully deleted allocations [, , ] {{(pid=105331) delete_allocations /opt/stack/placement/placement/handlers/allocation.py:627}}
Apr 14 15:28:04.016784 n-d-837156-1 devstack@placement-api.service[105331]: INFO placement.requestlog [req-a5bfde90-95d4-423e-a905-2c6f2703c847 req-aa2fa495-6baf-4a9d-9d72-e7e07b5fdcf6 service placement] 10.222.0.25 "DELETE /placement/allocations/0ed3ab78-9b45-49ff-b8a4-2214b4957783" status: 204 len: 0 microversion: 1.0
Apr 14 15:28:04.017172 n-d-837156-1 devstack@placement-api.service[105331]: [pid: 105331|app: 0|req: 373/750] 10.222.0.25 () {60 vars in 1355 bytes} [Thu Apr 14 15:28:03 2022] DELETE /placement/allocations/0ed3ab78-9b45-49ff-b8a4-2214b4957783 => generated 0 bytes in 194 msecs (HTTP/1.1 204) 5 headers in 198 bytes (1 switches on core 0)
Apr 14 15:28:09.499757 n-d-837156-1 devstack@placement-api.service[105332]: DEBUG placement.requestlog [req-6ebcb73a-68ec-47da-bad5-ad70291f604a req-98b44189-2b3d-4c4a-87bf-410a2a68364d None None] Starting request: 10.222.0.18 "DELETE /placement/allocations/1122c8ae-762b-439d-bf78-9c721fda8e95" {{(pid=105332) __call__ /opt/stack/placement/placement/requestlog.py:55}}
Apr 14 15:28:09.673092 n-d-837156-1 devstack@placement-api.service[105332]: DEBUG placement.handlers.allocation [req-6ebcb73a-68ec-47da-bad5-ad70291f604a req-98b44189-2b3d-4c4a-87bf-410a2a68364d service placement] Successfully deleted allocations [, , ] {{(pid=105332) delete_allocations /opt/stack/placement/placement/handlers/allocation.py:627}}
Apr 14 15:28:09.673858 n-d-837156-1 devstack@placement-api.service[105332]: INFO placement.requestlog [req-6ebcb73a-68ec-47da-bad5-ad70291f604a req-98b44189-2b3d-4c4a-87bf-410a2a68364d service placement] 10.222.0.18 "DELETE /placement/allocations/1122c8ae-762b-439d-bf78-9c721fda8e95" status: 204 len: 0 microversion: 1.0
Apr 14 15:28:09.674659 n-d-837156-1 devstack@placement-api.service[105332]: [pid: 105332|app: 0|req: 378/751] 10.222.0.18 () {60 vars in 1355 bytes} [Thu Apr 14 15:28:09 2022] DELETE /placement/allocations/1122c8ae-762b-439d-bf78-9c721fda8e95 => generated 0 bytes in 175 msecs (HTTP/1.1 204) 5 headers in 198 bytes (2 switches on core 0)
Apr 14 15:28:12.169945 n-d-837156-1 devstack@placement-api.service[105331]: DEBUG placement.requestlog [req-8e120445-5750-4fc2-a790-cfa1d7abb93a req-ede807ef-3237-410f-9363-5f421a656051 None None] Starting request: 10.222.0.13 "GET /placement/allocation_candidates?limit=1000&resources=DISK_GB%3A1%2CMEMORY_MB%3A1024%2CVCPU%3A1&root_required=%21COMPUTE_STATUS_DISABLED" {{(pid=105331) __call__ /opt/stack/placement/placement/requestlog.py:55}}
Apr 14 15:28:12.242138 n-d-837156-1 devstack@placement-api.service[105331]: DEBUG placement.objects.research_context [req-8e120445-5750-4fc2-a790-cfa1d7abb93a req-ede807ef-3237-410f-9363-5f421a656051 service placement] getting providers with 1 DISK_GB {{(pid=105331) __init__ /opt/stack/placement/placement/objects/research_context.py:136}}
Apr 14 15:28:12.255577 n-d-837156-1 devstack@placement-api.service[105331]: DEBUG placement.objects.research_context [req-8e120445-5750-4fc2-a790-cfa1d7abb93a req-ede807ef-3237-410f-9363-5f421a656051 service placement] getting providers with 1024 MEMORY_MB {{(pid=105331) __init__ /opt/stack/placement/placement/objects/research_context.py:136}}
Apr 14 15:28:12.278860 n-d-837156-1 devstack@placement-api.service[105331]: DEBUG placement.objects.research_context [req-8e120445-5750-4fc2-a790-cfa1d7abb93a req-ede807ef-3237-410f-9363-5f421a656051 service placement] getting providers with 1 VCPU {{(pid=105331) __init__ /opt/stack/placement/placement/objects/research_context.py:136}}
Apr 14 15:28:12.288829 n-d-837156-1 devstack@placement-api.service[105331]: DEBUG placement.objects.research_context [req-8e120445-5750-4fc2-a790-cfa1d7abb93a req-ede807ef-3237-410f-9363-5f421a656051 service placement] found 2 providers with available 1 DISK_GB {{(pid=105331) get_provider_ids_matching /opt/stack/placement/placement/objects/research_context.py:559}}
Apr 14 15:28:12.289113 n-d-837156-1 devstack@placement-api.service[105331]: DEBUG placement.objects.research_context [req-8e120445-5750-4fc2-a790-cfa1d7abb93a req-ede807ef-3237-410f-9363-5f421a656051 service placement] found 2 providers with available 1024 MEMORY_MB {{(pid=105331) get_provider_ids_matching /opt/stack/placement/placement/objects/research_context.py:559}}
Apr 14 15:28:12.293129 n-d-837156-1 devstack@placement-api.service[105331]: DEBUG placement.objects.research_context [req-8e120445-5750-4fc2-a790-cfa1d7abb93a req-ede807ef-3237-410f-9363-5f421a656051 service placement] found 2 providers after filtering by previous result {{(pid=105331) get_provider_ids_matching /opt/stack/placement/placement/objects/research_context.py:590}}
Apr 14 15:28:12.293493 n-d-837156-1 devstack@placement-api.service[105331]: DEBUG placement.objects.research_context [req-8e120445-5750-4fc2-a790-cfa1d7abb93a req-ede807ef-3237-410f-9363-5f421a656051 service placement] found 2 providers with available 1 VCPU {{(pid=105331) get_provider_ids_matching /opt/stack/placement/placement/objects/research_context.py:559}}
Apr 14 15:28:12.300367 n-d-837156-1 devstack@placement-api.service[105331]: DEBUG placement.objects.research_context [req-8e120445-5750-4fc2-a790-cfa1d7abb93a req-ede807ef-3237-410f-9363-5f421a656051 service placement] found 2 providers after filtering by previous result {{(pid=105331) get_provider_ids_matching /opt/stack/placement/placement/objects/research_context.py:590}}
Apr 14 15:28:12.318158 n-d-837156-1 devstack@placement-api.service[105331]: DEBUG placement.objects.allocation_candidate [req-8e120445-5750-4fc2-a790-cfa1d7abb93a req-ede807ef-3237-410f-9363-5f421a656051 service placement] RequestGroup(use_same_provider=False, resources={DISK_GB:1, MEMORY_MB:1024, VCPU:1}, traits=(), aggregates=[]) (suffix '') returned 2 matches {{(pid=105331) _get_by_requests /opt/stack/placement/placement/objects/allocation_candidate.py:156}}
Apr 14 15:28:12.318653 n-d-837156-1 devstack@placement-api.service[105331]: DEBUG placement.objects.allocation_candidate [req-8e120445-5750-4fc2-a790-cfa1d7abb93a req-ede807ef-3237-410f-9363-5f421a656051 service placement] Merging candidates yields 2 allocation requests and 2 provider summaries {{(pid=105331) _merge_candidates /opt/stack/placement/placement/objects/allocation_candidate.py:809}}
Apr 14 15:28:12.323684 n-d-837156-1 devstack@placement-api.service[105331]: INFO placement.requestlog [req-8e120445-5750-4fc2-a790-cfa1d7abb93a req-ede807ef-3237-410f-9363-5f421a656051 service placement] 10.222.0.13 "GET /placement/allocation_candidates?limit=1000&resources=DISK_GB%3A1%2CMEMORY_MB%3A1024%2CVCPU%3A1&root_required=%21COMPUTE_STATUS_DISABLED" status: 200 len: 1309 microversion: 1.36
Apr 14 15:28:12.324872 n-d-837156-1 devstack@placement-api.service[105331]: [pid: 105331|app: 0|req: 374/752] 10.222.0.13 () {60 vars in 1506 bytes} [Thu Apr 14 15:28:12 2022] GET /placement/allocation_candidates?limit=1000&resources=DISK_GB%3A1%2CMEMORY_MB%3A1024%2CVCPU%3A1&root_required=%21COMPUTE_STATUS_DISABLED => generated 1309 bytes in 156 msecs (HTTP/1.1 200) 8 headers in 297 bytes (1 switches on core 0)
Apr 14 15:28:12.448161 n-d-837156-1 devstack@placement-api.service[105332]: DEBUG placement.requestlog [req-8e120445-5750-4fc2-a790-cfa1d7abb93a req-2b7e0832-92db-46f5-b44d-6e259ffba94f None None] Starting request: 10.222.0.13 "GET /placement/allocations/b2eba7f6-6904-4a7a-80b8-44237a7ef74b" {{(pid=105332) __call__ /opt/stack/placement/placement/requestlog.py:55}}
Apr 14 15:28:12.467936 n-d-837156-1 devstack@placement-api.service[105332]: INFO placement.requestlog [req-8e120445-5750-4fc2-a790-cfa1d7abb93a req-2b7e0832-92db-46f5-b44d-6e259ffba94f service placement] 10.222.0.13 "GET /placement/allocations/b2eba7f6-6904-4a7a-80b8-44237a7ef74b" status: 200 len: 19 microversion: 1.28
Apr 14 15:28:12.468677 n-d-837156-1 devstack@placement-api.service[105332]: [pid: 105332|app: 0|req: 379/753] 10.222.0.13 () {60 vars in 1380 bytes} [Thu Apr 14 15:28:12 2022] GET /placement/allocations/b2eba7f6-6904-4a7a-80b8-44237a7ef74b => generated 19 bytes in 21 msecs (HTTP/1.1 200) 8 headers in 295 bytes (1 switches on core 0)
Apr 14 15:28:12.474800 n-d-837156-1 devstack@placement-api.service[105331]: DEBUG placement.requestlog [req-8e120445-5750-4fc2-a790-cfa1d7abb93a req-cc1883c4-cd52-4e32-bba2-8169481228f3 None None] Starting request: 10.222.0.13 "PUT /placement/allocations/b2eba7f6-6904-4a7a-80b8-44237a7ef74b" {{(pid=105331) __call__ /opt/stack/placement/placement/requestlog.py:55}}
Apr 14 15:28:12.639608 n-d-837156-1 devstack@placement-api.service[105331]: DEBUG placement.handlers.allocation [req-8e120445-5750-4fc2-a790-cfa1d7abb93a req-cc1883c4-cd52-4e32-bba2-8169481228f3 service placement] Successfully wrote allocations [, , ] {{(pid=105331) _update_consumers_and_create_allocations /opt/stack/placement/placement/handlers/allocation.py:462}}
Apr 14 15:28:12.736146 n-d-837156-1 devstack@placement-api.service[105331]: INFO placement.requestlog [req-8e120445-5750-4fc2-a790-cfa1d7abb93a req-cc1883c4-cd52-4e32-bba2-8169481228f3 service placement] 10.222.0.13 "PUT /placement/allocations/b2eba7f6-6904-4a7a-80b8-44237a7ef74b" status: 204 len: 0 microversion: 1.36
Apr 14 15:28:12.737218 n-d-837156-1 devstack@placement-api.service[105331]: [pid: 105331|app: 0|req: 375/754] 10.222.0.13 () {64 vars in 1433 bytes} [Thu Apr 14 15:28:12 2022] PUT /placement/allocations/b2eba7f6-6904-4a7a-80b8-44237a7ef74b => generated 0 bytes in 262 msecs (HTTP/1.1 204) 5 headers in 199 bytes (1 switches on core 0)
Apr 14 15:28:12.826430 n-d-837156-1 devstack@placement-api.service[105332]: DEBUG placement.requestlog [req-d3b9526e-0cb7-46d1-9c9f-c47fe397dc22 req-eeba3491-5d1e-4dcb-92b3-6eebd756863a None None] Starting request: 10.222.0.13 "DELETE /placement/allocations/b2eba7f6-6904-4a7a-80b8-44237a7ef74b" {{(pid=105332) __call__ /opt/stack/placement/placement/requestlog.py:55}}
Apr 14 15:28:13.233272 n-d-837156-1 devstack@placement-api.service[105332]: DEBUG placement.handlers.allocation [req-d3b9526e-0cb7-46d1-9c9f-c47fe397dc22 req-eeba3491-5d1e-4dcb-92b3-6eebd756863a service placement] Successfully deleted allocations [, , ] {{(pid=105332) delete_allocations /opt/stack/placement/placement/handlers/allocation.py:627}}
Apr 14 15:28:13.234011 n-d-837156-1 devstack@placement-api.service[105332]: INFO placement.requestlog [req-d3b9526e-0cb7-46d1-9c9f-c47fe397dc22 req-eeba3491-5d1e-4dcb-92b3-6eebd756863a service placement] 10.222.0.13 "DELETE /placement/allocations/b2eba7f6-6904-4a7a-80b8-44237a7ef74b" status: 204 len: 0 microversion: 1.0
Apr 14 15:28:13.234450 n-d-837156-1 devstack@placement-api.service[105332]: [pid: 105332|app: 0|req: 380/755] 10.222.0.13 () {60 vars in 1349 bytes} [Thu Apr 14 15:28:12 2022] DELETE /placement/allocations/b2eba7f6-6904-4a7a-80b8-44237a7ef74b => generated 0 bytes in 408 msecs (HTTP/1.1 204) 5 headers in 198 bytes (1 switches on core 0)
Apr 14 15:28:16.048347 n-d-837156-1 devstack@placement-api.service[105331]: DEBUG placement.requestlog [req-0afda894-f705-4798-948c-5cdebffd2c59 req-699015e7-3995-417c-a5a0-94b68f17f930 None None] Starting request: 10.222.0.13 "GET /placement/allocation_candidates?limit=1000&resources=DISK_GB%3A1%2CMEMORY_MB%3A1024%2CVCPU%3A1&root_required=%21COMPUTE_STATUS_DISABLED" {{(pid=105331) __call__ /opt/stack/placement/placement/requestlog.py:55}}
Apr 14 15:28:16.101749 n-d-837156-1 devstack@placement-api.service[105331]: DEBUG placement.objects.research_context [req-0afda894-f705-4798-948c-5cdebffd2c59 req-699015e7-3995-417c-a5a0-94b68f17f930 service placement] getting providers with 1 DISK_GB {{(pid=105331) __init__ /opt/stack/placement/placement/objects/research_context.py:136}}
Apr 14 15:28:16.109021 n-d-837156-1 devstack@placement-api.service[105331]: DEBUG placement.objects.research_context [req-0afda894-f705-4798-948c-5cdebffd2c59 req-699015e7-3995-417c-a5a0-94b68f17f930 service placement] getting providers with 1024 MEMORY_MB {{(pid=105331) __init__ /opt/stack/placement/placement/objects/research_context.py:136}}
Apr 14 15:28:16.115653 n-d-837156-1 devstack@placement-api.service[105331]: DEBUG placement.objects.research_context [req-0afda894-f705-4798-948c-5cdebffd2c59 req-699015e7-3995-417c-a5a0-94b68f17f930 service placement] getting providers with 1 VCPU {{(pid=105331) __init__ /opt/stack/placement/placement/objects/research_context.py:136}}
Apr 14 15:28:16.122785 n-d-837156-1 devstack@placement-api.service[105331]: DEBUG placement.objects.research_context [req-0afda894-f705-4798-948c-5cdebffd2c59 req-699015e7-3995-417c-a5a0-94b68f17f930 service placement] found 2 providers with available 1 DISK_GB {{(pid=105331) get_provider_ids_matching /opt/stack/placement/placement/objects/research_context.py:559}}
Apr 14 15:28:16.123359 n-d-837156-1 devstack@placement-api.service[105331]: DEBUG placement.objects.research_context [req-0afda894-f705-4798-948c-5cdebffd2c59 req-699015e7-3995-417c-a5a0-94b68f17f930 service placement] found 2 providers with available 1024 MEMORY_MB {{(pid=105331) get_provider_ids_matching /opt/stack/placement/placement/objects/research_context.py:559}}
Apr 14 15:28:16.123798 n-d-837156-1 devstack@placement-api.service[105331]: DEBUG placement.objects.research_context [req-0afda894-f705-4798-948c-5cdebffd2c59 req-699015e7-3995-417c-a5a0-94b68f17f930 service placement] found 2 providers after filtering by previous result {{(pid=105331) get_provider_ids_matching /opt/stack/placement/placement/objects/research_context.py:590}}
Apr 14 15:28:16.124242 n-d-837156-1 devstack@placement-api.service[105331]: DEBUG placement.objects.research_context [req-0afda894-f705-4798-948c-5cdebffd2c59 req-699015e7-3995-417c-a5a0-94b68f17f930 service placement] found 2 providers with available 1 VCPU {{(pid=105331) get_provider_ids_matching /opt/stack/placement/placement/objects/research_context.py:559}}
Apr 14 15:28:16.124675 n-d-837156-1 devstack@placement-api.service[105331]: DEBUG placement.objects.research_context [req-0afda894-f705-4798-948c-5cdebffd2c59 req-699015e7-3995-417c-a5a0-94b68f17f930 service placement] found 2 providers after filtering by previous result {{(pid=105331) get_provider_ids_matching /opt/stack/placement/placement/objects/research_context.py:590}}
Apr 14 15:28:16.137912 n-d-837156-1 devstack@placement-api.service[105331]: DEBUG placement.objects.allocation_candidate [req-0afda894-f705-4798-948c-5cdebffd2c59 req-699015e7-3995-417c-a5a0-94b68f17f930 service placement] RequestGroup(use_same_provider=False, resources={DISK_GB:1, MEMORY_MB:1024, VCPU:1}, traits=(), aggregates=[]) (suffix '') returned 2 matches {{(pid=105331) _get_by_requests /opt/stack/placement/placement/objects/allocation_candidate.py:156}}
Apr 14 15:28:16.138581 n-d-837156-1 devstack@placement-api.service[105331]: DEBUG placement.objects.allocation_candidate [req-0afda894-f705-4798-948c-5cdebffd2c59 req-699015e7-3995-417c-a5a0-94b68f17f930 service placement] Merging candidates yields 2 allocation requests and 2 provider summaries {{(pid=105331) _merge_candidates /opt/stack/placement/placement/objects/allocation_candidate.py:809}}
Apr 14 15:28:16.140628 n-d-837156-1 devstack@placement-api.service[105331]: INFO placement.requestlog [req-0afda894-f705-4798-948c-5cdebffd2c59 req-699015e7-3995-417c-a5a0-94b68f17f930 service placement] 10.222.0.13 "GET /placement/allocation_candidates?limit=1000&resources=DISK_GB%3A1%2CMEMORY_MB%3A1024%2CVCPU%3A1&root_required=%21COMPUTE_STATUS_DISABLED" status: 200 len: 1309 microversion: 1.36
Apr 14 15:28:16.141212 n-d-837156-1 devstack@placement-api.service[105331]: [pid: 105331|app: 0|req: 376/756] 10.222.0.13 () {60 vars in 1506 bytes} [Thu Apr 14 15:28:16 2022] GET /placement/allocation_candidates?limit=1000&resources=DISK_GB%3A1%2CMEMORY_MB%3A1024%2CVCPU%3A1&root_required=%21COMPUTE_STATUS_DISABLED => generated 1309 bytes in 93 msecs (HTTP/1.1 200) 8 headers in 297 bytes (1 switches on core 0)
Apr 14 15:28:16.257990 n-d-837156-1 devstack@placement-api.service[105332]: DEBUG placement.requestlog [req-0afda894-f705-4798-948c-5cdebffd2c59 req-88d301b4-8e1b-4174-bf61-920c95be0639 None None] Starting request: 10.222.0.13 "GET /placement/allocations/01a0cec4-ddc6-416b-9ef9-27027214fc82" {{(pid=105332) __call__ /opt/stack/placement/placement/requestlog.py:55}}
Apr 14 15:28:16.278989 n-d-837156-1 devstack@placement-api.service[105332]: INFO placement.requestlog [req-0afda894-f705-4798-948c-5cdebffd2c59 req-88d301b4-8e1b-4174-bf61-920c95be0639 service placement] 10.222.0.13 "GET /placement/allocations/01a0cec4-ddc6-416b-9ef9-27027214fc82" status: 200 len: 19 microversion: 1.28
Apr 14 15:28:16.290015 n-d-837156-1 devstack@placement-api.service[105332]: [pid: 105332|app: 0|req: 381/757] 10.222.0.13 () {60 vars in 1380 bytes} [Thu Apr 14 15:28:16 2022] GET /placement/allocations/01a0cec4-ddc6-416b-9ef9-27027214fc82 => generated 19 bytes in 22 msecs (HTTP/1.1 200) 8 headers in 295 bytes (1 switches on core 0)
Apr 14 15:28:16.290113 n-d-837156-1 devstack@placement-api.service[105331]: DEBUG placement.requestlog [req-0afda894-f705-4798-948c-5cdebffd2c59 req-0ac3bf4b-a993-46b7-8ae5-057fe515e5ae None None] Starting request: 10.222.0.13 "PUT /placement/allocations/01a0cec4-ddc6-416b-9ef9-27027214fc82" {{(pid=105331) __call__ /opt/stack/placement/placement/requestlog.py:55}}
Apr 14 15:28:16.497151 n-d-837156-1 devstack@placement-api.service[105331]: DEBUG placement.handlers.allocation [req-0afda894-f705-4798-948c-5cdebffd2c59 req-0ac3bf4b-a993-46b7-8ae5-057fe515e5ae service placement] Successfully wrote allocations [, , ] {{(pid=105331) _update_consumers_and_create_allocations /opt/stack/placement/placement/handlers/allocation.py:462}}
Apr 14 15:28:16.588077 n-d-837156-1 devstack@placement-api.service[105331]: INFO placement.requestlog [req-0afda894-f705-4798-948c-5cdebffd2c59 req-0ac3bf4b-a993-46b7-8ae5-057fe515e5ae service placement] 10.222.0.13 "PUT /placement/allocations/01a0cec4-ddc6-416b-9ef9-27027214fc82" status: 204 len: 0 microversion: 1.36
Apr 14 15:28:16.592217 n-d-837156-1 devstack@placement-api.service[105331]: [pid: 105331|app: 0|req: 377/758] 10.222.0.13 () {64 vars in 1433 bytes} [Thu Apr 14 15:28:16 2022] PUT /placement/allocations/01a0cec4-ddc6-416b-9ef9-27027214fc82 => generated 0 bytes in 303 msecs (HTTP/1.1 204) 5 headers in 199 bytes (2 switches on core 0)
Apr 14 15:28:17.632611 n-d-837156-1 devstack@placement-api.service[105332]: DEBUG placement.requestlog [req-0afda894-f705-4798-948c-5cdebffd2c59 req-2be85088-b717-43bf-8238-47a199f370bb None None] Starting request: 10.222.0.18 "GET /placement/allocations/01a0cec4-ddc6-416b-9ef9-27027214fc82" {{(pid=105332) __call__ /opt/stack/placement/placement/requestlog.py:55}}
Apr 14 15:28:17.660874 n-d-837156-1 devstack@placement-api.service[105332]: INFO placement.requestlog [req-0afda894-f705-4798-948c-5cdebffd2c59 req-2be85088-b717-43bf-8238-47a199f370bb service placement] 10.222.0.18 "GET /placement/allocations/01a0cec4-ddc6-416b-9ef9-27027214fc82" status: 200 len: 259 microversion: 1.28
Apr 14 15:28:17.661598 n-d-837156-1 devstack@placement-api.service[105332]: [pid: 105332|app: 0|req: 382/759] 10.222.0.18 () {60 vars in 1377 bytes} [Thu Apr 14 15:28:17 2022] GET /placement/allocations/01a0cec4-ddc6-416b-9ef9-27027214fc82 => generated 259 bytes in 29 msecs (HTTP/1.1 200) 8 headers in 296 bytes (1 switches on core 0)
Apr 14 15:28:23.010605 n-d-837156-1 devstack@placement-api.service[105331]: DEBUG placement.requestlog [req-20057881-79af-4470-a534-9a2e6aff9016 req-998cc24d-9b76-482c-95cd-48591fffff7a None None] Starting request: 10.222.0.25 "DELETE /placement/allocations/08a4e240-39bd-4651-840a-530d80db0926" {{(pid=105331) __call__ /opt/stack/placement/placement/requestlog.py:55}}
Apr 14 15:28:23.233957 n-d-837156-1 devstack@placement-api.service[105331]: DEBUG placement.handlers.allocation [req-20057881-79af-4470-a534-9a2e6aff9016 req-998cc24d-9b76-482c-95cd-48591fffff7a service placement] Successfully deleted allocations [, , ] {{(pid=105331) delete_allocations /opt/stack/placement/placement/handlers/allocation.py:627}}
Apr 14 15:28:23.234905 n-d-837156-1 devstack@placement-api.service[105331]: INFO placement.requestlog [req-20057881-79af-4470-a534-9a2e6aff9016 req-998cc24d-9b76-482c-95cd-48591fffff7a service placement] 10.222.0.25 "DELETE /placement/allocations/08a4e240-39bd-4651-840a-530d80db0926" status: 204 len: 0 microversion: 1.0
Apr 14 15:28:23.235680 n-d-837156-1 devstack@placement-api.service[105331]: [pid: 105331|app: 0|req: 378/760] 10.222.0.25 () {60 vars in 1355 bytes} [Thu Apr 14 15:28:23 2022] DELETE /placement/allocations/08a4e240-39bd-4651-840a-530d80db0926 => generated 0 bytes in 225 msecs (HTTP/1.1 204) 5 headers in 198 bytes (1 switches on core 0)
Apr 14 15:28:24.919659 n-d-837156-1 devstack@placement-api.service[105332]: DEBUG placement.requestlog [req-741f6781-ef24-495e-bc1e-416f559e96ab req-2c227736-9c0a-47be-a9d3-3a8fea6778c9 None None] Starting request: 10.222.0.25 "DELETE /placement/allocations/a6c2e0dd-ef10-457a-8740-f1e66f71e32c" {{(pid=105332) __call__ /opt/stack/placement/placement/requestlog.py:55}}
Apr 14 15:28:25.035671 n-d-837156-1 devstack@placement-api.service[105331]: DEBUG placement.requestlog [req-b749e29c-1e1a-4667-bbde-69bbbd2d6538 req-43005098-b0ca-4d8c-9ce7-6feba1949a42 None None] Starting request: 10.222.0.18 "GET /placement/resource_providers/527d87b0-6e18-4f16-8b04-c0974fcc6eb6/allocations" {{(pid=105331) __call__ /opt/stack/placement/placement/requestlog.py:55}}
Apr 14 15:28:25.147541 n-d-837156-1 devstack@placement-api.service[105331]: INFO placement.requestlog [req-b749e29c-1e1a-4667-bbde-69bbbd2d6538 req-43005098-b0ca-4d8c-9ce7-6feba1949a42 service placement] 10.222.0.18 "GET /placement/resource_providers/527d87b0-6e18-4f16-8b04-c0974fcc6eb6/allocations" status: 200 len: 558 microversion: 1.0
Apr 14 15:28:25.147979 n-d-837156-1 devstack@placement-api.service[105331]: [pid: 105331|app: 0|req: 379/761] 10.222.0.18 () {58 vars in 1390 bytes} [Thu Apr 14 15:28:25 2022] GET /placement/resource_providers/527d87b0-6e18-4f16-8b04-c0974fcc6eb6/allocations => generated 558 bytes in 114 msecs (HTTP/1.1 200) 6 headers in 224 bytes (2 switches on core 0)
Apr 14 15:28:25.186987 n-d-837156-1 devstack@placement-api.service[105332]: DEBUG placement.handlers.allocation [req-741f6781-ef24-495e-bc1e-416f559e96ab req-2c227736-9c0a-47be-a9d3-3a8fea6778c9 service placement] Successfully deleted allocations [, , ] {{(pid=105332) delete_allocations /opt/stack/placement/placement/handlers/allocation.py:627}}
Apr 14 15:28:25.187757 n-d-837156-1 devstack@placement-api.service[105332]: INFO placement.requestlog [req-741f6781-ef24-495e-bc1e-416f559e96ab req-2c227736-9c0a-47be-a9d3-3a8fea6778c9 service placement] 10.222.0.25 "DELETE /placement/allocations/a6c2e0dd-ef10-457a-8740-f1e66f71e32c" status: 204 len: 0 microversion: 1.0
Apr 14 15:28:25.188623 n-d-837156-1 devstack@placement-api.service[105332]: [pid: 105332|app: 0|req: 383/762] 10.222.0.25 () {60 vars in 1355 bytes} [Thu Apr 14 15:28:24 2022] DELETE /placement/allocations/a6c2e0dd-ef10-457a-8740-f1e66f71e32c => generated 0 bytes in 269 msecs (HTTP/1.1 204) 5 headers in 198 bytes (1 switches on core 0)
Apr 14 15:28:28.483111 n-d-837156-1 devstack@placement-api.service[105331]: DEBUG placement.requestlog [req-0b4d1b13-1eb4-4d73-bc28-8b0a3c5bba2f req-27457875-dfb4-43e7-8922-88946369866b None None] Starting request: 10.222.0.25 "GET /placement/resource_providers/4e0141eb-b2a1-4b61-b243-345eb71486b7/allocations" {{(pid=105331) __call__ /opt/stack/placement/placement/requestlog.py:55}}
Apr 14 15:28:28.511151 n-d-837156-1 devstack@placement-api.service[105331]: INFO placement.requestlog [req-0b4d1b13-1eb4-4d73-bc28-8b0a3c5bba2f req-27457875-dfb4-43e7-8922-88946369866b service placement] 10.222.0.25 "GET /placement/resource_providers/4e0141eb-b2a1-4b61-b243-345eb71486b7/allocations" status: 200 len: 55 microversion: 1.0
Apr 14 15:28:28.512087 n-d-837156-1 devstack@placement-api.service[105331]: [pid: 105331|app: 0|req: 380/763] 10.222.0.25 () {58 vars in 1390 bytes} [Thu Apr 14 15:28:28 2022] GET /placement/resource_providers/4e0141eb-b2a1-4b61-b243-345eb71486b7/allocations => generated 55 bytes in 29 msecs (HTTP/1.1 200) 6 headers in 223 bytes (1 switches on core 0)
Apr 14 15:28:28.904117 n-d-837156-1 devstack@placement-api.service[105332]: DEBUG placement.requestlog [req-a4e8c249-7ce1-46ee-a98f-cb7bd305a026 req-107e61a9-946d-4514-a4ad-510a0272112a None None] Starting request: 10.222.0.18 "DELETE /placement/allocations/201a3526-24e2-4e1a-8388-c5508c68a489" {{(pid=105332) __call__ /opt/stack/placement/placement/requestlog.py:55}}
Apr 14 15:28:29.101959 n-d-837156-1 devstack@placement-api.service[105332]: DEBUG placement.handlers.allocation [req-a4e8c249-7ce1-46ee-a98f-cb7bd305a026 req-107e61a9-946d-4514-a4ad-510a0272112a service placement] Successfully deleted allocations [, , ] {{(pid=105332) delete_allocations /opt/stack/placement/placement/handlers/allocation.py:627}}
Apr 14 15:28:29.102461 n-d-837156-1 devstack@placement-api.service[105332]: INFO placement.requestlog [req-a4e8c249-7ce1-46ee-a98f-cb7bd305a026 req-107e61a9-946d-4514-a4ad-510a0272112a service placement] 10.222.0.18 "DELETE /placement/allocations/201a3526-24e2-4e1a-8388-c5508c68a489" status: 204 len: 0 microversion: 1.0
Apr 14 15:28:29.103317 n-d-837156-1 devstack@placement-api.service[105332]: [pid: 105332|app: 0|req: 384/764] 10.222.0.18 () {60 vars in 1355 bytes} [Thu Apr 14 15:28:28 2022] DELETE /placement/allocations/201a3526-24e2-4e1a-8388-c5508c68a489 => generated 0 bytes in 200 msecs (HTTP/1.1 204) 5 headers in 198 bytes (1 switches on core 0)
Apr 14 15:28:30.601493 n-d-837156-1 devstack@placement-api.service[105331]: DEBUG placement.requestlog [req-21cd41fb-003e-45a7-ab73-e69d9842200d req-43e03ca9-7a33-44a7-a35c-8734736da4ba None None] Starting request: 10.222.0.13 "GET /placement/allocation_candidates?limit=1000&resources=DISK_GB%3A1%2CMEMORY_MB%3A1024%2CVCPU%3A1&root_required=%21COMPUTE_STATUS_DISABLED" {{(pid=105331) __call__ /opt/stack/placement/placement/requestlog.py:55}}
Apr 14 15:28:30.670295 n-d-837156-1 devstack@placement-api.service[105331]: DEBUG placement.objects.research_context [req-21cd41fb-003e-45a7-ab73-e69d9842200d req-43e03ca9-7a33-44a7-a35c-8734736da4ba service placement] getting providers with 1 DISK_GB {{(pid=105331) __init__ /opt/stack/placement/placement/objects/research_context.py:136}}
Apr 14 15:28:30.694239 n-d-837156-1 devstack@placement-api.service[105331]: DEBUG placement.objects.research_context [req-21cd41fb-003e-45a7-ab73-e69d9842200d req-43e03ca9-7a33-44a7-a35c-8734736da4ba service placement] getting providers with 1024 MEMORY_MB {{(pid=105331) __init__ /opt/stack/placement/placement/objects/research_context.py:136}}
Apr 14 15:28:30.705672 n-d-837156-1 devstack@placement-api.service[105331]: DEBUG placement.objects.research_context [req-21cd41fb-003e-45a7-ab73-e69d9842200d req-43e03ca9-7a33-44a7-a35c-8734736da4ba service placement] getting providers with 1 VCPU {{(pid=105331) __init__ /opt/stack/placement/placement/objects/research_context.py:136}}
Apr 14 15:28:30.715705 n-d-837156-1 devstack@placement-api.service[105331]: DEBUG placement.objects.research_context [req-21cd41fb-003e-45a7-ab73-e69d9842200d req-43e03ca9-7a33-44a7-a35c-8734736da4ba service placement] found 2 providers with available 1 DISK_GB {{(pid=105331) get_provider_ids_matching /opt/stack/placement/placement/objects/research_context.py:559}}
Apr 14 15:28:30.716278 n-d-837156-1 devstack@placement-api.service[105331]: DEBUG placement.objects.research_context [req-21cd41fb-003e-45a7-ab73-e69d9842200d req-43e03ca9-7a33-44a7-a35c-8734736da4ba service placement] found 2 providers with available 1024 MEMORY_MB {{(pid=105331) get_provider_ids_matching /opt/stack/placement/placement/objects/research_context.py:559}}
Apr 14 15:28:30.717197 n-d-837156-1 devstack@placement-api.service[105331]: DEBUG placement.objects.research_context [req-21cd41fb-003e-45a7-ab73-e69d9842200d req-43e03ca9-7a33-44a7-a35c-8734736da4ba service placement] found 2 providers after filtering by previous result {{(pid=105331) get_provider_ids_matching /opt/stack/placement/placement/objects/research_context.py:590}}
Apr 14 15:28:30.717664 n-d-837156-1 devstack@placement-api.service[105331]: DEBUG placement.objects.research_context [req-21cd41fb-003e-45a7-ab73-e69d9842200d req-43e03ca9-7a33-44a7-a35c-8734736da4ba service placement] found 2 providers with available 1 VCPU {{(pid=105331) get_provider_ids_matching /opt/stack/placement/placement/objects/research_context.py:559}}
Apr 14 15:28:30.718100 n-d-837156-1 devstack@placement-api.service[105331]: DEBUG placement.objects.research_context [req-21cd41fb-003e-45a7-ab73-e69d9842200d req-43e03ca9-7a33-44a7-a35c-8734736da4ba service placement] found 2 providers after filtering by previous result {{(pid=105331) get_provider_ids_matching /opt/stack/placement/placement/objects/research_context.py:590}}
Apr 14 15:28:30.731608 n-d-837156-1 devstack@placement-api.service[105331]: DEBUG placement.objects.allocation_candidate [req-21cd41fb-003e-45a7-ab73-e69d9842200d req-43e03ca9-7a33-44a7-a35c-8734736da4ba service placement] RequestGroup(use_same_provider=False, resources={DISK_GB:1, MEMORY_MB:1024, VCPU:1}, traits=(), aggregates=[]) (suffix '') returned 2 matches {{(pid=105331) _get_by_requests /opt/stack/placement/placement/objects/allocation_candidate.py:156}}
Apr 14 15:28:30.732268 n-d-837156-1 devstack@placement-api.service[105331]: DEBUG placement.objects.allocation_candidate [req-21cd41fb-003e-45a7-ab73-e69d9842200d req-43e03ca9-7a33-44a7-a35c-8734736da4ba service placement] Merging candidates yields 2 allocation requests and 2 provider summaries {{(pid=105331) _merge_candidates /opt/stack/placement/placement/objects/allocation_candidate.py:809}}
Apr 14 15:28:30.734043 n-d-837156-1 devstack@placement-api.service[105331]: INFO placement.requestlog [req-21cd41fb-003e-45a7-ab73-e69d9842200d req-43e03ca9-7a33-44a7-a35c-8734736da4ba service placement] 10.222.0.13 "GET /placement/allocation_candidates?limit=1000&resources=DISK_GB%3A1%2CMEMORY_MB%3A1024%2CVCPU%3A1&root_required=%21COMPUTE_STATUS_DISABLED" status: 200 len: 1306 microversion: 1.36
Apr 14 15:28:30.749807 n-d-837156-1 devstack@placement-api.service[105331]: [pid: 105331|app: 0|req: 381/765] 10.222.0.13 () {60 vars in 1506 bytes} [Thu Apr 14 15:28:30 2022] GET /placement/allocation_candidates?limit=1000&resources=DISK_GB%3A1%2CMEMORY_MB%3A1024%2CVCPU%3A1&root_required=%21COMPUTE_STATUS_DISABLED => generated 1306 bytes in 148 msecs (HTTP/1.1 200) 8 headers in 297 bytes (1 switches on core 0)
Apr 14 15:28:30.899967 n-d-837156-1 devstack@placement-api.service[105332]: DEBUG placement.requestlog [req-21cd41fb-003e-45a7-ab73-e69d9842200d req-fb56286e-169f-4597-a907-b61ad6b8f578 None None] Starting request: 10.222.0.13 "GET /placement/allocations/9acc78c3-b3ec-424c-95f6-9a756484a373" {{(pid=105332) __call__ /opt/stack/placement/placement/requestlog.py:55}}
Apr 14 15:28:30.918445 n-d-837156-1 devstack@placement-api.service[105332]: INFO placement.requestlog [req-21cd41fb-003e-45a7-ab73-e69d9842200d req-fb56286e-169f-4597-a907-b61ad6b8f578 service placement] 10.222.0.13 "GET /placement/allocations/9acc78c3-b3ec-424c-95f6-9a756484a373" status: 200 len: 19 microversion: 1.28
Apr 14 15:28:30.919383 n-d-837156-1 devstack@placement-api.service[105332]: [pid: 105332|app: 0|req: 385/766] 10.222.0.13 () {60 vars in 1380 bytes} [Thu Apr 14 15:28:30 2022] GET /placement/allocations/9acc78c3-b3ec-424c-95f6-9a756484a373 => generated 19 bytes in 19 msecs (HTTP/1.1 200) 8 headers in 295 bytes (1 switches on core 0)
Apr 14 15:28:30.926177 n-d-837156-1 devstack@placement-api.service[105331]: DEBUG placement.requestlog [req-21cd41fb-003e-45a7-ab73-e69d9842200d req-bb07bbfb-1448-4e3b-964e-26f2d4c617ff None None] Starting request: 10.222.0.13 "PUT /placement/allocations/9acc78c3-b3ec-424c-95f6-9a756484a373" {{(pid=105331) __call__ /opt/stack/placement/placement/requestlog.py:55}}
Apr 14 15:28:31.078133 n-d-837156-1 devstack@placement-api.service[105331]: DEBUG placement.handlers.allocation [req-21cd41fb-003e-45a7-ab73-e69d9842200d req-bb07bbfb-1448-4e3b-964e-26f2d4c617ff service placement] Successfully wrote allocations [, , ] {{(pid=105331) _update_consumers_and_create_allocations /opt/stack/placement/placement/handlers/allocation.py:462}}
Apr 14 15:28:31.153889 n-d-837156-1 devstack@placement-api.service[105331]: INFO placement.requestlog [req-21cd41fb-003e-45a7-ab73-e69d9842200d req-bb07bbfb-1448-4e3b-964e-26f2d4c617ff service placement] 10.222.0.13 "PUT /placement/allocations/9acc78c3-b3ec-424c-95f6-9a756484a373" status: 204 len: 0 microversion: 1.36
Apr 14 15:28:31.154402 n-d-837156-1 devstack@placement-api.service[105331]: [pid: 105331|app: 0|req: 382/767] 10.222.0.13 () {64 vars in 1433 bytes} [Thu Apr 14 15:28:30 2022] PUT /placement/allocations/9acc78c3-b3ec-424c-95f6-9a756484a373 => generated 0 bytes in 229 msecs (HTTP/1.1 204) 5 headers in 199 bytes (1 switches on core 0)
Apr 14 15:28:32.075944 n-d-837156-1 devstack@placement-api.service[105332]: DEBUG placement.requestlog [req-ca367f02-7617-45bc-a4d2-628e620d2086 req-052f14a3-6e80-4367-a6b7-2999f229044b None None] Starting request: 10.222.0.18 "DELETE /placement/allocations/ecc8b6c2-a9a5-42ee-9956-12b331cce438" {{(pid=105332) __call__ /opt/stack/placement/placement/requestlog.py:55}}
Apr 14 15:28:32.248903 n-d-837156-1 devstack@placement-api.service[105331]: DEBUG placement.requestlog [req-21cd41fb-003e-45a7-ab73-e69d9842200d req-efa6cf71-3067-45e6-8307-9d141764accc None None] Starting request: 10.222.0.25 "GET /placement/allocations/9acc78c3-b3ec-424c-95f6-9a756484a373" {{(pid=105331) __call__ /opt/stack/placement/placement/requestlog.py:55}}
Apr 14 15:28:32.306078 n-d-837156-1 devstack@placement-api.service[105331]: INFO placement.requestlog [req-21cd41fb-003e-45a7-ab73-e69d9842200d req-efa6cf71-3067-45e6-8307-9d141764accc service placement] 10.222.0.25 "GET /placement/allocations/9acc78c3-b3ec-424c-95f6-9a756484a373" status: 200 len: 259 microversion: 1.28
Apr 14 15:28:32.306078 n-d-837156-1 devstack@placement-api.service[105331]: [pid: 105331|app: 0|req: 383/768] 10.222.0.25 () {60 vars in 1377 bytes} [Thu Apr 14 15:28:32 2022] GET /placement/allocations/9acc78c3-b3ec-424c-95f6-9a756484a373 => generated 259 bytes in 52 msecs (HTTP/1.1 200) 8 headers in 296 bytes (2 switches on core 0)
Apr 14 15:28:32.324725 n-d-837156-1 devstack@placement-api.service[105332]: DEBUG placement.handlers.allocation [req-ca367f02-7617-45bc-a4d2-628e620d2086 req-052f14a3-6e80-4367-a6b7-2999f229044b service placement] Successfully deleted allocations [, , ] {{(pid=105332) delete_allocations /opt/stack/placement/placement/handlers/allocation.py:627}}
Apr 14 15:28:32.325214 n-d-837156-1 devstack@placement-api.service[105332]: INFO placement.requestlog [req-ca367f02-7617-45bc-a4d2-628e620d2086 req-052f14a3-6e80-4367-a6b7-2999f229044b service placement] 10.222.0.18 "DELETE /placement/allocations/ecc8b6c2-a9a5-42ee-9956-12b331cce438" status: 204 len: 0 microversion: 1.0
Apr 14 15:28:32.326099 n-d-837156-1 devstack@placement-api.service[105332]: [pid: 105332|app: 0|req: 386/769] 10.222.0.18 () {60 vars in 1355 bytes} [Thu Apr 14 15:28:32 2022] DELETE /placement/allocations/ecc8b6c2-a9a5-42ee-9956-12b331cce438 => generated 0 bytes in 250 msecs (HTTP/1.1 204) 5 headers in 198 bytes (1 switches on core 0)
Apr 14 15:28:36.222279 n-d-837156-1 devstack@placement-api.service[105331]: DEBUG placement.requestlog [req-ec1bbe81-bdc8-4943-89c6-2e7bf5eff2c5 req-6e4674af-522d-4445-8f18-7865384fcaf2 None None] Starting request: 10.222.0.13 "GET /placement/allocation_candidates?limit=1000&resources=DISK_GB%3A1%2CMEMORY_MB%3A1024%2CVCPU%3A1&root_required=%21COMPUTE_STATUS_DISABLED" {{(pid=105331) __call__ /opt/stack/placement/placement/requestlog.py:55}}
Apr 14 15:28:36.295479 n-d-837156-1 devstack@placement-api.service[105331]: DEBUG placement.objects.research_context [req-ec1bbe81-bdc8-4943-89c6-2e7bf5eff2c5 req-6e4674af-522d-4445-8f18-7865384fcaf2 service placement] getting providers with 1 DISK_GB {{(pid=105331) __init__ /opt/stack/placement/placement/objects/research_context.py:136}}
Apr 14 15:28:36.309035 n-d-837156-1 devstack@placement-api.service[105331]: DEBUG placement.objects.research_context [req-ec1bbe81-bdc8-4943-89c6-2e7bf5eff2c5 req-6e4674af-522d-4445-8f18-7865384fcaf2 service placement] getting providers with 1024 MEMORY_MB {{(pid=105331) __init__ /opt/stack/placement/placement/objects/research_context.py:136}}
Apr 14 15:28:36.328113 n-d-837156-1 devstack@placement-api.service[105331]: DEBUG placement.objects.research_context [req-ec1bbe81-bdc8-4943-89c6-2e7bf5eff2c5 req-6e4674af-522d-4445-8f18-7865384fcaf2 service placement] getting providers with 1 VCPU {{(pid=105331) __init__ /opt/stack/placement/placement/objects/research_context.py:136}}
Apr 14 15:28:36.340748 n-d-837156-1 devstack@placement-api.service[105331]: DEBUG placement.objects.research_context [req-ec1bbe81-bdc8-4943-89c6-2e7bf5eff2c5 req-6e4674af-522d-4445-8f18-7865384fcaf2 service placement] found 2 providers with available 1 DISK_GB {{(pid=105331) get_provider_ids_matching /opt/stack/placement/placement/objects/research_context.py:559}}
Apr 14 15:28:36.343286 n-d-837156-1 devstack@placement-api.service[105331]: DEBUG placement.objects.research_context [req-ec1bbe81-bdc8-4943-89c6-2e7bf5eff2c5 req-6e4674af-522d-4445-8f18-7865384fcaf2 service placement] found 2 providers with available 1024 MEMORY_MB {{(pid=105331) get_provider_ids_matching /opt/stack/placement/placement/objects/research_context.py:559}}
Apr 14 15:28:36.344196 n-d-837156-1 devstack@placement-api.service[105331]: DEBUG placement.objects.research_context [req-ec1bbe81-bdc8-4943-89c6-2e7bf5eff2c5 req-6e4674af-522d-4445-8f18-7865384fcaf2 service placement] found 2 providers after filtering by previous result {{(pid=105331) get_provider_ids_matching /opt/stack/placement/placement/objects/research_context.py:590}}
Apr 14 15:28:36.346676 n-d-837156-1 devstack@placement-api.service[105331]: DEBUG placement.objects.research_context [req-ec1bbe81-bdc8-4943-89c6-2e7bf5eff2c5 req-6e4674af-522d-4445-8f18-7865384fcaf2 service placement] found 2 providers with available 1 VCPU {{(pid=105331) get_provider_ids_matching /opt/stack/placement/placement/objects/research_context.py:559}}
Apr 14 15:28:36.347194 n-d-837156-1 devstack@placement-api.service[105331]: DEBUG placement.objects.research_context [req-ec1bbe81-bdc8-4943-89c6-2e7bf5eff2c5 req-6e4674af-522d-4445-8f18-7865384fcaf2 service placement] found 2 providers after filtering by previous result {{(pid=105331) get_provider_ids_matching /opt/stack/placement/placement/objects/research_context.py:590}}
Apr 14 15:28:36.375190 n-d-837156-1 devstack@placement-api.service[105332]: DEBUG placement.requestlog [req-2e7cc507-15d5-43d4-be94-350dfcde6b3d req-34ea21e4-c2f0-43a4-a61f-da92872823b1 None None] Starting request: 10.222.0.18 "DELETE /placement/allocations/5ff22220-088b-4c42-88ff-9e5be4167191" {{(pid=105332) __call__ /opt/stack/placement/placement/requestlog.py:55}}
Apr 14 15:28:36.383341 n-d-837156-1 devstack@placement-api.service[105331]: DEBUG placement.objects.allocation_candidate [req-ec1bbe81-bdc8-4943-89c6-2e7bf5eff2c5 req-6e4674af-522d-4445-8f18-7865384fcaf2 service placement] RequestGroup(use_same_provider=False, resources={DISK_GB:1, MEMORY_MB:1024, VCPU:1}, traits=(), aggregates=[]) (suffix '') returned 2 matches {{(pid=105331) _get_by_requests /opt/stack/placement/placement/objects/allocation_candidate.py:156}}
Apr 14 15:28:36.385766 n-d-837156-1 devstack@placement-api.service[105331]: DEBUG placement.objects.allocation_candidate [req-ec1bbe81-bdc8-4943-89c6-2e7bf5eff2c5 req-6e4674af-522d-4445-8f18-7865384fcaf2 service placement] Merging candidates yields 2 allocation requests and 2 provider summaries {{(pid=105331) _merge_candidates /opt/stack/placement/placement/objects/allocation_candidate.py:809}}
Apr 14 15:28:36.390340 n-d-837156-1 devstack@placement-api.service[105331]: INFO placement.requestlog [req-ec1bbe81-bdc8-4943-89c6-2e7bf5eff2c5 req-6e4674af-522d-4445-8f18-7865384fcaf2 service placement] 10.222.0.13 "GET /placement/allocation_candidates?limit=1000&resources=DISK_GB%3A1%2CMEMORY_MB%3A1024%2CVCPU%3A1&root_required=%21COMPUTE_STATUS_DISABLED" status: 200 len: 1309 microversion: 1.36
Apr 14 15:28:36.391600 n-d-837156-1 devstack@placement-api.service[105331]: [pid: 105331|app: 0|req: 384/770] 10.222.0.13 () {60 vars in 1506 bytes} [Thu Apr 14 15:28:36 2022] GET /placement/allocation_candidates?limit=1000&resources=DISK_GB%3A1%2CMEMORY_MB%3A1024%2CVCPU%3A1&root_required=%21COMPUTE_STATUS_DISABLED => generated 1309 bytes in 169 msecs (HTTP/1.1 200) 8 headers in 297 bytes (2 switches on core 0)
Apr 14 15:28:36.540995 n-d-837156-1 devstack@placement-api.service[105332]: DEBUG placement.handlers.allocation [req-2e7cc507-15d5-43d4-be94-350dfcde6b3d req-34ea21e4-c2f0-43a4-a61f-da92872823b1 service placement] Successfully deleted allocations [, , ] {{(pid=105332) delete_allocations /opt/stack/placement/placement/handlers/allocation.py:627}}
Apr 14 15:28:36.541976 n-d-837156-1 devstack@placement-api.service[105332]: INFO placement.requestlog [req-2e7cc507-15d5-43d4-be94-350dfcde6b3d req-34ea21e4-c2f0-43a4-a61f-da92872823b1 service placement] 10.222.0.18 "DELETE /placement/allocations/5ff22220-088b-4c42-88ff-9e5be4167191" status: 204 len: 0 microversion: 1.0
Apr 14 15:28:36.543045 n-d-837156-1 devstack@placement-api.service[105332]: [pid: 105332|app: 0|req: 387/771] 10.222.0.18 () {60 vars in 1355 bytes} [Thu Apr 14 15:28:36 2022] DELETE /placement/allocations/5ff22220-088b-4c42-88ff-9e5be4167191 => generated 0 bytes in 168 msecs (HTTP/1.1 204) 5 headers in 198 bytes (1 switches on core 0)
Apr 14 15:28:36.590975 n-d-837156-1 devstack@placement-api.service[105331]: DEBUG placement.requestlog [req-ec1bbe81-bdc8-4943-89c6-2e7bf5eff2c5 req-14c68340-2733-4d11-875a-d85c1ba200b9 None None] Starting request: 10.222.0.13 "GET /placement/allocations/73dc711a-f5f3-486a-92ad-9069be2fe138" {{(pid=105331) __call__ /opt/stack/placement/placement/requestlog.py:55}}
Apr 14 15:28:36.617923 n-d-837156-1 devstack@placement-api.service[105331]: INFO placement.requestlog [req-ec1bbe81-bdc8-4943-89c6-2e7bf5eff2c5 req-14c68340-2733-4d11-875a-d85c1ba200b9 service placement] 10.222.0.13 "GET /placement/allocations/73dc711a-f5f3-486a-92ad-9069be2fe138" status: 200 len: 19 microversion: 1.28
Apr 14 15:28:36.624219 n-d-837156-1 devstack@placement-api.service[105331]: [pid: 105331|app: 0|req: 385/772] 10.222.0.13 () {60 vars in 1380 bytes} [Thu Apr 14 15:28:36 2022] GET /placement/allocations/73dc711a-f5f3-486a-92ad-9069be2fe138 => generated 19 bytes in 28 msecs (HTTP/1.1 200) 8 headers in 295 bytes (1 switches on core 0)
Apr 14 15:28:36.644253 n-d-837156-1 devstack@placement-api.service[105332]: DEBUG placement.requestlog [req-ec1bbe81-bdc8-4943-89c6-2e7bf5eff2c5 req-20485663-21a7-4fd6-a9ec-925370340901 None None] Starting request: 10.222.0.13 "PUT /placement/allocations/73dc711a-f5f3-486a-92ad-9069be2fe138" {{(pid=105332) __call__ /opt/stack/placement/placement/requestlog.py:55}}
Apr 14 15:28:36.951283 n-d-837156-1 devstack@placement-api.service[105332]: DEBUG placement.handlers.allocation [req-ec1bbe81-bdc8-4943-89c6-2e7bf5eff2c5 req-20485663-21a7-4fd6-a9ec-925370340901 service placement] Successfully wrote allocations [, , ] {{(pid=105332) _update_consumers_and_create_allocations /opt/stack/placement/placement/handlers/allocation.py:462}}
Apr 14 15:28:37.033082 n-d-837156-1 devstack@placement-api.service[105332]: INFO placement.requestlog [req-ec1bbe81-bdc8-4943-89c6-2e7bf5eff2c5 req-20485663-21a7-4fd6-a9ec-925370340901 service placement] 10.222.0.13 "PUT /placement/allocations/73dc711a-f5f3-486a-92ad-9069be2fe138" status: 204 len: 0 microversion: 1.36
