Sep 08 10:24:53.559572 n-d-836830-17 devstack@g-api.service[116385]: [pid: 116385|app: 0|req: 61/118] 127.0.0.1 () {44 vars in 1076 bytes} [Thu Sep 8 10:24:53 2022] DELETE /v2/images/662e446b-ba9c-4e14-bb80-599de86cff671 => generated 190 bytes in 12 msecs (HTTP/1.1 404) 4 headers in 172 bytes (1 switches on core 0)
Sep 08 10:24:53.592898 n-d-836830-17 devstack@g-api.service[116384]: DEBUG glance.api.middleware.version_negotiation [None req-c5e1001f-983b-40ae-a50d-bde42357444b tempest-ImagesDeleteNegativeTestJSON-1680514211 tempest-ImagesDeleteNegativeTestJSON-1680514211-project] Determining version of request: DELETE /v2/images/tempest-invalid-346794100 Accept: */* {{(pid=116384) process_request /opt/stack/glance/glance/api/middleware/version_negotiation.py:44}}
Sep 08 10:24:53.593810 n-d-836830-17 devstack@g-api.service[116384]: DEBUG glance.api.middleware.version_negotiation [None req-c5e1001f-983b-40ae-a50d-bde42357444b tempest-ImagesDeleteNegativeTestJSON-1680514211 tempest-ImagesDeleteNegativeTestJSON-1680514211-project] Using url versioning {{(pid=116384) process_request /opt/stack/glance/glance/api/middleware/version_negotiation.py:57}}
Sep 08 10:24:53.594453 n-d-836830-17 devstack@g-api.service[116384]: DEBUG glance.api.middleware.version_negotiation [None req-c5e1001f-983b-40ae-a50d-bde42357444b tempest-ImagesDeleteNegativeTestJSON-1680514211 tempest-ImagesDeleteNegativeTestJSON-1680514211-project] Matched version: v2 {{(pid=116384) process_request /opt/stack/glance/glance/api/middleware/version_negotiation.py:69}}
Sep 08 10:24:53.595011 n-d-836830-17 devstack@g-api.service[116384]: DEBUG glance.api.middleware.version_negotiation [None req-c5e1001f-983b-40ae-a50d-bde42357444b tempest-ImagesDeleteNegativeTestJSON-1680514211 tempest-ImagesDeleteNegativeTestJSON-1680514211-project] new path /v2/images/tempest-invalid-346794100 {{(pid=116384) process_request /opt/stack/glance/glance/api/middleware/version_negotiation.py:70}}
Sep 08 10:24:53.607214 n-d-836830-17 devstack@g-api.service[116384]: DEBUG glance.db.sqlalchemy.api [None req-eaa1bca1-abcb-45ce-9dcd-2a4a1d6fe1b0 tempest-ImagesDeleteNegativeTestJSON-1680514211 tempest-ImagesDeleteNegativeTestJSON-1680514211-project] No image found with ID tempest-invalid-346794100 {{(pid=116384) _image_get /opt/stack/glance/glance/db/sqlalchemy/api.py:280}}
Sep 08 10:24:53.607997 n-d-836830-17 devstack@g-api.service[116384]: WARNING glance.api.v2.images [None req-eaa1bca1-abcb-45ce-9dcd-2a4a1d6fe1b0 tempest-ImagesDeleteNegativeTestJSON-1680514211 tempest-ImagesDeleteNegativeTestJSON-1680514211-project] Failed to find image tempest-invalid-346794100 to delete: glance.common.exception.ImageNotFound: No image found with ID tempest-invalid-346794100
Sep 08 10:24:53.622616 n-d-836830-17 devstack@g-api.service[116384]: [pid: 116384|app: 0|req: 58/119] 127.0.0.1 () {44 vars in 1052 bytes} [Thu Sep 8 10:24:53 2022] DELETE /v2/images/tempest-invalid-346794100 => generated 178 bytes in 26 msecs (HTTP/1.1 404) 4 headers in 172 bytes (1 switches on core 0)
Sep 08 10:24:53.645188 n-d-836830-17 devstack@g-api.service[116385]: DEBUG glance.api.middleware.version_negotiation [None req-d313f727-5b11-4193-b121-36beb5b26a39 tempest-ImagesDeleteNegativeTestJSON-1680514211 tempest-ImagesDeleteNegativeTestJSON-1680514211-project] Determining version of request: DELETE /v2/images/d21e363f-5787-43ae-a7a6-d83dfee3becc Accept: */* {{(pid=116385) process_request /opt/stack/glance/glance/api/middleware/version_negotiation.py:44}}
Sep 08 10:24:53.645719 n-d-836830-17 devstack@g-api.service[116385]: DEBUG glance.api.middleware.version_negotiation [None req-d313f727-5b11-4193-b121-36beb5b26a39 tempest-ImagesDeleteNegativeTestJSON-1680514211 tempest-ImagesDeleteNegativeTestJSON-1680514211-project] Using url versioning {{(pid=116385) process_request /opt/stack/glance/glance/api/middleware/version_negotiation.py:57}}
Sep 08 10:24:53.646215 n-d-836830-17 devstack@g-api.service[116385]: DEBUG glance.api.middleware.version_negotiation [None req-d313f727-5b11-4193-b121-36beb5b26a39 tempest-ImagesDeleteNegativeTestJSON-1680514211 tempest-ImagesDeleteNegativeTestJSON-1680514211-project] Matched version: v2 {{(pid=116385) process_request /opt/stack/glance/glance/api/middleware/version_negotiation.py:69}}
Sep 08 10:24:53.646663 n-d-836830-17 devstack@g-api.service[116385]: DEBUG glance.api.middleware.version_negotiation [None req-d313f727-5b11-4193-b121-36beb5b26a39 tempest-ImagesDeleteNegativeTestJSON-1680514211 tempest-ImagesDeleteNegativeTestJSON-1680514211-project] new path /v2/images/d21e363f-5787-43ae-a7a6-d83dfee3becc {{(pid=116385) process_request /opt/stack/glance/glance/api/middleware/version_negotiation.py:70}}
Sep 08 10:24:53.659028 n-d-836830-17 devstack@g-api.service[116385]: DEBUG glance.db.sqlalchemy.api [None req-adbddbaf-5366-402f-a90a-18f7a53151e3 tempest-ImagesDeleteNegativeTestJSON-1680514211 tempest-ImagesDeleteNegativeTestJSON-1680514211-project] No image found with ID d21e363f-5787-43ae-a7a6-d83dfee3becc {{(pid=116385) _image_get /opt/stack/glance/glance/db/sqlalchemy/api.py:280}}
Sep 08 10:24:53.659925 n-d-836830-17 devstack@g-api.service[116385]: WARNING glance.api.v2.images [None req-adbddbaf-5366-402f-a90a-18f7a53151e3 tempest-ImagesDeleteNegativeTestJSON-1680514211 tempest-ImagesDeleteNegativeTestJSON-1680514211-project] Failed to find image d21e363f-5787-43ae-a7a6-d83dfee3becc to delete: glance.common.exception.ImageNotFound: No image found with ID d21e363f-5787-43ae-a7a6-d83dfee3becc
Sep 08 10:24:53.662328 n-d-836830-17 devstack@g-api.service[116385]: [pid: 116385|app: 0|req: 62/120] 127.0.0.1 () {44 vars in 1074 bytes} [Thu Sep 8 10:24:53 2022] DELETE /v2/images/d21e363f-5787-43ae-a7a6-d83dfee3becc => generated 189 bytes in 18 msecs (HTTP/1.1 404) 4 headers in 172 bytes (1 switches on core 0)
Sep 08 10:25:03.603547 n-d-836830-17 devstack@g-api.service[116384]: DEBUG dbcounter [-] [116384] Writing DB stats glance:SELECT=33,glance:UPDATE=9 {{(pid=116384) stat_writer /usr/local/lib/python3.8/dist-packages/dbcounter.py:114}}
Sep 08 10:25:03.655256 n-d-836830-17 devstack@g-api.service[116385]: DEBUG dbcounter [-] [116385] Writing DB stats glance:SELECT=20 {{(pid=116385) stat_writer /usr/local/lib/python3.8/dist-packages/dbcounter.py:114}}
Sep 08 10:25:10.025496 n-d-836830-17 devstack@g-api.service[116384]: DEBUG glance.api.middleware.version_negotiation [None req-eaa1bca1-abcb-45ce-9dcd-2a4a1d6fe1b0 tempest-ImagesDeleteNegativeTestJSON-1680514211 tempest-ImagesDeleteNegativeTestJSON-1680514211-project] Determining version of request: GET /v2/schemas/image Accept: */* {{(pid=116384) process_request /opt/stack/glance/glance/api/middleware/version_negotiation.py:44}}
Sep 08 10:25:10.026373 n-d-836830-17 devstack@g-api.service[116384]: DEBUG glance.api.middleware.version_negotiation [None req-eaa1bca1-abcb-45ce-9dcd-2a4a1d6fe1b0 tempest-ImagesDeleteNegativeTestJSON-1680514211 tempest-ImagesDeleteNegativeTestJSON-1680514211-project] Using url versioning {{(pid=116384) process_request /opt/stack/glance/glance/api/middleware/version_negotiation.py:57}}
Sep 08 10:25:10.026373 n-d-836830-17 devstack@g-api.service[116384]: DEBUG glance.api.middleware.version_negotiation [None req-eaa1bca1-abcb-45ce-9dcd-2a4a1d6fe1b0 tempest-ImagesDeleteNegativeTestJSON-1680514211 tempest-ImagesDeleteNegativeTestJSON-1680514211-project] Matched version: v2 {{(pid=116384) process_request /opt/stack/glance/glance/api/middleware/version_negotiation.py:69}}
Sep 08 10:25:10.026373 n-d-836830-17 devstack@g-api.service[116384]: DEBUG glance.api.middleware.version_negotiation [None req-eaa1bca1-abcb-45ce-9dcd-2a4a1d6fe1b0 tempest-ImagesDeleteNegativeTestJSON-1680514211 tempest-ImagesDeleteNegativeTestJSON-1680514211-project] new path /v2/schemas/image {{(pid=116384) process_request /opt/stack/glance/glance/api/middleware/version_negotiation.py:70}}
Sep 08 10:25:10.033459 n-d-836830-17 devstack@g-api.service[116384]: [pid: 116384|app: 0|req: 59/121] 127.0.0.1 () {42 vars in 992 bytes} [Thu Sep 8 10:25:10 2022] GET /v2/schemas/image => generated 6083 bytes in 6 msecs (HTTP/1.1 200) 4 headers in 158 bytes (1 switches on core 0)
Sep 08 10:25:10.072882 n-d-836830-17 devstack@g-api.service[116385]: DEBUG glance.api.middleware.version_negotiation [None req-adbddbaf-5366-402f-a90a-18f7a53151e3 tempest-ImagesDeleteNegativeTestJSON-1680514211 tempest-ImagesDeleteNegativeTestJSON-1680514211-project] Determining version of request: POST /v2/images Accept: */* {{(pid=116385) process_request /opt/stack/glance/glance/api/middleware/version_negotiation.py:44}}
Sep 08 10:25:10.073583 n-d-836830-17 devstack@g-api.service[116385]: DEBUG glance.api.middleware.version_negotiation [None req-adbddbaf-5366-402f-a90a-18f7a53151e3 tempest-ImagesDeleteNegativeTestJSON-1680514211 tempest-ImagesDeleteNegativeTestJSON-1680514211-project] Using url versioning {{(pid=116385) process_request /opt/stack/glance/glance/api/middleware/version_negotiation.py:57}}
Sep 08 10:25:10.073776 n-d-836830-17 devstack@g-api.service[116385]: DEBUG glance.api.middleware.version_negotiation [None req-adbddbaf-5366-402f-a90a-18f7a53151e3 tempest-ImagesDeleteNegativeTestJSON-1680514211 tempest-ImagesDeleteNegativeTestJSON-1680514211-project] Matched version: v2 {{(pid=116385) process_request /opt/stack/glance/glance/api/middleware/version_negotiation.py:69}}
Sep 08 10:25:10.074286 n-d-836830-17 devstack@g-api.service[116385]: DEBUG glance.api.middleware.version_negotiation [None req-adbddbaf-5366-402f-a90a-18f7a53151e3 tempest-ImagesDeleteNegativeTestJSON-1680514211 tempest-ImagesDeleteNegativeTestJSON-1680514211-project] new path /v2/images {{(pid=116385) process_request /opt/stack/glance/glance/api/middleware/version_negotiation.py:70}}
Sep 08 10:25:10.269227 n-d-836830-17 devstack@g-api.service[116385]: [pid: 116385|app: 0|req: 63/122] 127.0.0.1 () {44 vars in 992 bytes} [Thu Sep 8 10:25:10 2022] POST /v2/images => generated 1134 bytes in 197 msecs (HTTP/1.1 201) 6 headers in 315 bytes (1 switches on core 0)
Sep 08 10:25:10.462815 n-d-836830-17 devstack@g-api.service[116384]: DEBUG glance.api.middleware.version_negotiation [None req-d0ed80fb-596f-46d8-b296-e1a118772dad tempest-ImagesTestJSON-2069711855 tempest-ImagesTestJSON-2069711855-project] Determining version of request: GET /v2/images/9c165c51-b7c3-4d5d-9b8d-71a5263c4395 Accept: */* {{(pid=116384) process_request /opt/stack/glance/glance/api/middleware/version_negotiation.py:44}}
Sep 08 10:25:10.467604 n-d-836830-17 devstack@g-api.service[116384]: DEBUG glance.api.middleware.version_negotiation [None req-d0ed80fb-596f-46d8-b296-e1a118772dad tempest-ImagesTestJSON-2069711855 tempest-ImagesTestJSON-2069711855-project] Using url versioning {{(pid=116384) process_request /opt/stack/glance/glance/api/middleware/version_negotiation.py:57}}
Sep 08 10:25:10.468179 n-d-836830-17 devstack@g-api.service[116384]: DEBUG glance.api.middleware.version_negotiation [None req-d0ed80fb-596f-46d8-b296-e1a118772dad tempest-ImagesTestJSON-2069711855 tempest-ImagesTestJSON-2069711855-project] Matched version: v2 {{(pid=116384) process_request /opt/stack/glance/glance/api/middleware/version_negotiation.py:69}}
Sep 08 10:25:10.475244 n-d-836830-17 devstack@g-api.service[116384]: DEBUG glance.api.middleware.version_negotiation [None req-d0ed80fb-596f-46d8-b296-e1a118772dad tempest-ImagesTestJSON-2069711855 tempest-ImagesTestJSON-2069711855-project] new path /v2/images/9c165c51-b7c3-4d5d-9b8d-71a5263c4395 {{(pid=116384) process_request /opt/stack/glance/glance/api/middleware/version_negotiation.py:70}}
Sep 08 10:25:10.537359 n-d-836830-17 devstack@g-api.service[116384]: [pid: 116384|app: 0|req: 60/123] 127.0.0.1 () {42 vars in 1052 bytes} [Thu Sep 8 10:25:10 2022] GET /v2/images/9c165c51-b7c3-4d5d-9b8d-71a5263c4395 => generated 1134 bytes in 78 msecs (HTTP/1.1 200) 4 headers in 158 bytes (1 switches on core 0)
Sep 08 10:25:10.538056 n-d-836830-17 devstack@g-api.service[116385]: DEBUG glance.api.middleware.version_negotiation [None req-d0ed80fb-596f-46d8-b296-e1a118772dad tempest-ImagesTestJSON-2069711855 tempest-ImagesTestJSON-2069711855-project] Determining version of request: GET /v2/schemas/image Accept: */* {{(pid=116385) process_request /opt/stack/glance/glance/api/middleware/version_negotiation.py:44}}
Sep 08 10:25:10.538420 n-d-836830-17 devstack@g-api.service[116385]: DEBUG glance.api.middleware.version_negotiation [None req-d0ed80fb-596f-46d8-b296-e1a118772dad tempest-ImagesTestJSON-2069711855 tempest-ImagesTestJSON-2069711855-project] Using url versioning {{(pid=116385) process_request /opt/stack/glance/glance/api/middleware/version_negotiation.py:57}}
Sep 08 10:25:10.538817 n-d-836830-17 devstack@g-api.service[116385]: DEBUG glance.api.middleware.version_negotiation [None req-d0ed80fb-596f-46d8-b296-e1a118772dad tempest-ImagesTestJSON-2069711855 tempest-ImagesTestJSON-2069711855-project] Matched version: v2 {{(pid=116385) process_request /opt/stack/glance/glance/api/middleware/version_negotiation.py:69}}
Sep 08 10:25:10.539104 n-d-836830-17 devstack@g-api.service[116385]: DEBUG glance.api.middleware.version_negotiation [None req-d0ed80fb-596f-46d8-b296-e1a118772dad tempest-ImagesTestJSON-2069711855 tempest-ImagesTestJSON-2069711855-project] new path /v2/schemas/image {{(pid=116385) process_request /opt/stack/glance/glance/api/middleware/version_negotiation.py:70}}
Sep 08 10:25:10.545332 n-d-836830-17 devstack@g-api.service[116385]: [pid: 116385|app: 0|req: 64/124] 127.0.0.1 () {42 vars in 992 bytes} [Thu Sep 8 10:25:10 2022] GET /v2/schemas/image => generated 6083 bytes in 8 msecs (HTTP/1.1 200) 4 headers in 158 bytes (1 switches on core 0)
Sep 08 10:25:11.608452 n-d-836830-17 devstack@g-api.service[116384]: DEBUG glance.api.middleware.version_negotiation [None req-86b3c7ce-305d-4d92-a0d0-fe520aa249da tempest-ImagesTestJSON-2069711855 tempest-ImagesTestJSON-2069711855-project] Determining version of request: GET /v2/images/9c165c51-b7c3-4d5d-9b8d-71a5263c4395 Accept: */* {{(pid=116384) process_request /opt/stack/glance/glance/api/middleware/version_negotiation.py:44}}
Sep 08 10:25:11.609509 n-d-836830-17 devstack@g-api.service[116384]: DEBUG glance.api.middleware.version_negotiation [None req-86b3c7ce-305d-4d92-a0d0-fe520aa249da tempest-ImagesTestJSON-2069711855 tempest-ImagesTestJSON-2069711855-project] Using url versioning {{(pid=116384) process_request /opt/stack/glance/glance/api/middleware/version_negotiation.py:57}}
Sep 08 10:25:11.609842 n-d-836830-17 devstack@g-api.service[116384]: DEBUG glance.api.middleware.version_negotiation [None req-86b3c7ce-305d-4d92-a0d0-fe520aa249da tempest-ImagesTestJSON-2069711855 tempest-ImagesTestJSON-2069711855-project] Matched version: v2 {{(pid=116384) process_request /opt/stack/glance/glance/api/middleware/version_negotiation.py:69}}
Sep 08 10:25:11.610129 n-d-836830-17 devstack@g-api.service[116384]: DEBUG glance.api.middleware.version_negotiation [None req-86b3c7ce-305d-4d92-a0d0-fe520aa249da tempest-ImagesTestJSON-2069711855 tempest-ImagesTestJSON-2069711855-project] new path /v2/images/9c165c51-b7c3-4d5d-9b8d-71a5263c4395 {{(pid=116384) process_request /opt/stack/glance/glance/api/middleware/version_negotiation.py:70}}
Sep 08 10:25:11.659612 n-d-836830-17 devstack@g-api.service[116385]: DEBUG glance.api.middleware.version_negotiation [None req-86b3c7ce-305d-4d92-a0d0-fe520aa249da tempest-ImagesTestJSON-2069711855 tempest-ImagesTestJSON-2069711855-project] Determining version of request: GET /v2/schemas/image Accept: */* {{(pid=116385) process_request /opt/stack/glance/glance/api/middleware/version_negotiation.py:44}}
Sep 08 10:25:11.660209 n-d-836830-17 devstack@g-api.service[116385]: DEBUG glance.api.middleware.version_negotiation [None req-86b3c7ce-305d-4d92-a0d0-fe520aa249da tempest-ImagesTestJSON-2069711855 tempest-ImagesTestJSON-2069711855-project] Using url versioning {{(pid=116385) process_request /opt/stack/glance/glance/api/middleware/version_negotiation.py:57}}
Sep 08 10:25:11.660209 n-d-836830-17 devstack@g-api.service[116385]: DEBUG glance.api.middleware.version_negotiation [None req-86b3c7ce-305d-4d92-a0d0-fe520aa249da tempest-ImagesTestJSON-2069711855 tempest-ImagesTestJSON-2069711855-project] Matched version: v2 {{(pid=116385) process_request /opt/stack/glance/glance/api/middleware/version_negotiation.py:69}}
Sep 08 10:25:11.660677 n-d-836830-17 devstack@g-api.service[116385]: DEBUG glance.api.middleware.version_negotiation [None req-86b3c7ce-305d-4d92-a0d0-fe520aa249da tempest-ImagesTestJSON-2069711855 tempest-ImagesTestJSON-2069711855-project] new path /v2/schemas/image {{(pid=116385) process_request /opt/stack/glance/glance/api/middleware/version_negotiation.py:70}}
Sep 08 10:25:11.664969 n-d-836830-17 devstack@g-api.service[116384]: [pid: 116384|app: 0|req: 61/125] 127.0.0.1 () {42 vars in 1052 bytes} [Thu Sep 8 10:25:11 2022] GET /v2/images/9c165c51-b7c3-4d5d-9b8d-71a5263c4395 => generated 1134 bytes in 57 msecs (HTTP/1.1 200) 4 headers in 158 bytes (1 switches on core 0)
Sep 08 10:25:11.667841 n-d-836830-17 devstack@g-api.service[116385]: [pid: 116385|app: 0|req: 65/126] 127.0.0.1 () {42 vars in 992 bytes} [Thu Sep 8 10:25:11 2022] GET /v2/schemas/image => generated 6083 bytes in 9 msecs (HTTP/1.1 200) 4 headers in 158 bytes (1 switches on core 0)
Sep 08 10:25:13.233665 n-d-836830-17 devstack@g-api.service[116384]: DEBUG glance.api.middleware.version_negotiation [None req-3276cde1-5920-446a-83a3-e4b433eb00c9 tempest-ImagesTestJSON-2069711855 tempest-ImagesTestJSON-2069711855-project] Determining version of request: GET /v2/images/9c165c51-b7c3-4d5d-9b8d-71a5263c4395 Accept: */* {{(pid=116384) process_request /opt/stack/glance/glance/api/middleware/version_negotiation.py:44}}
Sep 08 10:25:13.234550 n-d-836830-17 devstack@g-api.service[116384]: DEBUG glance.api.middleware.version_negotiation [None req-3276cde1-5920-446a-83a3-e4b433eb00c9 tempest-ImagesTestJSON-2069711855 tempest-ImagesTestJSON-2069711855-project] Using url versioning {{(pid=116384) process_request /opt/stack/glance/glance/api/middleware/version_negotiation.py:57}}
Sep 08 10:25:13.237315 n-d-836830-17 devstack@g-api.service[116384]: DEBUG glance.api.middleware.version_negotiation [None req-3276cde1-5920-446a-83a3-e4b433eb00c9 tempest-ImagesTestJSON-2069711855 tempest-ImagesTestJSON-2069711855-project] Matched version: v2 {{(pid=116384) process_request /opt/stack/glance/glance/api/middleware/version_negotiation.py:69}}
Sep 08 10:25:13.237949 n-d-836830-17 devstack@g-api.service[116384]: DEBUG glance.api.middleware.version_negotiation [None req-3276cde1-5920-446a-83a3-e4b433eb00c9 tempest-ImagesTestJSON-2069711855 tempest-ImagesTestJSON-2069711855-project] new path /v2/images/9c165c51-b7c3-4d5d-9b8d-71a5263c4395 {{(pid=116384) process_request /opt/stack/glance/glance/api/middleware/version_negotiation.py:70}}
Sep 08 10:25:13.286360 n-d-836830-17 devstack@g-api.service[116385]: DEBUG glance.api.middleware.version_negotiation [None req-3276cde1-5920-446a-83a3-e4b433eb00c9 tempest-ImagesTestJSON-2069711855 tempest-ImagesTestJSON-2069711855-project] Determining version of request: GET /v2/schemas/image Accept: */* {{(pid=116385) process_request /opt/stack/glance/glance/api/middleware/version_negotiation.py:44}}
Sep 08 10:25:13.287115 n-d-836830-17 devstack@g-api.service[116384]: [pid: 116384|app: 0|req: 62/127] 127.0.0.1 () {42 vars in 1052 bytes} [Thu Sep 8 10:25:13 2022] GET /v2/images/9c165c51-b7c3-4d5d-9b8d-71a5263c4395 => generated 1134 bytes in 52 msecs (HTTP/1.1 200) 4 headers in 158 bytes (1 switches on core 0)
Sep 08 10:25:13.287713 n-d-836830-17 devstack@g-api.service[116385]: DEBUG glance.api.middleware.version_negotiation [None req-3276cde1-5920-446a-83a3-e4b433eb00c9 tempest-ImagesTestJSON-2069711855 tempest-ImagesTestJSON-2069711855-project] Using url versioning {{(pid=116385) process_request /opt/stack/glance/glance/api/middleware/version_negotiation.py:57}}
Sep 08 10:25:13.288186 n-d-836830-17 devstack@g-api.service[116385]: DEBUG glance.api.middleware.version_negotiation [None req-3276cde1-5920-446a-83a3-e4b433eb00c9 tempest-ImagesTestJSON-2069711855 tempest-ImagesTestJSON-2069711855-project] Matched version: v2 {{(pid=116385) process_request /opt/stack/glance/glance/api/middleware/version_negotiation.py:69}}
Sep 08 10:25:13.288636 n-d-836830-17 devstack@g-api.service[116385]: DEBUG glance.api.middleware.version_negotiation [None req-3276cde1-5920-446a-83a3-e4b433eb00c9 tempest-ImagesTestJSON-2069711855 tempest-ImagesTestJSON-2069711855-project] new path /v2/schemas/image {{(pid=116385) process_request /opt/stack/glance/glance/api/middleware/version_negotiation.py:70}}
Sep 08 10:25:13.296110 n-d-836830-17 devstack@g-api.service[116385]: [pid: 116385|app: 0|req: 66/128] 127.0.0.1 () {42 vars in 992 bytes} [Thu Sep 8 10:25:13 2022] GET /v2/schemas/image => generated 6083 bytes in 10 msecs (HTTP/1.1 200) 4 headers in 158 bytes (1 switches on core 0)
Sep 08 10:25:13.368896 n-d-836830-17 devstack@g-api.service[116384]: DEBUG glance.api.middleware.version_negotiation [None req-ec1eac70-4780-44a9-a4d0-1d264fa4a0ce tempest-ImagesTestJSON-2069711855 tempest-ImagesTestJSON-2069711855-project] Determining version of request: GET /v2/images/c03eb79a-325a-435b-878f-2bcffec609aa Accept: */* {{(pid=116384) process_request /opt/stack/glance/glance/api/middleware/version_negotiation.py:44}}
Sep 08 10:25:13.369572 n-d-836830-17 devstack@g-api.service[116384]: DEBUG glance.api.middleware.version_negotiation [None req-ec1eac70-4780-44a9-a4d0-1d264fa4a0ce tempest-ImagesTestJSON-2069711855 tempest-ImagesTestJSON-2069711855-project] Using url versioning {{(pid=116384) process_request /opt/stack/glance/glance/api/middleware/version_negotiation.py:57}}
Sep 08 10:25:13.370052 n-d-836830-17 devstack@g-api.service[116384]: DEBUG glance.api.middleware.version_negotiation [None req-ec1eac70-4780-44a9-a4d0-1d264fa4a0ce tempest-ImagesTestJSON-2069711855 tempest-ImagesTestJSON-2069711855-project] Matched version: v2 {{(pid=116384) process_request /opt/stack/glance/glance/api/middleware/version_negotiation.py:69}}
Sep 08 10:25:13.370494 n-d-836830-17 devstack@g-api.service[116384]: DEBUG glance.api.middleware.version_negotiation [None req-ec1eac70-4780-44a9-a4d0-1d264fa4a0ce tempest-ImagesTestJSON-2069711855 tempest-ImagesTestJSON-2069711855-project] new path /v2/images/c03eb79a-325a-435b-878f-2bcffec609aa {{(pid=116384) process_request /opt/stack/glance/glance/api/middleware/version_negotiation.py:70}}
Sep 08 10:25:13.410259 n-d-836830-17 devstack@g-api.service[116385]: DEBUG glance.api.middleware.version_negotiation [None req-ec1eac70-4780-44a9-a4d0-1d264fa4a0ce tempest-ImagesTestJSON-2069711855 tempest-ImagesTestJSON-2069711855-project] Determining version of request: GET /v2/schemas/image Accept: */* {{(pid=116385) process_request /opt/stack/glance/glance/api/middleware/version_negotiation.py:44}}
Sep 08 10:25:13.410942 n-d-836830-17 devstack@g-api.service[116385]: DEBUG glance.api.middleware.version_negotiation [None req-ec1eac70-4780-44a9-a4d0-1d264fa4a0ce tempest-ImagesTestJSON-2069711855 tempest-ImagesTestJSON-2069711855-project] Using url versioning {{(pid=116385) process_request /opt/stack/glance/glance/api/middleware/version_negotiation.py:57}}
Sep 08 10:25:13.411636 n-d-836830-17 devstack@g-api.service[116385]: DEBUG glance.api.middleware.version_negotiation [None req-ec1eac70-4780-44a9-a4d0-1d264fa4a0ce tempest-ImagesTestJSON-2069711855 tempest-ImagesTestJSON-2069711855-project] Matched version: v2 {{(pid=116385) process_request /opt/stack/glance/glance/api/middleware/version_negotiation.py:69}}
Sep 08 10:25:13.411793 n-d-836830-17 devstack@g-api.service[116384]: [pid: 116384|app: 0|req: 63/129] 127.0.0.1 () {42 vars in 1052 bytes} [Thu Sep 8 10:25:13 2022] GET /v2/images/c03eb79a-325a-435b-878f-2bcffec609aa => generated 946 bytes in 33 msecs (HTTP/1.1 200) 4 headers in 157 bytes (1 switches on core 0)
Sep 08 10:25:13.412652 n-d-836830-17 devstack@g-api.service[116385]: DEBUG glance.api.middleware.version_negotiation [None req-ec1eac70-4780-44a9-a4d0-1d264fa4a0ce tempest-ImagesTestJSON-2069711855 tempest-ImagesTestJSON-2069711855-project] new path /v2/schemas/image {{(pid=116385) process_request /opt/stack/glance/glance/api/middleware/version_negotiation.py:70}}
Sep 08 10:25:13.423955 n-d-836830-17 devstack@g-api.service[116385]: [pid: 116385|app: 0|req: 67/130] 127.0.0.1 () {42 vars in 992 bytes} [Thu Sep 8 10:25:13 2022] GET /v2/schemas/image => generated 6083 bytes in 15 msecs (HTTP/1.1 200) 4 headers in 158 bytes (1 switches on core 0)
Sep 08 10:25:14.655770 n-d-836830-17 devstack@g-api.service[116384]: DEBUG glance.api.middleware.version_negotiation [None req-6629d436-f0db-4390-a8a8-da1d75bf8b29 tempest-ServersAdminTestJSON-823453368 tempest-ServersAdminTestJSON-823453368-project] Determining version of request: GET /v2/images/9c165c51-b7c3-4d5d-9b8d-71a5263c4395 Accept: */* {{(pid=116384) process_request /opt/stack/glance/glance/api/middleware/version_negotiation.py:44}}
Sep 08 10:25:14.656854 n-d-836830-17 devstack@g-api.service[116384]: DEBUG glance.api.middleware.version_negotiation [None req-6629d436-f0db-4390-a8a8-da1d75bf8b29 tempest-ServersAdminTestJSON-823453368 tempest-ServersAdminTestJSON-823453368-project] Using url versioning {{(pid=116384) process_request /opt/stack/glance/glance/api/middleware/version_negotiation.py:57}}
Sep 08 10:25:14.657449 n-d-836830-17 devstack@g-api.service[116384]: DEBUG glance.api.middleware.version_negotiation [None req-6629d436-f0db-4390-a8a8-da1d75bf8b29 tempest-ServersAdminTestJSON-823453368 tempest-ServersAdminTestJSON-823453368-project] Matched version: v2 {{(pid=116384) process_request /opt/stack/glance/glance/api/middleware/version_negotiation.py:69}}
Sep 08 10:25:14.658015 n-d-836830-17 devstack@g-api.service[116384]: DEBUG glance.api.middleware.version_negotiation [None req-6629d436-f0db-4390-a8a8-da1d75bf8b29 tempest-ServersAdminTestJSON-823453368 tempest-ServersAdminTestJSON-823453368-project] new path /v2/images/9c165c51-b7c3-4d5d-9b8d-71a5263c4395 {{(pid=116384) process_request /opt/stack/glance/glance/api/middleware/version_negotiation.py:70}}
Sep 08 10:25:14.689307 n-d-836830-17 devstack@g-api.service[116384]: [pid: 116384|app: 0|req: 64/131] 127.0.0.1 () {40 vars in 845 bytes} [Thu Sep 8 10:25:14 2022] GET /v2/images/9c165c51-b7c3-4d5d-9b8d-71a5263c4395 => generated 1134 bytes in 34 msecs (HTTP/1.1 200) 4 headers in 158 bytes (1 switches on core 0)
Sep 08 10:25:14.697685 n-d-836830-17 devstack@g-api.service[116385]: DEBUG glance.api.middleware.version_negotiation [None req-6629d436-f0db-4390-a8a8-da1d75bf8b29 tempest-ServersAdminTestJSON-823453368 tempest-ServersAdminTestJSON-823453368-project] Determining version of request: GET /v2/schemas/image Accept: */* {{(pid=116385) process_request /opt/stack/glance/glance/api/middleware/version_negotiation.py:44}}
Sep 08 10:25:14.698102 n-d-836830-17 devstack@g-api.service[116385]: DEBUG glance.api.middleware.version_negotiation [None req-6629d436-f0db-4390-a8a8-da1d75bf8b29 tempest-ServersAdminTestJSON-823453368 tempest-ServersAdminTestJSON-823453368-project] Using url versioning {{(pid=116385) process_request /opt/stack/glance/glance/api/middleware/version_negotiation.py:57}}
Sep 08 10:25:14.698349 n-d-836830-17 devstack@g-api.service[116385]: DEBUG glance.api.middleware.version_negotiation [None req-6629d436-f0db-4390-a8a8-da1d75bf8b29 tempest-ServersAdminTestJSON-823453368 tempest-ServersAdminTestJSON-823453368-project] Matched version: v2 {{(pid=116385) process_request /opt/stack/glance/glance/api/middleware/version_negotiation.py:69}}
Sep 08 10:25:14.698632 n-d-836830-17 devstack@g-api.service[116385]: DEBUG glance.api.middleware.version_negotiation [None req-6629d436-f0db-4390-a8a8-da1d75bf8b29 tempest-ServersAdminTestJSON-823453368 tempest-ServersAdminTestJSON-823453368-project] new path /v2/schemas/image {{(pid=116385) process_request /opt/stack/glance/glance/api/middleware/version_negotiation.py:70}}
Sep 08 10:25:14.704566 n-d-836830-17 devstack@g-api.service[116385]: [pid: 116385|app: 0|req: 68/132] 127.0.0.1 () {40 vars in 785 bytes} [Thu Sep 8 10:25:14 2022] GET /v2/schemas/image => generated 6083 bytes in 8 msecs (HTTP/1.1 200) 4 headers in 158 bytes (1 switches on core 0)
Sep 08 10:25:14.764128 n-d-836830-17 devstack@g-api.service[116384]: DEBUG glance.api.middleware.version_negotiation [None req-d0ed80fb-596f-46d8-b296-e1a118772dad tempest-ImagesTestJSON-2069711855 tempest-ImagesTestJSON-2069711855-project] Determining version of request: GET /v2/schemas/image Accept: */* {{(pid=116384) process_request /opt/stack/glance/glance/api/middleware/version_negotiation.py:44}}
Sep 08 10:25:14.764405 n-d-836830-17 devstack@g-api.service[116384]: DEBUG glance.api.middleware.version_negotiation [None req-d0ed80fb-596f-46d8-b296-e1a118772dad tempest-ImagesTestJSON-2069711855 tempest-ImagesTestJSON-2069711855-project] Using url versioning {{(pid=116384) process_request /opt/stack/glance/glance/api/middleware/version_negotiation.py:57}}
Sep 08 10:25:14.764750 n-d-836830-17 devstack@g-api.service[116384]: DEBUG glance.api.middleware.version_negotiation [None req-d0ed80fb-596f-46d8-b296-e1a118772dad tempest-ImagesTestJSON-2069711855 tempest-ImagesTestJSON-2069711855-project] Matched version: v2 {{(pid=116384) process_request /opt/stack/glance/glance/api/middleware/version_negotiation.py:69}}
Sep 08 10:25:14.765036 n-d-836830-17 devstack@g-api.service[116384]: DEBUG glance.api.middleware.version_negotiation [None req-d0ed80fb-596f-46d8-b296-e1a118772dad tempest-ImagesTestJSON-2069711855 tempest-ImagesTestJSON-2069711855-project] new path /v2/schemas/image {{(pid=116384) process_request /opt/stack/glance/glance/api/middleware/version_negotiation.py:70}}
Sep 08 10:25:14.769902 n-d-836830-17 devstack@g-api.service[116384]: [pid: 116384|app: 0|req: 65/133] 127.0.0.1 () {40 vars in 785 bytes} [Thu Sep 8 10:25:14 2022] GET /v2/schemas/image => generated 6083 bytes in 6 msecs (HTTP/1.1 200) 4 headers in 158 bytes (1 switches on core 0)
Sep 08 10:25:14.797214 n-d-836830-17 devstack@g-api.service[116385]: DEBUG glance.api.middleware.version_negotiation [None req-d0ed80fb-596f-46d8-b296-e1a118772dad tempest-ImagesTestJSON-2069711855 tempest-ImagesTestJSON-2069711855-project] Determining version of request: PATCH /v2/images/9c165c51-b7c3-4d5d-9b8d-71a5263c4395 Accept: */* {{(pid=116385) process_request /opt/stack/glance/glance/api/middleware/version_negotiation.py:44}}
Sep 08 10:25:14.797441 n-d-836830-17 devstack@g-api.service[116385]: DEBUG glance.api.middleware.version_negotiation [None req-d0ed80fb-596f-46d8-b296-e1a118772dad tempest-ImagesTestJSON-2069711855 tempest-ImagesTestJSON-2069711855-project] Using url versioning {{(pid=116385) process_request /opt/stack/glance/glance/api/middleware/version_negotiation.py:57}}
Sep 08 10:25:14.797739 n-d-836830-17 devstack@g-api.service[116385]: DEBUG glance.api.middleware.version_negotiation [None req-d0ed80fb-596f-46d8-b296-e1a118772dad tempest-ImagesTestJSON-2069711855 tempest-ImagesTestJSON-2069711855-project] Matched version: v2 {{(pid=116385) process_request /opt/stack/glance/glance/api/middleware/version_negotiation.py:69}}
Sep 08 10:25:14.798024 n-d-836830-17 devstack@g-api.service[116385]: DEBUG glance.api.middleware.version_negotiation [None req-d0ed80fb-596f-46d8-b296-e1a118772dad tempest-ImagesTestJSON-2069711855 tempest-ImagesTestJSON-2069711855-project] new path /v2/images/9c165c51-b7c3-4d5d-9b8d-71a5263c4395 {{(pid=116385) process_request /opt/stack/glance/glance/api/middleware/version_negotiation.py:70}}
Sep 08 10:25:15.022365 n-d-836830-17 devstack@g-api.service[116385]: [pid: 116385|app: 0|req: 69/134] 127.0.0.1 () {42 vars in 888 bytes} [Thu Sep 8 10:25:14 2022] PATCH /v2/images/9c165c51-b7c3-4d5d-9b8d-71a5263c4395 => generated 1137 bytes in 226 msecs (HTTP/1.1 200) 4 headers in 158 bytes (1 switches on core 0)
Sep 08 10:25:15.033701 n-d-836830-17 devstack@g-api.service[116384]: DEBUG glance.api.middleware.version_negotiation [None req-d0ed80fb-596f-46d8-b296-e1a118772dad tempest-ImagesTestJSON-2069711855 tempest-ImagesTestJSON-2069711855-project] Determining version of request: GET /v2/images/9c165c51-b7c3-4d5d-9b8d-71a5263c4395 Accept: */* {{(pid=116384) process_request /opt/stack/glance/glance/api/middleware/version_negotiation.py:44}}
Sep 08 10:25:15.034379 n-d-836830-17 devstack@g-api.service[116384]: DEBUG glance.api.middleware.version_negotiation [None req-d0ed80fb-596f-46d8-b296-e1a118772dad tempest-ImagesTestJSON-2069711855 tempest-ImagesTestJSON-2069711855-project] Using url versioning {{(pid=116384) process_request /opt/stack/glance/glance/api/middleware/version_negotiation.py:57}}
Sep 08 10:25:15.034868 n-d-836830-17 devstack@g-api.service[116384]: DEBUG glance.api.middleware.version_negotiation [None req-d0ed80fb-596f-46d8-b296-e1a118772dad tempest-ImagesTestJSON-2069711855 tempest-ImagesTestJSON-2069711855-project] Matched version: v2 {{(pid=116384) process_request /opt/stack/glance/glance/api/middleware/version_negotiation.py:69}}
Sep 08 10:25:15.035331 n-d-836830-17 devstack@g-api.service[116384]: DEBUG glance.api.middleware.version_negotiation [None req-d0ed80fb-596f-46d8-b296-e1a118772dad tempest-ImagesTestJSON-2069711855 tempest-ImagesTestJSON-2069711855-project] new path /v2/images/9c165c51-b7c3-4d5d-9b8d-71a5263c4395 {{(pid=116384) process_request /opt/stack/glance/glance/api/middleware/version_negotiation.py:70}}
Sep 08 10:25:15.058172 n-d-836830-17 devstack@g-api.service[116384]: [pid: 116384|app: 0|req: 66/135] 127.0.0.1 () {40 vars in 845 bytes} [Thu Sep 8 10:25:15 2022] GET /v2/images/9c165c51-b7c3-4d5d-9b8d-71a5263c4395 => generated 1137 bytes in 25 msecs (HTTP/1.1 200) 4 headers in 158 bytes (1 switches on core 0)
Sep 08 10:25:15.068607 n-d-836830-17 devstack@g-api.service[116385]: DEBUG glance.api.middleware.version_negotiation [None req-d0ed80fb-596f-46d8-b296-e1a118772dad tempest-ImagesTestJSON-2069711855 tempest-ImagesTestJSON-2069711855-project] Determining version of request: PUT /v2/images/9c165c51-b7c3-4d5d-9b8d-71a5263c4395/file Accept: */* {{(pid=116385) process_request /opt/stack/glance/glance/api/middleware/version_negotiation.py:44}}
Sep 08 10:25:15.070005 n-d-836830-17 devstack@g-api.service[116385]: DEBUG glance.api.middleware.version_negotiation [None req-d0ed80fb-596f-46d8-b296-e1a118772dad tempest-ImagesTestJSON-2069711855 tempest-ImagesTestJSON-2069711855-project] Using url versioning {{(pid=116385) process_request /opt/stack/glance/glance/api/middleware/version_negotiation.py:57}}
Sep 08 10:25:15.073807 n-d-836830-17 devstack@g-api.service[116385]: DEBUG glance.api.middleware.version_negotiation [None req-d0ed80fb-596f-46d8-b296-e1a118772dad tempest-ImagesTestJSON-2069711855 tempest-ImagesTestJSON-2069711855-project] Matched version: v2 {{(pid=116385) process_request /opt/stack/glance/glance/api/middleware/version_negotiation.py:69}}
Sep 08 10:25:15.075164 n-d-836830-17 devstack@g-api.service[116385]: DEBUG glance.api.middleware.version_negotiation [None req-d0ed80fb-596f-46d8-b296-e1a118772dad tempest-ImagesTestJSON-2069711855 tempest-ImagesTestJSON-2069711855-project] new path /v2/images/9c165c51-b7c3-4d5d-9b8d-71a5263c4395/file {{(pid=116385) process_request /opt/stack/glance/glance/api/middleware/version_negotiation.py:70}}
Sep 08 10:25:15.119525 n-d-836830-17 devstack@g-api.service[116385]: INFO glance.api.v2.image_data [None req-d0ed80fb-596f-46d8-b296-e1a118772dad tempest-ImagesTestJSON-2069711855 tempest-ImagesTestJSON-2069711855-project] Unable to create trust: no such option collect_timing in group [keystone_authtoken] Use the existing user token.
Sep 08 10:25:15.224038 n-d-836830-17 devstack@g-api.service[116385]: DEBUG glance.location [None req-d0ed80fb-596f-46d8-b296-e1a118772dad tempest-ImagesTestJSON-2069711855 tempest-ImagesTestJSON-2069711855-project] Enabling in-flight format inspection for vhd {{(pid=116385) set_data /opt/stack/glance/glance/location.py:581}}
Sep 08 10:25:15.227892 n-d-836830-17 devstack@g-api.service[116385]: DEBUG glance_store.backend [None req-d0ed80fb-596f-46d8-b296-e1a118772dad tempest-ImagesTestJSON-2069711855 tempest-ImagesTestJSON-2069711855-project] Attempting to import store swift {{(pid=116385) _load_store /usr/local/lib/python3.8/dist-packages/glance_store/backend.py:216}}
Sep 08 10:25:15.237529 n-d-836830-17 devstack@g-api.service[116385]: DEBUG glance_store.capabilities [None req-d0ed80fb-596f-46d8-b296-e1a118772dad tempest-ImagesTestJSON-2069711855 tempest-ImagesTestJSON-2069711855-project] Store glance_store._drivers.swift.store.SingleTenantStore doesn't support updating dynamic storage capabilities. Please overwrite 'update_capabilities' method of the store to implement updating logics if needed. {{(pid=116385) update_capabilities /usr/local/lib/python3.8/dist-packages/glance_store/capabilities.py:91}}
Sep 08 10:25:15.237804 n-d-836830-17 devstack@g-api.service[116385]: DEBUG glance_store.driver [None req-d0ed80fb-596f-46d8-b296-e1a118772dad tempest-ImagesTestJSON-2069711855 tempest-ImagesTestJSON-2069711855-project] Late loading location class glance_store._drivers.swift.store.StoreLocation {{(pid=116385) get_store_location_class /usr/local/lib/python3.8/dist-packages/glance_store/driver.py:116}}
Sep 08 10:25:15.238860 n-d-836830-17 devstack@g-api.service[116385]: DEBUG glance_store.location [None req-d0ed80fb-596f-46d8-b296-e1a118772dad tempest-ImagesTestJSON-2069711855 tempest-ImagesTestJSON-2069711855-project] Registering scheme swift+https with {'store': , 'location_class': , 'store_entry': 'swift'} {{(pid=116385) register_scheme_map /usr/local/lib/python3.8/dist-packages/glance_store/location.py:146}}
Sep 08 10:25:15.239116 n-d-836830-17 devstack@g-api.service[116385]: DEBUG glance_store.location [None req-d0ed80fb-596f-46d8-b296-e1a118772dad tempest-ImagesTestJSON-2069711855 tempest-ImagesTestJSON-2069711855-project] Registering scheme swift+https with {'store': , 'location_class': , 'store_entry': 'swift'} {{(pid=116385) register_scheme_map /usr/local/lib/python3.8/dist-packages/glance_store/location.py:146}}
Sep 08 10:25:15.239367 n-d-836830-17 devstack@g-api.service[116385]: DEBUG glance_store.location [None req-d0ed80fb-596f-46d8-b296-e1a118772dad tempest-ImagesTestJSON-2069711855 tempest-ImagesTestJSON-2069711855-project] Registering scheme swift with {'store': , 'location_class': , 'store_entry': 'swift'} {{(pid=116385) register_scheme_map /usr/local/lib/python3.8/dist-packages/glance_store/location.py:146}}
Sep 08 10:25:15.239608 n-d-836830-17 devstack@g-api.service[116385]: DEBUG glance_store.location [None req-d0ed80fb-596f-46d8-b296-e1a118772dad tempest-ImagesTestJSON-2069711855 tempest-ImagesTestJSON-2069711855-project] Registering scheme swift+https with {'store': , 'location_class': , 'store_entry': 'swift'} {{(pid=116385) register_scheme_map /usr/local/lib/python3.8/dist-packages/glance_store/location.py:146}}
Sep 08 10:25:15.242096 n-d-836830-17 devstack@g-api.service[116385]: DEBUG glance_store.location [None req-d0ed80fb-596f-46d8-b296-e1a118772dad tempest-ImagesTestJSON-2069711855 tempest-ImagesTestJSON-2069711855-project] Registering scheme swift with {'store': , 'location_class': , 'store_entry': 'swift'} {{(pid=116385) register_scheme_map /usr/local/lib/python3.8/dist-packages/glance_store/location.py:146}}
Sep 08 10:25:15.242440 n-d-836830-17 devstack@g-api.service[116385]: DEBUG glance_store.location [None req-d0ed80fb-596f-46d8-b296-e1a118772dad tempest-ImagesTestJSON-2069711855 tempest-ImagesTestJSON-2069711855-project] Registering scheme swift+http with {'store': , 'location_class': , 'store_entry': 'swift'} {{(pid=116385) register_scheme_map /usr/local/lib/python3.8/dist-packages/glance_store/location.py:146}}
Sep 08 10:25:15.243298 n-d-836830-17 devstack@g-api.service[116385]: DEBUG glance_store.location [None req-d0ed80fb-596f-46d8-b296-e1a118772dad tempest-ImagesTestJSON-2069711855 tempest-ImagesTestJSON-2069711855-project] Registering scheme swift+https with {'store': , 'location_class': , 'store_entry': 'swift'} {{(pid=116385) register_scheme_map /usr/local/lib/python3.8/dist-packages/glance_store/location.py:146}}
Sep 08 10:25:15.244823 n-d-836830-17 devstack@g-api.service[116385]: DEBUG glance_store.location [None req-d0ed80fb-596f-46d8-b296-e1a118772dad tempest-ImagesTestJSON-2069711855 tempest-ImagesTestJSON-2069711855-project] Registering scheme swift with {'store': , 'location_class': , 'store_entry': 'swift'} {{(pid=116385) register_scheme_map /usr/local/lib/python3.8/dist-packages/glance_store/location.py:146}}
Sep 08 10:25:15.245385 n-d-836830-17 devstack@g-api.service[116385]: DEBUG glance_store.location [None req-d0ed80fb-596f-46d8-b296-e1a118772dad tempest-ImagesTestJSON-2069711855 tempest-ImagesTestJSON-2069711855-project] Registering scheme swift+http with {'store': , 'location_class': , 'store_entry': 'swift'} {{(pid=116385) register_scheme_map /usr/local/lib/python3.8/dist-packages/glance_store/location.py:146}}
Sep 08 10:25:15.247764 n-d-836830-17 devstack@g-api.service[116385]: DEBUG glance_store.location [None req-d0ed80fb-596f-46d8-b296-e1a118772dad tempest-ImagesTestJSON-2069711855 tempest-ImagesTestJSON-2069711855-project] Registering scheme swift+config with {'store': , 'location_class': , 'store_entry': 'swift'} {{(pid=116385) register_scheme_map /usr/local/lib/python3.8/dist-packages/glance_store/location.py:146}}
Sep 08 10:25:15.534811 n-d-836830-17 devstack@g-api.service[116384]: DEBUG glance.api.middleware.version_negotiation [None req-d0ed80fb-596f-46d8-b296-e1a118772dad tempest-ImagesTestJSON-2069711855 tempest-ImagesTestJSON-2069711855-project] Determining version of request: GET /v2/images/9c165c51-b7c3-4d5d-9b8d-71a5263c4395 Accept: */* {{(pid=116384) process_request /opt/stack/glance/glance/api/middleware/version_negotiation.py:44}}
Sep 08 10:25:15.535422 n-d-836830-17 devstack@g-api.service[116384]: DEBUG glance.api.middleware.version_negotiation [None req-d0ed80fb-596f-46d8-b296-e1a118772dad tempest-ImagesTestJSON-2069711855 tempest-ImagesTestJSON-2069711855-project] Using url versioning {{(pid=116384) process_request /opt/stack/glance/glance/api/middleware/version_negotiation.py:57}}
Sep 08 10:25:15.536066 n-d-836830-17 devstack@g-api.service[116384]: DEBUG glance.api.middleware.version_negotiation [None req-d0ed80fb-596f-46d8-b296-e1a118772dad tempest-ImagesTestJSON-2069711855 tempest-ImagesTestJSON-2069711855-project] Matched version: v2 {{(pid=116384) process_request /opt/stack/glance/glance/api/middleware/version_negotiation.py:69}}
Sep 08 10:25:15.536557 n-d-836830-17 devstack@g-api.service[116384]: DEBUG glance.api.middleware.version_negotiation [None req-d0ed80fb-596f-46d8-b296-e1a118772dad tempest-ImagesTestJSON-2069711855 tempest-ImagesTestJSON-2069711855-project] new path /v2/images/9c165c51-b7c3-4d5d-9b8d-71a5263c4395 {{(pid=116384) process_request /opt/stack/glance/glance/api/middleware/version_negotiation.py:70}}
Sep 08 10:25:15.559773 n-d-836830-17 devstack@g-api.service[116384]: [pid: 116384|app: 0|req: 67/136] 127.0.0.1 () {42 vars in 1052 bytes} [Thu Sep 8 10:25:15 2022] GET /v2/images/9c165c51-b7c3-4d5d-9b8d-71a5263c4395 => generated 1137 bytes in 25 msecs (HTTP/1.1 200) 4 headers in 158 bytes (1 switches on core 0)
Sep 08 10:25:15.566314 n-d-836830-17 devstack@g-api.service[116384]: DEBUG glance.api.middleware.version_negotiation [None req-f28a2980-dcef-43d5-918d-c410699d350e tempest-ImagesTestJSON-2069711855 tempest-ImagesTestJSON-2069711855-project] Determining version of request: GET /v2/schemas/image Accept: */* {{(pid=116384) process_request /opt/stack/glance/glance/api/middleware/version_negotiation.py:44}}
Sep 08 10:25:15.566914 n-d-836830-17 devstack@g-api.service[116384]: DEBUG glance.api.middleware.version_negotiation [None req-f28a2980-dcef-43d5-918d-c410699d350e tempest-ImagesTestJSON-2069711855 tempest-ImagesTestJSON-2069711855-project] Using url versioning {{(pid=116384) process_request /opt/stack/glance/glance/api/middleware/version_negotiation.py:57}}
Sep 08 10:25:15.567597 n-d-836830-17 devstack@g-api.service[116384]: DEBUG glance.api.middleware.version_negotiation [None req-f28a2980-dcef-43d5-918d-c410699d350e tempest-ImagesTestJSON-2069711855 tempest-ImagesTestJSON-2069711855-project] Matched version: v2 {{(pid=116384) process_request /opt/stack/glance/glance/api/middleware/version_negotiation.py:69}}
Sep 08 10:25:15.568091 n-d-836830-17 devstack@g-api.service[116384]: DEBUG glance.api.middleware.version_negotiation [None req-f28a2980-dcef-43d5-918d-c410699d350e tempest-ImagesTestJSON-2069711855 tempest-ImagesTestJSON-2069711855-project] new path /v2/schemas/image {{(pid=116384) process_request /opt/stack/glance/glance/api/middleware/version_negotiation.py:70}}
Sep 08 10:25:15.587173 n-d-836830-17 devstack@g-api.service[116384]: [pid: 116384|app: 0|req: 68/137] 127.0.0.1 () {42 vars in 992 bytes} [Thu Sep 8 10:25:15 2022] GET /v2/schemas/image => generated 6083 bytes in 13 msecs (HTTP/1.1 200) 4 headers in 158 bytes (1 switches on core 0)
Sep 08 10:25:15.833324 n-d-836830-17 devstack@g-api.service[116385]: DEBUG swiftclient [None req-d0ed80fb-596f-46d8-b296-e1a118772dad tempest-ImagesTestJSON-2069711855 tempest-ImagesTestJSON-2069711855-project] REQ: curl -i http://10.222.0.66:8080/v1/AUTH_ec268a7ac01e4ab0ac64c60fe09902fd/glance -I -H "X-Auth-Token: gAAAAABjGcML2JQ-..." {{(pid=116385) http_log /usr/local/lib/python3.8/dist-packages/swiftclient/client.py:157}}
Sep 08 10:25:15.833830 n-d-836830-17 devstack@g-api.service[116385]: DEBUG swiftclient [None req-d0ed80fb-596f-46d8-b296-e1a118772dad tempest-ImagesTestJSON-2069711855 tempest-ImagesTestJSON-2069711855-project] RESP STATUS: 204 No Content {{(pid=116385) http_log /usr/local/lib/python3.8/dist-packages/swiftclient/client.py:158}}
Sep 08 10:25:15.834449 n-d-836830-17 devstack@g-api.service[116385]: DEBUG swiftclient [None req-d0ed80fb-596f-46d8-b296-e1a118772dad tempest-ImagesTestJSON-2069711855 tempest-ImagesTestJSON-2069711855-project] RESP HEADERS: {'Content-Type': 'text/plain; charset=utf-8', 'X-Container-Object-Count': '1', 'X-Container-Bytes-Used': '645922816', 'X-Timestamp': '1662631809.82558', 'Last-Modified': 'Thu, 08 Sep 2022 10:10:10 GMT', 'Accept-Ranges': 'bytes', 'X-Storage-Policy': 'Policy-0', 'X-Container-Sharding': 'False', 'Vary': 'Accept', 'Content-Length': '0', 'X-Trans-Id': 'txb212538b6359494888f0b-006319c30b', 'X-Openstack-Request-Id': 'txb212538b6359494888f0b-006319c30b', 'Date': 'Thu, 08 Sep 2022 10:25:15 GMT'} {{(pid=116385) http_log /usr/local/lib/python3.8/dist-packages/swiftclient/client.py:159}}
Sep 08 10:25:15.835136 n-d-836830-17 devstack@g-api.service[116385]: DEBUG glance_store._drivers.swift.store [None req-d0ed80fb-596f-46d8-b296-e1a118772dad tempest-ImagesTestJSON-2069711855 tempest-ImagesTestJSON-2069711855-project] Adding image object '9c165c51-b7c3-4d5d-9b8d-71a5263c4395' to Swift {{(pid=116385) add /usr/local/lib/python3.8/dist-packages/glance_store/_drivers/swift/store.py:941}}
Sep 08 10:25:15.835533 n-d-836830-17 devstack@g-api.service[116385]: DEBUG glance_store._drivers.swift.store [None req-d0ed80fb-596f-46d8-b296-e1a118772dad tempest-ImagesTestJSON-2069711855 tempest-ImagesTestJSON-2069711855-project] Cannot determine image size because it is either not provided in the request or chunked-transfer encoding is used. Adding image as a segmented object to Swift. {{(pid=116385) add /usr/local/lib/python3.8/dist-packages/glance_store/_drivers/swift/store.py:965}}
Sep 08 10:25:18.728458 n-d-836830-17 devstack@g-api.service[116384]: DEBUG glance.api.middleware.version_negotiation [None req-f28a2980-dcef-43d5-918d-c410699d350e tempest-ImagesTestJSON-2069711855 tempest-ImagesTestJSON-2069711855-project] Determining version of request: GET /v2/images/9c165c51-b7c3-4d5d-9b8d-71a5263c4395 Accept: */* {{(pid=116384) process_request /opt/stack/glance/glance/api/middleware/version_negotiation.py:44}}
Sep 08 10:25:18.729091 n-d-836830-17 devstack@g-api.service[116384]: DEBUG glance.api.middleware.version_negotiation [None req-f28a2980-dcef-43d5-918d-c410699d350e tempest-ImagesTestJSON-2069711855 tempest-ImagesTestJSON-2069711855-project] Using url versioning {{(pid=116384) process_request /opt/stack/glance/glance/api/middleware/version_negotiation.py:57}}
Sep 08 10:25:18.729091 n-d-836830-17 devstack@g-api.service[116384]: DEBUG glance.api.middleware.version_negotiation [None req-f28a2980-dcef-43d5-918d-c410699d350e tempest-ImagesTestJSON-2069711855 tempest-ImagesTestJSON-2069711855-project] Matched version: v2 {{(pid=116384) process_request /opt/stack/glance/glance/api/middleware/version_negotiation.py:69}}
Sep 08 10:25:18.729440 n-d-836830-17 devstack@g-api.service[116384]: DEBUG glance.api.middleware.version_negotiation [None req-f28a2980-dcef-43d5-918d-c410699d350e tempest-ImagesTestJSON-2069711855 tempest-ImagesTestJSON-2069711855-project] new path /v2/images/9c165c51-b7c3-4d5d-9b8d-71a5263c4395 {{(pid=116384) process_request /opt/stack/glance/glance/api/middleware/version_negotiation.py:70}}
Sep 08 10:25:18.782984 n-d-836830-17 devstack@g-api.service[116384]: [pid: 116384|app: 0|req: 69/138] 127.0.0.1 () {42 vars in 1052 bytes} [Thu Sep 8 10:25:18 2022] GET /v2/images/9c165c51-b7c3-4d5d-9b8d-71a5263c4395 => generated 1137 bytes in 55 msecs (HTTP/1.1 200) 4 headers in 158 bytes (1 switches on core 0)
Sep 08 10:25:18.784206 n-d-836830-17 devstack@g-api.service[116384]: DEBUG glance.api.middleware.version_negotiation [None req-f083a72c-29ac-4bf8-bf5c-b2cd775250ed tempest-ImagesTestJSON-2069711855 tempest-ImagesTestJSON-2069711855-project] Determining version of request: GET /v2/schemas/image Accept: */* {{(pid=116384) process_request /opt/stack/glance/glance/api/middleware/version_negotiation.py:44}}
