Sep 07 09:48:56.678272 n-d-836830-16 devstack@g-api.service[122723]: DEBUG glance.api.middleware.version_negotiation [None req-6d506fae-bc84-4ab3-9073-36448c5375c1 tempest-ServerDiskConfigTestJSON-1696907212 tempest-ServerDiskConfigTestJSON-1696907212-project] Using url versioning {{(pid=122723) process_request /opt/stack/glance/glance/api/middleware/version_negotiation.py:57}}
Sep 07 09:48:56.678521 n-d-836830-16 devstack@g-api.service[122723]: DEBUG glance.api.middleware.version_negotiation [None req-6d506fae-bc84-4ab3-9073-36448c5375c1 tempest-ServerDiskConfigTestJSON-1696907212 tempest-ServerDiskConfigTestJSON-1696907212-project] Matched version: v2 {{(pid=122723) process_request /opt/stack/glance/glance/api/middleware/version_negotiation.py:69}}
Sep 07 09:48:56.678970 n-d-836830-16 devstack@g-api.service[122723]: DEBUG glance.api.middleware.version_negotiation [None req-6d506fae-bc84-4ab3-9073-36448c5375c1 tempest-ServerDiskConfigTestJSON-1696907212 tempest-ServerDiskConfigTestJSON-1696907212-project] new path /v2/images/109c487d-eb44-4988-a13d-f65076512288 {{(pid=122723) process_request /opt/stack/glance/glance/api/middleware/version_negotiation.py:70}}
Sep 07 09:48:56.689621 n-d-836830-16 devstack@g-api.service[122723]: DEBUG glance.db.sqlalchemy.api [None req-7ad3898e-ae59-4916-9738-f37dee5fb30f tempest-ImagesOneServerNegativeTestJSON-1214449503 tempest-ImagesOneServerNegativeTestJSON-1214449503-project] No image found with ID 109c487d-eb44-4988-a13d-f65076512288 {{(pid=122723) _image_get /opt/stack/glance/glance/db/sqlalchemy/api.py:280}}
Sep 07 09:48:56.690257 n-d-836830-16 devstack@g-api.service[122723]: WARNING glance.api.v2.images [None req-7ad3898e-ae59-4916-9738-f37dee5fb30f tempest-ImagesOneServerNegativeTestJSON-1214449503 tempest-ImagesOneServerNegativeTestJSON-1214449503-project] Failed to find image 109c487d-eb44-4988-a13d-f65076512288 to delete: glance.common.exception.ImageNotFound: No image found with ID 109c487d-eb44-4988-a13d-f65076512288
Sep 07 09:48:56.691628 n-d-836830-16 devstack@g-api.service[122723]: [pid: 122723|app: 0|req: 71/134] 127.0.0.1 () {44 vars in 1074 bytes} [Wed Sep 7 09:48:56 2022] DELETE /v2/images/109c487d-eb44-4988-a13d-f65076512288 => generated 189 bytes in 14 msecs (HTTP/1.1 404) 4 headers in 172 bytes (1 switches on core 0)
Sep 07 09:49:00.883681 n-d-836830-16 devstack@g-api.service[122724]: DEBUG dbcounter [-] [122724] Writing DB stats glance:SELECT=10 {{(pid=122724) stat_writer /usr/local/lib/python3.8/dist-packages/dbcounter.py:114}}
Sep 07 09:49:06.686140 n-d-836830-16 devstack@g-api.service[122723]: DEBUG dbcounter [-] [122723] Writing DB stats glance:SELECT=6 {{(pid=122723) stat_writer /usr/local/lib/python3.8/dist-packages/dbcounter.py:114}}
Sep 07 09:49:12.826101 n-d-836830-16 devstack@g-api.service[122724]: DEBUG glance.api.middleware.version_negotiation [None req-6d506fae-bc84-4ab3-9073-36448c5375c1 tempest-ServerDiskConfigTestJSON-1696907212 tempest-ServerDiskConfigTestJSON-1696907212-project] Determining version of request: GET /v2/images/8aa3194e-7f8e-4ddc-8419-88dfe300e0f7 Accept: */* {{(pid=122724) process_request /opt/stack/glance/glance/api/middleware/version_negotiation.py:44}}
Sep 07 09:49:12.826688 n-d-836830-16 devstack@g-api.service[122724]: DEBUG glance.api.middleware.version_negotiation [None req-6d506fae-bc84-4ab3-9073-36448c5375c1 tempest-ServerDiskConfigTestJSON-1696907212 tempest-ServerDiskConfigTestJSON-1696907212-project] Using url versioning {{(pid=122724) process_request /opt/stack/glance/glance/api/middleware/version_negotiation.py:57}}
Sep 07 09:49:12.826787 n-d-836830-16 devstack@g-api.service[122724]: DEBUG glance.api.middleware.version_negotiation [None req-6d506fae-bc84-4ab3-9073-36448c5375c1 tempest-ServerDiskConfigTestJSON-1696907212 tempest-ServerDiskConfigTestJSON-1696907212-project] Matched version: v2 {{(pid=122724) process_request /opt/stack/glance/glance/api/middleware/version_negotiation.py:69}}
Sep 07 09:49:12.827273 n-d-836830-16 devstack@g-api.service[122724]: DEBUG glance.api.middleware.version_negotiation [None req-6d506fae-bc84-4ab3-9073-36448c5375c1 tempest-ServerDiskConfigTestJSON-1696907212 tempest-ServerDiskConfigTestJSON-1696907212-project] new path /v2/images/8aa3194e-7f8e-4ddc-8419-88dfe300e0f7 {{(pid=122724) process_request /opt/stack/glance/glance/api/middleware/version_negotiation.py:70}}
Sep 07 09:49:12.872476 n-d-836830-16 devstack@g-api.service[122724]: [pid: 122724|app: 0|req: 64/135] 127.0.0.1 () {42 vars in 1052 bytes} [Wed Sep 7 09:49:12 2022] GET /v2/images/8aa3194e-7f8e-4ddc-8419-88dfe300e0f7 => generated 946 bytes in 47 msecs (HTTP/1.1 200) 4 headers in 157 bytes (1 switches on core 0)
Sep 07 09:49:12.872892 n-d-836830-16 devstack@g-api.service[122723]: DEBUG glance.api.middleware.version_negotiation [None req-7ad3898e-ae59-4916-9738-f37dee5fb30f tempest-ImagesOneServerNegativeTestJSON-1214449503 tempest-ImagesOneServerNegativeTestJSON-1214449503-project] Determining version of request: GET /v2/schemas/image Accept: */* {{(pid=122723) process_request /opt/stack/glance/glance/api/middleware/version_negotiation.py:44}}
Sep 07 09:49:12.873409 n-d-836830-16 devstack@g-api.service[122723]: DEBUG glance.api.middleware.version_negotiation [None req-7ad3898e-ae59-4916-9738-f37dee5fb30f tempest-ImagesOneServerNegativeTestJSON-1214449503 tempest-ImagesOneServerNegativeTestJSON-1214449503-project] Using url versioning {{(pid=122723) process_request /opt/stack/glance/glance/api/middleware/version_negotiation.py:57}}
Sep 07 09:49:12.873609 n-d-836830-16 devstack@g-api.service[122723]: DEBUG glance.api.middleware.version_negotiation [None req-7ad3898e-ae59-4916-9738-f37dee5fb30f tempest-ImagesOneServerNegativeTestJSON-1214449503 tempest-ImagesOneServerNegativeTestJSON-1214449503-project] Matched version: v2 {{(pid=122723) process_request /opt/stack/glance/glance/api/middleware/version_negotiation.py:69}}
Sep 07 09:49:12.873872 n-d-836830-16 devstack@g-api.service[122723]: DEBUG glance.api.middleware.version_negotiation [None req-7ad3898e-ae59-4916-9738-f37dee5fb30f tempest-ImagesOneServerNegativeTestJSON-1214449503 tempest-ImagesOneServerNegativeTestJSON-1214449503-project] new path /v2/schemas/image {{(pid=122723) process_request /opt/stack/glance/glance/api/middleware/version_negotiation.py:70}}
Sep 07 09:49:12.881061 n-d-836830-16 devstack@g-api.service[122723]: [pid: 122723|app: 0|req: 72/136] 127.0.0.1 () {42 vars in 992 bytes} [Wed Sep 7 09:49:12 2022] GET /v2/schemas/image => generated 6083 bytes in 8 msecs (HTTP/1.1 200) 4 headers in 158 bytes (1 switches on core 0)
Sep 07 09:49:13.294750 n-d-836830-16 devstack@g-api.service[122724]: DEBUG glance.api.middleware.version_negotiation [None req-b6d3ad70-b7bf-4726-b358-5aa92061ba01 tempest-ServerDiskConfigTestJSON-1696907212 tempest-ServerDiskConfigTestJSON-1696907212-project] Determining version of request: GET /v2/images/8aa3194e-7f8e-4ddc-8419-88dfe300e0f7 Accept: */* {{(pid=122724) process_request /opt/stack/glance/glance/api/middleware/version_negotiation.py:44}}
Sep 07 09:49:13.295100 n-d-836830-16 devstack@g-api.service[122724]: DEBUG glance.api.middleware.version_negotiation [None req-b6d3ad70-b7bf-4726-b358-5aa92061ba01 tempest-ServerDiskConfigTestJSON-1696907212 tempest-ServerDiskConfigTestJSON-1696907212-project] Using url versioning {{(pid=122724) process_request /opt/stack/glance/glance/api/middleware/version_negotiation.py:57}}
Sep 07 09:49:13.295488 n-d-836830-16 devstack@g-api.service[122724]: DEBUG glance.api.middleware.version_negotiation [None req-b6d3ad70-b7bf-4726-b358-5aa92061ba01 tempest-ServerDiskConfigTestJSON-1696907212 tempest-ServerDiskConfigTestJSON-1696907212-project] Matched version: v2 {{(pid=122724) process_request /opt/stack/glance/glance/api/middleware/version_negotiation.py:69}}
Sep 07 09:49:13.295774 n-d-836830-16 devstack@g-api.service[122724]: DEBUG glance.api.middleware.version_negotiation [None req-b6d3ad70-b7bf-4726-b358-5aa92061ba01 tempest-ServerDiskConfigTestJSON-1696907212 tempest-ServerDiskConfigTestJSON-1696907212-project] new path /v2/images/8aa3194e-7f8e-4ddc-8419-88dfe300e0f7 {{(pid=122724) process_request /opt/stack/glance/glance/api/middleware/version_negotiation.py:70}}
Sep 07 09:49:13.296172 n-d-836830-16 devstack@g-api.service[122723]: DEBUG glance.api.middleware.version_negotiation [None req-b6d3ad70-b7bf-4726-b358-5aa92061ba01 tempest-ServerDiskConfigTestJSON-1696907212 tempest-ServerDiskConfigTestJSON-1696907212-project] Determining version of request: GET /v2/images/8aa3194e-7f8e-4ddc-8419-88dfe300e0f7 Accept: */* {{(pid=122723) process_request /opt/stack/glance/glance/api/middleware/version_negotiation.py:44}}
Sep 07 09:49:13.296746 n-d-836830-16 devstack@g-api.service[122723]: DEBUG glance.api.middleware.version_negotiation [None req-b6d3ad70-b7bf-4726-b358-5aa92061ba01 tempest-ServerDiskConfigTestJSON-1696907212 tempest-ServerDiskConfigTestJSON-1696907212-project] Using url versioning {{(pid=122723) process_request /opt/stack/glance/glance/api/middleware/version_negotiation.py:57}}
Sep 07 09:49:13.297293 n-d-836830-16 devstack@g-api.service[122723]: DEBUG glance.api.middleware.version_negotiation [None req-b6d3ad70-b7bf-4726-b358-5aa92061ba01 tempest-ServerDiskConfigTestJSON-1696907212 tempest-ServerDiskConfigTestJSON-1696907212-project] Matched version: v2 {{(pid=122723) process_request /opt/stack/glance/glance/api/middleware/version_negotiation.py:69}}
Sep 07 09:49:13.297770 n-d-836830-16 devstack@g-api.service[122723]: DEBUG glance.api.middleware.version_negotiation [None req-b6d3ad70-b7bf-4726-b358-5aa92061ba01 tempest-ServerDiskConfigTestJSON-1696907212 tempest-ServerDiskConfigTestJSON-1696907212-project] new path /v2/images/8aa3194e-7f8e-4ddc-8419-88dfe300e0f7 {{(pid=122723) process_request /opt/stack/glance/glance/api/middleware/version_negotiation.py:70}}
Sep 07 09:49:13.318595 n-d-836830-16 devstack@g-api.service[122723]: [pid: 122723|app: 0|req: 73/137] 127.0.0.1 () {40 vars in 845 bytes} [Wed Sep 7 09:49:13 2022] GET /v2/images/8aa3194e-7f8e-4ddc-8419-88dfe300e0f7 => generated 946 bytes in 23 msecs (HTTP/1.1 200) 4 headers in 157 bytes (1 switches on core 0)
Sep 07 09:49:13.326436 n-d-836830-16 devstack@g-api.service[122723]: DEBUG glance.api.middleware.version_negotiation [None req-b6d3ad70-b7bf-4726-b358-5aa92061ba01 tempest-ServerDiskConfigTestJSON-1696907212 tempest-ServerDiskConfigTestJSON-1696907212-project] Determining version of request: GET /v2/schemas/image Accept: */* {{(pid=122723) process_request /opt/stack/glance/glance/api/middleware/version_negotiation.py:44}}
Sep 07 09:49:13.327724 n-d-836830-16 devstack@g-api.service[122723]: DEBUG glance.api.middleware.version_negotiation [None req-b6d3ad70-b7bf-4726-b358-5aa92061ba01 tempest-ServerDiskConfigTestJSON-1696907212 tempest-ServerDiskConfigTestJSON-1696907212-project] Using url versioning {{(pid=122723) process_request /opt/stack/glance/glance/api/middleware/version_negotiation.py:57}}
Sep 07 09:49:13.328279 n-d-836830-16 devstack@g-api.service[122723]: DEBUG glance.api.middleware.version_negotiation [None req-b6d3ad70-b7bf-4726-b358-5aa92061ba01 tempest-ServerDiskConfigTestJSON-1696907212 tempest-ServerDiskConfigTestJSON-1696907212-project] Matched version: v2 {{(pid=122723) process_request /opt/stack/glance/glance/api/middleware/version_negotiation.py:69}}
Sep 07 09:49:13.329033 n-d-836830-16 devstack@g-api.service[122723]: DEBUG glance.api.middleware.version_negotiation [None req-b6d3ad70-b7bf-4726-b358-5aa92061ba01 tempest-ServerDiskConfigTestJSON-1696907212 tempest-ServerDiskConfigTestJSON-1696907212-project] new path /v2/schemas/image {{(pid=122723) process_request /opt/stack/glance/glance/api/middleware/version_negotiation.py:70}}
Sep 07 09:49:13.337834 n-d-836830-16 devstack@g-api.service[122723]: [pid: 122723|app: 0|req: 74/138] 127.0.0.1 () {40 vars in 785 bytes} [Wed Sep 7 09:49:13 2022] GET /v2/schemas/image => generated 6083 bytes in 12 msecs (HTTP/1.1 200) 4 headers in 158 bytes (1 switches on core 0)
Sep 07 09:49:13.345612 n-d-836830-16 devstack@g-api.service[122724]: [pid: 122724|app: 0|req: 65/139] 127.0.0.1 () {42 vars in 1052 bytes} [Wed Sep 7 09:49:13 2022] GET /v2/images/8aa3194e-7f8e-4ddc-8419-88dfe300e0f7 => generated 946 bytes in 52 msecs (HTTP/1.1 200) 4 headers in 157 bytes (1 switches on core 0)
Sep 07 09:49:13.365163 n-d-836830-16 devstack@g-api.service[122723]: DEBUG glance.api.middleware.version_negotiation [None req-b6d3ad70-b7bf-4726-b358-5aa92061ba01 tempest-ServerDiskConfigTestJSON-1696907212 tempest-ServerDiskConfigTestJSON-1696907212-project] Determining version of request: GET /v2/schemas/image Accept: */* {{(pid=122723) process_request /opt/stack/glance/glance/api/middleware/version_negotiation.py:44}}
Sep 07 09:49:13.367477 n-d-836830-16 devstack@g-api.service[122723]: DEBUG glance.api.middleware.version_negotiation [None req-b6d3ad70-b7bf-4726-b358-5aa92061ba01 tempest-ServerDiskConfigTestJSON-1696907212 tempest-ServerDiskConfigTestJSON-1696907212-project] Using url versioning {{(pid=122723) process_request /opt/stack/glance/glance/api/middleware/version_negotiation.py:57}}
Sep 07 09:49:13.369088 n-d-836830-16 devstack@g-api.service[122723]: DEBUG glance.api.middleware.version_negotiation [None req-b6d3ad70-b7bf-4726-b358-5aa92061ba01 tempest-ServerDiskConfigTestJSON-1696907212 tempest-ServerDiskConfigTestJSON-1696907212-project] Matched version: v2 {{(pid=122723) process_request /opt/stack/glance/glance/api/middleware/version_negotiation.py:69}}
Sep 07 09:49:13.369537 n-d-836830-16 devstack@g-api.service[122723]: DEBUG glance.api.middleware.version_negotiation [None req-b6d3ad70-b7bf-4726-b358-5aa92061ba01 tempest-ServerDiskConfigTestJSON-1696907212 tempest-ServerDiskConfigTestJSON-1696907212-project] new path /v2/schemas/image {{(pid=122723) process_request /opt/stack/glance/glance/api/middleware/version_negotiation.py:70}}
Sep 07 09:49:13.387177 n-d-836830-16 devstack@g-api.service[122723]: [pid: 122723|app: 0|req: 75/140] 127.0.0.1 () {42 vars in 992 bytes} [Wed Sep 7 09:49:13 2022] GET /v2/schemas/image => generated 6083 bytes in 22 msecs (HTTP/1.1 200) 4 headers in 158 bytes (1 switches on core 0)
Sep 07 09:49:14.409741 n-d-836830-16 devstack@g-api.service[122724]: DEBUG glance.api.middleware.version_negotiation [None req-355d45e9-993c-4121-880c-95f2afb83df9 tempest-ServersOnMultiNodesTest-1537253775 tempest-ServersOnMultiNodesTest-1537253775-project] Determining version of request: GET /v2/images/8aa3194e-7f8e-4ddc-8419-88dfe300e0f7 Accept: */* {{(pid=122724) process_request /opt/stack/glance/glance/api/middleware/version_negotiation.py:44}}
Sep 07 09:49:14.410637 n-d-836830-16 devstack@g-api.service[122724]: DEBUG glance.api.middleware.version_negotiation [None req-355d45e9-993c-4121-880c-95f2afb83df9 tempest-ServersOnMultiNodesTest-1537253775 tempest-ServersOnMultiNodesTest-1537253775-project] Using url versioning {{(pid=122724) process_request /opt/stack/glance/glance/api/middleware/version_negotiation.py:57}}
Sep 07 09:49:14.411131 n-d-836830-16 devstack@g-api.service[122724]: DEBUG glance.api.middleware.version_negotiation [None req-355d45e9-993c-4121-880c-95f2afb83df9 tempest-ServersOnMultiNodesTest-1537253775 tempest-ServersOnMultiNodesTest-1537253775-project] Matched version: v2 {{(pid=122724) process_request /opt/stack/glance/glance/api/middleware/version_negotiation.py:69}}
Sep 07 09:49:14.411846 n-d-836830-16 devstack@g-api.service[122724]: DEBUG glance.api.middleware.version_negotiation [None req-355d45e9-993c-4121-880c-95f2afb83df9 tempest-ServersOnMultiNodesTest-1537253775 tempest-ServersOnMultiNodesTest-1537253775-project] new path /v2/images/8aa3194e-7f8e-4ddc-8419-88dfe300e0f7 {{(pid=122724) process_request /opt/stack/glance/glance/api/middleware/version_negotiation.py:70}}
Sep 07 09:49:14.466000 n-d-836830-16 devstack@g-api.service[122724]: [pid: 122724|app: 0|req: 66/141] 127.0.0.1 () {42 vars in 1052 bytes} [Wed Sep 7 09:49:14 2022] GET /v2/images/8aa3194e-7f8e-4ddc-8419-88dfe300e0f7 => generated 946 bytes in 57 msecs (HTTP/1.1 200) 4 headers in 157 bytes (1 switches on core 0)
Sep 07 09:49:14.466682 n-d-836830-16 devstack@g-api.service[122723]: DEBUG glance.api.middleware.version_negotiation [None req-355d45e9-993c-4121-880c-95f2afb83df9 tempest-ServersOnMultiNodesTest-1537253775 tempest-ServersOnMultiNodesTest-1537253775-project] Determining version of request: GET /v2/schemas/image Accept: */* {{(pid=122723) process_request /opt/stack/glance/glance/api/middleware/version_negotiation.py:44}}
Sep 07 09:49:14.467546 n-d-836830-16 devstack@g-api.service[122723]: DEBUG glance.api.middleware.version_negotiation [None req-355d45e9-993c-4121-880c-95f2afb83df9 tempest-ServersOnMultiNodesTest-1537253775 tempest-ServersOnMultiNodesTest-1537253775-project] Using url versioning {{(pid=122723) process_request /opt/stack/glance/glance/api/middleware/version_negotiation.py:57}}
Sep 07 09:49:14.468047 n-d-836830-16 devstack@g-api.service[122723]: DEBUG glance.api.middleware.version_negotiation [None req-355d45e9-993c-4121-880c-95f2afb83df9 tempest-ServersOnMultiNodesTest-1537253775 tempest-ServersOnMultiNodesTest-1537253775-project] Matched version: v2 {{(pid=122723) process_request /opt/stack/glance/glance/api/middleware/version_negotiation.py:69}}
Sep 07 09:49:14.468492 n-d-836830-16 devstack@g-api.service[122723]: DEBUG glance.api.middleware.version_negotiation [None req-355d45e9-993c-4121-880c-95f2afb83df9 tempest-ServersOnMultiNodesTest-1537253775 tempest-ServersOnMultiNodesTest-1537253775-project] new path /v2/schemas/image {{(pid=122723) process_request /opt/stack/glance/glance/api/middleware/version_negotiation.py:70}}
Sep 07 09:49:14.475192 n-d-836830-16 devstack@g-api.service[122723]: [pid: 122723|app: 0|req: 76/142] 127.0.0.1 () {42 vars in 992 bytes} [Wed Sep 7 09:49:14 2022] GET /v2/schemas/image => generated 6083 bytes in 9 msecs (HTTP/1.1 200) 4 headers in 158 bytes (1 switches on core 0)
Sep 07 09:49:14.803920 n-d-836830-16 devstack@g-api.service[122724]: DEBUG glance.api.middleware.version_negotiation [None req-aa565556-da68-4d9b-91e9-cf4e40628d35 tempest-ListImagesTestJSON-1621290290 tempest-ListImagesTestJSON-1621290290-project] Determining version of request: GET /v2/images/8aa3194e-7f8e-4ddc-8419-88dfe300e0f7 Accept: application/json {{(pid=122724) process_request /opt/stack/glance/glance/api/middleware/version_negotiation.py:44}}
Sep 07 09:49:14.804559 n-d-836830-16 devstack@g-api.service[122724]: DEBUG glance.api.middleware.version_negotiation [None req-aa565556-da68-4d9b-91e9-cf4e40628d35 tempest-ListImagesTestJSON-1621290290 tempest-ListImagesTestJSON-1621290290-project] Using url versioning {{(pid=122724) process_request /opt/stack/glance/glance/api/middleware/version_negotiation.py:57}}
Sep 07 09:49:14.805047 n-d-836830-16 devstack@g-api.service[122724]: DEBUG glance.api.middleware.version_negotiation [None req-aa565556-da68-4d9b-91e9-cf4e40628d35 tempest-ListImagesTestJSON-1621290290 tempest-ListImagesTestJSON-1621290290-project] Matched version: v2 {{(pid=122724) process_request /opt/stack/glance/glance/api/middleware/version_negotiation.py:69}}
Sep 07 09:49:14.805511 n-d-836830-16 devstack@g-api.service[122724]: DEBUG glance.api.middleware.version_negotiation [None req-aa565556-da68-4d9b-91e9-cf4e40628d35 tempest-ListImagesTestJSON-1621290290 tempest-ListImagesTestJSON-1621290290-project] new path /v2/images/8aa3194e-7f8e-4ddc-8419-88dfe300e0f7 {{(pid=122724) process_request /opt/stack/glance/glance/api/middleware/version_negotiation.py:70}}
Sep 07 09:49:14.916902 n-d-836830-16 devstack@g-api.service[122723]: DEBUG glance.api.middleware.version_negotiation [None req-aa565556-da68-4d9b-91e9-cf4e40628d35 tempest-ListImagesTestJSON-1621290290 tempest-ListImagesTestJSON-1621290290-project] Determining version of request: GET /v2/images Accept: */* {{(pid=122723) process_request /opt/stack/glance/glance/api/middleware/version_negotiation.py:44}}
Sep 07 09:49:14.917307 n-d-836830-16 devstack@g-api.service[122723]: DEBUG glance.api.middleware.version_negotiation [None req-aa565556-da68-4d9b-91e9-cf4e40628d35 tempest-ListImagesTestJSON-1621290290 tempest-ListImagesTestJSON-1621290290-project] Using url versioning {{(pid=122723) process_request /opt/stack/glance/glance/api/middleware/version_negotiation.py:57}}
Sep 07 09:49:14.917632 n-d-836830-16 devstack@g-api.service[122723]: DEBUG glance.api.middleware.version_negotiation [None req-aa565556-da68-4d9b-91e9-cf4e40628d35 tempest-ListImagesTestJSON-1621290290 tempest-ListImagesTestJSON-1621290290-project] Matched version: v2 {{(pid=122723) process_request /opt/stack/glance/glance/api/middleware/version_negotiation.py:69}}
Sep 07 09:49:14.917928 n-d-836830-16 devstack@g-api.service[122723]: DEBUG glance.api.middleware.version_negotiation [None req-aa565556-da68-4d9b-91e9-cf4e40628d35 tempest-ListImagesTestJSON-1621290290 tempest-ListImagesTestJSON-1621290290-project] new path /v2/images {{(pid=122723) process_request /opt/stack/glance/glance/api/middleware/version_negotiation.py:70}}
Sep 07 09:49:15.043621 n-d-836830-16 devstack@g-api.service[122723]: [pid: 122723|app: 0|req: 77/143] 127.0.0.1 () {42 vars in 997 bytes} [Wed Sep 7 09:49:14 2022] GET /v2/images?limit=200 => generated 1025 bytes in 127 msecs (HTTP/1.1 200) 4 headers in 158 bytes (1 switches on core 0)
Sep 07 09:49:15.049872 n-d-836830-16 devstack@g-api.service[122723]: DEBUG glance.api.middleware.version_negotiation [None req-43b54153-dc68-4bd9-9000-209f72cd3d1a tempest-ListImagesTestJSON-1621290290 tempest-ListImagesTestJSON-1621290290-project] Determining version of request: GET /v2/schemas/image Accept: */* {{(pid=122723) process_request /opt/stack/glance/glance/api/middleware/version_negotiation.py:44}}
Sep 07 09:49:15.050497 n-d-836830-16 devstack@g-api.service[122723]: DEBUG glance.api.middleware.version_negotiation [None req-43b54153-dc68-4bd9-9000-209f72cd3d1a tempest-ListImagesTestJSON-1621290290 tempest-ListImagesTestJSON-1621290290-project] Using url versioning {{(pid=122723) process_request /opt/stack/glance/glance/api/middleware/version_negotiation.py:57}}
Sep 07 09:49:15.051023 n-d-836830-16 devstack@g-api.service[122723]: DEBUG glance.api.middleware.version_negotiation [None req-43b54153-dc68-4bd9-9000-209f72cd3d1a tempest-ListImagesTestJSON-1621290290 tempest-ListImagesTestJSON-1621290290-project] Matched version: v2 {{(pid=122723) process_request /opt/stack/glance/glance/api/middleware/version_negotiation.py:69}}
Sep 07 09:49:15.052691 n-d-836830-16 devstack@g-api.service[122723]: DEBUG glance.api.middleware.version_negotiation [None req-43b54153-dc68-4bd9-9000-209f72cd3d1a tempest-ListImagesTestJSON-1621290290 tempest-ListImagesTestJSON-1621290290-project] new path /v2/schemas/image {{(pid=122723) process_request /opt/stack/glance/glance/api/middleware/version_negotiation.py:70}}
Sep 07 09:49:15.063340 n-d-836830-16 devstack@g-api.service[122723]: [pid: 122723|app: 0|req: 78/144] 127.0.0.1 () {42 vars in 992 bytes} [Wed Sep 7 09:49:15 2022] GET /v2/schemas/image => generated 6083 bytes in 14 msecs (HTTP/1.1 200) 4 headers in 158 bytes (1 switches on core 0)
Sep 07 09:49:15.133494 n-d-836830-16 devstack@g-api.service[122724]: [pid: 122724|app: 0|req: 67/145] 127.0.0.1 () {38 vars in 777 bytes} [Wed Sep 7 09:49:14 2022] GET /v2/images/8aa3194e-7f8e-4ddc-8419-88dfe300e0f7 => generated 946 bytes in 330 msecs (HTTP/1.1 200) 4 headers in 157 bytes (1 switches on core 0)
Sep 07 09:49:15.139016 n-d-836830-16 devstack@g-api.service[122723]: DEBUG glance.api.middleware.version_negotiation [None req-43b54153-dc68-4bd9-9000-209f72cd3d1a tempest-ListImagesTestJSON-1621290290 tempest-ListImagesTestJSON-1621290290-project] Determining version of request: GET /v2/images/8aa3194e-7f8e-4ddc-8419-88dfe300e0f7/file Accept: application/json {{(pid=122723) process_request /opt/stack/glance/glance/api/middleware/version_negotiation.py:44}}
Sep 07 09:49:15.139551 n-d-836830-16 devstack@g-api.service[122723]: DEBUG glance.api.middleware.version_negotiation [None req-43b54153-dc68-4bd9-9000-209f72cd3d1a tempest-ListImagesTestJSON-1621290290 tempest-ListImagesTestJSON-1621290290-project] Using url versioning {{(pid=122723) process_request /opt/stack/glance/glance/api/middleware/version_negotiation.py:57}}
Sep 07 09:49:15.140014 n-d-836830-16 devstack@g-api.service[122723]: DEBUG glance.api.middleware.version_negotiation [None req-43b54153-dc68-4bd9-9000-209f72cd3d1a tempest-ListImagesTestJSON-1621290290 tempest-ListImagesTestJSON-1621290290-project] Matched version: v2 {{(pid=122723) process_request /opt/stack/glance/glance/api/middleware/version_negotiation.py:69}}
Sep 07 09:49:15.140451 n-d-836830-16 devstack@g-api.service[122723]: DEBUG glance.api.middleware.version_negotiation [None req-43b54153-dc68-4bd9-9000-209f72cd3d1a tempest-ListImagesTestJSON-1621290290 tempest-ListImagesTestJSON-1621290290-project] new path /v2/images/8aa3194e-7f8e-4ddc-8419-88dfe300e0f7/file {{(pid=122723) process_request /opt/stack/glance/glance/api/middleware/version_negotiation.py:70}}
Sep 07 09:49:15.163821 n-d-836830-16 devstack@g-api.service[122723]: DEBUG glance.api.middleware.cache [None req-6230f1df-068b-4740-a5ff-5d82ce17abf2 tempest-AttachSCSIVolumeTestJSON-964008916 tempest-AttachSCSIVolumeTestJSON-964008916-project-admin] Cache hit for image '8aa3194e-7f8e-4ddc-8419-88dfe300e0f7' {{(pid=122723) process_request /opt/stack/glance/glance/api/middleware/cache.py:160}}
Sep 07 09:49:15.907889 n-d-836830-16 devstack@g-api.service[122724]: DEBUG glance.api.middleware.version_negotiation [None req-a85b9fe0-272d-4ee2-a26c-fe98d553bcae tempest-AttachSCSIVolumeTestJSON-964008916 tempest-AttachSCSIVolumeTestJSON-964008916-project-admin] Determining version of request: GET /v2/images Accept: */* {{(pid=122724) process_request /opt/stack/glance/glance/api/middleware/version_negotiation.py:44}}
Sep 07 09:49:15.908911 n-d-836830-16 devstack@g-api.service[122724]: DEBUG glance.api.middleware.version_negotiation [None req-a85b9fe0-272d-4ee2-a26c-fe98d553bcae tempest-AttachSCSIVolumeTestJSON-964008916 tempest-AttachSCSIVolumeTestJSON-964008916-project-admin] Using url versioning {{(pid=122724) process_request /opt/stack/glance/glance/api/middleware/version_negotiation.py:57}}
Sep 07 09:49:15.909835 n-d-836830-16 devstack@g-api.service[122724]: DEBUG glance.api.middleware.version_negotiation [None req-a85b9fe0-272d-4ee2-a26c-fe98d553bcae tempest-AttachSCSIVolumeTestJSON-964008916 tempest-AttachSCSIVolumeTestJSON-964008916-project-admin] Matched version: v2 {{(pid=122724) process_request /opt/stack/glance/glance/api/middleware/version_negotiation.py:69}}
Sep 07 09:49:15.910527 n-d-836830-16 devstack@g-api.service[122724]: DEBUG glance.api.middleware.version_negotiation [None req-a85b9fe0-272d-4ee2-a26c-fe98d553bcae tempest-AttachSCSIVolumeTestJSON-964008916 tempest-AttachSCSIVolumeTestJSON-964008916-project-admin] new path /v2/images {{(pid=122724) process_request /opt/stack/glance/glance/api/middleware/version_negotiation.py:70}}
Sep 07 09:49:16.108715 n-d-836830-16 devstack@g-api.service[122724]: [pid: 122724|app: 0|req: 68/146] 127.0.0.1 () {42 vars in 997 bytes} [Wed Sep 7 09:49:15 2022] GET /v2/images?limit=200 => generated 1025 bytes in 201 msecs (HTTP/1.1 200) 4 headers in 158 bytes (1 switches on core 0)
Sep 07 09:49:16.113865 n-d-836830-16 devstack@g-api.service[122724]: DEBUG glance.api.middleware.version_negotiation [None req-f0780f57-ec86-4881-b96b-3867222c5902 tempest-ListImagesTestJSON-1621290290 tempest-ListImagesTestJSON-1621290290-project] Determining version of request: GET /v2/schemas/image Accept: */* {{(pid=122724) process_request /opt/stack/glance/glance/api/middleware/version_negotiation.py:44}}
Sep 07 09:49:16.114675 n-d-836830-16 devstack@g-api.service[122724]: DEBUG glance.api.middleware.version_negotiation [None req-f0780f57-ec86-4881-b96b-3867222c5902 tempest-ListImagesTestJSON-1621290290 tempest-ListImagesTestJSON-1621290290-project] Using url versioning {{(pid=122724) process_request /opt/stack/glance/glance/api/middleware/version_negotiation.py:57}}
Sep 07 09:49:16.116355 n-d-836830-16 devstack@g-api.service[122724]: DEBUG glance.api.middleware.version_negotiation [None req-f0780f57-ec86-4881-b96b-3867222c5902 tempest-ListImagesTestJSON-1621290290 tempest-ListImagesTestJSON-1621290290-project] Matched version: v2 {{(pid=122724) process_request /opt/stack/glance/glance/api/middleware/version_negotiation.py:69}}
Sep 07 09:49:16.116801 n-d-836830-16 devstack@g-api.service[122724]: DEBUG glance.api.middleware.version_negotiation [None req-f0780f57-ec86-4881-b96b-3867222c5902 tempest-ListImagesTestJSON-1621290290 tempest-ListImagesTestJSON-1621290290-project] new path /v2/schemas/image {{(pid=122724) process_request /opt/stack/glance/glance/api/middleware/version_negotiation.py:70}}
Sep 07 09:49:16.149456 n-d-836830-16 devstack@g-api.service[122724]: [pid: 122724|app: 0|req: 69/147] 127.0.0.1 () {42 vars in 992 bytes} [Wed Sep 7 09:49:16 2022] GET /v2/schemas/image => generated 6083 bytes in 39 msecs (HTTP/1.1 200) 4 headers in 158 bytes (1 switches on core 0)
Sep 07 09:49:20.986056 n-d-836830-16 devstack@g-api.service[122723]: [pid: 122723|app: 0|req: 79/148] 127.0.0.1 () {38 vars in 787 bytes} [Wed Sep 7 09:49:15 2022] GET /v2/images/8aa3194e-7f8e-4ddc-8419-88dfe300e0f7/file => generated 645922816 bytes in 5847 msecs (HTTP/1.1 200) 5 headers in 218 bytes (9940 switches on core 0)
Sep 07 09:49:25.161692 n-d-836830-16 devstack@g-api.service[122723]: DEBUG dbcounter [-] [122723] Writing DB stats glance:SELECT=10 {{(pid=122723) stat_writer /usr/local/lib/python3.8/dist-packages/dbcounter.py:114}}
Sep 07 09:49:26.037647 n-d-836830-16 devstack@g-api.service[122724]: DEBUG dbcounter [-] [122724] Writing DB stats glance:SELECT=18 {{(pid=122724) stat_writer /usr/local/lib/python3.8/dist-packages/dbcounter.py:114}}
Sep 07 09:49:30.203700 n-d-836830-16 devstack@g-api.service[122724]: DEBUG glance.api.middleware.version_negotiation [None req-f0780f57-ec86-4881-b96b-3867222c5902 tempest-ListImagesTestJSON-1621290290 tempest-ListImagesTestJSON-1621290290-project] Determining version of request: POST /v2/images Accept: application/json {{(pid=122724) process_request /opt/stack/glance/glance/api/middleware/version_negotiation.py:44}}
Sep 07 09:49:30.204765 n-d-836830-16 devstack@g-api.service[122724]: DEBUG glance.api.middleware.version_negotiation [None req-f0780f57-ec86-4881-b96b-3867222c5902 tempest-ListImagesTestJSON-1621290290 tempest-ListImagesTestJSON-1621290290-project] Using url versioning {{(pid=122724) process_request /opt/stack/glance/glance/api/middleware/version_negotiation.py:57}}
Sep 07 09:49:30.205484 n-d-836830-16 devstack@g-api.service[122724]: DEBUG glance.api.middleware.version_negotiation [None req-f0780f57-ec86-4881-b96b-3867222c5902 tempest-ListImagesTestJSON-1621290290 tempest-ListImagesTestJSON-1621290290-project] Matched version: v2 {{(pid=122724) process_request /opt/stack/glance/glance/api/middleware/version_negotiation.py:69}}
Sep 07 09:49:30.205925 n-d-836830-16 devstack@g-api.service[122724]: DEBUG glance.api.middleware.version_negotiation [None req-f0780f57-ec86-4881-b96b-3867222c5902 tempest-ListImagesTestJSON-1621290290 tempest-ListImagesTestJSON-1621290290-project] new path /v2/images {{(pid=122724) process_request /opt/stack/glance/glance/api/middleware/version_negotiation.py:70}}
Sep 07 09:49:30.334110 n-d-836830-16 devstack@g-api.service[122724]: [pid: 122724|app: 0|req: 70/149] 127.0.0.1 () {40 vars in 725 bytes} [Wed Sep 7 09:49:30 2022] POST /v2/images => generated 689 bytes in 131 msecs (HTTP/1.1 201) 6 headers in 314 bytes (1 switches on core 0)
Sep 07 09:49:30.334864 n-d-836830-16 devstack@g-api.service[122723]: DEBUG glance.api.middleware.version_negotiation [None req-6230f1df-068b-4740-a5ff-5d82ce17abf2 tempest-AttachSCSIVolumeTestJSON-964008916 tempest-AttachSCSIVolumeTestJSON-964008916-project-admin] Determining version of request: PUT /v2/images/a771af3d-3734-4ae1-ae51-e2cf9fe84384/file Accept: {{(pid=122723) process_request /opt/stack/glance/glance/api/middleware/version_negotiation.py:44}}
Sep 07 09:49:30.335745 n-d-836830-16 devstack@g-api.service[122723]: DEBUG glance.api.middleware.version_negotiation [None req-6230f1df-068b-4740-a5ff-5d82ce17abf2 tempest-AttachSCSIVolumeTestJSON-964008916 tempest-AttachSCSIVolumeTestJSON-964008916-project-admin] Using url versioning {{(pid=122723) process_request /opt/stack/glance/glance/api/middleware/version_negotiation.py:57}}
Sep 07 09:49:30.336246 n-d-836830-16 devstack@g-api.service[122723]: DEBUG glance.api.middleware.version_negotiation [None req-6230f1df-068b-4740-a5ff-5d82ce17abf2 tempest-AttachSCSIVolumeTestJSON-964008916 tempest-AttachSCSIVolumeTestJSON-964008916-project-admin] Matched version: v2 {{(pid=122723) process_request /opt/stack/glance/glance/api/middleware/version_negotiation.py:69}}
Sep 07 09:49:30.337248 n-d-836830-16 devstack@g-api.service[122723]: DEBUG glance.api.middleware.version_negotiation [None req-6230f1df-068b-4740-a5ff-5d82ce17abf2 tempest-AttachSCSIVolumeTestJSON-964008916 tempest-AttachSCSIVolumeTestJSON-964008916-project-admin] new path /v2/images/a771af3d-3734-4ae1-ae51-e2cf9fe84384/file {{(pid=122723) process_request /opt/stack/glance/glance/api/middleware/version_negotiation.py:70}}
Sep 07 09:49:30.368587 n-d-836830-16 devstack@g-api.service[122723]: INFO glance.api.v2.image_data [None req-c4ccdf12-ee5a-4bf4-a169-83c22c5d485d tempest-AttachSCSIVolumeTestJSON-964008916 tempest-AttachSCSIVolumeTestJSON-964008916-project-admin] Unable to create trust: no such option collect_timing in group [keystone_authtoken] Use the existing user token.
Sep 07 09:49:30.454383 n-d-836830-16 devstack@g-api.service[122723]: DEBUG glance.location [None req-c4ccdf12-ee5a-4bf4-a169-83c22c5d485d tempest-AttachSCSIVolumeTestJSON-964008916 tempest-AttachSCSIVolumeTestJSON-964008916-project-admin] Enabling in-flight format inspection for vhdx {{(pid=122723) set_data /opt/stack/glance/glance/location.py:581}}
Sep 07 09:49:30.454938 n-d-836830-16 devstack@g-api.service[122723]: DEBUG glance_store.backend [None req-c4ccdf12-ee5a-4bf4-a169-83c22c5d485d tempest-AttachSCSIVolumeTestJSON-964008916 tempest-AttachSCSIVolumeTestJSON-964008916-project-admin] Attempting to import store swift {{(pid=122723) _load_store /usr/local/lib/python3.8/dist-packages/glance_store/backend.py:216}}
Sep 07 09:49:30.467584 n-d-836830-16 devstack@g-api.service[122723]: DEBUG glance_store.capabilities [None req-c4ccdf12-ee5a-4bf4-a169-83c22c5d485d tempest-AttachSCSIVolumeTestJSON-964008916 tempest-AttachSCSIVolumeTestJSON-964008916-project-admin] Store glance_store._drivers.swift.store.SingleTenantStore doesn't support updating dynamic storage capabilities. Please overwrite 'update_capabilities' method of the store to implement updating logics if needed. {{(pid=122723) update_capabilities /usr/local/lib/python3.8/dist-packages/glance_store/capabilities.py:91}}
Sep 07 09:49:30.467924 n-d-836830-16 devstack@g-api.service[122723]: DEBUG glance_store.driver [None req-c4ccdf12-ee5a-4bf4-a169-83c22c5d485d tempest-AttachSCSIVolumeTestJSON-964008916 tempest-AttachSCSIVolumeTestJSON-964008916-project-admin] Late loading location class glance_store._drivers.swift.store.StoreLocation {{(pid=122723) get_store_location_class /usr/local/lib/python3.8/dist-packages/glance_store/driver.py:116}}
Sep 07 09:49:30.468212 n-d-836830-16 devstack@g-api.service[122723]: DEBUG glance_store.location [None req-c4ccdf12-ee5a-4bf4-a169-83c22c5d485d tempest-AttachSCSIVolumeTestJSON-964008916 tempest-AttachSCSIVolumeTestJSON-964008916-project-admin] Registering scheme swift+https with {'store': , 'location_class': , 'store_entry': 'swift'} {{(pid=122723) register_scheme_map /usr/local/lib/python3.8/dist-packages/glance_store/location.py:146}}
Sep 07 09:49:30.468469 n-d-836830-16 devstack@g-api.service[122723]: DEBUG glance_store.location [None req-c4ccdf12-ee5a-4bf4-a169-83c22c5d485d tempest-AttachSCSIVolumeTestJSON-964008916 tempest-AttachSCSIVolumeTestJSON-964008916-project-admin] Registering scheme swift+https with {'store': , 'location_class': , 'store_entry': 'swift'} {{(pid=122723) register_scheme_map /usr/local/lib/python3.8/dist-packages/glance_store/location.py:146}}
Sep 07 09:49:30.468722 n-d-836830-16 devstack@g-api.service[122723]: DEBUG glance_store.location [None req-c4ccdf12-ee5a-4bf4-a169-83c22c5d485d tempest-AttachSCSIVolumeTestJSON-964008916 tempest-AttachSCSIVolumeTestJSON-964008916-project-admin] Registering scheme swift with {'store': , 'location_class': , 'store_entry': 'swift'} {{(pid=122723) register_scheme_map /usr/local/lib/python3.8/dist-packages/glance_store/location.py:146}}
Sep 07 09:49:30.468974 n-d-836830-16 devstack@g-api.service[122723]: DEBUG glance_store.location [None req-c4ccdf12-ee5a-4bf4-a169-83c22c5d485d tempest-AttachSCSIVolumeTestJSON-964008916 tempest-AttachSCSIVolumeTestJSON-964008916-project-admin] Registering scheme swift+https with {'store': , 'location_class': , 'store_entry': 'swift'} {{(pid=122723) register_scheme_map /usr/local/lib/python3.8/dist-packages/glance_store/location.py:146}}
Sep 07 09:49:30.469241 n-d-836830-16 devstack@g-api.service[122723]: DEBUG glance_store.location [None req-c4ccdf12-ee5a-4bf4-a169-83c22c5d485d tempest-AttachSCSIVolumeTestJSON-964008916 tempest-AttachSCSIVolumeTestJSON-964008916-project-admin] Registering scheme swift with {'store': , 'location_class': , 'store_entry': 'swift'} {{(pid=122723) register_scheme_map /usr/local/lib/python3.8/dist-packages/glance_store/location.py:146}}
Sep 07 09:49:30.472382 n-d-836830-16 devstack@g-api.service[122723]: DEBUG glance_store.location [None req-c4ccdf12-ee5a-4bf4-a169-83c22c5d485d tempest-AttachSCSIVolumeTestJSON-964008916 tempest-AttachSCSIVolumeTestJSON-964008916-project-admin] Registering scheme swift+http with {'store': , 'location_class': , 'store_entry': 'swift'} {{(pid=122723) register_scheme_map /usr/local/lib/python3.8/dist-packages/glance_store/location.py:146}}
Sep 07 09:49:30.472656 n-d-836830-16 devstack@g-api.service[122723]: DEBUG glance_store.location [None req-c4ccdf12-ee5a-4bf4-a169-83c22c5d485d tempest-AttachSCSIVolumeTestJSON-964008916 tempest-AttachSCSIVolumeTestJSON-964008916-project-admin] Registering scheme swift+https with {'store': , 'location_class': , 'store_entry': 'swift'} {{(pid=122723) register_scheme_map /usr/local/lib/python3.8/dist-packages/glance_store/location.py:146}}
Sep 07 09:49:30.472913 n-d-836830-16 devstack@g-api.service[122723]: DEBUG glance_store.location [None req-c4ccdf12-ee5a-4bf4-a169-83c22c5d485d tempest-AttachSCSIVolumeTestJSON-964008916 tempest-AttachSCSIVolumeTestJSON-964008916-project-admin] Registering scheme swift with {'store': , 'location_class': , 'store_entry': 'swift'} {{(pid=122723) register_scheme_map /usr/local/lib/python3.8/dist-packages/glance_store/location.py:146}}
Sep 07 09:49:30.473161 n-d-836830-16 devstack@g-api.service[122723]: DEBUG glance_store.location [None req-c4ccdf12-ee5a-4bf4-a169-83c22c5d485d tempest-AttachSCSIVolumeTestJSON-964008916 tempest-AttachSCSIVolumeTestJSON-964008916-project-admin] Registering scheme swift+http with {'store': , 'location_class': , 'store_entry': 'swift'} {{(pid=122723) register_scheme_map /usr/local/lib/python3.8/dist-packages/glance_store/location.py:146}}
Sep 07 09:49:30.473435 n-d-836830-16 devstack@g-api.service[122723]: DEBUG glance_store.location [None req-c4ccdf12-ee5a-4bf4-a169-83c22c5d485d tempest-AttachSCSIVolumeTestJSON-964008916 tempest-AttachSCSIVolumeTestJSON-964008916-project-admin] Registering scheme swift+config with {'store': , 'location_class': , 'store_entry': 'swift'} {{(pid=122723) register_scheme_map /usr/local/lib/python3.8/dist-packages/glance_store/location.py:146}}
Sep 07 09:49:30.935183 n-d-836830-16 devstack@g-api.service[122723]: DEBUG swiftclient [None req-c4ccdf12-ee5a-4bf4-a169-83c22c5d485d tempest-AttachSCSIVolumeTestJSON-964008916 tempest-AttachSCSIVolumeTestJSON-964008916-project-admin] REQ: curl -i http://10.222.0.60:8080/v1/AUTH_11e612ba37bf42a9837d8bdaa4f9cefd/glance -I -H "X-Auth-Token: gAAAAABjGGkqah8h..." {{(pid=122723) http_log /usr/local/lib/python3.8/dist-packages/swiftclient/client.py:157}}
Sep 07 09:49:30.935456 n-d-836830-16 devstack@g-api.service[122723]: DEBUG swiftclient [None req-c4ccdf12-ee5a-4bf4-a169-83c22c5d485d tempest-AttachSCSIVolumeTestJSON-964008916 tempest-AttachSCSIVolumeTestJSON-964008916-project-admin] RESP STATUS: 204 No Content {{(pid=122723) http_log /usr/local/lib/python3.8/dist-packages/swiftclient/client.py:158}}
Sep 07 09:49:30.935871 n-d-836830-16 devstack@g-api.service[122723]: DEBUG swiftclient [None req-c4ccdf12-ee5a-4bf4-a169-83c22c5d485d tempest-AttachSCSIVolumeTestJSON-964008916 tempest-AttachSCSIVolumeTestJSON-964008916-project-admin] RESP HEADERS: {'Content-Type': 'text/plain; charset=utf-8', 'X-Container-Object-Count': '1', 'X-Container-Bytes-Used': '645922816', 'X-Timestamp': '1662543322.49048', 'Last-Modified': 'Wed, 07 Sep 2022 09:35:23 GMT', 'Accept-Ranges': 'bytes', 'X-Storage-Policy': 'Policy-0', 'X-Container-Sharding': 'False', 'Vary': 'Accept', 'Content-Length': '0', 'X-Trans-Id': 'txfac4443c05654b45ac64d-006318692a', 'X-Openstack-Request-Id': 'txfac4443c05654b45ac64d-006318692a', 'Date': 'Wed, 07 Sep 2022 09:49:30 GMT'} {{(pid=122723) http_log /usr/local/lib/python3.8/dist-packages/swiftclient/client.py:159}}
Sep 07 09:49:30.936246 n-d-836830-16 devstack@g-api.service[122723]: DEBUG glance_store._drivers.swift.store [None req-c4ccdf12-ee5a-4bf4-a169-83c22c5d485d tempest-AttachSCSIVolumeTestJSON-964008916 tempest-AttachSCSIVolumeTestJSON-964008916-project-admin] Adding image object 'a771af3d-3734-4ae1-ae51-e2cf9fe84384' to Swift {{(pid=122723) add /usr/local/lib/python3.8/dist-packages/glance_store/_drivers/swift/store.py:941}}
Sep 07 09:49:30.936488 n-d-836830-16 devstack@g-api.service[122723]: DEBUG glance_store._drivers.swift.store [None req-c4ccdf12-ee5a-4bf4-a169-83c22c5d485d tempest-AttachSCSIVolumeTestJSON-964008916 tempest-AttachSCSIVolumeTestJSON-964008916-project-admin] Cannot determine image size because it is either not provided in the request or chunked-transfer encoding is used. Adding image as a segmented object to Swift. {{(pid=122723) add /usr/local/lib/python3.8/dist-packages/glance_store/_drivers/swift/store.py:965}}
Sep 07 09:49:39.111515 n-d-836830-16 devstack@g-api.service[122723]: DEBUG swiftclient [None req-c4ccdf12-ee5a-4bf4-a169-83c22c5d485d tempest-AttachSCSIVolumeTestJSON-964008916 tempest-AttachSCSIVolumeTestJSON-964008916-project-admin] REQ: curl -i http://10.222.0.60:8080/v1/AUTH_11e612ba37bf42a9837d8bdaa4f9cefd/glance/a771af3d-3734-4ae1-ae51-e2cf9fe84384-00001 -X PUT -H "X-Auth-Token: gAAAAABjGGkqah8h..." {{(pid=122723) http_log /usr/local/lib/python3.8/dist-packages/swiftclient/client.py:157}}
Sep 07 09:49:39.112078 n-d-836830-16 devstack@g-api.service[122723]: DEBUG swiftclient [None req-c4ccdf12-ee5a-4bf4-a169-83c22c5d485d tempest-AttachSCSIVolumeTestJSON-964008916 tempest-AttachSCSIVolumeTestJSON-964008916-project-admin] RESP STATUS: 201 Created {{(pid=122723) http_log /usr/local/lib/python3.8/dist-packages/swiftclient/client.py:158}}
Sep 07 09:49:39.112177 n-d-836830-16 devstack@g-api.service[122723]: DEBUG swiftclient [None req-c4ccdf12-ee5a-4bf4-a169-83c22c5d485d tempest-AttachSCSIVolumeTestJSON-964008916 tempest-AttachSCSIVolumeTestJSON-964008916-project-admin] RESP HEADERS: {'Content-Type': 'text/html; charset=UTF-8', 'Content-Length': '0', 'Etag': '048deade7f6ee243fd159705c19dd024', 'Last-Modified': 'Wed, 07 Sep 2022 09:49:31 GMT', 'X-Trans-Id': 'txd5dcbeb861524e18a3130-006318692a', 'X-Openstack-Request-Id': 'txd5dcbeb861524e18a3130-006318692a', 'Date': 'Wed, 07 Sep 2022 09:49:39 GMT'} {{(pid=122723) http_log /usr/local/lib/python3.8/dist-packages/swiftclient/client.py:159}}
Sep 07 09:49:39.112440 n-d-836830-16 devstack@g-api.service[122723]: DEBUG glance_store._drivers.swift.store [None req-c4ccdf12-ee5a-4bf4-a169-83c22c5d485d tempest-AttachSCSIVolumeTestJSON-964008916 tempest-AttachSCSIVolumeTestJSON-964008916-project-admin] Wrote chunk a771af3d-3734-4ae1-ae51-e2cf9fe84384-00001 (1/?) of length 204800000 to Swift returning MD5 of content: 048deade7f6ee243fd159705c19dd024 {{(pid=122723) add /usr/local/lib/python3.8/dist-packages/glance_store/_drivers/swift/store.py:1025}}
Sep 07 09:49:40.318877 n-d-836830-16 devstack@g-api.service[122724]: DEBUG dbcounter [-] [122724] Writing DB stats glance:SELECT=6,glance:INSERT=4 {{(pid=122724) stat_writer /usr/local/lib/python3.8/dist-packages/dbcounter.py:114}}
Sep 07 09:49:40.434499 n-d-836830-16 devstack@g-api.service[122723]: DEBUG dbcounter [-] [122723] Writing DB stats glance:SELECT=12,glance:UPDATE=1 {{(pid=122723) stat_writer /usr/local/lib/python3.8/dist-packages/dbcounter.py:114}}
Sep 07 09:49:41.974570 n-d-836830-16 devstack@g-api.service[122724]: DEBUG glance.api.middleware.version_negotiation [None req-b2b223bd-9579-4a83-9dbd-65ef51697496 tempest-AttachSCSIVolumeTestJSON-964008916 tempest-AttachSCSIVolumeTestJSON-964008916-project-admin] Determining version of request: GET /v2/images/8aa3194e-7f8e-4ddc-8419-88dfe300e0f7 Accept: */* {{(pid=122724) process_request /opt/stack/glance/glance/api/middleware/version_negotiation.py:44}}
Sep 07 09:49:41.975173 n-d-836830-16 devstack@g-api.service[122724]: DEBUG glance.api.middleware.version_negotiation [None req-b2b223bd-9579-4a83-9dbd-65ef51697496 tempest-AttachSCSIVolumeTestJSON-964008916 tempest-AttachSCSIVolumeTestJSON-964008916-project-admin] Using url versioning {{(pid=122724) process_request /opt/stack/glance/glance/api/middleware/version_negotiation.py:57}}
Sep 07 09:49:41.975506 n-d-836830-16 devstack@g-api.service[122724]: DEBUG glance.api.middleware.version_negotiation [None req-b2b223bd-9579-4a83-9dbd-65ef51697496 tempest-AttachSCSIVolumeTestJSON-964008916 tempest-AttachSCSIVolumeTestJSON-964008916-project-admin] Matched version: v2 {{(pid=122724) process_request /opt/stack/glance/glance/api/middleware/version_negotiation.py:69}}
Sep 07 09:49:41.975790 n-d-836830-16 devstack@g-api.service[122724]: DEBUG glance.api.middleware.version_negotiation [None req-b2b223bd-9579-4a83-9dbd-65ef51697496 tempest-AttachSCSIVolumeTestJSON-964008916 tempest-AttachSCSIVolumeTestJSON-964008916-project-admin] new path /v2/images/8aa3194e-7f8e-4ddc-8419-88dfe300e0f7 {{(pid=122724) process_request /opt/stack/glance/glance/api/middleware/version_negotiation.py:70}}
Sep 07 09:49:42.013607 n-d-836830-16 devstack@g-api.service[122724]: [pid: 122724|app: 0|req: 71/150] 127.0.0.1 () {42 vars in 1052 bytes} [Wed Sep 7 09:49:41 2022] GET /v2/images/8aa3194e-7f8e-4ddc-8419-88dfe300e0f7 => generated 946 bytes in 39 msecs (HTTP/1.1 200) 4 headers in 157 bytes (1 switches on core 0)
Sep 07 09:49:42.028483 n-d-836830-16 devstack@g-api.service[122724]: DEBUG glance.api.middleware.version_negotiation [None req-4c1e84ce-e710-4196-8dce-9b20cbfde14b tempest-ServersTestJSON-64554549 tempest-ServersTestJSON-64554549-project] Determining version of request: GET /v2/schemas/image Accept: */* {{(pid=122724) process_request /opt/stack/glance/glance/api/middleware/version_negotiation.py:44}}
Sep 07 09:49:42.028900 n-d-836830-16 devstack@g-api.service[122724]: DEBUG glance.api.middleware.version_negotiation [None req-4c1e84ce-e710-4196-8dce-9b20cbfde14b tempest-ServersTestJSON-64554549 tempest-ServersTestJSON-64554549-project] Using url versioning {{(pid=122724) process_request /opt/stack/glance/glance/api/middleware/version_negotiation.py:57}}
Sep 07 09:49:42.029613 n-d-836830-16 devstack@g-api.service[122724]: DEBUG glance.api.middleware.version_negotiation [None req-4c1e84ce-e710-4196-8dce-9b20cbfde14b tempest-ServersTestJSON-64554549 tempest-ServersTestJSON-64554549-project] Matched version: v2 {{(pid=122724) process_request /opt/stack/glance/glance/api/middleware/version_negotiation.py:69}}
Sep 07 09:49:42.029902 n-d-836830-16 devstack@g-api.service[122724]: DEBUG glance.api.middleware.version_negotiation [None req-4c1e84ce-e710-4196-8dce-9b20cbfde14b tempest-ServersTestJSON-64554549 tempest-ServersTestJSON-64554549-project] new path /v2/schemas/image {{(pid=122724) process_request /opt/stack/glance/glance/api/middleware/version_negotiation.py:70}}
Sep 07 09:49:42.068008 n-d-836830-16 devstack@g-api.service[122724]: [pid: 122724|app: 0|req: 72/151] 127.0.0.1 () {42 vars in 992 bytes} [Wed Sep 7 09:49:42 2022] GET /v2/schemas/image => generated 6083 bytes in 42 msecs (HTTP/1.1 200) 4 headers in 158 bytes (1 switches on core 0)
Sep 07 09:49:49.211750 n-d-836830-16 devstack@g-api.service[122723]: DEBUG swiftclient [None req-c4ccdf12-ee5a-4bf4-a169-83c22c5d485d tempest-AttachSCSIVolumeTestJSON-964008916 tempest-AttachSCSIVolumeTestJSON-964008916-project-admin] REQ: curl -i http://10.222.0.60:8080/v1/AUTH_11e612ba37bf42a9837d8bdaa4f9cefd/glance/a771af3d-3734-4ae1-ae51-e2cf9fe84384-00002 -X PUT -H "X-Auth-Token: gAAAAABjGGkqah8h..." {{(pid=122723) http_log /usr/local/lib/python3.8/dist-packages/swiftclient/client.py:157}}
Sep 07 09:49:49.212529 n-d-836830-16 devstack@g-api.service[122723]: DEBUG swiftclient [None req-c4ccdf12-ee5a-4bf4-a169-83c22c5d485d tempest-AttachSCSIVolumeTestJSON-964008916 tempest-AttachSCSIVolumeTestJSON-964008916-project-admin] RESP STATUS: 201 Created {{(pid=122723) http_log /usr/local/lib/python3.8/dist-packages/swiftclient/client.py:158}}
