Sep 06 16:54:37.993386 n-d-836830-15 devstack@keystone.service[82032]: DEBUG keystone.server.flask.request_processing.req_logging [None req-c7d20daf-c214-4ace-91da-e65fae72e6f4 None admin] PATH_INFO: `/v3/roles` {{(pid=82032) log_request_info /opt/stack/keystone/keystone/server/flask/request_processing/req_logging.py:29}}
Sep 06 16:54:37.994057 n-d-836830-15 devstack@keystone.service[82032]: DEBUG keystone.common.rbac_enforcer.enforcer [None req-c7d20daf-c214-4ace-91da-e65fae72e6f4 None admin] RBAC: Adding query filter params (name=member) {{(pid=82032) _extract_filter_values /opt/stack/keystone/keystone/common/rbac_enforcer/enforcer.py:167}}
Sep 06 16:54:37.994364 n-d-836830-15 devstack@keystone.service[82032]: DEBUG keystone.common.rbac_enforcer.enforcer [None req-c7d20daf-c214-4ace-91da-e65fae72e6f4 None admin] RBAC: Authorizing `identity:list_roles()` {{(pid=82032) enforce_call /opt/stack/keystone/keystone/common/rbac_enforcer/enforcer.py:449}}
Sep 06 16:54:37.995844 n-d-836830-15 devstack@keystone.service[82032]: DEBUG keystone.common.rbac_enforcer.enforcer [None req-c7d20daf-c214-4ace-91da-e65fae72e6f4 None admin] RBAC: Authorization granted {{(pid=82032) enforce_call /opt/stack/keystone/keystone/common/rbac_enforcer/enforcer.py:457}}
Sep 06 16:54:38.005569 n-d-836830-15 devstack@keystone.service[82032]: [pid: 82032|app: 0|req: 155/310] 10.222.0.69 () {56 vars in 1101 bytes} [Tue Sep 6 16:54:37 2022] GET /identity/v3/roles?name=member => generated 341 bytes in 158 msecs (HTTP/1.1 200) 5 headers in 177 bytes (1 switches on core 0)
Sep 06 16:54:38.011234 n-d-836830-15 devstack@keystone.service[82033]: DEBUG keystone.server.flask.request_processing.middleware.auth_context [None req-a0213ab2-7a76-42b0-a8de-23e581dc00a5 None admin] Authenticating user token {{(pid=82033) process_request /usr/local/lib/python3.8/dist-packages/keystonemiddleware/auth_token/__init__.py:407}}
Sep 06 16:54:38.090311 n-d-836830-15 devstack@keystone.service[82033]: DEBUG dbcounter [-] [82033] Writing DB stats keystone:SELECT=100 {{(pid=82033) stat_writer /usr/local/lib/python3.8/dist-packages/dbcounter.py:114}}
Sep 06 16:54:38.110602 n-d-836830-15 devstack@keystone.service[82032]: DEBUG keystone.server.flask.request_processing.middleware.auth_context [None req-c7d20daf-c214-4ace-91da-e65fae72e6f4 None admin] Authenticating user token {{(pid=82032) process_request /usr/local/lib/python3.8/dist-packages/keystonemiddleware/auth_token/__init__.py:407}}
Sep 06 16:54:38.117288 n-d-836830-15 devstack@keystone.service[82033]: DEBUG keystone.server.flask.request_processing.middleware.auth_context [None req-a0213ab2-7a76-42b0-a8de-23e581dc00a5 None admin] Validating token access rules against request {{(pid=82033) validate_allowed_request /usr/local/lib/python3.8/dist-packages/keystonemiddleware/auth_token/__init__.py:545}}
Sep 06 16:54:38.148530 n-d-836830-15 devstack@keystone.service[82032]: DEBUG dbcounter [-] [82032] Writing DB stats keystone:SELECT=100 {{(pid=82032) stat_writer /usr/local/lib/python3.8/dist-packages/dbcounter.py:114}}
Sep 06 16:54:38.158442 n-d-836830-15 devstack@keystone.service[82033]: DEBUG keystone.server.flask.request_processing.middleware.auth_context [None req-6ecbc4e3-6291-4a86-91be-344f578c6c81 None admin] RBAC: auth_context: {'token': , 'domain_id': None, 'trust_id': None, 'trustor_id': None, 'trustee_id': None, 'domain_name': None, 'group_ids': [], 'user_id': '1ac0c4f93ad045a6ac50681f17cae0c6', 'user_domain_id': 'default', 'system_scope': 'all', 'project_id': None, 'project_domain_id': None, 'roles': ['admin', 'member', 'reader'], 'is_admin_project': True, 'service_user_id': None, 'service_user_domain_id': None, 'service_project_id': None, 'service_project_domain_id': None, 'service_roles': []} {{(pid=82033) fill_context /opt/stack/keystone/keystone/server/flask/request_processing/middleware/auth_context.py:478}}
Sep 06 16:54:38.159526 n-d-836830-15 devstack@keystone.service[82033]: DEBUG keystone.server.flask.request_processing.req_logging [None req-6ecbc4e3-6291-4a86-91be-344f578c6c81 None admin] REQUEST_METHOD: `GET` {{(pid=82033) log_request_info /opt/stack/keystone/keystone/server/flask/request_processing/req_logging.py:27}}
Sep 06 16:54:38.159802 n-d-836830-15 devstack@keystone.service[82033]: DEBUG keystone.server.flask.request_processing.req_logging [None req-6ecbc4e3-6291-4a86-91be-344f578c6c81 None admin] SCRIPT_NAME: `/identity` {{(pid=82033) log_request_info /opt/stack/keystone/keystone/server/flask/request_processing/req_logging.py:28}}
Sep 06 16:54:38.160069 n-d-836830-15 devstack@keystone.service[82033]: DEBUG keystone.server.flask.request_processing.req_logging [None req-6ecbc4e3-6291-4a86-91be-344f578c6c81 None admin] PATH_INFO: `/v3/users/835ac6d7f8f24a5eb879b9b77cf149bf` {{(pid=82033) log_request_info /opt/stack/keystone/keystone/server/flask/request_processing/req_logging.py:29}}
Sep 06 16:54:38.161628 n-d-836830-15 devstack@keystone.service[82033]: DEBUG keystone.common.rbac_enforcer.enforcer [None req-6ecbc4e3-6291-4a86-91be-344f578c6c81 None admin] RBAC: Authorizing `identity:get_user(user_id=835ac6d7f8f24a5eb879b9b77cf149bf)` {{(pid=82033) enforce_call /opt/stack/keystone/keystone/common/rbac_enforcer/enforcer.py:449}}
Sep 06 16:54:38.163404 n-d-836830-15 devstack@keystone.service[82033]: DEBUG keystone.common.rbac_enforcer.enforcer [None req-6ecbc4e3-6291-4a86-91be-344f578c6c81 None admin] RBAC: Authorization granted {{(pid=82033) enforce_call /opt/stack/keystone/keystone/common/rbac_enforcer/enforcer.py:457}}
Sep 06 16:54:38.165706 n-d-836830-15 devstack@keystone.service[82033]: [pid: 82033|app: 0|req: 156/311] 10.222.0.69 () {56 vars in 1177 bytes} [Tue Sep 6 16:54:38 2022] GET /identity/v3/users/835ac6d7f8f24a5eb879b9b77cf149bf => generated 293 bytes in 155 msecs (HTTP/1.1 200) 5 headers in 177 bytes (1 switches on core 0)
Sep 06 16:54:38.172644 n-d-836830-15 devstack@keystone.service[82033]: DEBUG keystone.server.flask.request_processing.middleware.auth_context [None req-6ecbc4e3-6291-4a86-91be-344f578c6c81 None admin] Authenticating user token {{(pid=82033) process_request /usr/local/lib/python3.8/dist-packages/keystonemiddleware/auth_token/__init__.py:407}}
Sep 06 16:54:38.230040 n-d-836830-15 devstack@keystone.service[82032]: DEBUG keystone.server.flask.request_processing.middleware.auth_context [None req-c7d20daf-c214-4ace-91da-e65fae72e6f4 None admin] Validating token access rules against request {{(pid=82032) validate_allowed_request /usr/local/lib/python3.8/dist-packages/keystonemiddleware/auth_token/__init__.py:545}}
Sep 06 16:54:38.270589 n-d-836830-15 devstack@keystone.service[82032]: DEBUG keystone.server.flask.request_processing.middleware.auth_context [None req-a4d50157-2a5c-4b6b-a30c-40df1cc59db3 None admin] RBAC: auth_context: {'token': , 'domain_id': None, 'trust_id': None, 'trustor_id': None, 'trustee_id': None, 'domain_name': None, 'group_ids': [], 'user_id': '1ac0c4f93ad045a6ac50681f17cae0c6', 'user_domain_id': 'default', 'system_scope': 'all', 'project_id': None, 'project_domain_id': None, 'roles': ['admin', 'member', 'reader'], 'is_admin_project': True, 'service_user_id': None, 'service_user_domain_id': None, 'service_project_id': None, 'service_project_domain_id': None, 'service_roles': []} {{(pid=82032) fill_context /opt/stack/keystone/keystone/server/flask/request_processing/middleware/auth_context.py:478}}
Sep 06 16:54:38.271339 n-d-836830-15 devstack@keystone.service[82032]: DEBUG keystone.server.flask.request_processing.req_logging [None req-a4d50157-2a5c-4b6b-a30c-40df1cc59db3 None admin] REQUEST_METHOD: `GET` {{(pid=82032) log_request_info /opt/stack/keystone/keystone/server/flask/request_processing/req_logging.py:27}}
Sep 06 16:54:38.271684 n-d-836830-15 devstack@keystone.service[82032]: DEBUG keystone.server.flask.request_processing.req_logging [None req-a4d50157-2a5c-4b6b-a30c-40df1cc59db3 None admin] SCRIPT_NAME: `/identity` {{(pid=82032) log_request_info /opt/stack/keystone/keystone/server/flask/request_processing/req_logging.py:28}}
Sep 06 16:54:38.272029 n-d-836830-15 devstack@keystone.service[82032]: DEBUG keystone.server.flask.request_processing.req_logging [None req-a4d50157-2a5c-4b6b-a30c-40df1cc59db3 None admin] PATH_INFO: `/v3/roles/reader` {{(pid=82032) log_request_info /opt/stack/keystone/keystone/server/flask/request_processing/req_logging.py:29}}
Sep 06 16:54:38.287312 n-d-836830-15 devstack@keystone.service[82032]: DEBUG keystone.common.rbac_enforcer.enforcer [None req-a4d50157-2a5c-4b6b-a30c-40df1cc59db3 None admin] Extracting inferred target data resulted in "NOT FOUND (404)". {{(pid=82032) enforce_call /opt/stack/keystone/keystone/common/rbac_enforcer/enforcer.py:409}}
Sep 06 16:54:38.293576 n-d-836830-15 devstack@keystone.service[82032]: ERROR keystone.server.flask.application [None req-a4d50157-2a5c-4b6b-a30c-40df1cc59db3 None admin] Could not find role: reader.: keystone.exception.RoleNotFound: Could not find role: reader.
Sep 06 16:54:38.293576 n-d-836830-15 devstack@keystone.service[82032]: ERROR keystone.server.flask.application
Traceback (most recent call last):
Sep 06 16:54:38.293576 n-d-836830-15 devstack@keystone.service[82032]: ERROR keystone.server.flask.application
File "/usr/local/lib/python3.8/dist-packages/flask/app.py", line 1820, in full_dispatch_request
Sep 06 16:54:38.293576 n-d-836830-15 devstack@keystone.service[82032]: ERROR keystone.server.flask.application rv = self.dispatch_request()
Sep 06 16:54:38.293576 n-d-836830-15 devstack@keystone.service[82032]: ERROR keystone.server.flask.application
File "/usr/local/lib/python3.8/dist-packages/flask/app.py", line 1796, in dispatch_request
Sep 06 16:54:38.293576 n-d-836830-15 devstack@keystone.service[82032]: ERROR keystone.server.flask.application return self.ensure_sync(self.view_functions[rule.endpoint])(**view_args)
Sep 06 16:54:38.293576 n-d-836830-15 devstack@keystone.service[82032]: ERROR keystone.server.flask.application
File "/usr/local/lib/python3.8/dist-packages/flask_restful/__init__.py", line 467, in wrapper
Sep 06 16:54:38.293576 n-d-836830-15 devstack@keystone.service[82032]: ERROR keystone.server.flask.application resp = resource(*args, **kwargs)
Sep 06 16:54:38.293576 n-d-836830-15 devstack@keystone.service[82032]: ERROR keystone.server.flask.application
File "/usr/local/lib/python3.8/dist-packages/flask/views.py", line 107, in view
Sep 06 16:54:38.293576 n-d-836830-15 devstack@keystone.service[82032]: ERROR keystone.server.flask.application return current_app.ensure_sync(self.dispatch_request)(**kwargs)
Sep 06 16:54:38.293576 n-d-836830-15 devstack@keystone.service[82032]: ERROR keystone.server.flask.application
File "/usr/local/lib/python3.8/dist-packages/flask_restful/__init__.py", line 582, in dispatch_request
Sep 06 16:54:38.293576 n-d-836830-15 devstack@keystone.service[82032]: ERROR keystone.server.flask.application resp = meth(*args, **kwargs)
Sep 06 16:54:38.293576 n-d-836830-15 devstack@keystone.service[82032]: ERROR keystone.server.flask.application
File "/opt/stack/keystone/keystone/api/roles.py", line 50, in get
Sep 06 16:54:38.293576 n-d-836830-15 devstack@keystone.service[82032]: ERROR keystone.server.flask.application return self._get_role(role_id)
Sep 06 16:54:38.293576 n-d-836830-15 devstack@keystone.service[82032]: ERROR keystone.server.flask.application
File "/opt/stack/keystone/keystone/api/roles.py", line 70, in _get_role
Sep 06 16:54:38.293576 n-d-836830-15 devstack@keystone.service[82032]: ERROR keystone.server.flask.application ENFORCER.enforce_call(action='identity:get_role')
Sep 06 16:54:38.295346 n-d-836830-15 devstack@keystone.service[82032]: ERROR keystone.server.flask.application
File "/opt/stack/keystone/keystone/common/rbac_enforcer/enforcer.py", line 402, in enforce_call
Sep 06 16:54:38.295346 n-d-836830-15 devstack@keystone.service[82032]: ERROR keystone.server.flask.application policy_dict.update(cls._extract_member_target_data(
Sep 06 16:54:38.295346 n-d-836830-15 devstack@keystone.service[82032]: ERROR keystone.server.flask.application
File "/opt/stack/keystone/keystone/common/rbac_enforcer/enforcer.py", line 234, in _extract_member_target_data
Sep 06 16:54:38.295346 n-d-836830-15 devstack@keystone.service[82032]: ERROR keystone.server.flask.application member_name: func(flask.request.view_args[key])
Sep 06 16:54:38.295346 n-d-836830-15 devstack@keystone.service[82032]: ERROR keystone.server.flask.application
File "/opt/stack/keystone/keystone/common/manager.py", line 115, in wrapped
Sep 06 16:54:38.295346 n-d-836830-15 devstack@keystone.service[82032]: ERROR keystone.server.flask.application __ret_val = __f(*args, **kwargs)
Sep 06 16:54:38.295346 n-d-836830-15 devstack@keystone.service[82032]: ERROR keystone.server.flask.application
File "/usr/local/lib/python3.8/dist-packages/decorator.py", line 232, in fun
Sep 06 16:54:38.295346 n-d-836830-15 devstack@keystone.service[82032]: ERROR keystone.server.flask.application return caller(func, *(extras + args), **kw)
Sep 06 16:54:38.295346 n-d-836830-15 devstack@keystone.service[82032]: ERROR keystone.server.flask.application
File "/usr/local/lib/python3.8/dist-packages/dogpile/cache/region.py", line 1577, in get_or_create_for_user_func
Sep 06 16:54:38.295346 n-d-836830-15 devstack@keystone.service[82032]: ERROR keystone.server.flask.application return self.get_or_create(
Sep 06 16:54:38.295346 n-d-836830-15 devstack@keystone.service[82032]: ERROR keystone.server.flask.application
File "/usr/local/lib/python3.8/dist-packages/dogpile/cache/region.py", line 1042, in get_or_create
Sep 06 16:54:38.295346 n-d-836830-15 devstack@keystone.service[82032]: ERROR keystone.server.flask.application with Lock(
Sep 06 16:54:38.295346 n-d-836830-15 devstack@keystone.service[82032]: ERROR keystone.server.flask.application
File "/usr/local/lib/python3.8/dist-packages/dogpile/lock.py", line 185, in __enter__
Sep 06 16:54:38.295346 n-d-836830-15 devstack@keystone.service[82032]: ERROR keystone.server.flask.application return self._enter()
Sep 06 16:54:38.295346 n-d-836830-15 devstack@keystone.service[82032]: ERROR keystone.server.flask.application
File "/usr/local/lib/python3.8/dist-packages/dogpile/lock.py", line 94, in _enter
Sep 06 16:54:38.295346 n-d-836830-15 devstack@keystone.service[82032]: ERROR keystone.server.flask.application generated = self._enter_create(value, createdtime)
Sep 06 16:54:38.296304 n-d-836830-15 devstack@keystone.service[82032]: ERROR keystone.server.flask.application
File "/usr/local/lib/python3.8/dist-packages/dogpile/lock.py", line 178, in _enter_create
Sep 06 16:54:38.296304 n-d-836830-15 devstack@keystone.service[82032]: ERROR keystone.server.flask.application return self.creator()
Sep 06 16:54:38.296304 n-d-836830-15 devstack@keystone.service[82032]: ERROR keystone.server.flask.application
File "/usr/local/lib/python3.8/dist-packages/dogpile/cache/region.py", line 995, in gen_value
Sep 06 16:54:38.296304 n-d-836830-15 devstack@keystone.service[82032]: ERROR keystone.server.flask.application created_value = creator(
Sep 06 16:54:38.296304 n-d-836830-15 devstack@keystone.service[82032]: ERROR keystone.server.flask.application
File "/opt/stack/keystone/keystone/assignment/core.py", line 1276, in get_role
Sep 06 16:54:38.296304 n-d-836830-15 devstack@keystone.service[82032]: ERROR keystone.server.flask.application return self.driver.get_role(role_id)
Sep 06 16:54:38.296304 n-d-836830-15 devstack@keystone.service[82032]: ERROR keystone.server.flask.application
File "/opt/stack/keystone/keystone/assignment/role_backends/sql.py", line 70, in get_role
Sep 06 16:54:38.296304 n-d-836830-15 devstack@keystone.service[82032]: ERROR keystone.server.flask.application return self._get_role(session, role_id).to_dict()
Sep 06 16:54:38.296304 n-d-836830-15 devstack@keystone.service[82032]: ERROR keystone.server.flask.application
File "/opt/stack/keystone/keystone/assignment/role_backends/sql.py", line 65, in _get_role
Sep 06 16:54:38.296304 n-d-836830-15 devstack@keystone.service[82032]: ERROR keystone.server.flask.application raise exception.RoleNotFound(role_id=role_id)
Sep 06 16:54:38.296304 n-d-836830-15 devstack@keystone.service[82032]: ERROR keystone.server.flask.application keystone.exception.RoleNotFound: Could not find role: reader.
Sep 06 16:54:38.296304 n-d-836830-15 devstack@keystone.service[82032]: ERROR keystone.server.flask.application
Sep 06 16:54:38.302044 n-d-836830-15 devstack@keystone.service[82032]: [pid: 82032|app: 0|req: 156/312] 10.222.0.69 () {56 vars in 1099 bytes} [Tue Sep 6 16:54:38 2022] GET /identity/v3/roles/reader => generated 84 bytes in 188 msecs (HTTP/1.1 404) 5 headers in 183 bytes (2 switches on core 0)
Sep 06 16:54:38.303622 n-d-836830-15 devstack@keystone.service[82032]: DEBUG keystone.server.flask.request_processing.middleware.auth_context [None req-a4d50157-2a5c-4b6b-a30c-40df1cc59db3 None admin] Authenticating user token {{(pid=82032) process_request /usr/local/lib/python3.8/dist-packages/keystonemiddleware/auth_token/__init__.py:407}}
Sep 06 16:54:38.308687 n-d-836830-15 devstack@keystone.service[82033]: DEBUG keystone.server.flask.request_processing.middleware.auth_context [None req-6ecbc4e3-6291-4a86-91be-344f578c6c81 None admin] Validating token access rules against request {{(pid=82033) validate_allowed_request /usr/local/lib/python3.8/dist-packages/keystonemiddleware/auth_token/__init__.py:545}}
Sep 06 16:54:38.344581 n-d-836830-15 devstack@keystone.service[82033]: DEBUG keystone.server.flask.request_processing.middleware.auth_context [None req-768f67d7-ba2f-4879-b5d4-d83648f2f2f1 None admin] RBAC: auth_context: {'token': , 'domain_id': None, 'trust_id': None, 'trustor_id': None, 'trustee_id': None, 'domain_name': None, 'group_ids': [], 'user_id': '1ac0c4f93ad045a6ac50681f17cae0c6', 'user_domain_id': 'default', 'system_scope': 'all', 'project_id': None, 'project_domain_id': None, 'roles': ['admin', 'member', 'reader'], 'is_admin_project': True, 'service_user_id': None, 'service_user_domain_id': None, 'service_project_id': None, 'service_project_domain_id': None, 'service_roles': []} {{(pid=82033) fill_context /opt/stack/keystone/keystone/server/flask/request_processing/middleware/auth_context.py:478}}
Sep 06 16:54:38.345036 n-d-836830-15 devstack@keystone.service[82033]: DEBUG keystone.server.flask.request_processing.req_logging [None req-768f67d7-ba2f-4879-b5d4-d83648f2f2f1 None admin] REQUEST_METHOD: `PUT` {{(pid=82033) log_request_info /opt/stack/keystone/keystone/server/flask/request_processing/req_logging.py:27}}
Sep 06 16:54:38.345318 n-d-836830-15 devstack@keystone.service[82033]: DEBUG keystone.server.flask.request_processing.req_logging [None req-768f67d7-ba2f-4879-b5d4-d83648f2f2f1 None admin] SCRIPT_NAME: `/identity` {{(pid=82033) log_request_info /opt/stack/keystone/keystone/server/flask/request_processing/req_logging.py:28}}
Sep 06 16:54:38.345594 n-d-836830-15 devstack@keystone.service[82033]: DEBUG keystone.server.flask.request_processing.req_logging [None req-768f67d7-ba2f-4879-b5d4-d83648f2f2f1 None admin] PATH_INFO: `/v3/system/users/835ac6d7f8f24a5eb879b9b77cf149bf/roles/fc407ddeef6a453a946a0c961e52df2d` {{(pid=82033) log_request_info /opt/stack/keystone/keystone/server/flask/request_processing/req_logging.py:29}}
Sep 06 16:54:38.347044 n-d-836830-15 devstack@keystone.service[82033]: DEBUG keystone.common.rbac_enforcer.enforcer [None req-768f67d7-ba2f-4879-b5d4-d83648f2f2f1 None admin] RBAC: Authorizing `identity:create_system_grant_for_user(user_id=835ac6d7f8f24a5eb879b9b77cf149bf, role_id=fc407ddeef6a453a946a0c961e52df2d)` {{(pid=82033) enforce_call /opt/stack/keystone/keystone/common/rbac_enforcer/enforcer.py:449}}
Sep 06 16:54:38.348418 n-d-836830-15 devstack@keystone.service[82033]: DEBUG keystone.common.rbac_enforcer.enforcer [None req-768f67d7-ba2f-4879-b5d4-d83648f2f2f1 None admin] RBAC: Authorization granted {{(pid=82033) enforce_call /opt/stack/keystone/keystone/common/rbac_enforcer/enforcer.py:457}}
Sep 06 16:54:38.404957 n-d-836830-15 devstack@keystone.service[82032]: DEBUG dbcounter [-] [82032] Writing DB stats keystone:SELECT=100 {{(pid=82032) stat_writer /usr/local/lib/python3.8/dist-packages/dbcounter.py:114}}
Sep 06 16:54:38.414567 n-d-836830-15 devstack@keystone.service[82032]: DEBUG keystone.server.flask.request_processing.middleware.auth_context [None req-a4d50157-2a5c-4b6b-a30c-40df1cc59db3 None admin] Validating token access rules against request {{(pid=82032) validate_allowed_request /usr/local/lib/python3.8/dist-packages/keystonemiddleware/auth_token/__init__.py:545}}
Sep 06 16:54:38.423294 n-d-836830-15 devstack@keystone.service[82033]: [pid: 82033|app: 0|req: 157/313] 10.222.0.69 () {58 vars in 1334 bytes} [Tue Sep 6 16:54:38 2022] PUT /identity/v3/system/users/835ac6d7f8f24a5eb879b9b77cf149bf/roles/fc407ddeef6a453a946a0c961e52df2d => generated 0 bytes in 251 msecs (HTTP/1.1 204) 3 headers in 132 bytes (0 switches on core 0)
Sep 06 16:54:38.467145 n-d-836830-15 devstack@keystone.service[82032]: DEBUG keystone.server.flask.request_processing.middleware.auth_context [None req-7a96cae1-4e68-42f9-aa52-b8371e78fc26 None admin] RBAC: auth_context: {'token': , 'domain_id': None, 'trust_id': None, 'trustor_id': None, 'trustee_id': None, 'domain_name': None, 'group_ids': [], 'user_id': '1ac0c4f93ad045a6ac50681f17cae0c6', 'user_domain_id': 'default', 'system_scope': 'all', 'project_id': None, 'project_domain_id': None, 'roles': ['admin', 'member', 'reader'], 'is_admin_project': True, 'service_user_id': None, 'service_user_domain_id': None, 'service_project_id': None, 'service_project_domain_id': None, 'service_roles': []} {{(pid=82032) fill_context /opt/stack/keystone/keystone/server/flask/request_processing/middleware/auth_context.py:478}}
Sep 06 16:54:38.468351 n-d-836830-15 devstack@keystone.service[82032]: DEBUG keystone.server.flask.request_processing.req_logging [None req-7a96cae1-4e68-42f9-aa52-b8371e78fc26 None admin] REQUEST_METHOD: `GET` {{(pid=82032) log_request_info /opt/stack/keystone/keystone/server/flask/request_processing/req_logging.py:27}}
Sep 06 16:54:38.468934 n-d-836830-15 devstack@keystone.service[82032]: DEBUG keystone.server.flask.request_processing.req_logging [None req-7a96cae1-4e68-42f9-aa52-b8371e78fc26 None admin] SCRIPT_NAME: `/identity` {{(pid=82032) log_request_info /opt/stack/keystone/keystone/server/flask/request_processing/req_logging.py:28}}
Sep 06 16:54:38.469427 n-d-836830-15 devstack@keystone.service[82032]: DEBUG keystone.server.flask.request_processing.req_logging [None req-7a96cae1-4e68-42f9-aa52-b8371e78fc26 None admin] PATH_INFO: `/v3/roles` {{(pid=82032) log_request_info /opt/stack/keystone/keystone/server/flask/request_processing/req_logging.py:29}}
Sep 06 16:54:38.470322 n-d-836830-15 devstack@keystone.service[82032]: DEBUG keystone.common.rbac_enforcer.enforcer [None req-7a96cae1-4e68-42f9-aa52-b8371e78fc26 None admin] RBAC: Adding query filter params (name=reader) {{(pid=82032) _extract_filter_values /opt/stack/keystone/keystone/common/rbac_enforcer/enforcer.py:167}}
Sep 06 16:54:38.470982 n-d-836830-15 devstack@keystone.service[82032]: DEBUG keystone.common.rbac_enforcer.enforcer [None req-7a96cae1-4e68-42f9-aa52-b8371e78fc26 None admin] RBAC: Authorizing `identity:list_roles()` {{(pid=82032) enforce_call /opt/stack/keystone/keystone/common/rbac_enforcer/enforcer.py:449}}
Sep 06 16:54:38.472660 n-d-836830-15 devstack@keystone.service[82032]: DEBUG keystone.common.rbac_enforcer.enforcer [None req-7a96cae1-4e68-42f9-aa52-b8371e78fc26 None admin] RBAC: Authorization granted {{(pid=82032) enforce_call /opt/stack/keystone/keystone/common/rbac_enforcer/enforcer.py:457}}
Sep 06 16:54:38.489167 n-d-836830-15 devstack@keystone.service[82032]: [pid: 82032|app: 0|req: 157/314] 10.222.0.69 () {56 vars in 1101 bytes} [Tue Sep 6 16:54:38 2022] GET /identity/v3/roles?name=reader => generated 341 bytes in 181 msecs (HTTP/1.1 200) 5 headers in 177 bytes (1 switches on core 0)
Sep 06 16:54:38.491226 n-d-836830-15 devstack@keystone.service[82033]: DEBUG keystone.server.flask.request_processing.middleware.auth_context [None req-768f67d7-ba2f-4879-b5d4-d83648f2f2f1 None admin] Authenticating user token {{(pid=82033) process_request /usr/local/lib/python3.8/dist-packages/keystonemiddleware/auth_token/__init__.py:407}}
Sep 06 16:54:38.502368 n-d-836830-15 devstack@keystone.service[82033]: DEBUG dbcounter [-] [82033] Writing DB stats keystone:SELECT=99,keystone:INSERT=1 {{(pid=82033) stat_writer /usr/local/lib/python3.8/dist-packages/dbcounter.py:114}}
Sep 06 16:54:38.602169 n-d-836830-15 devstack@keystone.service[82033]: DEBUG keystone.server.flask.request_processing.middleware.auth_context [None req-768f67d7-ba2f-4879-b5d4-d83648f2f2f1 None admin] Validating token access rules against request {{(pid=82033) validate_allowed_request /usr/local/lib/python3.8/dist-packages/keystonemiddleware/auth_token/__init__.py:545}}
Sep 06 16:54:38.635568 n-d-836830-15 devstack@keystone.service[82033]: DEBUG keystone.server.flask.request_processing.middleware.auth_context [None req-f85caa22-30d3-47a0-a866-216be7ba3fb3 None admin] RBAC: auth_context: {'token': , 'domain_id': None, 'trust_id': None, 'trustor_id': None, 'trustee_id': None, 'domain_name': None, 'group_ids': [], 'user_id': '1ac0c4f93ad045a6ac50681f17cae0c6', 'user_domain_id': 'default', 'system_scope': 'all', 'project_id': None, 'project_domain_id': None, 'roles': ['admin', 'member', 'reader'], 'is_admin_project': True, 'service_user_id': None, 'service_user_domain_id': None, 'service_project_id': None, 'service_project_domain_id': None, 'service_roles': []} {{(pid=82033) fill_context /opt/stack/keystone/keystone/server/flask/request_processing/middleware/auth_context.py:478}}
Sep 06 16:54:38.636200 n-d-836830-15 devstack@keystone.service[82033]: DEBUG keystone.server.flask.request_processing.req_logging [None req-f85caa22-30d3-47a0-a866-216be7ba3fb3 None admin] REQUEST_METHOD: `GET` {{(pid=82033) log_request_info /opt/stack/keystone/keystone/server/flask/request_processing/req_logging.py:27}}
Sep 06 16:54:38.636476 n-d-836830-15 devstack@keystone.service[82033]: DEBUG keystone.server.flask.request_processing.req_logging [None req-f85caa22-30d3-47a0-a866-216be7ba3fb3 None admin] SCRIPT_NAME: `/identity` {{(pid=82033) log_request_info /opt/stack/keystone/keystone/server/flask/request_processing/req_logging.py:28}}
Sep 06 16:54:38.636743 n-d-836830-15 devstack@keystone.service[82033]: DEBUG keystone.server.flask.request_processing.req_logging [None req-f85caa22-30d3-47a0-a866-216be7ba3fb3 None admin] PATH_INFO: `/v3/users/458775ef57294517b2b94722da98bb1f` {{(pid=82033) log_request_info /opt/stack/keystone/keystone/server/flask/request_processing/req_logging.py:29}}
Sep 06 16:54:38.637856 n-d-836830-15 devstack@keystone.service[82033]: DEBUG keystone.common.rbac_enforcer.enforcer [None req-f85caa22-30d3-47a0-a866-216be7ba3fb3 None admin] RBAC: Authorizing `identity:get_user(user_id=458775ef57294517b2b94722da98bb1f)` {{(pid=82033) enforce_call /opt/stack/keystone/keystone/common/rbac_enforcer/enforcer.py:449}}
Sep 06 16:54:38.640156 n-d-836830-15 devstack@keystone.service[82033]: DEBUG keystone.common.rbac_enforcer.enforcer [None req-f85caa22-30d3-47a0-a866-216be7ba3fb3 None admin] RBAC: Authorization granted {{(pid=82033) enforce_call /opt/stack/keystone/keystone/common/rbac_enforcer/enforcer.py:457}}
Sep 06 16:54:38.641908 n-d-836830-15 devstack@keystone.service[82033]: [pid: 82033|app: 0|req: 158/315] 10.222.0.69 () {56 vars in 1177 bytes} [Tue Sep 6 16:54:38 2022] GET /identity/v3/users/458775ef57294517b2b94722da98bb1f => generated 297 bytes in 151 msecs (HTTP/1.1 200) 5 headers in 177 bytes (1 switches on core 0)
Sep 06 16:54:38.647574 n-d-836830-15 devstack@keystone.service[82032]: DEBUG keystone.server.flask.request_processing.middleware.auth_context [None req-7a96cae1-4e68-42f9-aa52-b8371e78fc26 None admin] Authenticating user token {{(pid=82032) process_request /usr/local/lib/python3.8/dist-packages/keystonemiddleware/auth_token/__init__.py:407}}
Sep 06 16:54:38.750613 n-d-836830-15 devstack@keystone.service[82032]: DEBUG keystone.server.flask.request_processing.middleware.auth_context [None req-7a96cae1-4e68-42f9-aa52-b8371e78fc26 None admin] Validating token access rules against request {{(pid=82032) validate_allowed_request /usr/local/lib/python3.8/dist-packages/keystonemiddleware/auth_token/__init__.py:545}}
Sep 06 16:54:38.786464 n-d-836830-15 devstack@keystone.service[82032]: DEBUG keystone.server.flask.request_processing.middleware.auth_context [None req-df56d201-eafc-4aad-9f41-cf3dcd5cf5bd None admin] RBAC: auth_context: {'token': , 'domain_id': None, 'trust_id': None, 'trustor_id': None, 'trustee_id': None, 'domain_name': None, 'group_ids': [], 'user_id': '1ac0c4f93ad045a6ac50681f17cae0c6', 'user_domain_id': 'default', 'system_scope': 'all', 'project_id': None, 'project_domain_id': None, 'roles': ['admin', 'member', 'reader'], 'is_admin_project': True, 'service_user_id': None, 'service_user_domain_id': None, 'service_project_id': None, 'service_project_domain_id': None, 'service_roles': []} {{(pid=82032) fill_context /opt/stack/keystone/keystone/server/flask/request_processing/middleware/auth_context.py:478}}
Sep 06 16:54:38.787081 n-d-836830-15 devstack@keystone.service[82032]: DEBUG keystone.server.flask.request_processing.req_logging [None req-df56d201-eafc-4aad-9f41-cf3dcd5cf5bd None admin] REQUEST_METHOD: `GET` {{(pid=82032) log_request_info /opt/stack/keystone/keystone/server/flask/request_processing/req_logging.py:27}}
Sep 06 16:54:38.787358 n-d-836830-15 devstack@keystone.service[82032]: DEBUG keystone.server.flask.request_processing.req_logging [None req-df56d201-eafc-4aad-9f41-cf3dcd5cf5bd None admin] SCRIPT_NAME: `/identity` {{(pid=82032) log_request_info /opt/stack/keystone/keystone/server/flask/request_processing/req_logging.py:28}}
Sep 06 16:54:38.787631 n-d-836830-15 devstack@keystone.service[82032]: DEBUG keystone.server.flask.request_processing.req_logging [None req-df56d201-eafc-4aad-9f41-cf3dcd5cf5bd None admin] PATH_INFO: `/v3/auth/tokens` {{(pid=82032) log_request_info /opt/stack/keystone/keystone/server/flask/request_processing/req_logging.py:29}}
Sep 06 16:54:38.812669 n-d-836830-15 devstack@keystone.service[82032]: DEBUG dbcounter [-] [82032] Writing DB stats keystone:SELECT=100 {{(pid=82032) stat_writer /usr/local/lib/python3.8/dist-packages/dbcounter.py:114}}
Sep 06 16:54:38.860351 n-d-836830-15 devstack@keystone.service[82032]: DEBUG keystone.common.rbac_enforcer.enforcer [None req-df56d201-eafc-4aad-9f41-cf3dcd5cf5bd None admin] RBAC: Authorizing `identity:validate_token()` {{(pid=82032) enforce_call /opt/stack/keystone/keystone/common/rbac_enforcer/enforcer.py:449}}
Sep 06 16:54:38.862006 n-d-836830-15 devstack@keystone.service[82032]: DEBUG keystone.common.rbac_enforcer.enforcer [None req-df56d201-eafc-4aad-9f41-cf3dcd5cf5bd None admin] RBAC: Authorization granted {{(pid=82032) enforce_call /opt/stack/keystone/keystone/common/rbac_enforcer/enforcer.py:457}}
Sep 06 16:54:38.970514 n-d-836830-15 devstack@keystone.service[82032]: [pid: 82032|app: 0|req: 158/316] 10.222.0.69 () {58 vars in 1282 bytes} [Tue Sep 6 16:54:38 2022] GET /identity/v3/auth/tokens => generated 799 bytes in 319 msecs (HTTP/1.1 200) 6 headers in 358 bytes (1 switches on core 0)
Sep 06 16:54:38.972208 n-d-836830-15 devstack@keystone.service[82033]: DEBUG keystone.server.flask.request_processing.middleware.auth_context [None req-f85caa22-30d3-47a0-a866-216be7ba3fb3 None admin] Authenticating user token {{(pid=82033) process_request /usr/local/lib/python3.8/dist-packages/keystonemiddleware/auth_token/__init__.py:407}}
Sep 06 16:54:39.048128 n-d-836830-15 devstack@keystone.service[82033]: DEBUG dbcounter [-] [82033] Writing DB stats keystone:SELECT=100 {{(pid=82033) stat_writer /usr/local/lib/python3.8/dist-packages/dbcounter.py:114}}
Sep 06 16:54:39.073145 n-d-836830-15 devstack@keystone.service[82033]: DEBUG keystone.server.flask.request_processing.middleware.auth_context [None req-f85caa22-30d3-47a0-a866-216be7ba3fb3 None admin] Validating token access rules against request {{(pid=82033) validate_allowed_request /usr/local/lib/python3.8/dist-packages/keystonemiddleware/auth_token/__init__.py:545}}
Sep 06 16:54:39.107345 n-d-836830-15 devstack@keystone.service[82033]: DEBUG keystone.server.flask.request_processing.middleware.auth_context [None req-30ca4744-306b-4bbe-9666-67afcbb58801 None admin] RBAC: auth_context: {'token': , 'domain_id': None, 'trust_id': None, 'trustor_id': None, 'trustee_id': None, 'domain_name': None, 'group_ids': [], 'user_id': '1ac0c4f93ad045a6ac50681f17cae0c6', 'user_domain_id': 'default', 'system_scope': 'all', 'project_id': None, 'project_domain_id': None, 'roles': ['admin', 'member', 'reader'], 'is_admin_project': True, 'service_user_id': None, 'service_user_domain_id': None, 'service_project_id': None, 'service_project_domain_id': None, 'service_roles': []} {{(pid=82033) fill_context /opt/stack/keystone/keystone/server/flask/request_processing/middleware/auth_context.py:478}}
Sep 06 16:54:39.107984 n-d-836830-15 devstack@keystone.service[82033]: DEBUG keystone.server.flask.request_processing.req_logging [None req-30ca4744-306b-4bbe-9666-67afcbb58801 None admin] REQUEST_METHOD: `GET` {{(pid=82033) log_request_info /opt/stack/keystone/keystone/server/flask/request_processing/req_logging.py:27}}
Sep 06 16:54:39.108266 n-d-836830-15 devstack@keystone.service[82033]: DEBUG keystone.server.flask.request_processing.req_logging [None req-30ca4744-306b-4bbe-9666-67afcbb58801 None admin] SCRIPT_NAME: `/identity` {{(pid=82033) log_request_info /opt/stack/keystone/keystone/server/flask/request_processing/req_logging.py:28}}
Sep 06 16:54:39.108542 n-d-836830-15 devstack@keystone.service[82033]: DEBUG keystone.server.flask.request_processing.req_logging [None req-30ca4744-306b-4bbe-9666-67afcbb58801 None admin] PATH_INFO: `/v3/projects/6410df26aeb549df98c30c58658520e7` {{(pid=82033) log_request_info /opt/stack/keystone/keystone/server/flask/request_processing/req_logging.py:29}}
Sep 06 16:54:39.109671 n-d-836830-15 devstack@keystone.service[82033]: DEBUG keystone.common.rbac_enforcer.enforcer [None req-30ca4744-306b-4bbe-9666-67afcbb58801 None admin] RBAC: Authorizing `identity:get_project(project_id=6410df26aeb549df98c30c58658520e7)` {{(pid=82033) enforce_call /opt/stack/keystone/keystone/common/rbac_enforcer/enforcer.py:449}}
Sep 06 16:54:39.111209 n-d-836830-15 devstack@keystone.service[82033]: DEBUG keystone.common.rbac_enforcer.enforcer [None req-30ca4744-306b-4bbe-9666-67afcbb58801 None admin] RBAC: Authorization granted {{(pid=82033) enforce_call /opt/stack/keystone/keystone/common/rbac_enforcer/enforcer.py:457}}
Sep 06 16:54:39.117646 n-d-836830-15 devstack@keystone.service[82033]: [pid: 82033|app: 0|req: 159/317] 10.222.0.69 () {56 vars in 1186 bytes} [Tue Sep 6 16:54:38 2022] GET /identity/v3/projects/6410df26aeb549df98c30c58658520e7 => generated 302 bytes in 141 msecs (HTTP/1.1 200) 5 headers in 177 bytes (1 switches on core 0)
Sep 06 16:54:39.119021 n-d-836830-15 devstack@keystone.service[82032]: DEBUG keystone.server.flask.request_processing.middleware.auth_context [None req-df56d201-eafc-4aad-9f41-cf3dcd5cf5bd None admin] Authenticating user token {{(pid=82032) process_request /usr/local/lib/python3.8/dist-packages/keystonemiddleware/auth_token/__init__.py:407}}
Sep 06 16:54:39.175763 n-d-836830-15 devstack@keystone.service[82032]: DEBUG dbcounter [-] [82032] Writing DB stats keystone:SELECT=100 {{(pid=82032) stat_writer /usr/local/lib/python3.8/dist-packages/dbcounter.py:114}}
Sep 06 16:54:39.222380 n-d-836830-15 devstack@keystone.service[82032]: DEBUG keystone.server.flask.request_processing.middleware.auth_context [None req-df56d201-eafc-4aad-9f41-cf3dcd5cf5bd None admin] Validating token access rules against request {{(pid=82032) validate_allowed_request /usr/local/lib/python3.8/dist-packages/keystonemiddleware/auth_token/__init__.py:545}}
Sep 06 16:54:39.258000 n-d-836830-15 devstack@keystone.service[82032]: DEBUG keystone.server.flask.request_processing.middleware.auth_context [None req-091874af-a627-4d90-ad60-0dccbd568608 None admin] RBAC: auth_context: {'token': , 'domain_id': None, 'trust_id': None, 'trustor_id': None, 'trustee_id': None, 'domain_name': None, 'group_ids': [], 'user_id': '1ac0c4f93ad045a6ac50681f17cae0c6', 'user_domain_id': 'default', 'system_scope': 'all', 'project_id': None, 'project_domain_id': None, 'roles': ['admin', 'member', 'reader'], 'is_admin_project': True, 'service_user_id': None, 'service_user_domain_id': None, 'service_project_id': None, 'service_project_domain_id': None, 'service_roles': []} {{(pid=82032) fill_context /opt/stack/keystone/keystone/server/flask/request_processing/middleware/auth_context.py:478}}
Sep 06 16:54:39.258633 n-d-836830-15 devstack@keystone.service[82032]: DEBUG keystone.server.flask.request_processing.req_logging [None req-091874af-a627-4d90-ad60-0dccbd568608 None admin] REQUEST_METHOD: `GET` {{(pid=82032) log_request_info /opt/stack/keystone/keystone/server/flask/request_processing/req_logging.py:27}}
Sep 06 16:54:39.258916 n-d-836830-15 devstack@keystone.service[82032]: DEBUG keystone.server.flask.request_processing.req_logging [None req-091874af-a627-4d90-ad60-0dccbd568608 None admin] SCRIPT_NAME: `/identity` {{(pid=82032) log_request_info /opt/stack/keystone/keystone/server/flask/request_processing/req_logging.py:28}}
Sep 06 16:54:39.259187 n-d-836830-15 devstack@keystone.service[82032]: DEBUG keystone.server.flask.request_processing.req_logging [None req-091874af-a627-4d90-ad60-0dccbd568608 None admin] PATH_INFO: `/v3/role_assignments` {{(pid=82032) log_request_info /opt/stack/keystone/keystone/server/flask/request_processing/req_logging.py:29}}
Sep 06 16:54:39.259916 n-d-836830-15 devstack@keystone.service[82032]: DEBUG keystone.common.rbac_enforcer.enforcer [None req-091874af-a627-4d90-ad60-0dccbd568608 None admin] RBAC: Adding query filter params (role.id=49134d1cab2c47c0b15c61b3f96a376a, scope.project.id=6410df26aeb549df98c30c58658520e7, user.id=458775ef57294517b2b94722da98bb1f) {{(pid=82032) _extract_filter_values /opt/stack/keystone/keystone/common/rbac_enforcer/enforcer.py:167}}
Sep 06 16:54:39.260224 n-d-836830-15 devstack@keystone.service[82032]: DEBUG keystone.common.rbac_enforcer.enforcer [None req-091874af-a627-4d90-ad60-0dccbd568608 None admin] RBAC: Authorizing `identity:list_role_assignments()` {{(pid=82032) enforce_call /opt/stack/keystone/keystone/common/rbac_enforcer/enforcer.py:449}}
Sep 06 16:54:39.261656 n-d-836830-15 devstack@keystone.service[82032]: DEBUG keystone.common.rbac_enforcer.enforcer [None req-091874af-a627-4d90-ad60-0dccbd568608 None admin] RBAC: Authorization granted {{(pid=82032) enforce_call /opt/stack/keystone/keystone/common/rbac_enforcer/enforcer.py:457}}
Sep 06 16:54:39.268101 n-d-836830-15 devstack@keystone.service[82032]: [pid: 82032|app: 0|req: 159/318] 10.222.0.69 () {56 vars in 1374 bytes} [Tue Sep 6 16:54:39 2022] GET /identity/v3/role_assignments?user.id=458775ef57294517b2b94722da98bb1f&scope.project.id=6410df26aeb549df98c30c58658520e7&role.id=49134d1cab2c47c0b15c61b3f96a376a => generated 608 bytes in 149 msecs (HTTP/1.1 200) 5 headers in 177 bytes (1 switches on core 0)
Sep 06 16:54:39.717277 n-d-836830-15 devstack@keystone.service[82033]: DEBUG keystone.server.flask.request_processing.req_logging [None req-255c365e-1882-491a-96a9-346b6d7dbe29 None None] REQUEST_METHOD: `GET` {{(pid=82033) log_request_info /opt/stack/keystone/keystone/server/flask/request_processing/req_logging.py:27}}
Sep 06 16:54:39.780755 n-d-836830-15 devstack@keystone.service[82033]: DEBUG keystone.server.flask.request_processing.req_logging [None req-255c365e-1882-491a-96a9-346b6d7dbe29 None None] SCRIPT_NAME: `/identity` {{(pid=82033) log_request_info /opt/stack/keystone/keystone/server/flask/request_processing/req_logging.py:28}}
Sep 06 16:54:39.780755 n-d-836830-15 devstack@keystone.service[82033]: DEBUG keystone.server.flask.request_processing.req_logging [None req-255c365e-1882-491a-96a9-346b6d7dbe29 None None] PATH_INFO: `/` {{(pid=82033) log_request_info /opt/stack/keystone/keystone/server/flask/request_processing/req_logging.py:29}}
Sep 06 16:54:39.780755 n-d-836830-15 devstack@keystone.service[82033]: [pid: 82033|app: 0|req: 160/319] 10.222.0.69 () {54 vars in 927 bytes} [Tue Sep 6 16:54:39 2022] GET /identity => generated 270 bytes in 6 msecs (HTTP/1.1 300) 6 headers in 234 bytes (1 switches on core 0)
Sep 06 16:54:39.781038 n-d-836830-15 devstack@keystone.service[82032]: DEBUG keystone.server.flask.request_processing.req_logging [None req-e0d8ca31-73ef-44ab-8282-557182f49f45 None None] REQUEST_METHOD: `POST` {{(pid=82032) log_request_info /opt/stack/keystone/keystone/server/flask/request_processing/req_logging.py:27}}
Sep 06 16:54:39.781038 n-d-836830-15 devstack@keystone.service[82032]: DEBUG keystone.server.flask.request_processing.req_logging [None req-e0d8ca31-73ef-44ab-8282-557182f49f45 None None] SCRIPT_NAME: `/identity` {{(pid=82032) log_request_info /opt/stack/keystone/keystone/server/flask/request_processing/req_logging.py:28}}
Sep 06 16:54:39.781038 n-d-836830-15 devstack@keystone.service[82032]: DEBUG keystone.server.flask.request_processing.req_logging [None req-e0d8ca31-73ef-44ab-8282-557182f49f45 None None] PATH_INFO: `/v3/auth/tokens` {{(pid=82032) log_request_info /opt/stack/keystone/keystone/server/flask/request_processing/req_logging.py:29}}
Sep 06 16:54:39.781038 n-d-836830-15 devstack@keystone.service[82032]: DEBUG keystone.auth.core [None req-e0d8ca31-73ef-44ab-8282-557182f49f45 None None] MFA Rules not processed for user `1ac0c4f93ad045a6ac50681f17cae0c6`. Rule list: `[]` (Enabled: `True`). {{(pid=82032) check_auth_methods_against_rules /opt/stack/keystone/keystone/auth/core.py:438}}
Sep 06 16:54:39.781038 n-d-836830-15 devstack@keystone.service[82032]: DEBUG keystone.common.fernet_utils [None req-e0d8ca31-73ef-44ab-8282-557182f49f45 None None] Loaded 2 Fernet keys from /etc/keystone/fernet-keys/, but `[fernet_tokens] max_active_keys = 3`; perhaps there have not been enough key rotations to reach `max_active_keys` yet? {{(pid=82032) load_keys /opt/stack/keystone/keystone/common/fernet_utils.py:286}}
Sep 06 16:54:39.781359 n-d-836830-15 devstack@keystone.service[82033]: DEBUG keystone.server.flask.request_processing.req_logging [None req-180bd52c-71bb-4618-bbc2-069e4eda3acf None None] REQUEST_METHOD: `GET` {{(pid=82033) log_request_info /opt/stack/keystone/keystone/server/flask/request_processing/req_logging.py:27}}
Sep 06 16:54:39.781359 n-d-836830-15 devstack@keystone.service[82033]: DEBUG keystone.server.flask.request_processing.req_logging [None req-180bd52c-71bb-4618-bbc2-069e4eda3acf None None] SCRIPT_NAME: `/identity` {{(pid=82033) log_request_info /opt/stack/keystone/keystone/server/flask/request_processing/req_logging.py:28}}
Sep 06 16:54:39.781359 n-d-836830-15 devstack@keystone.service[82033]: DEBUG keystone.server.flask.request_processing.req_logging [None req-180bd52c-71bb-4618-bbc2-069e4eda3acf None None] PATH_INFO: `/` {{(pid=82033) log_request_info /opt/stack/keystone/keystone/server/flask/request_processing/req_logging.py:29}}
Sep 06 16:54:39.781359 n-d-836830-15 devstack@keystone.service[82033]: [pid: 82033|app: 0|req: 161/320] 10.222.0.69 () {54 vars in 927 bytes} [Tue Sep 6 16:54:39 2022] GET /identity => generated 270 bytes in 3 msecs (HTTP/1.1 300) 6 headers in 234 bytes (1 switches on core 0)
Sep 06 16:54:39.781359 n-d-836830-15 devstack@keystone.service[82033]: DEBUG keystone.server.flask.request_processing.req_logging [None req-fbf36cb6-0702-4d3d-b407-5c1f5334cb32 None None] REQUEST_METHOD: `POST` {{(pid=82033) log_request_info /opt/stack/keystone/keystone/server/flask/request_processing/req_logging.py:27}}
Sep 06 16:54:39.781359 n-d-836830-15 devstack@keystone.service[82033]: DEBUG keystone.server.flask.request_processing.req_logging [None req-fbf36cb6-0702-4d3d-b407-5c1f5334cb32 None None] SCRIPT_NAME: `/identity` {{(pid=82033) log_request_info /opt/stack/keystone/keystone/server/flask/request_processing/req_logging.py:28}}
Sep 06 16:54:39.781791 n-d-836830-15 devstack@keystone.service[82033]: DEBUG keystone.server.flask.request_processing.req_logging [None req-fbf36cb6-0702-4d3d-b407-5c1f5334cb32 None None] PATH_INFO: `/v3/auth/tokens` {{(pid=82033) log_request_info /opt/stack/keystone/keystone/server/flask/request_processing/req_logging.py:29}}
Sep 06 16:54:39.797114 n-d-836830-15 devstack@keystone.service[82033]: DEBUG keystone.auth.core [None req-fbf36cb6-0702-4d3d-b407-5c1f5334cb32 None None] MFA Rules not processed for user `1ac0c4f93ad045a6ac50681f17cae0c6`. Rule list: `[]` (Enabled: `True`). {{(pid=82033) check_auth_methods_against_rules /opt/stack/keystone/keystone/auth/core.py:438}}
Sep 06 16:54:39.798302 n-d-836830-15 devstack@keystone.service[82033]: DEBUG keystone.common.fernet_utils [None req-fbf36cb6-0702-4d3d-b407-5c1f5334cb32 None None] Loaded 2 Fernet keys from /etc/keystone/fernet-keys/, but `[fernet_tokens] max_active_keys = 3`; perhaps there have not been enough key rotations to reach `max_active_keys` yet? {{(pid=82033) load_keys /opt/stack/keystone/keystone/common/fernet_utils.py:286}}
Sep 06 16:54:39.826498 n-d-836830-15 devstack@keystone.service[82032]: [pid: 82032|app: 0|req: 160/321] 10.222.0.69 () {58 vars in 1024 bytes} [Tue Sep 6 16:54:39 2022] POST /identity/v3/auth/tokens => generated 799 bytes in 98 msecs (HTTP/1.1 201) 6 headers in 363 bytes (1 switches on core 0)
Sep 06 16:54:39.867537 n-d-836830-15 devstack@keystone.service[82033]: [pid: 82033|app: 0|req: 162/322] 10.222.0.69 () {58 vars in 1024 bytes} [Tue Sep 6 16:54:39 2022] POST /identity/v3/auth/tokens => generated 799 bytes in 91 msecs (HTTP/1.1 201) 6 headers in 363 bytes (2 switches on core 0)
Sep 06 16:54:40.094909 n-d-836830-15 devstack@keystone.service[82032]: DEBUG keystone.server.flask.request_processing.middleware.auth_context [None req-e0d8ca31-73ef-44ab-8282-557182f49f45 None None] Authenticating user token {{(pid=82032) process_request /usr/local/lib/python3.8/dist-packages/keystonemiddleware/auth_token/__init__.py:407}}
Sep 06 16:54:40.136253 n-d-836830-15 devstack@keystone.service[82033]: DEBUG keystone.server.flask.request_processing.middleware.auth_context [None req-fbf36cb6-0702-4d3d-b407-5c1f5334cb32 None None] Authenticating user token {{(pid=82033) process_request /usr/local/lib/python3.8/dist-packages/keystonemiddleware/auth_token/__init__.py:407}}
Sep 06 16:54:40.145996 n-d-836830-15 devstack@keystone.service[82032]: DEBUG dbcounter [-] [82032] Writing DB stats keystone:SELECT=100 {{(pid=82032) stat_writer /usr/local/lib/python3.8/dist-packages/dbcounter.py:114}}
Sep 06 16:54:40.201275 n-d-836830-15 devstack@keystone.service[82032]: DEBUG keystone.server.flask.request_processing.middleware.auth_context [None req-e0d8ca31-73ef-44ab-8282-557182f49f45 None None] Validating token access rules against request {{(pid=82032) validate_allowed_request /usr/local/lib/python3.8/dist-packages/keystonemiddleware/auth_token/__init__.py:545}}
Sep 06 16:54:40.213272 n-d-836830-15 devstack@keystone.service[82033]: DEBUG dbcounter [-] [82033] Writing DB stats keystone:SELECT=100 {{(pid=82033) stat_writer /usr/local/lib/python3.8/dist-packages/dbcounter.py:114}}
Sep 06 16:54:40.237122 n-d-836830-15 devstack@keystone.service[82032]: DEBUG keystone.server.flask.request_processing.middleware.auth_context [None req-1db200e6-3fe6-4cbf-8c40-0ca5f5a3bb8a None admin] RBAC: auth_context: {'token': , 'domain_id': None, 'trust_id': None, 'trustor_id': None, 'trustee_id': None, 'domain_name': None, 'group_ids': [], 'user_id': '1ac0c4f93ad045a6ac50681f17cae0c6', 'user_domain_id': 'default', 'system_scope': 'all', 'project_id': None, 'project_domain_id': None, 'roles': ['admin', 'member', 'reader'], 'is_admin_project': True, 'service_user_id': None, 'service_user_domain_id': None, 'service_project_id': None, 'service_project_domain_id': None, 'service_roles': []} {{(pid=82032) fill_context /opt/stack/keystone/keystone/server/flask/request_processing/middleware/auth_context.py:478}}
Sep 06 16:54:40.237762 n-d-836830-15 devstack@keystone.service[82032]: DEBUG keystone.server.flask.request_processing.req_logging [None req-1db200e6-3fe6-4cbf-8c40-0ca5f5a3bb8a None admin] REQUEST_METHOD: `GET` {{(pid=82032) log_request_info /opt/stack/keystone/keystone/server/flask/request_processing/req_logging.py:27}}
Sep 06 16:54:40.238039 n-d-836830-15 devstack@keystone.service[82032]: DEBUG keystone.server.flask.request_processing.req_logging [None req-1db200e6-3fe6-4cbf-8c40-0ca5f5a3bb8a None admin] SCRIPT_NAME: `/identity` {{(pid=82032) log_request_info /opt/stack/keystone/keystone/server/flask/request_processing/req_logging.py:28}}
Sep 06 16:54:40.238309 n-d-836830-15 devstack@keystone.service[82032]: DEBUG keystone.server.flask.request_processing.req_logging [None req-1db200e6-3fe6-4cbf-8c40-0ca5f5a3bb8a None admin] PATH_INFO: `/v3/roles/reader` {{(pid=82032) log_request_info /opt/stack/keystone/keystone/server/flask/request_processing/req_logging.py:29}}
Sep 06 16:54:40.243366 n-d-836830-15 devstack@keystone.service[82033]: DEBUG keystone.server.flask.request_processing.middleware.auth_context [None req-fbf36cb6-0702-4d3d-b407-5c1f5334cb32 None None] Validating token access rules against request {{(pid=82033) validate_allowed_request /usr/local/lib/python3.8/dist-packages/keystonemiddleware/auth_token/__init__.py:545}}
Sep 06 16:54:40.248472 n-d-836830-15 devstack@keystone.service[82032]: DEBUG keystone.common.rbac_enforcer.enforcer [None req-1db200e6-3fe6-4cbf-8c40-0ca5f5a3bb8a None admin] Extracting inferred target data resulted in "NOT FOUND (404)". {{(pid=82032) enforce_call /opt/stack/keystone/keystone/common/rbac_enforcer/enforcer.py:409}}
