Aug 31 16:05:15.222670 n-d-836830-14 devstack@placement-api.service[114455]: DEBUG placement.objects.research_context [req-79f11409-a674-4161-b18f-c8de8d7f90c0 req-bba59d06-538e-4966-a720-5e8c0072d4b8 service placement] found 2 providers after filtering by previous result {{(pid=114455) get_provider_ids_matching /opt/stack/placement/placement/objects/research_context.py:594}}
Aug 31 16:05:15.244920 n-d-836830-14 devstack@placement-api.service[114455]: DEBUG placement.objects.allocation_candidate [req-79f11409-a674-4161-b18f-c8de8d7f90c0 req-bba59d06-538e-4966-a720-5e8c0072d4b8 service placement] RequestGroup(use_same_provider=False, resources={DISK_GB:1, MEMORY_MB:1024, VCPU:1}, traits=(), aggregates=[]) (suffix '') returned 2 matches {{(pid=114455) _get_by_requests /opt/stack/placement/placement/objects/allocation_candidate.py:156}}
Aug 31 16:05:15.250785 n-d-836830-14 devstack@placement-api.service[114455]: DEBUG placement.objects.allocation_candidate [req-79f11409-a674-4161-b18f-c8de8d7f90c0 req-bba59d06-538e-4966-a720-5e8c0072d4b8 service placement] Merging candidates yields 2 allocation requests and 2 provider summaries {{(pid=114455) _merge_candidates /opt/stack/placement/placement/objects/allocation_candidate.py:809}}
Aug 31 16:05:15.250785 n-d-836830-14 devstack@placement-api.service[114455]: INFO placement.requestlog [req-79f11409-a674-4161-b18f-c8de8d7f90c0 req-bba59d06-538e-4966-a720-5e8c0072d4b8 service placement] 10.222.0.59 "GET /placement/allocation_candidates?limit=1000&resources=DISK_GB%3A1%2CMEMORY_MB%3A1024%2CVCPU%3A1&root_required=%21COMPUTE_STATUS_DISABLED" status: 200 len: 1309 microversion: 1.36
Aug 31 16:05:15.254431 n-d-836830-14 devstack@placement-api.service[114455]: [pid: 114455|app: 0|req: 147/283] 10.222.0.59 () {60 vars in 1506 bytes} [Wed Aug 31 16:05:15 2022] GET /placement/allocation_candidates?limit=1000&resources=DISK_GB%3A1%2CMEMORY_MB%3A1024%2CVCPU%3A1&root_required=%21COMPUTE_STATUS_DISABLED => generated 1309 bytes in 166 msecs (HTTP/1.1 200) 8 headers in 297 bytes (1 switches on core 0)
Aug 31 16:05:15.354834 n-d-836830-14 devstack@placement-api.service[114454]: DEBUG placement.requestlog [req-79f11409-a674-4161-b18f-c8de8d7f90c0 req-005975ac-6f67-44e6-9e7a-28008f0a029d None None] Starting request: 10.222.0.59 "GET /placement/allocations/545d2e7b-3785-4711-af01-9f11fcae30e9" {{(pid=114454) __call__ /opt/stack/placement/placement/requestlog.py:55}}
Aug 31 16:05:15.371715 n-d-836830-14 devstack@placement-api.service[114454]: INFO placement.requestlog [req-79f11409-a674-4161-b18f-c8de8d7f90c0 req-005975ac-6f67-44e6-9e7a-28008f0a029d service placement] 10.222.0.59 "GET /placement/allocations/545d2e7b-3785-4711-af01-9f11fcae30e9" status: 200 len: 19 microversion: 1.28
Aug 31 16:05:15.376191 n-d-836830-14 devstack@placement-api.service[114454]: [pid: 114454|app: 0|req: 137/284] 10.222.0.59 () {60 vars in 1380 bytes} [Wed Aug 31 16:05:15 2022] GET /placement/allocations/545d2e7b-3785-4711-af01-9f11fcae30e9 => generated 19 bytes in 22 msecs (HTTP/1.1 200) 8 headers in 295 bytes (1 switches on core 0)
Aug 31 16:05:15.387965 n-d-836830-14 devstack@placement-api.service[114455]: DEBUG placement.requestlog [req-79f11409-a674-4161-b18f-c8de8d7f90c0 req-131f5291-25dd-4a01-953c-3a2690601a46 None None] Starting request: 10.222.0.59 "PUT /placement/allocations/545d2e7b-3785-4711-af01-9f11fcae30e9" {{(pid=114455) __call__ /opt/stack/placement/placement/requestlog.py:55}}
Aug 31 16:05:15.560622 n-d-836830-14 devstack@placement-api.service[114455]: DEBUG dbcounter [-] [114455] Writing DB stats placement:SELECT=80,placement:INSERT=10,placement:DELETE=5,placement:UPDATE=5 {{(pid=114455) stat_writer /usr/local/lib/python3.8/dist-packages/dbcounter.py:114}}
Aug 31 16:05:16.891851 n-d-836830-14 devstack@placement-api.service[114455]: DEBUG placement.handlers.allocation [req-79f11409-a674-4161-b18f-c8de8d7f90c0 req-131f5291-25dd-4a01-953c-3a2690601a46 service placement] Successfully wrote allocations [, , ] {{(pid=114455) _update_consumers_and_create_allocations /opt/stack/placement/placement/handlers/allocation.py:462}}
Aug 31 16:05:16.963891 n-d-836830-14 devstack@placement-api.service[114454]: DEBUG placement.requestlog [req-93fdb73c-958e-4d3d-9c58-a0927d33dec7 req-4641b474-990a-48cd-adbb-cae24b5c48bb None None] Starting request: 10.222.0.59 "GET /placement/allocation_candidates?limit=1000&resources=MEMORY_MB%3A1024%2CVCPU%3A1&root_required=%21COMPUTE_STATUS_DISABLED" {{(pid=114454) __call__ /opt/stack/placement/placement/requestlog.py:55}}
Aug 31 16:05:17.015367 n-d-836830-14 devstack@placement-api.service[114454]: DEBUG placement.objects.research_context [req-93fdb73c-958e-4d3d-9c58-a0927d33dec7 req-4641b474-990a-48cd-adbb-cae24b5c48bb service placement] getting providers with 1024 MEMORY_MB {{(pid=114454) __init__ /opt/stack/placement/placement/objects/research_context.py:136}}
Aug 31 16:05:17.022270 n-d-836830-14 devstack@placement-api.service[114455]: INFO placement.requestlog [req-79f11409-a674-4161-b18f-c8de8d7f90c0 req-131f5291-25dd-4a01-953c-3a2690601a46 service placement] 10.222.0.59 "PUT /placement/allocations/545d2e7b-3785-4711-af01-9f11fcae30e9" status: 204 len: 0 microversion: 1.36
Aug 31 16:05:17.022790 n-d-836830-14 devstack@placement-api.service[114455]: [pid: 114455|app: 0|req: 148/285] 10.222.0.59 () {64 vars in 1433 bytes} [Wed Aug 31 16:05:15 2022] PUT /placement/allocations/545d2e7b-3785-4711-af01-9f11fcae30e9 => generated 0 bytes in 1638 msecs (HTTP/1.1 204) 5 headers in 199 bytes (1 switches on core 0)
Aug 31 16:05:17.026606 n-d-836830-14 devstack@placement-api.service[114454]: DEBUG placement.objects.research_context [req-93fdb73c-958e-4d3d-9c58-a0927d33dec7 req-4641b474-990a-48cd-adbb-cae24b5c48bb service placement] getting providers with 1 VCPU {{(pid=114454) __init__ /opt/stack/placement/placement/objects/research_context.py:136}}
Aug 31 16:05:17.034832 n-d-836830-14 devstack@placement-api.service[114454]: DEBUG placement.objects.research_context [req-93fdb73c-958e-4d3d-9c58-a0927d33dec7 req-4641b474-990a-48cd-adbb-cae24b5c48bb service placement] found 2 providers with available 1024 MEMORY_MB {{(pid=114454) get_provider_ids_matching /opt/stack/placement/placement/objects/research_context.py:563}}
Aug 31 16:05:17.035486 n-d-836830-14 devstack@placement-api.service[114454]: DEBUG placement.objects.research_context [req-93fdb73c-958e-4d3d-9c58-a0927d33dec7 req-4641b474-990a-48cd-adbb-cae24b5c48bb service placement] found 2 providers with available 1 VCPU {{(pid=114454) get_provider_ids_matching /opt/stack/placement/placement/objects/research_context.py:563}}
Aug 31 16:05:17.035824 n-d-836830-14 devstack@placement-api.service[114454]: DEBUG placement.objects.research_context [req-93fdb73c-958e-4d3d-9c58-a0927d33dec7 req-4641b474-990a-48cd-adbb-cae24b5c48bb service placement] found 2 providers after filtering by previous result {{(pid=114454) get_provider_ids_matching /opt/stack/placement/placement/objects/research_context.py:594}}
Aug 31 16:05:17.049880 n-d-836830-14 devstack@placement-api.service[114454]: DEBUG placement.objects.allocation_candidate [req-93fdb73c-958e-4d3d-9c58-a0927d33dec7 req-4641b474-990a-48cd-adbb-cae24b5c48bb service placement] RequestGroup(use_same_provider=False, resources={MEMORY_MB:1024, VCPU:1}, traits=(), aggregates=[]) (suffix '') returned 2 matches {{(pid=114454) _get_by_requests /opt/stack/placement/placement/objects/allocation_candidate.py:156}}
Aug 31 16:05:17.050451 n-d-836830-14 devstack@placement-api.service[114454]: DEBUG placement.objects.allocation_candidate [req-93fdb73c-958e-4d3d-9c58-a0927d33dec7 req-4641b474-990a-48cd-adbb-cae24b5c48bb service placement] Merging candidates yields 2 allocation requests and 2 provider summaries {{(pid=114454) _merge_candidates /opt/stack/placement/placement/objects/allocation_candidate.py:809}}
Aug 31 16:05:17.053277 n-d-836830-14 devstack@placement-api.service[114454]: INFO placement.requestlog [req-93fdb73c-958e-4d3d-9c58-a0927d33dec7 req-4641b474-990a-48cd-adbb-cae24b5c48bb service placement] 10.222.0.59 "GET /placement/allocation_candidates?limit=1000&resources=MEMORY_MB%3A1024%2CVCPU%3A1&root_required=%21COMPUTE_STATUS_DISABLED" status: 200 len: 1281 microversion: 1.36
Aug 31 16:05:17.054543 n-d-836830-14 devstack@placement-api.service[114454]: [pid: 114454|app: 0|req: 138/286] 10.222.0.59 () {60 vars in 1478 bytes} [Wed Aug 31 16:05:16 2022] GET /placement/allocation_candidates?limit=1000&resources=MEMORY_MB%3A1024%2CVCPU%3A1&root_required=%21COMPUTE_STATUS_DISABLED => generated 1281 bytes in 91 msecs (HTTP/1.1 200) 8 headers in 297 bytes (2 switches on core 0)
Aug 31 16:05:17.174900 n-d-836830-14 devstack@placement-api.service[114455]: DEBUG placement.requestlog [req-93fdb73c-958e-4d3d-9c58-a0927d33dec7 req-769cb58a-c044-4fe1-ba15-62afb0c79237 None None] Starting request: 10.222.0.59 "GET /placement/allocations/73e6decc-2ddf-4005-8bde-ea2aedc814f4" {{(pid=114455) __call__ /opt/stack/placement/placement/requestlog.py:55}}
Aug 31 16:05:17.187934 n-d-836830-14 devstack@placement-api.service[114455]: INFO placement.requestlog [req-93fdb73c-958e-4d3d-9c58-a0927d33dec7 req-769cb58a-c044-4fe1-ba15-62afb0c79237 service placement] 10.222.0.59 "GET /placement/allocations/73e6decc-2ddf-4005-8bde-ea2aedc814f4" status: 200 len: 19 microversion: 1.28
Aug 31 16:05:17.194842 n-d-836830-14 devstack@placement-api.service[114455]: [pid: 114455|app: 0|req: 149/287] 10.222.0.59 () {60 vars in 1380 bytes} [Wed Aug 31 16:05:17 2022] GET /placement/allocations/73e6decc-2ddf-4005-8bde-ea2aedc814f4 => generated 19 bytes in 20 msecs (HTTP/1.1 200) 8 headers in 295 bytes (1 switches on core 0)
Aug 31 16:05:17.197312 n-d-836830-14 devstack@placement-api.service[114454]: DEBUG placement.requestlog [req-93fdb73c-958e-4d3d-9c58-a0927d33dec7 req-44b59bf8-341a-4776-9e16-2ade8a485ddb None None] Starting request: 10.222.0.59 "PUT /placement/allocations/73e6decc-2ddf-4005-8bde-ea2aedc814f4" {{(pid=114454) __call__ /opt/stack/placement/placement/requestlog.py:55}}
Aug 31 16:05:17.692734 n-d-836830-14 devstack@placement-api.service[114454]: DEBUG placement.handlers.allocation [req-93fdb73c-958e-4d3d-9c58-a0927d33dec7 req-44b59bf8-341a-4776-9e16-2ade8a485ddb service placement] Successfully wrote allocations [, ] {{(pid=114454) _update_consumers_and_create_allocations /opt/stack/placement/placement/handlers/allocation.py:462}}
Aug 31 16:05:17.887709 n-d-836830-14 devstack@placement-api.service[114454]: INFO placement.requestlog [req-93fdb73c-958e-4d3d-9c58-a0927d33dec7 req-44b59bf8-341a-4776-9e16-2ade8a485ddb service placement] 10.222.0.59 "PUT /placement/allocations/73e6decc-2ddf-4005-8bde-ea2aedc814f4" status: 204 len: 0 microversion: 1.36
Aug 31 16:05:17.888382 n-d-836830-14 devstack@placement-api.service[114454]: [pid: 114454|app: 0|req: 139/288] 10.222.0.59 () {64 vars in 1433 bytes} [Wed Aug 31 16:05:17 2022] PUT /placement/allocations/73e6decc-2ddf-4005-8bde-ea2aedc814f4 => generated 0 bytes in 692 msecs (HTTP/1.1 204) 5 headers in 199 bytes (1 switches on core 0)
Aug 31 16:05:18.676897 n-d-836830-14 devstack@placement-api.service[114455]: DEBUG placement.requestlog [req-79f11409-a674-4161-b18f-c8de8d7f90c0 req-20433e10-d39a-40c0-b469-dd0c4b2b394a None None] Starting request: 10.222.0.73 "GET /placement/allocations/545d2e7b-3785-4711-af01-9f11fcae30e9" {{(pid=114455) __call__ /opt/stack/placement/placement/requestlog.py:55}}
Aug 31 16:05:19.036219 n-d-836830-14 devstack@placement-api.service[114455]: INFO placement.requestlog [req-79f11409-a674-4161-b18f-c8de8d7f90c0 req-20433e10-d39a-40c0-b469-dd0c4b2b394a service placement] 10.222.0.73 "GET /placement/allocations/545d2e7b-3785-4711-af01-9f11fcae30e9" status: 200 len: 259 microversion: 1.28
Aug 31 16:05:19.037105 n-d-836830-14 devstack@placement-api.service[114455]: [pid: 114455|app: 0|req: 150/289] 10.222.0.73 () {60 vars in 1377 bytes} [Wed Aug 31 16:05:18 2022] GET /placement/allocations/545d2e7b-3785-4711-af01-9f11fcae30e9 => generated 259 bytes in 361 msecs (HTTP/1.1 200) 8 headers in 296 bytes (1 switches on core 0)
Aug 31 16:05:19.366371 n-d-836830-14 devstack@placement-api.service[114454]: DEBUG placement.requestlog [req-93fdb73c-958e-4d3d-9c58-a0927d33dec7 req-136532a6-f18c-4e04-be02-c39011a2b133 None None] Starting request: 10.222.0.73 "GET /placement/allocations/73e6decc-2ddf-4005-8bde-ea2aedc814f4" {{(pid=114454) __call__ /opt/stack/placement/placement/requestlog.py:55}}
Aug 31 16:05:19.398154 n-d-836830-14 devstack@placement-api.service[114454]: INFO placement.requestlog [req-93fdb73c-958e-4d3d-9c58-a0927d33dec7 req-136532a6-f18c-4e04-be02-c39011a2b133 service placement] 10.222.0.73 "GET /placement/allocations/73e6decc-2ddf-4005-8bde-ea2aedc814f4" status: 200 len: 245 microversion: 1.28
Aug 31 16:05:19.398702 n-d-836830-14 devstack@placement-api.service[114454]: [pid: 114454|app: 0|req: 140/290] 10.222.0.73 () {60 vars in 1377 bytes} [Wed Aug 31 16:05:19 2022] GET /placement/allocations/73e6decc-2ddf-4005-8bde-ea2aedc814f4 => generated 245 bytes in 33 msecs (HTTP/1.1 200) 8 headers in 296 bytes (1 switches on core 0)
Aug 31 16:05:19.714817 n-d-836830-14 devstack@placement-api.service[114455]: DEBUG placement.requestlog [req-79f11409-a674-4161-b18f-c8de8d7f90c0 req-412068ec-11cf-4409-92d3-a8faae24f8f5 None None] Starting request: 10.222.0.73 "GET /placement/resource_providers?in_tree=8193a198-7cb5-40c6-ad2b-99ea987cfcc0" {{(pid=114455) __call__ /opt/stack/placement/placement/requestlog.py:55}}
Aug 31 16:05:19.759039 n-d-836830-14 devstack@placement-api.service[114455]: INFO placement.requestlog [req-79f11409-a674-4161-b18f-c8de8d7f90c0 req-412068ec-11cf-4409-92d3-a8faae24f8f5 service placement] 10.222.0.73 "GET /placement/resource_providers?in_tree=8193a198-7cb5-40c6-ad2b-99ea987cfcc0" status: 200 len: 864 microversion: 1.14
Aug 31 16:05:19.762556 n-d-836830-14 devstack@placement-api.service[114455]: [pid: 114455|app: 0|req: 151/291] 10.222.0.73 () {60 vars in 1376 bytes} [Wed Aug 31 16:05:19 2022] GET /placement/resource_providers?in_tree=8193a198-7cb5-40c6-ad2b-99ea987cfcc0 => generated 864 bytes in 48 msecs (HTTP/1.1 200) 6 headers in 225 bytes (1 switches on core 0)
Aug 31 16:05:19.814685 n-d-836830-14 devstack@placement-api.service[114454]: DEBUG placement.requestlog [req-40e515cd-0601-4a4a-a62e-81bc78c8c3f4 req-fa5debad-51f1-46a9-8439-bee079f20546 None None] Starting request: 10.222.0.71 "GET /placement/resource_providers/5651e652-3a44-4445-ad22-468e89909aa1/allocations" {{(pid=114454) __call__ /opt/stack/placement/placement/requestlog.py:55}}
Aug 31 16:05:20.002649 n-d-836830-14 devstack@placement-api.service[114454]: INFO placement.requestlog [req-40e515cd-0601-4a4a-a62e-81bc78c8c3f4 req-fa5debad-51f1-46a9-8439-bee079f20546 service placement] 10.222.0.71 "GET /placement/resource_providers/5651e652-3a44-4445-ad22-468e89909aa1/allocations" status: 200 len: 760 microversion: 1.0
Aug 31 16:05:20.003402 n-d-836830-14 devstack@placement-api.service[114454]: [pid: 114454|app: 0|req: 141/292] 10.222.0.71 () {58 vars in 1390 bytes} [Wed Aug 31 16:05:19 2022] GET /placement/resource_providers/5651e652-3a44-4445-ad22-468e89909aa1/allocations => generated 760 bytes in 189 msecs (HTTP/1.1 200) 6 headers in 224 bytes (1 switches on core 0)
Aug 31 16:05:20.045473 n-d-836830-14 devstack@placement-api.service[114455]: DEBUG placement.requestlog [req-79f11409-a674-4161-b18f-c8de8d7f90c0 req-f2de29e5-7450-4c0c-bf73-0a3c20e31f42 None None] Starting request: 10.222.0.73 "GET /placement/resource_providers/8193a198-7cb5-40c6-ad2b-99ea987cfcc0/inventories" {{(pid=114455) __call__ /opt/stack/placement/placement/requestlog.py:55}}
Aug 31 16:05:20.083885 n-d-836830-14 devstack@placement-api.service[114455]: INFO placement.requestlog [req-79f11409-a674-4161-b18f-c8de8d7f90c0 req-f2de29e5-7450-4c0c-bf73-0a3c20e31f42 service placement] 10.222.0.73 "GET /placement/resource_providers/8193a198-7cb5-40c6-ad2b-99ea987cfcc0/inventories" status: 200 len: 398 microversion: 1.0
Aug 31 16:05:20.085241 n-d-836830-14 devstack@placement-api.service[114455]: [pid: 114455|app: 0|req: 152/293] 10.222.0.73 () {58 vars in 1390 bytes} [Wed Aug 31 16:05:20 2022] GET /placement/resource_providers/8193a198-7cb5-40c6-ad2b-99ea987cfcc0/inventories => generated 398 bytes in 41 msecs (HTTP/1.1 200) 6 headers in 224 bytes (1 switches on core 0)
Aug 31 16:05:20.095859 n-d-836830-14 devstack@placement-api.service[114454]: DEBUG placement.requestlog [req-79f11409-a674-4161-b18f-c8de8d7f90c0 req-dddcb467-bb61-48ac-9f59-be487561067f None None] Starting request: 10.222.0.73 "GET /placement/resource_providers/8193a198-7cb5-40c6-ad2b-99ea987cfcc0/aggregates" {{(pid=114454) __call__ /opt/stack/placement/placement/requestlog.py:55}}
Aug 31 16:05:20.116370 n-d-836830-14 devstack@placement-api.service[114454]: INFO placement.requestlog [req-79f11409-a674-4161-b18f-c8de8d7f90c0 req-dddcb467-bb61-48ac-9f59-be487561067f service placement] 10.222.0.73 "GET /placement/resource_providers/8193a198-7cb5-40c6-ad2b-99ea987cfcc0/aggregates" status: 200 len: 54 microversion: 1.19
Aug 31 16:05:20.117490 n-d-836830-14 devstack@placement-api.service[114454]: [pid: 114454|app: 0|req: 142/294] 10.222.0.73 () {60 vars in 1431 bytes} [Wed Aug 31 16:05:20 2022] GET /placement/resource_providers/8193a198-7cb5-40c6-ad2b-99ea987cfcc0/aggregates => generated 54 bytes in 22 msecs (HTTP/1.1 200) 8 headers in 295 bytes (1 switches on core 0)
Aug 31 16:05:20.128404 n-d-836830-14 devstack@placement-api.service[114455]: DEBUG placement.requestlog [req-79f11409-a674-4161-b18f-c8de8d7f90c0 req-fe6fd77d-dd60-4a22-a42e-55454eabc020 None None] Starting request: 10.222.0.73 "GET /placement/resource_providers/8193a198-7cb5-40c6-ad2b-99ea987cfcc0/traits" {{(pid=114455) __call__ /opt/stack/placement/placement/requestlog.py:55}}
Aug 31 16:05:20.189287 n-d-836830-14 devstack@placement-api.service[114455]: INFO placement.requestlog [req-79f11409-a674-4161-b18f-c8de8d7f90c0 req-fe6fd77d-dd60-4a22-a42e-55454eabc020 service placement] 10.222.0.73 "GET /placement/resource_providers/8193a198-7cb5-40c6-ad2b-99ea987cfcc0/traits" status: 200 len: 212 microversion: 1.6
Aug 31 16:05:20.193720 n-d-836830-14 devstack@placement-api.service[114455]: [pid: 114455|app: 0|req: 153/295] 10.222.0.73 () {60 vars in 1418 bytes} [Wed Aug 31 16:05:20 2022] GET /placement/resource_providers/8193a198-7cb5-40c6-ad2b-99ea987cfcc0/traits => generated 212 bytes in 66 msecs (HTTP/1.1 200) 6 headers in 224 bytes (2 switches on core 0)
Aug 31 16:05:20.200030 n-d-836830-14 devstack@placement-api.service[114454]: DEBUG placement.requestlog [req-79f11409-a674-4161-b18f-c8de8d7f90c0 req-0ad3c445-2a12-4a83-be08-b6439ebd5348 None None] Starting request: 10.222.0.73 "GET /placement/resource_providers/8193a198-7cb5-40c6-ad2b-99ea987cfcc0/allocations" {{(pid=114454) __call__ /opt/stack/placement/placement/requestlog.py:55}}
Aug 31 16:05:20.230665 n-d-836830-14 devstack@placement-api.service[114455]: DEBUG placement.requestlog [req-c519793d-3a60-4be9-a639-8488befc1edc req-28b56f9f-795d-439d-8f01-eca76555a872 None None] Starting request: 10.222.0.73 "GET /placement/resource_providers/8193a198-7cb5-40c6-ad2b-99ea987cfcc0/allocations" {{(pid=114455) __call__ /opt/stack/placement/placement/requestlog.py:55}}
Aug 31 16:05:20.243731 n-d-836830-14 devstack@placement-api.service[114454]: INFO placement.requestlog [req-79f11409-a674-4161-b18f-c8de8d7f90c0 req-0ad3c445-2a12-4a83-be08-b6439ebd5348 service placement] 10.222.0.73 "GET /placement/resource_providers/8193a198-7cb5-40c6-ad2b-99ea987cfcc0/allocations" status: 200 len: 645 microversion: 1.0
Aug 31 16:05:20.249569 n-d-836830-14 devstack@placement-api.service[114454]: [pid: 114454|app: 0|req: 143/296] 10.222.0.73 () {58 vars in 1390 bytes} [Wed Aug 31 16:05:20 2022] GET /placement/resource_providers/8193a198-7cb5-40c6-ad2b-99ea987cfcc0/allocations => generated 645 bytes in 47 msecs (HTTP/1.1 200) 6 headers in 224 bytes (1 switches on core 0)
Aug 31 16:05:20.253850 n-d-836830-14 devstack@placement-api.service[114454]: DEBUG placement.requestlog [req-79f11409-a674-4161-b18f-c8de8d7f90c0 req-eb464975-5978-47da-9749-2f443662aa7f None None] Starting request: 10.222.0.73 "GET /placement/allocations/73e6decc-2ddf-4005-8bde-ea2aedc814f4" {{(pid=114454) __call__ /opt/stack/placement/placement/requestlog.py:55}}
Aug 31 16:05:20.278272 n-d-836830-14 devstack@placement-api.service[114455]: INFO placement.requestlog [req-c519793d-3a60-4be9-a639-8488befc1edc req-28b56f9f-795d-439d-8f01-eca76555a872 service placement] 10.222.0.73 "GET /placement/resource_providers/8193a198-7cb5-40c6-ad2b-99ea987cfcc0/allocations" status: 200 len: 645 microversion: 1.0
Aug 31 16:05:20.280441 n-d-836830-14 devstack@placement-api.service[114455]: [pid: 114455|app: 0|req: 154/297] 10.222.0.73 () {58 vars in 1390 bytes} [Wed Aug 31 16:05:20 2022] GET /placement/resource_providers/8193a198-7cb5-40c6-ad2b-99ea987cfcc0/allocations => generated 645 bytes in 50 msecs (HTTP/1.1 200) 6 headers in 224 bytes (1 switches on core 0)
Aug 31 16:05:20.281494 n-d-836830-14 devstack@placement-api.service[114454]: DEBUG dbcounter [-] [114454] Writing DB stats placement:SELECT=91,placement:INSERT=5,placement:DELETE=2,placement:UPDATE=2 {{(pid=114454) stat_writer /usr/local/lib/python3.8/dist-packages/dbcounter.py:114}}
Aug 31 16:05:20.282287 n-d-836830-14 devstack@placement-api.service[114455]: DEBUG placement.requestlog [req-93fdb73c-958e-4d3d-9c58-a0927d33dec7 req-0f871ce3-4be9-45a5-bae9-4e766df9d1b0 None None] Starting request: 10.222.0.73 "GET /placement/resource_providers/8193a198-7cb5-40c6-ad2b-99ea987cfcc0/allocations" {{(pid=114455) __call__ /opt/stack/placement/placement/requestlog.py:55}}
Aug 31 16:05:20.293103 n-d-836830-14 devstack@placement-api.service[114454]: INFO placement.requestlog [req-79f11409-a674-4161-b18f-c8de8d7f90c0 req-eb464975-5978-47da-9749-2f443662aa7f service placement] 10.222.0.73 "GET /placement/allocations/73e6decc-2ddf-4005-8bde-ea2aedc814f4" status: 200 len: 245 microversion: 1.28
Aug 31 16:05:20.295070 n-d-836830-14 devstack@placement-api.service[114454]: [pid: 114454|app: 0|req: 144/298] 10.222.0.73 () {60 vars in 1377 bytes} [Wed Aug 31 16:05:20 2022] GET /placement/allocations/73e6decc-2ddf-4005-8bde-ea2aedc814f4 => generated 245 bytes in 41 msecs (HTTP/1.1 200) 8 headers in 296 bytes (1 switches on core 0)
Aug 31 16:05:20.302059 n-d-836830-14 devstack@placement-api.service[114454]: DEBUG placement.requestlog [req-79f11409-a674-4161-b18f-c8de8d7f90c0 req-7b362c24-6ba6-46f9-a671-8b28c96a5ef8 None None] Starting request: 10.222.0.73 "GET /placement/allocations/b6d969ba-f87a-4168-9b1c-f0b23333fd6d" {{(pid=114454) __call__ /opt/stack/placement/placement/requestlog.py:55}}
Aug 31 16:05:20.341640 n-d-836830-14 devstack@placement-api.service[114454]: INFO placement.requestlog [req-79f11409-a674-4161-b18f-c8de8d7f90c0 req-7b362c24-6ba6-46f9-a671-8b28c96a5ef8 service placement] 10.222.0.73 "GET /placement/allocations/b6d969ba-f87a-4168-9b1c-f0b23333fd6d" status: 200 len: 259 microversion: 1.28
Aug 31 16:05:20.342625 n-d-836830-14 devstack@placement-api.service[114454]: [pid: 114454|app: 0|req: 145/299] 10.222.0.73 () {60 vars in 1377 bytes} [Wed Aug 31 16:05:20 2022] GET /placement/allocations/b6d969ba-f87a-4168-9b1c-f0b23333fd6d => generated 259 bytes in 41 msecs (HTTP/1.1 200) 8 headers in 296 bytes (1 switches on core 0)
Aug 31 16:05:20.356245 n-d-836830-14 devstack@placement-api.service[114455]: INFO placement.requestlog [req-93fdb73c-958e-4d3d-9c58-a0927d33dec7 req-0f871ce3-4be9-45a5-bae9-4e766df9d1b0 service placement] 10.222.0.73 "GET /placement/resource_providers/8193a198-7cb5-40c6-ad2b-99ea987cfcc0/allocations" status: 200 len: 645 microversion: 1.0
Aug 31 16:05:20.356583 n-d-836830-14 devstack@placement-api.service[114454]: DEBUG placement.requestlog [req-79f11409-a674-4161-b18f-c8de8d7f90c0 req-5a4e4e11-7164-4bd4-ac81-6200884501b2 None None] Starting request: 10.222.0.73 "GET /placement/allocations/c5ab00c6-b0bf-4a1e-b2c8-1c0cfc8677e8" {{(pid=114454) __call__ /opt/stack/placement/placement/requestlog.py:55}}
Aug 31 16:05:20.356709 n-d-836830-14 devstack@placement-api.service[114455]: [pid: 114455|app: 0|req: 155/300] 10.222.0.73 () {58 vars in 1390 bytes} [Wed Aug 31 16:05:20 2022] GET /placement/resource_providers/8193a198-7cb5-40c6-ad2b-99ea987cfcc0/allocations => generated 645 bytes in 74 msecs (HTTP/1.1 200) 6 headers in 224 bytes (1 switches on core 0)
Aug 31 16:05:20.364245 n-d-836830-14 devstack@placement-api.service[114455]: DEBUG placement.requestlog [req-c519793d-3a60-4be9-a639-8488befc1edc req-36442e3d-b42f-4d42-ae61-15f7e0e73714 None None] Starting request: 10.222.0.73 "GET /placement/resource_providers/8193a198-7cb5-40c6-ad2b-99ea987cfcc0/allocations" {{(pid=114455) __call__ /opt/stack/placement/placement/requestlog.py:55}}
Aug 31 16:05:20.396513 n-d-836830-14 devstack@placement-api.service[114454]: INFO placement.requestlog [req-79f11409-a674-4161-b18f-c8de8d7f90c0 req-5a4e4e11-7164-4bd4-ac81-6200884501b2 service placement] 10.222.0.73 "GET /placement/allocations/c5ab00c6-b0bf-4a1e-b2c8-1c0cfc8677e8" status: 200 len: 259 microversion: 1.28
Aug 31 16:05:20.397863 n-d-836830-14 devstack@placement-api.service[114454]: [pid: 114454|app: 0|req: 146/301] 10.222.0.73 () {60 vars in 1377 bytes} [Wed Aug 31 16:05:20 2022] GET /placement/allocations/c5ab00c6-b0bf-4a1e-b2c8-1c0cfc8677e8 => generated 259 bytes in 45 msecs (HTTP/1.1 200) 8 headers in 296 bytes (1 switches on core 0)
Aug 31 16:05:20.398583 n-d-836830-14 devstack@placement-api.service[114454]: DEBUG placement.requestlog [req-93fdb73c-958e-4d3d-9c58-a0927d33dec7 req-727b51f7-4a31-4582-a6dc-396411100c64 None None] Starting request: 10.222.0.73 "GET /placement/allocations/73e6decc-2ddf-4005-8bde-ea2aedc814f4" {{(pid=114454) __call__ /opt/stack/placement/placement/requestlog.py:55}}
Aug 31 16:05:20.417433 n-d-836830-14 devstack@placement-api.service[114455]: INFO placement.requestlog [req-c519793d-3a60-4be9-a639-8488befc1edc req-36442e3d-b42f-4d42-ae61-15f7e0e73714 service placement] 10.222.0.73 "GET /placement/resource_providers/8193a198-7cb5-40c6-ad2b-99ea987cfcc0/allocations" status: 200 len: 645 microversion: 1.0
Aug 31 16:05:20.419216 n-d-836830-14 devstack@placement-api.service[114455]: [pid: 114455|app: 0|req: 156/302] 10.222.0.73 () {58 vars in 1390 bytes} [Wed Aug 31 16:05:20 2022] GET /placement/resource_providers/8193a198-7cb5-40c6-ad2b-99ea987cfcc0/allocations => generated 645 bytes in 55 msecs (HTTP/1.1 200) 6 headers in 224 bytes (1 switches on core 0)
Aug 31 16:05:20.421324 n-d-836830-14 devstack@placement-api.service[114455]: DEBUG placement.requestlog [req-79f11409-a674-4161-b18f-c8de8d7f90c0 req-bfe3d076-db5a-4dd8-8f84-cfe5d9aedcf0 None None] Starting request: 10.222.0.73 "GET /placement/allocations/1abc60f4-f76b-4a69-9165-49d2a998042a" {{(pid=114455) __call__ /opt/stack/placement/placement/requestlog.py:55}}
Aug 31 16:05:20.447049 n-d-836830-14 devstack@placement-api.service[114454]: INFO placement.requestlog [req-93fdb73c-958e-4d3d-9c58-a0927d33dec7 req-727b51f7-4a31-4582-a6dc-396411100c64 service placement] 10.222.0.73 "GET /placement/allocations/73e6decc-2ddf-4005-8bde-ea2aedc814f4" status: 200 len: 245 microversion: 1.28
Aug 31 16:05:20.447941 n-d-836830-14 devstack@placement-api.service[114454]: [pid: 114454|app: 0|req: 147/303] 10.222.0.73 () {60 vars in 1377 bytes} [Wed Aug 31 16:05:20 2022] GET /placement/allocations/73e6decc-2ddf-4005-8bde-ea2aedc814f4 => generated 245 bytes in 49 msecs (HTTP/1.1 200) 8 headers in 296 bytes (1 switches on core 0)
Aug 31 16:05:20.449164 n-d-836830-14 devstack@placement-api.service[114454]: DEBUG placement.requestlog [req-c519793d-3a60-4be9-a639-8488befc1edc req-bf3283a4-5121-4ed9-8528-0c61f70f728e None None] Starting request: 10.222.0.73 "GET /placement/allocations/73e6decc-2ddf-4005-8bde-ea2aedc814f4" {{(pid=114454) __call__ /opt/stack/placement/placement/requestlog.py:55}}
Aug 31 16:05:20.451586 n-d-836830-14 devstack@placement-api.service[114455]: INFO placement.requestlog [req-79f11409-a674-4161-b18f-c8de8d7f90c0 req-bfe3d076-db5a-4dd8-8f84-cfe5d9aedcf0 service placement] 10.222.0.73 "GET /placement/allocations/1abc60f4-f76b-4a69-9165-49d2a998042a" status: 200 len: 259 microversion: 1.28
Aug 31 16:05:20.452654 n-d-836830-14 devstack@placement-api.service[114455]: [pid: 114455|app: 0|req: 157/304] 10.222.0.73 () {60 vars in 1377 bytes} [Wed Aug 31 16:05:20 2022] GET /placement/allocations/1abc60f4-f76b-4a69-9165-49d2a998042a => generated 259 bytes in 32 msecs (HTTP/1.1 200) 8 headers in 296 bytes (1 switches on core 0)
Aug 31 16:05:20.476888 n-d-836830-14 devstack@placement-api.service[114455]: DEBUG placement.requestlog [req-93fdb73c-958e-4d3d-9c58-a0927d33dec7 req-554ada17-ab48-4fb9-bccb-0bdc337d5951 None None] Starting request: 10.222.0.73 "GET /placement/allocations/b6d969ba-f87a-4168-9b1c-f0b23333fd6d" {{(pid=114455) __call__ /opt/stack/placement/placement/requestlog.py:55}}
Aug 31 16:05:20.491637 n-d-836830-14 devstack@placement-api.service[114454]: INFO placement.requestlog [req-c519793d-3a60-4be9-a639-8488befc1edc req-bf3283a4-5121-4ed9-8528-0c61f70f728e service placement] 10.222.0.73 "GET /placement/allocations/73e6decc-2ddf-4005-8bde-ea2aedc814f4" status: 200 len: 245 microversion: 1.28
Aug 31 16:05:20.493619 n-d-836830-14 devstack@placement-api.service[114454]: [pid: 114454|app: 0|req: 148/305] 10.222.0.73 () {60 vars in 1377 bytes} [Wed Aug 31 16:05:20 2022] GET /placement/allocations/73e6decc-2ddf-4005-8bde-ea2aedc814f4 => generated 245 bytes in 45 msecs (HTTP/1.1 200) 8 headers in 296 bytes (1 switches on core 0)
Aug 31 16:05:20.495044 n-d-836830-14 devstack@placement-api.service[114454]: DEBUG placement.requestlog [req-79f11409-a674-4161-b18f-c8de8d7f90c0 req-1f8a9293-47fa-40ed-8384-64d038ec874c None None] Starting request: 10.222.0.73 "GET /placement/allocations/545d2e7b-3785-4711-af01-9f11fcae30e9" {{(pid=114454) __call__ /opt/stack/placement/placement/requestlog.py:55}}
Aug 31 16:05:20.528333 n-d-836830-14 devstack@placement-api.service[114454]: INFO placement.requestlog [req-79f11409-a674-4161-b18f-c8de8d7f90c0 req-1f8a9293-47fa-40ed-8384-64d038ec874c service placement] 10.222.0.73 "GET /placement/allocations/545d2e7b-3785-4711-af01-9f11fcae30e9" status: 200 len: 259 microversion: 1.28
Aug 31 16:05:20.529586 n-d-836830-14 devstack@placement-api.service[114454]: [pid: 114454|app: 0|req: 149/306] 10.222.0.73 () {60 vars in 1377 bytes} [Wed Aug 31 16:05:20 2022] GET /placement/allocations/545d2e7b-3785-4711-af01-9f11fcae30e9 => generated 259 bytes in 35 msecs (HTTP/1.1 200) 8 headers in 296 bytes (1 switches on core 0)
Aug 31 16:05:20.530891 n-d-836830-14 devstack@placement-api.service[114454]: DEBUG placement.requestlog [req-c519793d-3a60-4be9-a639-8488befc1edc req-4eb72f7a-98c6-42df-bdb5-1a81670f8346 None None] Starting request: 10.222.0.73 "GET /placement/allocations/b6d969ba-f87a-4168-9b1c-f0b23333fd6d" {{(pid=114454) __call__ /opt/stack/placement/placement/requestlog.py:55}}
Aug 31 16:05:20.539647 n-d-836830-14 devstack@placement-api.service[114455]: INFO placement.requestlog [req-93fdb73c-958e-4d3d-9c58-a0927d33dec7 req-554ada17-ab48-4fb9-bccb-0bdc337d5951 service placement] 10.222.0.73 "GET /placement/allocations/b6d969ba-f87a-4168-9b1c-f0b23333fd6d" status: 200 len: 259 microversion: 1.28
Aug 31 16:05:20.540234 n-d-836830-14 devstack@placement-api.service[114455]: [pid: 114455|app: 0|req: 158/307] 10.222.0.73 () {60 vars in 1377 bytes} [Wed Aug 31 16:05:20 2022] GET /placement/allocations/b6d969ba-f87a-4168-9b1c-f0b23333fd6d => generated 259 bytes in 64 msecs (HTTP/1.1 200) 8 headers in 296 bytes (1 switches on core 0)
Aug 31 16:05:20.541269 n-d-836830-14 devstack@placement-api.service[114455]: DEBUG placement.requestlog [req-79f11409-a674-4161-b18f-c8de8d7f90c0 req-b93ef0b6-0a09-4a14-a307-19075b331de6 None None] Starting request: 10.222.0.73 "GET /placement/allocations/4c17ad6d-9cfd-4346-8e4e-34c7fc2e9e43" {{(pid=114455) __call__ /opt/stack/placement/placement/requestlog.py:55}}
Aug 31 16:05:20.568012 n-d-836830-14 devstack@placement-api.service[114454]: INFO placement.requestlog [req-c519793d-3a60-4be9-a639-8488befc1edc req-4eb72f7a-98c6-42df-bdb5-1a81670f8346 service placement] 10.222.0.73 "GET /placement/allocations/b6d969ba-f87a-4168-9b1c-f0b23333fd6d" status: 200 len: 259 microversion: 1.28
Aug 31 16:05:20.569435 n-d-836830-14 devstack@placement-api.service[114454]: [pid: 114454|app: 0|req: 150/308] 10.222.0.73 () {60 vars in 1377 bytes} [Wed Aug 31 16:05:20 2022] GET /placement/allocations/b6d969ba-f87a-4168-9b1c-f0b23333fd6d => generated 259 bytes in 39 msecs (HTTP/1.1 200) 8 headers in 296 bytes (1 switches on core 0)
Aug 31 16:05:20.572112 n-d-836830-14 devstack@placement-api.service[114454]: DEBUG placement.requestlog [req-93fdb73c-958e-4d3d-9c58-a0927d33dec7 req-1b194297-6a7c-45db-bc5f-851722d431ad None None] Starting request: 10.222.0.73 "GET /placement/allocations/c5ab00c6-b0bf-4a1e-b2c8-1c0cfc8677e8" {{(pid=114454) __call__ /opt/stack/placement/placement/requestlog.py:55}}
Aug 31 16:05:20.610721 n-d-836830-14 devstack@placement-api.service[114455]: INFO placement.requestlog [req-79f11409-a674-4161-b18f-c8de8d7f90c0 req-b93ef0b6-0a09-4a14-a307-19075b331de6 service placement] 10.222.0.73 "GET /placement/allocations/4c17ad6d-9cfd-4346-8e4e-34c7fc2e9e43" status: 200 len: 259 microversion: 1.28
Aug 31 16:05:20.611441 n-d-836830-14 devstack@placement-api.service[114455]: [pid: 114455|app: 0|req: 159/309] 10.222.0.73 () {60 vars in 1377 bytes} [Wed Aug 31 16:05:20 2022] GET /placement/allocations/4c17ad6d-9cfd-4346-8e4e-34c7fc2e9e43 => generated 259 bytes in 71 msecs (HTTP/1.1 200) 8 headers in 296 bytes (1 switches on core 0)
Aug 31 16:05:20.614516 n-d-836830-14 devstack@placement-api.service[114455]: DEBUG placement.requestlog [req-c519793d-3a60-4be9-a639-8488befc1edc req-a7db9def-e09b-44d0-b2b4-83eed347528d None None] Starting request: 10.222.0.73 "GET /placement/allocations/c5ab00c6-b0bf-4a1e-b2c8-1c0cfc8677e8" {{(pid=114455) __call__ /opt/stack/placement/placement/requestlog.py:55}}
Aug 31 16:05:20.620223 n-d-836830-14 devstack@placement-api.service[114454]: INFO placement.requestlog [req-93fdb73c-958e-4d3d-9c58-a0927d33dec7 req-1b194297-6a7c-45db-bc5f-851722d431ad service placement] 10.222.0.73 "GET /placement/allocations/c5ab00c6-b0bf-4a1e-b2c8-1c0cfc8677e8" status: 200 len: 259 microversion: 1.28
Aug 31 16:05:20.629483 n-d-836830-14 devstack@placement-api.service[114454]: [pid: 114454|app: 0|req: 151/310] 10.222.0.73 () {60 vars in 1377 bytes} [Wed Aug 31 16:05:20 2022] GET /placement/allocations/c5ab00c6-b0bf-4a1e-b2c8-1c0cfc8677e8 => generated 259 bytes in 51 msecs (HTTP/1.1 200) 8 headers in 296 bytes (1 switches on core 0)
Aug 31 16:05:20.660334 n-d-836830-14 devstack@placement-api.service[114455]: INFO placement.requestlog [req-c519793d-3a60-4be9-a639-8488befc1edc req-a7db9def-e09b-44d0-b2b4-83eed347528d service placement] 10.222.0.73 "GET /placement/allocations/c5ab00c6-b0bf-4a1e-b2c8-1c0cfc8677e8" status: 200 len: 259 microversion: 1.28
Aug 31 16:05:20.660974 n-d-836830-14 devstack@placement-api.service[114455]: [pid: 114455|app: 0|req: 160/311] 10.222.0.73 () {60 vars in 1377 bytes} [Wed Aug 31 16:05:20 2022] GET /placement/allocations/c5ab00c6-b0bf-4a1e-b2c8-1c0cfc8677e8 => generated 259 bytes in 49 msecs (HTTP/1.1 200) 8 headers in 296 bytes (1 switches on core 0)
Aug 31 16:05:20.891256 n-d-836830-14 devstack@placement-api.service[114454]: DEBUG placement.requestlog [req-93fdb73c-958e-4d3d-9c58-a0927d33dec7 req-7ae3b76b-85a9-4b82-ba51-f6c14b77a636 None None] Starting request: 10.222.0.73 "GET /placement/allocations/1abc60f4-f76b-4a69-9165-49d2a998042a" {{(pid=114454) __call__ /opt/stack/placement/placement/requestlog.py:55}}
Aug 31 16:05:20.891944 n-d-836830-14 devstack@placement-api.service[114455]: DEBUG placement.requestlog [req-c519793d-3a60-4be9-a639-8488befc1edc req-ec175523-53af-4844-8aaf-2ccd66d53221 None None] Starting request: 10.222.0.73 "GET /placement/allocations/1abc60f4-f76b-4a69-9165-49d2a998042a" {{(pid=114455) __call__ /opt/stack/placement/placement/requestlog.py:55}}
Aug 31 16:05:20.924908 n-d-836830-14 devstack@placement-api.service[114455]: INFO placement.requestlog [req-c519793d-3a60-4be9-a639-8488befc1edc req-ec175523-53af-4844-8aaf-2ccd66d53221 service placement] 10.222.0.73 "GET /placement/allocations/1abc60f4-f76b-4a69-9165-49d2a998042a" status: 200 len: 259 microversion: 1.28
Aug 31 16:05:20.926102 n-d-836830-14 devstack@placement-api.service[114455]: [pid: 114455|app: 0|req: 161/312] 10.222.0.73 () {60 vars in 1377 bytes} [Wed Aug 31 16:05:20 2022] GET /placement/allocations/1abc60f4-f76b-4a69-9165-49d2a998042a => generated 259 bytes in 34 msecs (HTTP/1.1 200) 8 headers in 296 bytes (1 switches on core 0)
Aug 31 16:05:20.930546 n-d-836830-14 devstack@placement-api.service[114454]: INFO placement.requestlog [req-93fdb73c-958e-4d3d-9c58-a0927d33dec7 req-7ae3b76b-85a9-4b82-ba51-f6c14b77a636 service placement] 10.222.0.73 "GET /placement/allocations/1abc60f4-f76b-4a69-9165-49d2a998042a" status: 200 len: 259 microversion: 1.28
Aug 31 16:05:20.931273 n-d-836830-14 devstack@placement-api.service[114454]: [pid: 114454|app: 0|req: 152/313] 10.222.0.73 () {60 vars in 1377 bytes} [Wed Aug 31 16:05:20 2022] GET /placement/allocations/1abc60f4-f76b-4a69-9165-49d2a998042a => generated 259 bytes in 41 msecs (HTTP/1.1 200) 8 headers in 296 bytes (1 switches on core 0)
Aug 31 16:05:20.946048 n-d-836830-14 devstack@placement-api.service[114455]: DEBUG placement.requestlog [req-93fdb73c-958e-4d3d-9c58-a0927d33dec7 req-95fe2c8f-42aa-4224-9250-9e617dcb86da None None] Starting request: 10.222.0.73 "GET /placement/allocations/545d2e7b-3785-4711-af01-9f11fcae30e9" {{(pid=114455) __call__ /opt/stack/placement/placement/requestlog.py:55}}
Aug 31 16:05:20.956658 n-d-836830-14 devstack@placement-api.service[114454]: DEBUG placement.requestlog [req-c519793d-3a60-4be9-a639-8488befc1edc req-5c71f319-81e5-478e-9e13-85ba878b995a None None] Starting request: 10.222.0.73 "GET /placement/allocations/545d2e7b-3785-4711-af01-9f11fcae30e9" {{(pid=114454) __call__ /opt/stack/placement/placement/requestlog.py:55}}
Aug 31 16:05:20.983675 n-d-836830-14 devstack@placement-api.service[114455]: INFO placement.requestlog [req-93fdb73c-958e-4d3d-9c58-a0927d33dec7 req-95fe2c8f-42aa-4224-9250-9e617dcb86da service placement] 10.222.0.73 "GET /placement/allocations/545d2e7b-3785-4711-af01-9f11fcae30e9" status: 200 len: 259 microversion: 1.28
Aug 31 16:05:20.986795 n-d-836830-14 devstack@placement-api.service[114455]: [pid: 114455|app: 0|req: 162/314] 10.222.0.73 () {60 vars in 1377 bytes} [Wed Aug 31 16:05:20 2022] GET /placement/allocations/545d2e7b-3785-4711-af01-9f11fcae30e9 => generated 259 bytes in 41 msecs (HTTP/1.1 200) 8 headers in 296 bytes (1 switches on core 0)
Aug 31 16:05:20.991920 n-d-836830-14 devstack@placement-api.service[114454]: INFO placement.requestlog [req-c519793d-3a60-4be9-a639-8488befc1edc req-5c71f319-81e5-478e-9e13-85ba878b995a service placement] 10.222.0.73 "GET /placement/allocations/545d2e7b-3785-4711-af01-9f11fcae30e9" status: 200 len: 259 microversion: 1.28
Aug 31 16:05:20.993040 n-d-836830-14 devstack@placement-api.service[114454]: [pid: 114454|app: 0|req: 153/315] 10.222.0.73 () {60 vars in 1377 bytes} [Wed Aug 31 16:05:20 2022] GET /placement/allocations/545d2e7b-3785-4711-af01-9f11fcae30e9 => generated 259 bytes in 45 msecs (HTTP/1.1 200) 8 headers in 296 bytes (1 switches on core 0)
Aug 31 16:05:20.993199 n-d-836830-14 devstack@placement-api.service[114455]: DEBUG placement.requestlog [req-93fdb73c-958e-4d3d-9c58-a0927d33dec7 req-d8caa90b-3706-468e-a97f-35705c6a12b2 None None] Starting request: 10.222.0.73 "GET /placement/allocations/4c17ad6d-9cfd-4346-8e4e-34c7fc2e9e43" {{(pid=114455) __call__ /opt/stack/placement/placement/requestlog.py:55}}
Aug 31 16:05:21.001484 n-d-836830-14 devstack@placement-api.service[114454]: DEBUG placement.requestlog [req-c519793d-3a60-4be9-a639-8488befc1edc req-224e856e-25fc-4afa-a9ff-2fe919837e2a None None] Starting request: 10.222.0.73 "GET /placement/allocations/4c17ad6d-9cfd-4346-8e4e-34c7fc2e9e43" {{(pid=114454) __call__ /opt/stack/placement/placement/requestlog.py:55}}
Aug 31 16:05:21.018158 n-d-836830-14 devstack@placement-api.service[114455]: INFO placement.requestlog [req-93fdb73c-958e-4d3d-9c58-a0927d33dec7 req-d8caa90b-3706-468e-a97f-35705c6a12b2 service placement] 10.222.0.73 "GET /placement/allocations/4c17ad6d-9cfd-4346-8e4e-34c7fc2e9e43" status: 200 len: 259 microversion: 1.28
Aug 31 16:05:21.019355 n-d-836830-14 devstack@placement-api.service[114455]: [pid: 114455|app: 0|req: 163/316] 10.222.0.73 () {60 vars in 1377 bytes} [Wed Aug 31 16:05:20 2022] GET /placement/allocations/4c17ad6d-9cfd-4346-8e4e-34c7fc2e9e43 => generated 259 bytes in 26 msecs (HTTP/1.1 200) 8 headers in 296 bytes (1 switches on core 0)
Aug 31 16:05:21.040979 n-d-836830-14 devstack@placement-api.service[114454]: INFO placement.requestlog [req-c519793d-3a60-4be9-a639-8488befc1edc req-224e856e-25fc-4afa-a9ff-2fe919837e2a service placement] 10.222.0.73 "GET /placement/allocations/4c17ad6d-9cfd-4346-8e4e-34c7fc2e9e43" status: 200 len: 259 microversion: 1.28
Aug 31 16:05:21.041796 n-d-836830-14 devstack@placement-api.service[114454]: [pid: 114454|app: 0|req: 154/317] 10.222.0.73 () {60 vars in 1377 bytes} [Wed Aug 31 16:05:20 2022] GET /placement/allocations/4c17ad6d-9cfd-4346-8e4e-34c7fc2e9e43 => generated 259 bytes in 41 msecs (HTTP/1.1 200) 8 headers in 296 bytes (2 switches on core 0)
Aug 31 16:05:21.915900 n-d-836830-14 devstack@placement-api.service[114455]: DEBUG placement.requestlog [req-c519793d-3a60-4be9-a639-8488befc1edc req-cd6c53eb-affb-4a34-ac55-4e89f32b3844 None None] Starting request: 10.222.0.73 "GET /placement/allocations/c5ab00c6-b0bf-4a1e-b2c8-1c0cfc8677e8" {{(pid=114455) __call__ /opt/stack/placement/placement/requestlog.py:55}}
Aug 31 16:05:21.950342 n-d-836830-14 devstack@placement-api.service[114455]: INFO placement.requestlog [req-c519793d-3a60-4be9-a639-8488befc1edc req-cd6c53eb-affb-4a34-ac55-4e89f32b3844 service placement] 10.222.0.73 "GET /placement/allocations/c5ab00c6-b0bf-4a1e-b2c8-1c0cfc8677e8" status: 200 len: 259 microversion: 1.28
Aug 31 16:05:21.952169 n-d-836830-14 devstack@placement-api.service[114455]: [pid: 114455|app: 0|req: 164/318] 10.222.0.73 () {60 vars in 1377 bytes} [Wed Aug 31 16:05:21 2022] GET /placement/allocations/c5ab00c6-b0bf-4a1e-b2c8-1c0cfc8677e8 => generated 259 bytes in 36 msecs (HTTP/1.1 200) 8 headers in 296 bytes (1 switches on core 0)
Aug 31 16:05:21.963506 n-d-836830-14 devstack@placement-api.service[114454]: DEBUG placement.requestlog [req-c519793d-3a60-4be9-a639-8488befc1edc req-bb0afa21-dd76-4673-83d7-8a0212bd1659 None None] Starting request: 10.222.0.73 "PUT /placement/allocations/c5ab00c6-b0bf-4a1e-b2c8-1c0cfc8677e8" {{(pid=114454) __call__ /opt/stack/placement/placement/requestlog.py:55}}
Aug 31 16:05:22.112040 n-d-836830-14 devstack@placement-api.service[114454]: DEBUG placement.handlers.allocation [req-c519793d-3a60-4be9-a639-8488befc1edc req-bb0afa21-dd76-4673-83d7-8a0212bd1659 service placement] Successfully wrote allocations [, , ] {{(pid=114454) _update_consumers_and_create_allocations /opt/stack/placement/placement/handlers/allocation.py:462}}
Aug 31 16:05:22.257924 n-d-836830-14 devstack@placement-api.service[114454]: INFO placement.requestlog [req-c519793d-3a60-4be9-a639-8488befc1edc req-bb0afa21-dd76-4673-83d7-8a0212bd1659 service placement] 10.222.0.73 "PUT /placement/allocations/c5ab00c6-b0bf-4a1e-b2c8-1c0cfc8677e8" status: 204 len: 0 microversion: 1.28
Aug 31 16:05:22.258869 n-d-836830-14 devstack@placement-api.service[114454]: [pid: 114454|app: 0|req: 155/319] 10.222.0.73 () {64 vars in 1430 bytes} [Wed Aug 31 16:05:21 2022] PUT /placement/allocations/c5ab00c6-b0bf-4a1e-b2c8-1c0cfc8677e8 => generated 0 bytes in 297 msecs (HTTP/1.1 204) 5 headers in 199 bytes (1 switches on core 0)
Aug 31 16:05:22.520629 n-d-836830-14 devstack@placement-api.service[114455]: DEBUG placement.requestlog [req-40e515cd-0601-4a4a-a62e-81bc78c8c3f4 req-a3f2460f-c6db-49d0-9a65-42b5ce241722 None None] Starting request: 10.222.0.71 "GET /placement/resource_providers?in_tree=5651e652-3a44-4445-ad22-468e89909aa1" {{(pid=114455) __call__ /opt/stack/placement/placement/requestlog.py:55}}
Aug 31 16:05:22.570322 n-d-836830-14 devstack@placement-api.service[114455]: INFO placement.requestlog [req-40e515cd-0601-4a4a-a62e-81bc78c8c3f4 req-a3f2460f-c6db-49d0-9a65-42b5ce241722 service placement] 10.222.0.71 "GET /placement/resource_providers?in_tree=5651e652-3a44-4445-ad22-468e89909aa1" status: 200 len: 864 microversion: 1.14
Aug 31 16:05:22.576418 n-d-836830-14 devstack@placement-api.service[114455]: [pid: 114455|app: 0|req: 165/320] 10.222.0.71 () {60 vars in 1376 bytes} [Wed Aug 31 16:05:22 2022] GET /placement/resource_providers?in_tree=5651e652-3a44-4445-ad22-468e89909aa1 => generated 864 bytes in 53 msecs (HTTP/1.1 200) 6 headers in 225 bytes (1 switches on core 0)
Aug 31 16:05:22.595822 n-d-836830-14 devstack@placement-api.service[114454]: DEBUG placement.requestlog [req-40e515cd-0601-4a4a-a62e-81bc78c8c3f4 req-3d9af59e-ca62-493d-b825-def65b39e835 None None] Starting request: 10.222.0.71 "GET /placement/resource_providers/5651e652-3a44-4445-ad22-468e89909aa1/inventories" {{(pid=114454) __call__ /opt/stack/placement/placement/requestlog.py:55}}
Aug 31 16:05:22.622498 n-d-836830-14 devstack@placement-api.service[114454]: INFO placement.requestlog [req-40e515cd-0601-4a4a-a62e-81bc78c8c3f4 req-3d9af59e-ca62-493d-b825-def65b39e835 service placement] 10.222.0.71 "GET /placement/resource_providers/5651e652-3a44-4445-ad22-468e89909aa1/inventories" status: 200 len: 398 microversion: 1.0
Aug 31 16:05:22.623606 n-d-836830-14 devstack@placement-api.service[114454]: [pid: 114454|app: 0|req: 156/321] 10.222.0.71 () {58 vars in 1390 bytes} [Wed Aug 31 16:05:22 2022] GET /placement/resource_providers/5651e652-3a44-4445-ad22-468e89909aa1/inventories => generated 398 bytes in 28 msecs (HTTP/1.1 200) 6 headers in 224 bytes (1 switches on core 0)
Aug 31 16:05:22.647734 n-d-836830-14 devstack@placement-api.service[114455]: DEBUG placement.requestlog [req-40e515cd-0601-4a4a-a62e-81bc78c8c3f4 req-bb5ce3d6-1742-4552-b918-040c98a41643 None None] Starting request: 10.222.0.71 "GET /placement/resource_providers/5651e652-3a44-4445-ad22-468e89909aa1/aggregates" {{(pid=114455) __call__ /opt/stack/placement/placement/requestlog.py:55}}
Aug 31 16:05:22.668077 n-d-836830-14 devstack@placement-api.service[114455]: INFO placement.requestlog [req-40e515cd-0601-4a4a-a62e-81bc78c8c3f4 req-bb5ce3d6-1742-4552-b918-040c98a41643 service placement] 10.222.0.71 "GET /placement/resource_providers/5651e652-3a44-4445-ad22-468e89909aa1/aggregates" status: 200 len: 54 microversion: 1.19
Aug 31 16:05:22.669318 n-d-836830-14 devstack@placement-api.service[114455]: [pid: 114455|app: 0|req: 166/322] 10.222.0.71 () {60 vars in 1431 bytes} [Wed Aug 31 16:05:22 2022] GET /placement/resource_providers/5651e652-3a44-4445-ad22-468e89909aa1/aggregates => generated 54 bytes in 22 msecs (HTTP/1.1 200) 8 headers in 295 bytes (1 switches on core 0)
Aug 31 16:05:22.682855 n-d-836830-14 devstack@placement-api.service[114454]: DEBUG placement.requestlog [req-40e515cd-0601-4a4a-a62e-81bc78c8c3f4 req-93db5035-332e-401a-982a-1a6a52b5ac7f None None] Starting request: 10.222.0.71 "GET /placement/resource_providers/5651e652-3a44-4445-ad22-468e89909aa1/traits" {{(pid=114454) __call__ /opt/stack/placement/placement/requestlog.py:55}}
Aug 31 16:05:22.753176 n-d-836830-14 devstack@placement-api.service[114454]: INFO placement.requestlog [req-40e515cd-0601-4a4a-a62e-81bc78c8c3f4 req-93db5035-332e-401a-982a-1a6a52b5ac7f service placement] 10.222.0.71 "GET /placement/resource_providers/5651e652-3a44-4445-ad22-468e89909aa1/traits" status: 200 len: 212 microversion: 1.6
Aug 31 16:05:22.754012 n-d-836830-14 devstack@placement-api.service[114454]: [pid: 114454|app: 0|req: 157/323] 10.222.0.71 () {60 vars in 1418 bytes} [Wed Aug 31 16:05:22 2022] GET /placement/resource_providers/5651e652-3a44-4445-ad22-468e89909aa1/traits => generated 212 bytes in 71 msecs (HTTP/1.1 200) 6 headers in 224 bytes (1 switches on core 0)
Aug 31 16:05:22.777723 n-d-836830-14 devstack@placement-api.service[114455]: DEBUG placement.requestlog [req-40e515cd-0601-4a4a-a62e-81bc78c8c3f4 req-4415a3bc-dcb4-4f49-b883-08e5cd167076 None None] Starting request: 10.222.0.71 "GET /placement/resource_providers/5651e652-3a44-4445-ad22-468e89909aa1/allocations" {{(pid=114455) __call__ /opt/stack/placement/placement/requestlog.py:55}}
Aug 31 16:05:22.868013 n-d-836830-14 devstack@placement-api.service[114455]: DEBUG dbcounter [-] [114455] Writing DB stats placement:SELECT=92,placement:INSERT=4,placement:DELETE=2,placement:UPDATE=2 {{(pid=114455) stat_writer /usr/local/lib/python3.8/dist-packages/dbcounter.py:114}}
Aug 31 16:05:22.873717 n-d-836830-14 devstack@placement-api.service[114455]: INFO placement.requestlog [req-40e515cd-0601-4a4a-a62e-81bc78c8c3f4 req-4415a3bc-dcb4-4f49-b883-08e5cd167076 service placement] 10.222.0.71 "GET /placement/resource_providers/5651e652-3a44-4445-ad22-468e89909aa1/allocations" status: 200 len: 760 microversion: 1.0
Aug 31 16:05:22.874266 n-d-836830-14 devstack@placement-api.service[114455]: [pid: 114455|app: 0|req: 167/324] 10.222.0.71 () {58 vars in 1390 bytes} [Wed Aug 31 16:05:22 2022] GET /placement/resource_providers/5651e652-3a44-4445-ad22-468e89909aa1/allocations => generated 760 bytes in 97 msecs (HTTP/1.1 200) 6 headers in 224 bytes (1 switches on core 0)
