Apr 07 11:07:03.150590 n-d-836788-1 neutron-server[104177]: DEBUG neutron_lib.callbacks.manager [None req-4a384c01-33f5-4009-a246-57b4017e58e2 admin admin] Publish callbacks ['neutron.plugins.ml2.ovo_rpc._ObjectChangeHandler.handle_event-754992'] for security_group (3cc8c594-3d43-4621-aa5e-75b19c5ce77d), after_delete {{(pid=104177) _notify_loop /usr/local/lib/python3.8/dist-packages/neutron_lib/callbacks/manager.py:176}}
Apr 07 11:07:03.154504 n-d-836788-1 neutron-server[104177]: DEBUG neutron_lib.callbacks.manager [None req-4a384c01-33f5-4009-a246-57b4017e58e2 admin admin] Publish callbacks [] for security_group (None), before_response {{(pid=104177) _notify_loop /usr/local/lib/python3.8/dist-packages/neutron_lib/callbacks/manager.py:176}}
Apr 07 11:07:03.160791 n-d-836788-1 neutron-server[104177]: INFO neutron.wsgi [None req-4a384c01-33f5-4009-a246-57b4017e58e2 admin admin] 10.222.0.13 "DELETE /v2.0/security-groups/3cc8c594-3d43-4621-aa5e-75b19c5ce77d HTTP/1.1" status: 204 len: 168 time: 1.1118929
Apr 07 11:07:03.168304 n-d-836788-1 neutron-server[104179]: DEBUG neutron_lib.callbacks.manager [None req-867a3144-a4e1-4ff2-9a93-a083c70cd970 None None] Publish callbacks ['neutron.services.segments.db._update_segment_host_mapping_for_agent-8749671959224', 'neutron.plugins.ml2.plugin.Ml2Plugin._retry_binding_revived_agents-4151356'] for agent (69894c72-26a9-4da3-ae6a-96d8b6b76126), after_update {{(pid=104179) _notify_loop /usr/local/lib/python3.8/dist-packages/neutron_lib/callbacks/manager.py:176}}
Apr 07 11:07:03.171137 n-d-836788-1 neutron-server[104179]: DEBUG neutron.plugins.ml2.managers [None req-6abd62e6-41ae-4a5c-ac8c-19873887d260 None None] Attempting to bind port 289ef6fb-2704-406b-a9e7-5053c7639f6e on host n-d-836788-1 for vnic_type normal with profile {{(pid=104179) bind_port /opt/stack/neutron/neutron/plugins/ml2/managers.py:795}}
Apr 07 11:07:03.171676 n-d-836788-1 neutron-server[104179]: DEBUG neutron.plugins.ml2.managers [None req-6abd62e6-41ae-4a5c-ac8c-19873887d260 None None] Attempting to bind port 289ef6fb-2704-406b-a9e7-5053c7639f6e by drivers openvswitch,hyperv on host n-d-836788-1 at level 0 using segments [{'id': 'd0c50296-cb44-407a-bd81-fc8a22f1f97d', 'network_type': 'vlan', 'physical_network': 'physnet1', 'segmentation_id': 121, 'network_id': '9b9a094f-42ef-4513-9349-ffe774a4c759'}] {{(pid=104179) _bind_port_level /opt/stack/neutron/neutron/plugins/ml2/managers.py:820}}
Apr 07 11:07:03.172193 n-d-836788-1 neutron-server[104179]: DEBUG neutron.plugins.ml2.drivers.mech_agent [None req-6abd62e6-41ae-4a5c-ac8c-19873887d260 None None] Attempting to bind port 289ef6fb-2704-406b-a9e7-5053c7639f6e on network 9b9a094f-42ef-4513-9349-ffe774a4c759 {{(pid=104179) bind_port /opt/stack/neutron/neutron/plugins/ml2/drivers/mech_agent.py:91}}
Apr 07 11:07:03.174519 n-d-836788-1 neutron-server[104179]: DEBUG neutron_lib.callbacks.manager [None req-411996cf-2ceb-4855-978e-4e054870024d None None] Publish callbacks ['neutron.services.segments.db._update_segment_host_mapping_for_agent-8749671959224', 'neutron.plugins.ml2.plugin.Ml2Plugin._retry_binding_revived_agents-4151356'] for agent (8547d8d8-7fad-437e-aa6f-8ec0cc380258), after_update {{(pid=104179) _notify_loop /usr/local/lib/python3.8/dist-packages/neutron_lib/callbacks/manager.py:176}}
Apr 07 11:07:03.193778 n-d-836788-1 neutron-server[104179]: DEBUG neutron.plugins.ml2.drivers.mech_agent [None req-6abd62e6-41ae-4a5c-ac8c-19873887d260 None None] Checking agent: {'id': 'c0eb25fa-d50f-47c7-ad57-e08e6b299f92', 'agent_type': 'Open vSwitch agent', 'binary': 'neutron-openvswitch-agent', 'topic': 'N/A', 'host': 'n-d-836788-1', 'admin_state_up': True, 'created_at': datetime.datetime(2022, 4, 7, 10, 55, 37), 'started_at': datetime.datetime(2022, 4, 7, 10, 56, 7), 'heartbeat_timestamp': datetime.datetime(2022, 4, 7, 11, 6, 37), 'description': None, 'resources_synced': None, 'availability_zone': None, 'alive': True, 'configurations': {'arp_responder_enabled': False, 'baremetal_smartnic': False, 'bridge_mappings': {'physnet1': 'br-data'}, 'datapath_type': 'system', 'devices': 0, 'enable_distributed_routing': False, 'extensions': [], 'in_distributed_mode': False, 'integration_bridge': 'br-int', 'l2_population': False, 'log_agent_heartbeats': False, 'ovs_capabilities': {'datapath_types': ['netdev', 'system'], 'iface_types': ['erspan', 'geneve', 'gre', 'internal', 'ip6erspan', 'ip6gre', 'lisp', 'patch', 'stt', 'system', 'tap', 'vxlan']}, 'ovs_hybrid_plug': False, 'resource_provider_bandwidths': {}, 'resource_provider_hypervisors': {'br-data': 'n-d-836788-1'}, 'resource_provider_inventory_defaults': {'allocation_ratio': 1.0, 'min_unit': 1, 'step_size': 1, 'reserved': 0}, 'resource_provider_packet_processing_inventory_defaults': {'allocation_ratio': 1.0, 'min_unit': 1, 'step_size': 1, 'reserved': 0}, 'resource_provider_packet_processing_with_direction': {}, 'resource_provider_packet_processing_without_direction': {}, 'tunnel_types': [], 'tunneling_ip': None, 'vhostuser_socket_dir': '/var/run/openvswitch'}, 'resource_versions': {'AddressGroup': '1.2', 'ConntrackHelper': '1.0', 'LocalIPAssociation': '1.0', 'Log': '1.0', 'Network': '1.1', 'Port': '1.7', 'PortForwarding': '1.2', 'QosPolicy': '1.10', 'SecurityGroup': '1.5', 'SecurityGroupRule': '1.2', 'SubPort': '1.0', 'Subnet': '1.1', 'Trunk': '1.1'}} {{(pid=104179) bind_port /opt/stack/neutron/neutron/plugins/ml2/drivers/mech_agent.py:110}}
Apr 07 11:07:03.194533 n-d-836788-1 neutron-server[104179]: DEBUG neutron.plugins.ml2.drivers.mech_agent [None req-6abd62e6-41ae-4a5c-ac8c-19873887d260 None None] Checking segment: {'id': 'd0c50296-cb44-407a-bd81-fc8a22f1f97d', 'network_type': 'vlan', 'physical_network': 'physnet1', 'segmentation_id': 121, 'network_id': '9b9a094f-42ef-4513-9349-ffe774a4c759'} for mappings: {'physnet1': 'br-data'} with network types: ['local', 'flat', 'vlan'] {{(pid=104179) check_segment_for_agent /opt/stack/neutron/neutron/plugins/ml2/drivers/mech_agent.py:373}}
Apr 07 11:07:03.196428 n-d-836788-1 neutron-server[104179]: DEBUG neutron_lib.callbacks.manager [None req-6abd62e6-41ae-4a5c-ac8c-19873887d260 None None] Publish callbacks [] for ovs_bridge_name (None), before_read {{(pid=104179) _notify_loop /usr/local/lib/python3.8/dist-packages/neutron_lib/callbacks/manager.py:176}}
Apr 07 11:07:03.197185 n-d-836788-1 neutron-server[104179]: DEBUG neutron.plugins.ml2.drivers.mech_agent [None req-6abd62e6-41ae-4a5c-ac8c-19873887d260 None None] Bound using segment: {'id': 'd0c50296-cb44-407a-bd81-fc8a22f1f97d', 'network_type': 'vlan', 'physical_network': 'physnet1', 'segmentation_id': 121, 'network_id': '9b9a094f-42ef-4513-9349-ffe774a4c759'} {{(pid=104179) bind_port /opt/stack/neutron/neutron/plugins/ml2/drivers/mech_agent.py:120}}
Apr 07 11:07:03.197984 n-d-836788-1 neutron-server[104179]: DEBUG neutron.plugins.ml2.managers [None req-6abd62e6-41ae-4a5c-ac8c-19873887d260 None None] Bound port: 289ef6fb-2704-406b-a9e7-5053c7639f6e, host: n-d-836788-1, vif_type: ovs, vif_details: {"connectivity": "l2", "port_filter": true, "ovs_hybrid_plug": false, "datapath_type": "system", "bridge_name": "br-int"}, binding_levels: [{'bound_driver': 'openvswitch', 'bound_segment': {'id': 'd0c50296-cb44-407a-bd81-fc8a22f1f97d', 'network_type': 'vlan', 'physical_network': 'physnet1', 'segmentation_id': 121, 'network_id': '9b9a094f-42ef-4513-9349-ffe774a4c759'}}] {{(pid=104179) _bind_port_level /opt/stack/neutron/neutron/plugins/ml2/managers.py:932}}
Apr 07 11:07:03.199041 n-d-836788-1 neutron-server[104179]: DEBUG neutron_lib.callbacks.manager [None req-6abd62e6-41ae-4a5c-ac8c-19873887d260 None None] Publish callbacks ['neutron.plugins.ml2.plugin.SecurityGroupDbMixin._ensure_default_security_group_handler-4056411'] for port (289ef6fb-2704-406b-a9e7-5053c7639f6e), before_update {{(pid=104179) _notify_loop /usr/local/lib/python3.8/dist-packages/neutron_lib/callbacks/manager.py:176}}
Apr 07 11:07:03.218557 n-d-836788-1 neutron-server[104179]: DEBUG neutron.db.provisioning_blocks [None req-428cc2f7-adc2-453e-98db-e9f051a878eb None None] Provisioning complete for port 43b398f8-7875-4dd4-bf07-7acdb8e0267d triggered by entity DHCP. {{(pid=104179) provisioning_complete /opt/stack/neutron/neutron/db/provisioning_blocks.py:140}}
Apr 07 11:07:03.219149 n-d-836788-1 neutron-server[104179]: DEBUG neutron_lib.callbacks.manager [None req-428cc2f7-adc2-453e-98db-e9f051a878eb None None] Publish callbacks ['neutron.plugins.ml2.plugin.Ml2Plugin._port_provisioned-4151378'] for port (43b398f8-7875-4dd4-bf07-7acdb8e0267d), provisioning_complete {{(pid=104179) _notify_loop /usr/local/lib/python3.8/dist-packages/neutron_lib/callbacks/manager.py:176}}
Apr 07 11:07:03.227377 n-d-836788-1 neutron-server[104177]: DEBUG neutron_lib.callbacks.manager [None req-86d90694-462f-4fa0-b49a-d6e2b59c5345 admin admin] Publish callbacks [] for security_group (960fd805-57be-4f23-8893-28bc2ce992ce), precommit_delete {{(pid=104177) _notify_loop /usr/local/lib/python3.8/dist-packages/neutron_lib/callbacks/manager.py:176}}
Apr 07 11:07:03.228144 n-d-836788-1 neutron-server[104177]: DEBUG neutron.api.rpc.handlers.resources_rpc [None req-4a384c01-33f5-4009-a246-57b4017e58e2 admin admin] Pushing event deleted for resources: {'SecurityGroup': ['ID=3cc8c594-3d43-4621-aa5e-75b19c5ce77d,revision_number=None']} {{(pid=104177) push /opt/stack/neutron/neutron/api/rpc/handlers/resources_rpc.py:237}}
Apr 07 11:07:03.245386 n-d-836788-1 neutron-server[104177]: INFO neutron.wsgi [req-988db713-4432-407f-9cb2-e10352ad1a9e req-55776e55-5a2f-48cf-9ef9-8efe5dde7390 service neutron] 10.222.0.23 "GET /v2.0/networks/25c22247-3580-43d7-87c6-0e8ee693bdda?fields=segments HTTP/1.1" status: 200 len: 212 time: 0.8399739
Apr 07 11:07:03.254948 n-d-836788-1 neutron-server[104177]: DEBUG neutron_lib.callbacks.manager [None req-0ff7d16d-b476-4012-9633-cb48ad56bae1 admin admin] Publish callbacks [] for port (725029e2-3e71-49ba-8460-2089bee37e54), precommit_create {{(pid=104177) _notify_loop /usr/local/lib/python3.8/dist-packages/neutron_lib/callbacks/manager.py:176}}
Apr 07 11:07:03.278320 n-d-836788-1 neutron-server[104179]: DEBUG neutron.api.rpc.handlers.resources_rpc [None req-cde65b46-8d44-403c-9e29-c3910b3db12f None None] Pushing event updated for resources: {'Port': ['ID=8ed71d25-fd42-4694-9b92-61332aa54f2a,revision_number=2']} {{(pid=104179) push /opt/stack/neutron/neutron/api/rpc/handlers/resources_rpc.py:237}}
Apr 07 11:07:03.296847 n-d-836788-1 neutron-server[104177]: DEBUG neutron.pecan_wsgi.hooks.policy_enforcement [req-a3a67647-9699-40a8-a385-c01af9a60c11 req-f7c9ed8e-96ec-44f3-abac-a222631d7f20 service neutron] Attributes excluded by policy engine: ['standard_attr_id', 'vlan_transparent'] {{(pid=104177) _exclude_attributes_by_policy /opt/stack/neutron/neutron/pecan_wsgi/hooks/policy_enforcement.py:255}}
Apr 07 11:07:03.302239 n-d-836788-1 neutron-server[104177]: INFO neutron.wsgi [req-a3a67647-9699-40a8-a385-c01af9a60c11 req-f7c9ed8e-96ec-44f3-abac-a222631d7f20 service neutron] 10.222.0.41 "GET /v2.0/networks?id=25c22247-3580-43d7-87c6-0e8ee693bdda HTTP/1.1" status: 200 len: 870 time: 0.5094903
Apr 07 11:07:03.329420 n-d-836788-1 neutron-server[104179]: DEBUG neutron.plugins.ml2.plugin [None req-428cc2f7-adc2-453e-98db-e9f051a878eb None None] Port 43b398f8-7875-4dd4-bf07-7acdb8e0267d cannot update to ACTIVE because it is not bound. {{(pid=104179) _port_provisioned /opt/stack/neutron/neutron/plugins/ml2/plugin.py:343}}
Apr 07 11:07:03.366189 n-d-836788-1 neutron-server[104179]: DEBUG neutron.plugins.ml2.db [None req-6abd62e6-41ae-4a5c-ac8c-19873887d260 None None] For port 289ef6fb-2704-406b-a9e7-5053c7639f6e, host n-d-836788-1, cleared binding levels {{(pid=104179) clear_binding_levels /opt/stack/neutron/neutron/plugins/ml2/db.py:87}}
Apr 07 11:07:03.370789 n-d-836788-1 neutron-server[104179]: DEBUG neutron.plugins.ml2.db [None req-6abd62e6-41ae-4a5c-ac8c-19873887d260 None None] For port 289ef6fb-2704-406b-a9e7-5053c7639f6e, host n-d-836788-1, set binding levels [PortBindingLevel(driver='openvswitch',host='n-d-836788-1',level=0,port_id=289ef6fb-2704-406b-a9e7-5053c7639f6e,segment=NetworkSegment(d0c50296-cb44-407a-bd81-fc8a22f1f97d),segment_id=d0c50296-cb44-407a-bd81-fc8a22f1f97d)] {{(pid=104179) set_binding_levels /opt/stack/neutron/neutron/plugins/ml2/db.py:59}}
Apr 07 11:07:03.383887 n-d-836788-1 neutron-server[104179]: DEBUG neutron_lib.callbacks.manager [None req-6abd62e6-41ae-4a5c-ac8c-19873887d260 None None] Publish callbacks ['neutron.plugins.ml2.plugin.SecurityGroupServerNotifierRpcMixin._notify_sg_on_port_change-4056541', 'neutron.plugins.ml2.ovo_rpc._ObjectChangeHandler.handle_event-946320', 'neutron.api.rpc.agentnotifiers.dhcp_rpc_agent_api.DhcpAgentNotifyAPI._native_event_send_dhcp_notification-548619', 'neutron.db.l3_db.L3RpcNotifierMixin._notify_gateway_port_ip_changed-8749672087839', 'neutron.db.l3_dvrscheduler_db._notify_l3_agent_port_update-8749671632231', 'neutron.db.l3_hascheduler_db._notify_l3_agent_ha_port_update-8749671632249'] for port (289ef6fb-2704-406b-a9e7-5053c7639f6e), after_update {{(pid=104179) _notify_loop /usr/local/lib/python3.8/dist-packages/neutron_lib/callbacks/manager.py:176}}
Apr 07 11:07:03.428129 n-d-836788-1 neutron-server[104177]: INFO neutron.wsgi [req-a3a67647-9699-40a8-a385-c01af9a60c11 req-22cfd18d-2af5-4c17-b53d-779e06547be9 service neutron] 10.222.0.41 "GET /v2.0/floatingips?fixed_ip_address=192.168.233.191&port_id=d927ea68-ffaa-4541-a2b5-4e3ba7afa2e7 HTTP/1.1" status: 200 len: 217 time: 0.0659282
Apr 07 11:07:03.518735 n-d-836788-1 neutron-server[104179]: DEBUG neutron.db.provisioning_blocks [None req-c9473605-f051-425f-9285-5683dcd4e8f8 None None] Provisioning complete for port 289ef6fb-2704-406b-a9e7-5053c7639f6e triggered by entity DHCP. {{(pid=104179) provisioning_complete /opt/stack/neutron/neutron/db/provisioning_blocks.py:140}}
Apr 07 11:07:03.519202 n-d-836788-1 neutron-server[104179]: DEBUG neutron_lib.callbacks.manager [None req-c9473605-f051-425f-9285-5683dcd4e8f8 None None] Publish callbacks ['neutron.plugins.ml2.plugin.Ml2Plugin._port_provisioned-4151378'] for port (289ef6fb-2704-406b-a9e7-5053c7639f6e), provisioning_complete {{(pid=104179) _notify_loop /usr/local/lib/python3.8/dist-packages/neutron_lib/callbacks/manager.py:176}}
Apr 07 11:07:03.558617 n-d-836788-1 neutron-server[104177]: DEBUG neutron.pecan_wsgi.hooks.policy_enforcement [req-a3a67647-9699-40a8-a385-c01af9a60c11 req-64479495-8695-49ca-806b-81ac2d4c526f service neutron] Attributes excluded by policy engine: ['standard_attr_id', 'shared', 'segment_id'] {{(pid=104177) _exclude_attributes_by_policy /opt/stack/neutron/neutron/pecan_wsgi/hooks/policy_enforcement.py:255}}
Apr 07 11:07:03.560241 n-d-836788-1 neutron-server[104177]: INFO neutron.wsgi [req-a3a67647-9699-40a8-a385-c01af9a60c11 req-64479495-8695-49ca-806b-81ac2d4c526f service neutron] 10.222.0.41 "GET /v2.0/subnets?id=326efce4-8768-42c9-9e4f-836d93d07fb6 HTTP/1.1" status: 200 len: 843 time: 0.1193907
Apr 07 11:07:03.581298 n-d-836788-1 neutron-server[104179]: DEBUG neutron.api.rpc.handlers.resources_rpc [None req-fec558f3-5773-4c2f-b6af-d9a12ac34d0a None None] Pushing event updated for resources: {'Port': ['ID=289ef6fb-2704-406b-a9e7-5053c7639f6e,revision_number=4']} {{(pid=104179) push /opt/stack/neutron/neutron/api/rpc/handlers/resources_rpc.py:237}}
Apr 07 11:07:03.597643 n-d-836788-1 neutron-server[104177]: DEBUG neutron_lib.callbacks.manager [None req-0ff7d16d-b476-4012-9633-cb48ad56bae1 admin admin] Publish callbacks ['neutron.plugins.ml2.plugin.SecurityGroupServerNotifierRpcMixin._notify_sg_on_port_change-4056541', 'neutron.plugins.ml2.ovo_rpc._ObjectChangeHandler.handle_event-946320', 'neutron.api.rpc.agentnotifiers.dhcp_rpc_agent_api.DhcpAgentNotifyAPI._native_event_send_dhcp_notification-548619', 'neutron.db.l3_dvrscheduler_db._notify_l3_agent_new_port-8749671632213', 'neutron.services.segments.plugin.NovaSegmentNotifier._notify_port_created_or_deleted-33490327'] for port (725029e2-3e71-49ba-8460-2089bee37e54), after_create {{(pid=104177) _notify_loop /usr/local/lib/python3.8/dist-packages/neutron_lib/callbacks/manager.py:176}}
Apr 07 11:07:03.600281 n-d-836788-1 neutron-server[104179]: DEBUG neutron.db.l3_dvrscheduler_db [None req-6abd62e6-41ae-4a5c-ac8c-19873887d260 None None] Routers {'99e83877-9445-43b4-8ea4-39ced9830133'} bound to L3 agent in host n-d-836788-1 {{(pid=104179) _get_router_ids_for_agent /opt/stack/neutron/neutron/db/l3_dvrscheduler_db.py:421}}
Apr 07 11:07:03.601318 n-d-836788-1 neutron-server[104179]: DEBUG neutron.db.l3_hamode_db [None req-6abd62e6-41ae-4a5c-ac8c-19873887d260 None None] neutron.services.l3_router.l3_router_plugin.L3RouterPlugin method get_ha_sync_data_for_host called with arguments (, 'n-d-836788-1', Agent(admin_state_up=True,agent_type='L3 agent',availability_zone='nova',binary='neutron-l3-agent',configurations={"agent_mode": "legacy", "ex_gw_ports": 3, "extensions": [], "floating_ips": 0, "handle_internal_only_routers": true, "interface_driver": "openvswitch", "interfaces": 3, "log_agent_heartbeats": false, "routers": 3},created_at=2022-04-07T10:55:33Z,description=,heartbeat_timestamp=2022-04-07T11:07:03Z,host='n-d-836788-1',id=8547d8d8-7fad-437e-aa6f-8ec0cc380258,load=0,resource_versions=,resources_synced=,started_at=2022-04-07T10:55:33Z,topic='l3_agent')) {'router_ids': ['99e83877-9445-43b4-8ea4-39ced9830133'], 'active': True} {{(pid=104179) wrapper /usr/local/lib/python3.8/dist-packages/oslo_log/helpers.py:65}}
Apr 07 11:07:03.608153 n-d-836788-1 neutron-server[104177]: DEBUG neutron_lib.callbacks.manager [None req-86d90694-462f-4fa0-b49a-d6e2b59c5345 admin admin] Publish callbacks ['neutron.plugins.ml2.ovo_rpc._ObjectChangeHandler.handle_event-754992'] for security_group (960fd805-57be-4f23-8893-28bc2ce992ce), after_delete {{(pid=104177) _notify_loop /usr/local/lib/python3.8/dist-packages/neutron_lib/callbacks/manager.py:176}}
Apr 07 11:07:03.610795 n-d-836788-1 neutron-server[104177]: DEBUG neutron_lib.callbacks.manager [None req-86d90694-462f-4fa0-b49a-d6e2b59c5345 admin admin] Publish callbacks [] for security_group (None), before_response {{(pid=104177) _notify_loop /usr/local/lib/python3.8/dist-packages/neutron_lib/callbacks/manager.py:176}}
Apr 07 11:07:03.611931 n-d-836788-1 neutron-server[104177]: INFO neutron.wsgi [None req-86d90694-462f-4fa0-b49a-d6e2b59c5345 admin admin] 10.222.0.13 "DELETE /v2.0/security-groups/960fd805-57be-4f23-8893-28bc2ce992ce HTTP/1.1" status: 204 len: 168 time: 1.1644723
Apr 07 11:07:03.620429 n-d-836788-1 neutron-server[104178]: DEBUG neutron.notifiers.nova [req-3f214be5-21a0-4685-b7e5-7c29997c6501 req-785c5f21-d0bf-49c3-b863-fdb991796864 service neutron] Ignoring state change previous_port_status: DOWN current_port_status: DOWN port_id 43b398f8-7875-4dd4-bf07-7acdb8e0267d {{(pid=104178) record_port_status_changed /opt/stack/neutron/neutron/notifiers/nova.py:233}}
Apr 07 11:07:03.640261 n-d-836788-1 neutron-server[104178]: DEBUG neutron_lib.callbacks.manager [req-3f214be5-21a0-4685-b7e5-7c29997c6501 req-785c5f21-d0bf-49c3-b863-fdb991796864 service neutron] Publish callbacks [] for port (43b398f8-7875-4dd4-bf07-7acdb8e0267d), precommit_update {{(pid=104178) _notify_loop /usr/local/lib/python3.8/dist-packages/neutron_lib/callbacks/manager.py:176}}
Apr 07 11:07:03.678884 n-d-836788-1 neutron-server[104178]: DEBUG neutron.db.provisioning_blocks [req-3f214be5-21a0-4685-b7e5-7c29997c6501 req-785c5f21-d0bf-49c3-b863-fdb991796864 service neutron] Transition to ACTIVE for port object 43b398f8-7875-4dd4-bf07-7acdb8e0267d will not be triggered until provisioned by entity L2. {{(pid=104178) add_provisioning_component /opt/stack/neutron/neutron/db/provisioning_blocks.py:74}}
Apr 07 11:07:03.706414 n-d-836788-1 neutron-server[104178]: DEBUG neutron.pecan_wsgi.hooks.policy_enforcement [req-62cf58f4-efcf-40eb-a1dc-21348f18aa9d req-bd64f052-ef4f-4dfd-8d2e-f9dc0646bc7e tempest-ServersTestJSON-1632710905 tempest-ServersTestJSON-1632710905-project] Attributes excluded by policy engine: ['standard_attr_id', 'binding:profile', 'binding:host_id', 'binding:vif_type', 'binding:vif_details'] {{(pid=104178) _exclude_attributes_by_policy /opt/stack/neutron/neutron/pecan_wsgi/hooks/policy_enforcement.py:255}}
Apr 07 11:07:03.709142 n-d-836788-1 neutron-server[104178]: INFO neutron.wsgi [req-62cf58f4-efcf-40eb-a1dc-21348f18aa9d req-bd64f052-ef4f-4dfd-8d2e-f9dc0646bc7e tempest-ServersTestJSON-1632710905 tempest-ServersTestJSON-1632710905-project] 10.222.0.13 "GET /v2.0/ports?device_id=09a79787-a430-4dac-baa9-e7ff31f45c92 HTTP/1.1" status: 200 len: 931 time: 0.6451364
Apr 07 11:07:03.716387 n-d-836788-1 neutron-server[104178]: DEBUG neutron_lib.callbacks.manager [req-3f214be5-21a0-4685-b7e5-7c29997c6501 req-785c5f21-d0bf-49c3-b863-fdb991796864 service neutron] Publish callbacks ['neutron.plugins.ml2.plugin.SecurityGroupServerNotifierRpcMixin._notify_sg_on_port_change-4056541', 'neutron.plugins.ml2.ovo_rpc._ObjectChangeHandler.handle_event-946320', 'neutron.api.rpc.agentnotifiers.dhcp_rpc_agent_api.DhcpAgentNotifyAPI._native_event_send_dhcp_notification-548619', 'neutron.db.l3_db.L3RpcNotifierMixin._notify_gateway_port_ip_changed-8749672087839', 'neutron.db.l3_dvrscheduler_db._notify_l3_agent_port_update-8749671632231', 'neutron.db.l3_hascheduler_db._notify_l3_agent_ha_port_update-8749671632249', 'neutron.services.segments.plugin.NovaSegmentNotifier._notify_port_updated-25633156'] for port (43b398f8-7875-4dd4-bf07-7acdb8e0267d), after_update {{(pid=104178) _notify_loop /usr/local/lib/python3.8/dist-packages/neutron_lib/callbacks/manager.py:176}}
Apr 07 11:07:03.731209 n-d-836788-1 neutron-server[104177]: INFO neutron.wsgi [req-988db713-4432-407f-9cb2-e10352ad1a9e req-30f0b1dd-c745-470e-a53e-c17148392ea6 service neutron] 10.222.0.23 "GET /v2.0/networks/25c22247-3580-43d7-87c6-0e8ee693bdda?fields=provider%3Aphysical_network&fields=provider%3Anetwork_type HTTP/1.1" status: 200 len: 281 time: 0.4689946
Apr 07 11:07:03.732813 n-d-836788-1 neutron-server[104177]: DEBUG neutron.scheduler.dhcp_agent_scheduler [None req-0ff7d16d-b476-4012-9633-cb48ad56bae1 admin admin] Network 2a149e59-0076-4d09-a23a-ef756275d523 is already hosted by enough agents. {{(pid=104177) _get_dhcp_agents_hosting_network /opt/stack/neutron/neutron/scheduler/dhcp_agent_scheduler.py:275}}
Apr 07 11:07:03.738627 n-d-836788-1 neutron-server[104177]: DEBUG neutron.api.rpc.handlers.resources_rpc [None req-86d90694-462f-4fa0-b49a-d6e2b59c5345 admin admin] Pushing event deleted for resources: {'SecurityGroup': ['ID=960fd805-57be-4f23-8893-28bc2ce992ce,revision_number=None']} {{(pid=104177) push /opt/stack/neutron/neutron/api/rpc/handlers/resources_rpc.py:237}}
Apr 07 11:07:03.744248 n-d-836788-1 neutron-server[104177]: DEBUG neutron.scheduler.base_scheduler [None req-0ff7d16d-b476-4012-9633-cb48ad56bae1 admin admin] Resources bound (agent type, host, resource id): {{(pid=104177) schedule /opt/stack/neutron/neutron/scheduler/base_scheduler.py:57}}
Apr 07 11:07:03.756423 n-d-836788-1 neutron-server[104177]: DEBUG neutron.db.l3_dvrscheduler_db [None req-0ff7d16d-b476-4012-9633-cb48ad56bae1 admin admin] Received port after_create {{(pid=104177) _notify_l3_agent_new_port /opt/stack/neutron/neutron/db/l3_dvrscheduler_db.py:536}}
Apr 07 11:07:03.838966 n-d-836788-1 neutron-server[104177]: DEBUG neutron.pecan_wsgi.hooks.policy_enforcement [req-a3a67647-9699-40a8-a385-c01af9a60c11 req-830a6828-cd30-4046-b0a6-e8f60fa4b5de service neutron] Attributes excluded by policy engine: ['standard_attr_id'] {{(pid=104177) _exclude_attributes_by_policy /opt/stack/neutron/neutron/pecan_wsgi/hooks/policy_enforcement.py:255}}
Apr 07 11:07:03.840580 n-d-836788-1 neutron-server[104177]: INFO neutron.wsgi [req-a3a67647-9699-40a8-a385-c01af9a60c11 req-830a6828-cd30-4046-b0a6-e8f60fa4b5de service neutron] 10.222.0.41 "GET /v2.0/ports?network_id=25c22247-3580-43d7-87c6-0e8ee693bdda&device_owner=network%3Adhcp HTTP/1.1" status: 200 len: 1203 time: 0.2565649
Apr 07 11:07:03.845222 n-d-836788-1 neutron-server[104177]: DEBUG neutron.api.rpc.handlers.resources_rpc [None req-0ff7d16d-b476-4012-9633-cb48ad56bae1 admin admin] Pushing event updated for resources: {'Port': ['ID=725029e2-3e71-49ba-8460-2089bee37e54,revision_number=1']} {{(pid=104177) push /opt/stack/neutron/neutron/api/rpc/handlers/resources_rpc.py:237}}
Apr 07 11:07:03.905275 n-d-836788-1 neutron-server[104178]: DEBUG neutron.pecan_wsgi.hooks.policy_enforcement [req-7f0667af-dd80-4fa8-ab00-51830327d30e req-8d9fed3b-00b2-4901-a486-0229e904101d tempest-NetworksTest-1010771501 tempest-NetworksTest-1010771501-project-admin] Attributes excluded by policy engine: ['standard_attr_id', 'vlan_transparent'] {{(pid=104178) _exclude_attributes_by_policy /opt/stack/neutron/neutron/pecan_wsgi/hooks/policy_enforcement.py:255}}
Apr 07 11:07:03.910505 n-d-836788-1 neutron-server[104178]: INFO neutron.wsgi [req-7f0667af-dd80-4fa8-ab00-51830327d30e req-8d9fed3b-00b2-4901-a486-0229e904101d tempest-NetworksTest-1010771501 tempest-NetworksTest-1010771501-project-admin] 10.222.0.13 "GET /v2.0/networks/2a149e59-0076-4d09-a23a-ef756275d523 HTTP/1.1" status: 200 len: 886 time: 0.7760706
Apr 07 11:07:03.991635 n-d-836788-1 neutron-server[104178]: DEBUG neutron.api.rpc.handlers.resources_rpc [None req-785c5f21-d0bf-49c3-b863-fdb991796864 service neutron] Pushing event updated for resources: {'Port': ['ID=43b398f8-7875-4dd4-bf07-7acdb8e0267d,revision_number=2']} {{(pid=104178) push /opt/stack/neutron/neutron/api/rpc/handlers/resources_rpc.py:237}}
Apr 07 11:07:04.032182 n-d-836788-1 neutron-server[104178]: DEBUG neutron.wsgi [-] (104178) accepted ('10.222.0.13', 60326) {{(pid=104178) server /usr/local/lib/python3.8/dist-packages/eventlet/wsgi.py:1004}}
Apr 07 11:07:04.099463 n-d-836788-1 neutron-server[104179]: DEBUG neutron.db.l3_dvr_db [None req-6abd62e6-41ae-4a5c-ac8c-19873887d260 None None] Set router 99e83877-9445-43b4-8ea4-39ced9830133 gateway port host: n-d-836788-1 {{(pid=104179) _build_routers_list /opt/stack/neutron/neutron/db/l3_dvr_db.py:906}}
Apr 07 11:07:04.102252 n-d-836788-1 neutron-server[104179]: DEBUG neutron.plugins.ml2.plugin [None req-c9473605-f051-425f-9285-5683dcd4e8f8 None None] Current status of the port 289ef6fb-2704-406b-a9e7-5053c7639f6e is: DOWN; New status is: ACTIVE {{(pid=104179) _update_individual_port_db_status /opt/stack/neutron/neutron/plugins/ml2/plugin.py:2256}}
Apr 07 11:07:04.102743 n-d-836788-1 neutron-server[104179]: DEBUG neutron_lib.callbacks.manager [None req-c9473605-f051-425f-9285-5683dcd4e8f8 None None] Publish callbacks ['neutron.plugins.ml2.plugin.SecurityGroupDbMixin._ensure_default_security_group_handler-4056411'] for port (289ef6fb-2704-406b-a9e7-5053c7639f6e), before_update {{(pid=104179) _notify_loop /usr/local/lib/python3.8/dist-packages/neutron_lib/callbacks/manager.py:176}}
Apr 07 11:07:04.122897 n-d-836788-1 neutron-server[104178]: INFO neutron.wsgi [req-62cf58f4-efcf-40eb-a1dc-21348f18aa9d req-879662e8-7855-4749-960f-1707f5cb2d77 tempest-ServersTestJSON-1632710905 tempest-ServersTestJSON-1632710905-project] 10.222.0.13 "GET /v2.0/security-groups?id=70d1d126-0c41-4246-9007-ebc4c0dd7762&fields=id&fields=name HTTP/1.1" status: 200 len: 313 time: 0.4017408
Apr 07 11:07:04.127580 n-d-836788-1 neutron-server[104178]: DEBUG neutron_lib.callbacks.manager [None req-e58ef749-d3df-4453-b8b1-546cb7ed2d25 admin admin] Publish callbacks [] for security_group (None), before_create {{(pid=104178) _notify_loop /usr/local/lib/python3.8/dist-packages/neutron_lib/callbacks/manager.py:176}}
Apr 07 11:07:04.227387 n-d-836788-1 neutron-server[104179]: DEBUG neutron.plugins.ml2.db [None req-c9473605-f051-425f-9285-5683dcd4e8f8 None None] For port 289ef6fb-2704-406b-a9e7-5053c7639f6e, host n-d-836788-1, got binding levels [PortBindingLevel(driver='openvswitch',host='n-d-836788-1',level=0,port_id=289ef6fb-2704-406b-a9e7-5053c7639f6e,segment=NetworkSegment(d0c50296-cb44-407a-bd81-fc8a22f1f97d),segment_id=d0c50296-cb44-407a-bd81-fc8a22f1f97d)] {{(pid=104179) get_binding_level_objs /opt/stack/neutron/neutron/plugins/ml2/db.py:74}}
Apr 07 11:07:04.299857 n-d-836788-1 neutron-server[104177]: DEBUG neutron.pecan_wsgi.hooks.policy_enforcement [req-2f791389-cb9c-4632-8fd0-208aaf115e54 req-cfbcecc0-f2cc-4884-9ca0-80a33fc14e9a service neutron] Attributes excluded by policy engine: ['standard_attr_id'] {{(pid=104177) _exclude_attributes_by_policy /opt/stack/neutron/neutron/pecan_wsgi/hooks/policy_enforcement.py:255}}
Apr 07 11:07:04.305754 n-d-836788-1 neutron-server[104177]: INFO neutron.wsgi [req-2f791389-cb9c-4632-8fd0-208aaf115e54 req-cfbcecc0-f2cc-4884-9ca0-80a33fc14e9a service neutron] 10.222.0.23 "GET /v2.0/ports?tenant_id=41718dd6621040c294975e53c3d8e5ec&device_id=158a5f85-2c88-4726-9725-dc0ef7dfdbde HTTP/1.1" status: 200 len: 1130 time: 0.4980545
Apr 07 11:07:04.344723 n-d-836788-1 neutron-server[104178]: DEBUG neutron.plugins.ml2.managers [req-3f214be5-21a0-4685-b7e5-7c29997c6501 req-785c5f21-d0bf-49c3-b863-fdb991796864 service neutron] Attempting to bind port 43b398f8-7875-4dd4-bf07-7acdb8e0267d on host n-h1-836788-1 for vnic_type normal with profile {{(pid=104178) bind_port /opt/stack/neutron/neutron/plugins/ml2/managers.py:795}}
Apr 07 11:07:04.345029 n-d-836788-1 neutron-server[104178]: DEBUG neutron.plugins.ml2.managers [req-3f214be5-21a0-4685-b7e5-7c29997c6501 req-785c5f21-d0bf-49c3-b863-fdb991796864 service neutron] Attempting to bind port 43b398f8-7875-4dd4-bf07-7acdb8e0267d by drivers openvswitch,hyperv on host n-h1-836788-1 at level 0 using segments [{'id': '77bb3720-e7ba-4206-9646-f4a6f7fb8716', 'network_type': 'vlan', 'physical_network': 'physnet1', 'segmentation_id': 139, 'network_id': 'd5693bc5-36ea-4c4c-87d4-fe095a7eb89c'}] {{(pid=104178) _bind_port_level /opt/stack/neutron/neutron/plugins/ml2/managers.py:820}}
Apr 07 11:07:04.345441 n-d-836788-1 neutron-server[104178]: DEBUG neutron.plugins.ml2.drivers.mech_agent [req-3f214be5-21a0-4685-b7e5-7c29997c6501 req-785c5f21-d0bf-49c3-b863-fdb991796864 service neutron] Attempting to bind port 43b398f8-7875-4dd4-bf07-7acdb8e0267d on network d5693bc5-36ea-4c4c-87d4-fe095a7eb89c {{(pid=104178) bind_port /opt/stack/neutron/neutron/plugins/ml2/drivers/mech_agent.py:91}}
Apr 07 11:07:04.358055 n-d-836788-1 neutron-server[104179]: DEBUG neutron_lib.callbacks.manager [None req-c9473605-f051-425f-9285-5683dcd4e8f8 None None] Publish callbacks ['neutron.plugins.ml2.plugin.SecurityGroupServerNotifierRpcMixin._notify_sg_on_port_change-4056541', 'neutron.plugins.ml2.ovo_rpc._ObjectChangeHandler.handle_event-946320', 'neutron.api.rpc.agentnotifiers.dhcp_rpc_agent_api.DhcpAgentNotifyAPI._native_event_send_dhcp_notification-548619', 'neutron.db.l3_db.L3RpcNotifierMixin._notify_gateway_port_ip_changed-8749672087839', 'neutron.db.l3_dvrscheduler_db._notify_l3_agent_port_update-8749671632231', 'neutron.db.l3_hascheduler_db._notify_l3_agent_ha_port_update-8749671632249'] for port (289ef6fb-2704-406b-a9e7-5053c7639f6e), after_update {{(pid=104179) _notify_loop /usr/local/lib/python3.8/dist-packages/neutron_lib/callbacks/manager.py:176}}
Apr 07 11:07:04.370240 n-d-836788-1 neutron-server[104178]: DEBUG neutron.plugins.ml2.drivers.mech_agent [req-3f214be5-21a0-4685-b7e5-7c29997c6501 req-785c5f21-d0bf-49c3-b863-fdb991796864 service neutron] Port 43b398f8-7875-4dd4-bf07-7acdb8e0267d on network d5693bc5-36ea-4c4c-87d4-fe095a7eb89c not bound, no agent of type Open vSwitch agent registered on host n-h1-836788-1 {{(pid=104178) bind_port /opt/stack/neutron/neutron/plugins/ml2/drivers/mech_agent.py:103}}
Apr 07 11:07:04.370572 n-d-836788-1 neutron-server[104178]: DEBUG neutron.plugins.ml2.drivers.mech_agent [req-3f214be5-21a0-4685-b7e5-7c29997c6501 req-785c5f21-d0bf-49c3-b863-fdb991796864 service neutron] Attempting to bind port 43b398f8-7875-4dd4-bf07-7acdb8e0267d on network d5693bc5-36ea-4c4c-87d4-fe095a7eb89c {{(pid=104178) bind_port /opt/stack/neutron/neutron/plugins/ml2/drivers/mech_agent.py:91}}
Apr 07 11:07:04.423178 n-d-836788-1 neutron-server[104178]: DEBUG neutron.plugins.ml2.drivers.mech_agent [req-3f214be5-21a0-4685-b7e5-7c29997c6501 req-785c5f21-d0bf-49c3-b863-fdb991796864 service neutron] Checking agent: {'id': '10fd59da-d611-4e97-a0f9-db8265e77d55', 'agent_type': 'HyperV agent', 'binary': 'neutron-hyperv-agent', 'topic': 'N/A', 'host': 'n-h1-836788-1', 'admin_state_up': True, 'created_at': datetime.datetime(2022, 4, 7, 11, 3, 31), 'started_at': datetime.datetime(2022, 4, 7, 11, 3, 31), 'heartbeat_timestamp': datetime.datetime(2022, 4, 7, 11, 7, 1), 'description': None, 'resources_synced': None, 'availability_zone': None, 'alive': True, 'configurations': {'vswitch_mappings': {'physnet1$': 'br-data'}}, 'resource_versions': {}} {{(pid=104178) bind_port /opt/stack/neutron/neutron/plugins/ml2/drivers/mech_agent.py:110}}
Apr 07 11:07:04.423551 n-d-836788-1 neutron-server[104178]: DEBUG neutron.plugins.ml2.drivers.mech_agent [req-3f214be5-21a0-4685-b7e5-7c29997c6501 req-785c5f21-d0bf-49c3-b863-fdb991796864 service neutron] Checking segment: {'id': '77bb3720-e7ba-4206-9646-f4a6f7fb8716', 'network_type': 'vlan', 'physical_network': 'physnet1', 'segmentation_id': 139, 'network_id': 'd5693bc5-36ea-4c4c-87d4-fe095a7eb89c'} for mappings: {'physnet1$': 'br-data'} with network types: ['local', 'flat', 'vlan'] {{(pid=104178) check_segment_for_agent /opt/stack/neutron/neutron/plugins/ml2/drivers/mech_agent.py:373}}
Apr 07 11:07:04.423909 n-d-836788-1 neutron-server[104178]: DEBUG neutron.plugins.ml2.drivers.mech_agent [req-3f214be5-21a0-4685-b7e5-7c29997c6501 req-785c5f21-d0bf-49c3-b863-fdb991796864 service neutron] Bound using segment: {'id': '77bb3720-e7ba-4206-9646-f4a6f7fb8716', 'network_type': 'vlan', 'physical_network': 'physnet1', 'segmentation_id': 139, 'network_id': 'd5693bc5-36ea-4c4c-87d4-fe095a7eb89c'} {{(pid=104178) bind_port /opt/stack/neutron/neutron/plugins/ml2/drivers/mech_agent.py:120}}
Apr 07 11:07:04.433178 n-d-836788-1 neutron-server[104178]: DEBUG neutron.plugins.ml2.managers [req-3f214be5-21a0-4685-b7e5-7c29997c6501 req-785c5f21-d0bf-49c3-b863-fdb991796864 service neutron] Bound port: 43b398f8-7875-4dd4-bf07-7acdb8e0267d, host: n-h1-836788-1, vif_type: hyperv, vif_details: {"connectivity": "legacy", "port_filter": false}, binding_levels: [{'bound_driver': 'hyperv', 'bound_segment': {'id': '77bb3720-e7ba-4206-9646-f4a6f7fb8716', 'network_type': 'vlan', 'physical_network': 'physnet1', 'segmentation_id': 139, 'network_id': 'd5693bc5-36ea-4c4c-87d4-fe095a7eb89c'}}] {{(pid=104178) _bind_port_level /opt/stack/neutron/neutron/plugins/ml2/managers.py:932}}
Apr 07 11:07:04.433622 n-d-836788-1 neutron-server[104178]: DEBUG neutron_lib.callbacks.manager [req-3f214be5-21a0-4685-b7e5-7c29997c6501 req-785c5f21-d0bf-49c3-b863-fdb991796864 service neutron] Publish callbacks ['neutron.plugins.ml2.plugin.SecurityGroupDbMixin._ensure_default_security_group_handler-4056411'] for port (43b398f8-7875-4dd4-bf07-7acdb8e0267d), before_update {{(pid=104178) _notify_loop /usr/local/lib/python3.8/dist-packages/neutron_lib/callbacks/manager.py:176}}
Apr 07 11:07:04.515587 n-d-836788-1 neutron-server[104178]: DEBUG neutron.pecan_wsgi.hooks.policy_enforcement [req-9c56d46b-a36e-4b23-92da-762c0663af53 req-80a86bda-438c-4b83-830a-76329a621e98 tempest-ServersAdminNegativeTestJSON-1276734886 tempest-ServersAdminNegativeTestJSON-1276734886-project] Attributes excluded by policy engine: ['standard_attr_id', 'binding:profile', 'binding:host_id', 'binding:vif_type', 'binding:vif_details'] {{(pid=104178) _exclude_attributes_by_policy /opt/stack/neutron/neutron/pecan_wsgi/hooks/policy_enforcement.py:255}}
Apr 07 11:07:04.520032 n-d-836788-1 neutron-server[104178]: INFO neutron.wsgi [req-9c56d46b-a36e-4b23-92da-762c0663af53 req-80a86bda-438c-4b83-830a-76329a621e98 tempest-ServersAdminNegativeTestJSON-1276734886 tempest-ServersAdminNegativeTestJSON-1276734886-project] 10.222.0.13 "GET /v2.0/ports?device_id=158a5f85-2c88-4726-9725-dc0ef7dfdbde HTTP/1.1" status: 200 len: 948 time: 0.4666927
Apr 07 11:07:04.525881 n-d-836788-1 neutron-server[104178]: DEBUG neutron.wsgi [-] (104178) accepted ('10.222.0.13', 60332) {{(pid=104178) server /usr/local/lib/python3.8/dist-packages/eventlet/wsgi.py:1004}}
Apr 07 11:07:04.556895 n-d-836788-1 neutron-server[104179]: DEBUG neutron_lib.callbacks.manager [None req-58455bba-7d83-4bc7-8f0e-969320825904 None None] Publish callbacks ['neutron.services.segments.db._update_segment_host_mapping_for_agent-8749671959224', 'neutron.plugins.ml2.plugin.Ml2Plugin._retry_binding_revived_agents-4151356'] for agent (12ecc2b8-75d0-4b3d-b724-e0354808907d), after_update {{(pid=104179) _notify_loop /usr/local/lib/python3.8/dist-packages/neutron_lib/callbacks/manager.py:176}}
Apr 07 11:07:04.565000 n-d-836788-1 neutron-server[104177]: DEBUG neutron.pecan_wsgi.hooks.policy_enforcement [req-2f791389-cb9c-4632-8fd0-208aaf115e54 req-68e9e363-5d20-4f6d-8010-53a193929c16 service neutron] Attributes excluded by policy engine: ['standard_attr_id', 'vlan_transparent'] {{(pid=104177) _exclude_attributes_by_policy /opt/stack/neutron/neutron/pecan_wsgi/hooks/policy_enforcement.py:255}}
Apr 07 11:07:04.570355 n-d-836788-1 neutron-server[104177]: INFO neutron.wsgi [req-2f791389-cb9c-4632-8fd0-208aaf115e54 req-68e9e363-5d20-4f6d-8010-53a193929c16 service neutron] 10.222.0.23 "GET /v2.0/networks?id=25c22247-3580-43d7-87c6-0e8ee693bdda HTTP/1.1" status: 200 len: 870 time: 0.2427788
Apr 07 11:07:04.571442 n-d-836788-1 neutron-server[104178]: DEBUG neutron_lib.callbacks.manager [None req-db86f5e1-79bf-4a3b-ade5-56a7bc4e7c78 admin admin] Publish callbacks [] for security_group (None), before_create {{(pid=104178) _notify_loop /usr/local/lib/python3.8/dist-packages/neutron_lib/callbacks/manager.py:176}}
Apr 07 11:07:04.645940 n-d-836788-1 neutron-server[104179]: DEBUG neutron.db.provisioning_blocks [None req-edf70b92-5fe9-4f03-b0d3-ab033bca2e83 None None] Provisioning complete for port 289ef6fb-2704-406b-a9e7-5053c7639f6e triggered by entity DHCP. {{(pid=104179) provisioning_complete /opt/stack/neutron/neutron/db/provisioning_blocks.py:140}}
Apr 07 11:07:04.646332 n-d-836788-1 neutron-server[104179]: DEBUG neutron_lib.callbacks.manager [None req-edf70b92-5fe9-4f03-b0d3-ab033bca2e83 None None] Publish callbacks ['neutron.plugins.ml2.plugin.Ml2Plugin._port_provisioned-4151378'] for port (289ef6fb-2704-406b-a9e7-5053c7639f6e), provisioning_complete {{(pid=104179) _notify_loop /usr/local/lib/python3.8/dist-packages/neutron_lib/callbacks/manager.py:176}}
Apr 07 11:07:04.652017 n-d-836788-1 neutron-server[104179]: DEBUG neutron.plugins.ml2.rpc [None req-6c4914c4-ad0f-47aa-9857-beb032039b7d None None] Device 289ef6fb-2704-406b-a9e7-5053c7639f6e up at agent ovs-agent-n-d-836788-1 {{(pid=104179) update_device_up /opt/stack/neutron/neutron/plugins/ml2/rpc.py:296}}
Apr 07 11:07:04.666909 n-d-836788-1 neutron-server[104179]: DEBUG neutron.api.rpc.handlers.dhcp_rpc [None req-824e7398-c9c7-40a1-8bf0-33d8310e417d None None] Network 77f2de70-477c-4876-845a-dd8c285c3bb3 requested from n-d-836788-1 {{(pid=104179) get_network_info /opt/stack/neutron/neutron/api/rpc/handlers/dhcp_rpc.py:191}}
Apr 07 11:07:04.669091 n-d-836788-1 neutron-server[104179]: DEBUG neutron.api.rpc.handlers.resources_rpc [None req-c9473605-f051-425f-9285-5683dcd4e8f8 None None] Pushing event updated for resources: {'Port': ['ID=289ef6fb-2704-406b-a9e7-5053c7639f6e,revision_number=5']} {{(pid=104179) push /opt/stack/neutron/neutron/api/rpc/handlers/resources_rpc.py:237}}
Apr 07 11:07:04.724934 n-d-836788-1 neutron-server[104177]: INFO neutron.wsgi [req-2f791389-cb9c-4632-8fd0-208aaf115e54 req-376f7192-770f-410b-9b11-8d20a3523758 service neutron] 10.222.0.23 "GET /v2.0/floatingips?fixed_ip_address=192.168.233.143&port_id=08a0e9c2-8f56-4a77-8800-faa97bbb3aca HTTP/1.1" status: 200 len: 217 time: 0.1452267
Apr 07 11:07:04.750668 n-d-836788-1 neutron-server[104178]: DEBUG neutron_lib.callbacks.manager [None req-db86f5e1-79bf-4a3b-ade5-56a7bc4e7c78 admin admin] Publish callbacks [] for security_group (4b42d1c7-40cc-4c0b-93e4-9d4630c73116), precommit_create {{(pid=104178) _notify_loop /usr/local/lib/python3.8/dist-packages/neutron_lib/callbacks/manager.py:176}}
Apr 07 11:07:04.782890 n-d-836788-1 neutron-server[104178]: DEBUG neutron_lib.callbacks.manager [None req-db86f5e1-79bf-4a3b-ade5-56a7bc4e7c78 admin admin] Publish callbacks ['neutron.plugins.ml2.ovo_rpc._ObjectChangeHandler.handle_event-754992'] for security_group (4b42d1c7-40cc-4c0b-93e4-9d4630c73116), after_create {{(pid=104178) _notify_loop /usr/local/lib/python3.8/dist-packages/neutron_lib/callbacks/manager.py:176}}
Apr 07 11:07:04.792625 n-d-836788-1 neutron-server[104177]: INFO neutron.wsgi [req-a3a67647-9699-40a8-a385-c01af9a60c11 req-3abcc4d2-8875-4771-9ee1-4416226860cf service neutron] 10.222.0.41 "GET /v2.0/networks/25c22247-3580-43d7-87c6-0e8ee693bdda?fields=segments HTTP/1.1" status: 200 len: 212 time: 0.9244611
Apr 07 11:07:04.879803 n-d-836788-1 neutron-server[104178]: INFO neutron.wsgi [req-9c56d46b-a36e-4b23-92da-762c0663af53 req-989313a6-456b-4b41-a518-b902c429bf6b tempest-ServersAdminNegativeTestJSON-1276734886 tempest-ServersAdminNegativeTestJSON-1276734886-project] 10.222.0.13 "GET /v2.0/security-groups?id=2989af4a-6d03-40a4-93ab-7f81a2b5021e&fields=id&fields=name HTTP/1.1" status: 200 len: 286 time: 0.3098378
Apr 07 11:07:04.896109 n-d-836788-1 neutron-server[104178]: DEBUG neutron.plugins.ml2.db [req-3f214be5-21a0-4685-b7e5-7c29997c6501 req-785c5f21-d0bf-49c3-b863-fdb991796864 service neutron] For port 43b398f8-7875-4dd4-bf07-7acdb8e0267d, host n-h1-836788-1, cleared binding levels {{(pid=104178) clear_binding_levels /opt/stack/neutron/neutron/plugins/ml2/db.py:87}}
Apr 07 11:07:04.905903 n-d-836788-1 neutron-server[104178]: INFO neutron.wsgi [None req-db86f5e1-79bf-4a3b-ade5-56a7bc4e7c78 admin admin] 10.222.0.13 "GET /v2.0/security-groups?tenant_id=51c5e4eaf742472ca1b5c10dceae724e&name=default HTTP/1.1" status: 200 len: 2996 time: 0.3691773
Apr 07 11:07:04.907829 n-d-836788-1 neutron-server[104178]: DEBUG neutron_lib.callbacks.manager [None req-e58ef749-d3df-4453-b8b1-546cb7ed2d25 admin admin] Publish callbacks [] for security_group (599242da-b1d3-4dbc-8c51-22e8db1805b0), precommit_create {{(pid=104178) _notify_loop /usr/local/lib/python3.8/dist-packages/neutron_lib/callbacks/manager.py:176}}
Apr 07 11:07:04.910011 n-d-836788-1 neutron-server[104178]: DEBUG neutron.wsgi [-] (104178) accepted ('10.222.0.13', 60336) {{(pid=104178) server /usr/local/lib/python3.8/dist-packages/eventlet/wsgi.py:1004}}
Apr 07 11:07:04.912370 n-d-836788-1 neutron-server[104179]: DEBUG neutron.db.provisioning_blocks [None req-6c4914c4-ad0f-47aa-9857-beb032039b7d None None] Provisioning complete for port 289ef6fb-2704-406b-a9e7-5053c7639f6e triggered by entity L2. {{(pid=104179) provisioning_complete /opt/stack/neutron/neutron/db/provisioning_blocks.py:140}}
Apr 07 11:07:04.912751 n-d-836788-1 neutron-server[104179]: DEBUG neutron_lib.callbacks.manager [None req-6c4914c4-ad0f-47aa-9857-beb032039b7d None None] Publish callbacks ['neutron.plugins.ml2.plugin.Ml2Plugin._port_provisioned-4151378'] for port (289ef6fb-2704-406b-a9e7-5053c7639f6e), provisioning_complete {{(pid=104179) _notify_loop /usr/local/lib/python3.8/dist-packages/neutron_lib/callbacks/manager.py:176}}
Apr 07 11:07:04.919739 n-d-836788-1 neutron-server[104178]: DEBUG neutron.api.rpc.handlers.resources_rpc [None req-db86f5e1-79bf-4a3b-ade5-56a7bc4e7c78 admin admin] Pushing event updated for resources: {'SecurityGroup': ['ID=4b42d1c7-40cc-4c0b-93e4-9d4630c73116,revision_number=1']} {{(pid=104178) push /opt/stack/neutron/neutron/api/rpc/handlers/resources_rpc.py:237}}
Apr 07 11:07:04.936847 n-d-836788-1 neutron-server[104178]: DEBUG neutron_lib.callbacks.manager [None req-e58ef749-d3df-4453-b8b1-546cb7ed2d25 admin admin] Publish callbacks ['neutron.plugins.ml2.ovo_rpc._ObjectChangeHandler.handle_event-754992'] for security_group (599242da-b1d3-4dbc-8c51-22e8db1805b0), after_create {{(pid=104178) _notify_loop /usr/local/lib/python3.8/dist-packages/neutron_lib/callbacks/manager.py:176}}
Apr 07 11:07:04.940156 n-d-836788-1 neutron-server[104178]: DEBUG neutron.plugins.ml2.db [req-3f214be5-21a0-4685-b7e5-7c29997c6501 req-785c5f21-d0bf-49c3-b863-fdb991796864 service neutron] For port 43b398f8-7875-4dd4-bf07-7acdb8e0267d, host n-h1-836788-1, set binding levels [PortBindingLevel(driver='hyperv',host='n-h1-836788-1',level=0,port_id=43b398f8-7875-4dd4-bf07-7acdb8e0267d,segment=NetworkSegment(77bb3720-e7ba-4206-9646-f4a6f7fb8716),segment_id=77bb3720-e7ba-4206-9646-f4a6f7fb8716)] {{(pid=104178) set_binding_levels /opt/stack/neutron/neutron/plugins/ml2/db.py:59}}
Apr 07 11:07:04.965044 n-d-836788-1 neutron-server[104179]: DEBUG neutron.plugins.ml2.plugin [None req-edf70b92-5fe9-4f03-b0d3-ab033bca2e83 None None] Current status of the port 289ef6fb-2704-406b-a9e7-5053c7639f6e is: ACTIVE; New status is: ACTIVE {{(pid=104179) _update_individual_port_db_status /opt/stack/neutron/neutron/plugins/ml2/plugin.py:2256}}
Apr 07 11:07:04.988087 n-d-836788-1 neutron-server[104179]: DEBUG neutron.db.l3_hamode_db [None req-6abd62e6-41ae-4a5c-ac8c-19873887d260 None None] neutron.services.l3_router.l3_router_plugin.L3RouterPlugin method _process_sync_ha_data called with arguments (, [{'id': '99e83877-9445-43b4-8ea4-39ced9830133', 'name': 'tempest-ServersWithSpecificFlavorTestJSON-339098218-router', 'tenant_id': '15e32a766fc5408c9736f634ec0cf7db', 'admin_state_up': True, 'status': 'ACTIVE', 'external_gateway_info': {'network_id': '2a149e59-0076-4d09-a23a-ef756275d523', 'external_fixed_ips': [{'subnet_id': '5d3d5005-fea0-4f67-a271-18c894798882', 'ip_address': '172.25.5.98'}], 'enable_snat': True}, 'gw_port_id': '4c12fbf5-a3d5-46a5-be5a-72903a574efd', 'description': '', 'availability_zones': ['nova'], 'distributed': False, 'ha': False, 'ha_vr_id': 0, 'availability_zone_hints': [], 'routes': [], 'flavor_id': None, 'tags': [], 'created_at': '2022-04-07T11:06:45Z', 'updated_at': '2022-04-07T11:06:53Z', 'revision_number': 4, 'project_id': '15e32a766fc5408c9736f634ec0cf7db', 'gw_port': {'id': '4c12fbf5-a3d5-46a5-be5a-72903a574efd', 'name': '', 'network_id': '2a149e59-0076-4d09-a23a-ef756275d523', 'tenant_id': '', 'mac_address': 'fa:16:3e:c0:82:db', 'admin_state_up': True, 'status': 'ACTIVE', 'device_id': '99e83877-9445-43b4-8ea4-39ced9830133', 'device_owner': 'network:router_gateway', 'standard_attr_id': 278, 'fixed_ips': [{'subnet_id': '5d3d5005-fea0-4f67-a271-18c894798882', 'ip_address': '172.25.5.98', 'prefixlen': 24}], 'allowed_address_pairs': [], 'extra_dhcp_opts': [], 'security_groups': [], 'description': '', 'binding:vnic_type': 'normal', 'binding:profile': {}, 'binding:host_id': 'n-d-836788-1', 'binding:vif_type': 'ovs', 'binding:vif_details': {'connectivity': 'l2', 'port_filter': True, 'ovs_hybrid_plug': False, 'datapath_type': 'system', 'bridge_name': 'br-int', 'bound_drivers': {'0': 'openvswitch'}}, 'port_security_enabled': False, 'tags': [], 'created_at': '2022-04-07T11:06:47Z', 'updated_at': '2022-04-07T11:06:58Z', 'revision_number': 4, 'project_id': '', 'subnets': [{'id': '5d3d5005-fea0-4f67-a271-18c894798882', 'cidr': '172.25.5.0/24', 'gateway_ip': '172.25.5.1', 'dns_nameservers': [], 'ipv6_ra_mode': None, 'subnetpool_id': None}], 'extra_subnets': [], 'address_scopes': {4: None, 6: None}, 'mtu': 1500}, 'enable_snat': True, 'gw_port_host': 'n-d-836788-1', '_interfaces': [{'id': '289ef6fb-2704-406b-a9e7-5053c7639f6e', 'name': '', 'network_id': '9b9a094f-42ef-4513-9349-ffe774a4c759', 'tenant_id': '15e32a766fc5408c9736f634ec0cf7db', 'mac_address': 'fa:16:3e:90:b2:79', 'admin_state_up': True, 'status': 'DOWN', 'device_id': '99e83877-9445-43b4-8ea4-39ced9830133', 'device_owner': 'network:router_interface', 'standard_attr_id': 299, 'fixed_ips': [{'subnet_id': 'c8f7a001-cdff-4637-8bb7-bb143f4b18ab', 'ip_address': '172.20.0.1', 'prefixlen': 28}], 'allowed_address_pairs': [], 'extra_dhcp_opts': [], 'security_groups': [], 'description': '', 'binding:vnic_type': 'normal', 'binding:profile': {}, 'binding:host_id': 'n-d-836788-1', 'binding:vif_type': 'ovs', 'binding:vif_details': {'connectivity': 'l2', 'port_filter': True, 'ovs_hybrid_plug': False, 'datapath_type': 'system', 'bridge_name': 'br-int', 'bound_drivers': {'0': 'openvswitch'}}, 'port_security_enabled': False, 'tags': [], 'created_at': '2022-04-07T11:06:52Z', 'updated_at': '2022-04-07T11:07:03Z', 'revision_number': 4, 'project_id': '15e32a766fc5408c9736f634ec0cf7db', 'subnets': [{'id': 'c8f7a001-cdff-4637-8bb7-bb143f4b18ab', 'cidr': '172.20.0.0/28', 'gateway_ip': '172.20.0.1', 'dns_nameservers': [], 'ipv6_ra_mode': None, 'subnetpool_id': None}], 'extra_subnets': [], 'address_scopes': {4: None, 6: None}, 'mtu': 1500}]}], 'n-d-836788-1', False) {} {{(pid=104179) wrapper /usr/local/lib/python3.8/dist-packages/oslo_log/helpers.py:65}}
Apr 07 11:07:04.995458 n-d-836788-1 neutron-server[104177]: DEBUG neutron.pecan_wsgi.hooks.policy_enforcement [req-2f791389-cb9c-4632-8fd0-208aaf115e54 req-77887e69-8ef9-4460-b622-f6c020b18ee7 service neutron] Attributes excluded by policy engine: ['standard_attr_id', 'shared', 'segment_id'] {{(pid=104177) _exclude_attributes_by_policy /opt/stack/neutron/neutron/pecan_wsgi/hooks/policy_enforcement.py:255}}
Apr 07 11:07:04.996930 n-d-836788-1 neutron-server[104177]: INFO neutron.wsgi [req-2f791389-cb9c-4632-8fd0-208aaf115e54 req-77887e69-8ef9-4460-b622-f6c020b18ee7 service neutron] 10.222.0.23 "GET /v2.0/subnets?id=326efce4-8768-42c9-9e4f-836d93d07fb6 HTTP/1.1" status: 200 len: 843 time: 0.2648656
