Apr 07 11:07:00.932454 n-d-836788-1 neutron-server[104177]: DEBUG neutron.plugins.ml2.db [req-988db713-4432-407f-9cb2-e10352ad1a9e req-567168a1-1560-44bf-8efd-edf7534c5c4c service neutron] For port 08a0e9c2-8f56-4a77-8800-faa97bbb3aca, host n-h1-836788-1, cleared binding levels {{(pid=104177) clear_binding_levels /opt/stack/neutron/neutron/plugins/ml2/db.py:87}}
Apr 07 11:07:00.941161 n-d-836788-1 neutron-server[104177]: DEBUG neutron.plugins.ml2.db [req-988db713-4432-407f-9cb2-e10352ad1a9e req-567168a1-1560-44bf-8efd-edf7534c5c4c service neutron] For port 08a0e9c2-8f56-4a77-8800-faa97bbb3aca, host n-h1-836788-1, set binding levels [PortBindingLevel(driver='hyperv',host='n-h1-836788-1',level=0,port_id=08a0e9c2-8f56-4a77-8800-faa97bbb3aca,segment=NetworkSegment(d1faf1e6-67f3-447d-97de-5e153381ed96),segment_id=d1faf1e6-67f3-447d-97de-5e153381ed96)] {{(pid=104177) set_binding_levels /opt/stack/neutron/neutron/plugins/ml2/db.py:59}}
Apr 07 11:07:00.952060 n-d-836788-1 neutron-server[104177]: DEBUG neutron_lib.callbacks.manager [None req-0561b936-ac78-41e2-8080-a339a3f6de7b admin admin] Publish callbacks [] for security_group (None), before_create {{(pid=104177) _notify_loop /usr/local/lib/python3.8/dist-packages/neutron_lib/callbacks/manager.py:176}}
Apr 07 11:07:00.971046 n-d-836788-1 neutron-server[104177]: DEBUG neutron_lib.callbacks.manager [req-988db713-4432-407f-9cb2-e10352ad1a9e req-567168a1-1560-44bf-8efd-edf7534c5c4c service neutron] Publish callbacks ['neutron.plugins.ml2.plugin.SecurityGroupServerNotifierRpcMixin._notify_sg_on_port_change-4056541', 'neutron.plugins.ml2.ovo_rpc._ObjectChangeHandler.handle_event-946320', 'neutron.api.rpc.agentnotifiers.dhcp_rpc_agent_api.DhcpAgentNotifyAPI._native_event_send_dhcp_notification-548619', 'neutron.db.l3_db.L3RpcNotifierMixin._notify_gateway_port_ip_changed-8749672087839', 'neutron.db.l3_dvrscheduler_db._notify_l3_agent_port_update-8749671632231', 'neutron.db.l3_hascheduler_db._notify_l3_agent_ha_port_update-8749671632249', 'neutron.services.segments.plugin.NovaSegmentNotifier._notify_port_updated-33490334'] for port (08a0e9c2-8f56-4a77-8800-faa97bbb3aca), after_update {{(pid=104177) _notify_loop /usr/local/lib/python3.8/dist-packages/neutron_lib/callbacks/manager.py:176}}
Apr 07 11:07:01.018931 n-d-836788-1 neutron-server[104178]: INFO neutron.wsgi [req-369cf0a7-9dd4-484d-8bf6-1ae96f1bc9cc req-0dcbea10-e1dd-419e-90af-6de039334048 tempest-MigrationsAdminTest-745470254 tempest-MigrationsAdminTest-745470254-project] 10.222.0.13 "GET /v2.0/security-groups?id=40279f5d-e08a-4a8b-96b0-fee316b3d73c&fields=id&fields=name HTTP/1.1" status: 200 len: 286 time: 0.1055465
Apr 07 11:07:01.066488 n-d-836788-1 neutron-server[104178]: INFO neutron.wsgi [req-3f214be5-21a0-4685-b7e5-7c29997c6501 req-907f7fe2-7ce8-4730-ab90-9af3c0a81c86 tempest-ServersTestJSON-1632710905 tempest-ServersTestJSON-1632710905-project] 10.222.0.23 "GET /v2.0/security-groups?fields=id&fields=name&tenant_id=29f7e082792e4ffd85c7d06ee57af140 HTTP/1.1" status: 200 len: 380 time: 0.1748087
Apr 07 11:07:01.087429 n-d-836788-1 neutron-server[104178]: DEBUG neutron.api.v2.base [req-3f214be5-21a0-4685-b7e5-7c29997c6501 req-02c945cb-1699-48c3-ba6a-b20343868c2b tempest-ServersTestJSON-1632710905 tempest-ServersTestJSON-1632710905-project] Request body: {'port': {'device_id': '09a79787-a430-4dac-baa9-e7ff31f45c92', 'network_id': 'd5693bc5-36ea-4c4c-87d4-fe095a7eb89c', 'admin_state_up': True, 'tenant_id': '29f7e082792e4ffd85c7d06ee57af140', 'security_groups': ['70d1d126-0c41-4246-9007-ebc4c0dd7762']}} {{(pid=104178) prepare_request_body /opt/stack/neutron/neutron/api/v2/base.py:729}}
Apr 07 11:07:01.094644 n-d-836788-1 neutron-server[104177]: DEBUG neutron.pecan_wsgi.hooks.policy_enforcement [req-988db713-4432-407f-9cb2-e10352ad1a9e req-567168a1-1560-44bf-8efd-edf7534c5c4c service neutron] Attributes excluded by policy engine: ['standard_attr_id'] {{(pid=104177) _exclude_attributes_by_policy /opt/stack/neutron/neutron/pecan_wsgi/hooks/policy_enforcement.py:255}}
Apr 07 11:07:01.097854 n-d-836788-1 neutron-server[104177]: DEBUG neutron_lib.callbacks.manager [req-988db713-4432-407f-9cb2-e10352ad1a9e req-567168a1-1560-44bf-8efd-edf7534c5c4c service neutron] Publish callbacks ['neutron.notifiers.nova.Notifier._send_nova_notification-160855'] for port (None), before_response {{(pid=104177) _notify_loop /usr/local/lib/python3.8/dist-packages/neutron_lib/callbacks/manager.py:176}}
Apr 07 11:07:01.104336 n-d-836788-1 neutron-server[104177]: INFO neutron.wsgi [req-988db713-4432-407f-9cb2-e10352ad1a9e req-567168a1-1560-44bf-8efd-edf7534c5c4c service neutron] 10.222.0.23 "PUT /v2.0/ports/08a0e9c2-8f56-4a77-8800-faa97bbb3aca HTTP/1.1" status: 200 len: 1096 time: 1.8081112
Apr 07 11:07:01.119985 n-d-836788-1 neutron-server[104177]: DEBUG neutron.notifiers.nova [-] Sending events: [{'name': 'network-changed', 'server_uuid': '158a5f85-2c88-4726-9725-dc0ef7dfdbde', 'tag': '08a0e9c2-8f56-4a77-8800-faa97bbb3aca'}] {{(pid=104177) send_events /opt/stack/neutron/neutron/notifiers/nova.py:271}}
Apr 07 11:07:01.122826 n-d-836788-1 neutron-server[104177]: DEBUG novaclient.v2.client [-] REQ: curl -g -i --cacert "/opt/stack/data/ca-bundle.pem" -X POST http://10.222.0.13/compute/v2.1/os-server-external-events -H "Accept: application/json" -H "Content-Type: application/json" -H "User-Agent: python-novaclient" -H "X-Auth-Token: {SHA256}c1e444deecf0571f49374547fad24911dcc61fb46a96acec751b83b818e73b8a" -H "X-OpenStack-Nova-API-Version: 2.1" -H "X-OpenStack-Request-ID: req-2f791389-cb9c-4632-8fd0-208aaf115e54" -d '{"events": [{"name": "network-changed", "server_uuid": "158a5f85-2c88-4726-9725-dc0ef7dfdbde", "tag": "08a0e9c2-8f56-4a77-8800-faa97bbb3aca"}]}' {{(pid=104177) _http_log_request /usr/local/lib/python3.8/dist-packages/keystoneauth1/session.py:519}}
Apr 07 11:07:01.175912 n-d-836788-1 neutron-server[104179]: DEBUG neutron.db.provisioning_blocks [None req-6c4914c4-ad0f-47aa-9857-beb032039b7d None None] Provisioning complete for port 4c12fbf5-a3d5-46a5-be5a-72903a574efd triggered by entity L2. {{(pid=104179) provisioning_complete /opt/stack/neutron/neutron/db/provisioning_blocks.py:140}}
Apr 07 11:07:01.178407 n-d-836788-1 neutron-server[104179]: DEBUG neutron_lib.callbacks.manager [None req-6c4914c4-ad0f-47aa-9857-beb032039b7d None None] Publish callbacks ['neutron.plugins.ml2.plugin.Ml2Plugin._port_provisioned-4151378'] for port (4c12fbf5-a3d5-46a5-be5a-72903a574efd), provisioning_complete {{(pid=104179) _notify_loop /usr/local/lib/python3.8/dist-packages/neutron_lib/callbacks/manager.py:176}}
Apr 07 11:07:01.247738 n-d-836788-1 neutron-server[104177]: DEBUG neutron.api.rpc.handlers.resources_rpc [None req-567168a1-1560-44bf-8efd-edf7534c5c4c service neutron] Pushing event updated for resources: {'Port': ['ID=08a0e9c2-8f56-4a77-8800-faa97bbb3aca,revision_number=3']} {{(pid=104177) push /opt/stack/neutron/neutron/api/rpc/handlers/resources_rpc.py:237}}
Apr 07 11:07:01.257867 n-d-836788-1 neutron-server[104179]: DEBUG neutron_lib.callbacks.manager [None req-bb2a19b7-cd71-4a41-8f86-5d933a3c620b None None] Publish callbacks ['neutron.services.segments.db._update_segment_host_mapping_for_agent-8749671959224', 'neutron.plugins.ml2.plugin.Ml2Plugin._retry_binding_revived_agents-4151356'] for agent (ab9610f4-8b0f-4778-9e5b-14a9445f576c), after_update {{(pid=104179) _notify_loop /usr/local/lib/python3.8/dist-packages/neutron_lib/callbacks/manager.py:176}}
Apr 07 11:07:01.279579 n-d-836788-1 neutron-server[104177]: DEBUG novaclient.v2.client [-] RESP: [200] Connection: close Content-Length: 179 Content-Type: application/json Date: Thu, 07 Apr 2022 11:07:01 GMT OpenStack-API-Version: compute 2.1 Server: Apache/2.4.41 (Ubuntu) Vary: OpenStack-API-Version,X-OpenStack-Nova-API-Version X-OpenStack-Nova-API-Version: 2.1 x-compute-request-id: req-955f512b-0f25-4439-8624-97da0198646a x-openstack-request-id: req-955f512b-0f25-4439-8624-97da0198646a {{(pid=104177) _http_log_response /usr/local/lib/python3.8/dist-packages/keystoneauth1/session.py:550}}
Apr 07 11:07:01.279899 n-d-836788-1 neutron-server[104177]: DEBUG novaclient.v2.client [-] RESP BODY: {"events": [{"name": "network-changed", "server_uuid": "158a5f85-2c88-4726-9725-dc0ef7dfdbde", "tag": "08a0e9c2-8f56-4a77-8800-faa97bbb3aca", "status": "completed", "code": 200}]} {{(pid=104177) _http_log_response /usr/local/lib/python3.8/dist-packages/keystoneauth1/session.py:582}}
Apr 07 11:07:01.282163 n-d-836788-1 neutron-server[104177]: DEBUG novaclient.v2.client [-] POST call to compute for http://10.222.0.13/compute/v2.1/os-server-external-events used request id req-955f512b-0f25-4439-8624-97da0198646a {{(pid=104177) request /usr/local/lib/python3.8/dist-packages/keystoneauth1/session.py:954}}
Apr 07 11:07:01.282593 n-d-836788-1 neutron-server[104177]: INFO neutron.notifiers.nova [-] Nova event matching ['req-955f512b-0f25-4439-8624-97da0198646a'] response: {'name': 'network-changed', 'server_uuid': '158a5f85-2c88-4726-9725-dc0ef7dfdbde', 'tag': '08a0e9c2-8f56-4a77-8800-faa97bbb3aca', 'status': 'completed', 'code': 200}
Apr 07 11:07:01.353351 n-d-836788-1 neutron-server[104179]: DEBUG neutron.api.rpc.handlers.dhcp_rpc [None req-cde65b46-8d44-403c-9e29-c3910b3db12f None None] Create dhcp port {'port': {'name': '', 'admin_state_up': True, 'device_id': 'dhcpee4beb0a-3f05-57a5-a932-24f4c11dcd88-77f2de70-477c-4876-845a-dd8c285c3bb3', 'network_id': '77f2de70-477c-4876-845a-dd8c285c3bb3', 'project_id': 'e99c513f31d74f4e856f7bbab9882f0f', 'fixed_ips': [{'subnet_id': 'ef24d91c-d8c8-4baa-8050-4b55ed4ea30d'}]}} from n-d-836788-1. {{(pid=104179) create_dhcp_port /opt/stack/neutron/neutron/api/rpc/handlers/dhcp_rpc.py:268}}
Apr 07 11:07:01.354888 n-d-836788-1 neutron-server[104179]: DEBUG neutron_lib.callbacks.manager [None req-cde65b46-8d44-403c-9e29-c3910b3db12f None None] Publish callbacks ['neutron.plugins.ml2.plugin.SecurityGroupDbMixin._ensure_default_security_group_handler-4056411'] for port (None), before_create {{(pid=104179) _notify_loop /usr/local/lib/python3.8/dist-packages/neutron_lib/callbacks/manager.py:176}}
Apr 07 11:07:01.431540 n-d-836788-1 neutron-server[104178]: DEBUG neutron.pecan_wsgi.hooks.quota_enforcement [req-3f214be5-21a0-4685-b7e5-7c29997c6501 req-02c945cb-1699-48c3-ba6a-b20343868c2b tempest-ServersTestJSON-1632710905 tempest-ServersTestJSON-1632710905-project] Made reservation on behalf of 29f7e082792e4ffd85c7d06ee57af140 for: {'port': 1} {{(pid=104178) before /opt/stack/neutron/neutron/pecan_wsgi/hooks/quota_enforcement.py:53}}
Apr 07 11:07:01.436893 n-d-836788-1 neutron-server[104178]: DEBUG neutron_lib.callbacks.manager [req-3f214be5-21a0-4685-b7e5-7c29997c6501 req-02c945cb-1699-48c3-ba6a-b20343868c2b tempest-ServersTestJSON-1632710905 tempest-ServersTestJSON-1632710905-project] Publish callbacks ['neutron.plugins.ml2.plugin.SecurityGroupDbMixin._ensure_default_security_group_handler-4056411'] for port (None), before_create {{(pid=104178) _notify_loop /usr/local/lib/python3.8/dist-packages/neutron_lib/callbacks/manager.py:176}}
Apr 07 11:07:01.499109 n-d-836788-1 neutron-server[104179]: DEBUG neutron_lib.callbacks.manager [None req-8d0f9a72-47a7-4263-988c-95059662a487 None None] Publish callbacks ['neutron.services.segments.db._update_segment_host_mapping_for_agent-8749671959224', 'neutron.plugins.ml2.plugin.Ml2Plugin._retry_binding_revived_agents-4151356'] for agent (10fd59da-d611-4e97-a0f9-db8265e77d55), after_update {{(pid=104179) _notify_loop /usr/local/lib/python3.8/dist-packages/neutron_lib/callbacks/manager.py:176}}
Apr 07 11:07:01.622273 n-d-836788-1 neutron-server[104177]: DEBUG neutron_lib.callbacks.manager [None req-a94d6b39-4cd6-4f77-98d3-b4a05b1f9bad admin admin] Publish callbacks [] for security_group (None), before_create {{(pid=104177) _notify_loop /usr/local/lib/python3.8/dist-packages/neutron_lib/callbacks/manager.py:176}}
Apr 07 11:07:01.635106 n-d-836788-1 neutron-server[104178]: INFO neutron.wsgi [req-96d78556-adbc-4807-a1b0-42346a3a4c20 req-1e6f8bf9-0637-466b-88f0-614247af93df tempest-ServersTestJSON-1632710905 tempest-ServersTestJSON-1632710905-project] 10.222.0.13 "GET /v2.0/ports?device_id=09a79787-a430-4dac-baa9-e7ff31f45c92 HTTP/1.1" status: 200 len: 210 time: 0.0629261
Apr 07 11:07:01.668061 n-d-836788-1 neutron-server[104179]: DEBUG neutron.plugins.ml2.plugin [None req-6c4914c4-ad0f-47aa-9857-beb032039b7d None None] Current status of the port 4c12fbf5-a3d5-46a5-be5a-72903a574efd is: ACTIVE; New status is: ACTIVE {{(pid=104179) _update_individual_port_db_status /opt/stack/neutron/neutron/plugins/ml2/plugin.py:2256}}
Apr 07 11:07:01.697379 n-d-836788-1 neutron-server[104179]: DEBUG neutron.db.l3_hamode_db [None req-6abd62e6-41ae-4a5c-ac8c-19873887d260 None None] neutron.services.l3_router.l3_router_plugin.L3RouterPlugin method _process_sync_ha_data called with arguments (, [{'id': '99e83877-9445-43b4-8ea4-39ced9830133', 'name': 'tempest-ServersWithSpecificFlavorTestJSON-339098218-router', 'tenant_id': '15e32a766fc5408c9736f634ec0cf7db', 'admin_state_up': True, 'status': 'ACTIVE', 'external_gateway_info': {'network_id': '2a149e59-0076-4d09-a23a-ef756275d523', 'external_fixed_ips': [{'subnet_id': '5d3d5005-fea0-4f67-a271-18c894798882', 'ip_address': '172.25.5.98'}], 'enable_snat': True}, 'gw_port_id': '4c12fbf5-a3d5-46a5-be5a-72903a574efd', 'description': '', 'availability_zones': ['nova'], 'distributed': False, 'ha': False, 'ha_vr_id': 0, 'availability_zone_hints': [], 'routes': [], 'flavor_id': None, 'tags': [], 'created_at': '2022-04-07T11:06:45Z', 'updated_at': '2022-04-07T11:06:53Z', 'revision_number': 4, 'project_id': '15e32a766fc5408c9736f634ec0cf7db', 'gw_port': {'id': '4c12fbf5-a3d5-46a5-be5a-72903a574efd', 'name': '', 'network_id': '2a149e59-0076-4d09-a23a-ef756275d523', 'tenant_id': '', 'mac_address': 'fa:16:3e:c0:82:db', 'admin_state_up': True, 'status': 'ACTIVE', 'device_id': '99e83877-9445-43b4-8ea4-39ced9830133', 'device_owner': 'network:router_gateway', 'standard_attr_id': 278, 'fixed_ips': [{'subnet_id': '5d3d5005-fea0-4f67-a271-18c894798882', 'ip_address': '172.25.5.98', 'prefixlen': 24}], 'allowed_address_pairs': [], 'extra_dhcp_opts': [], 'security_groups': [], 'description': '', 'binding:vnic_type': 'normal', 'binding:profile': {}, 'binding:host_id': 'n-d-836788-1', 'binding:vif_type': 'ovs', 'binding:vif_details': {'connectivity': 'l2', 'port_filter': True, 'ovs_hybrid_plug': False, 'datapath_type': 'system', 'bridge_name': 'br-int', 'bound_drivers': {'0': 'openvswitch'}}, 'port_security_enabled': False, 'tags': [], 'created_at': '2022-04-07T11:06:47Z', 'updated_at': '2022-04-07T11:06:58Z', 'revision_number': 4, 'project_id': '', 'subnets': [{'id': '5d3d5005-fea0-4f67-a271-18c894798882', 'cidr': '172.25.5.0/24', 'gateway_ip': '172.25.5.1', 'dns_nameservers': [], 'ipv6_ra_mode': None, 'subnetpool_id': None}], 'extra_subnets': [], 'address_scopes': {4: None, 6: None}, 'mtu': 1500}, 'enable_snat': True, 'gw_port_host': 'n-d-836788-1', '_interfaces': [{'id': '289ef6fb-2704-406b-a9e7-5053c7639f6e', 'name': '', 'network_id': '9b9a094f-42ef-4513-9349-ffe774a4c759', 'tenant_id': '15e32a766fc5408c9736f634ec0cf7db', 'mac_address': 'fa:16:3e:90:b2:79', 'admin_state_up': True, 'status': 'DOWN', 'device_id': '99e83877-9445-43b4-8ea4-39ced9830133', 'device_owner': 'network:router_interface', 'standard_attr_id': 299, 'fixed_ips': [{'subnet_id': 'c8f7a001-cdff-4637-8bb7-bb143f4b18ab', 'ip_address': '172.20.0.1', 'prefixlen': 28}], 'allowed_address_pairs': [], 'extra_dhcp_opts': [], 'security_groups': [], 'description': '', 'binding:vnic_type': 'normal', 'binding:profile': {}, 'binding:host_id': '', 'binding:vif_type': 'unbound', 'binding:vif_details': {}, 'port_security_enabled': False, 'tags': [], 'created_at': '2022-04-07T11:06:52Z', 'updated_at': '2022-04-07T11:06:54Z', 'revision_number': 2, 'project_id': '15e32a766fc5408c9736f634ec0cf7db', 'subnets': [{'id': 'c8f7a001-cdff-4637-8bb7-bb143f4b18ab', 'cidr': '172.20.0.0/28', 'gateway_ip': '172.20.0.1', 'dns_nameservers': [], 'ipv6_ra_mode': None, 'subnetpool_id': None}], 'extra_subnets': [], 'address_scopes': {4: None, 6: None}, 'mtu': 1500}]}], 'n-d-836788-1', False) {} {{(pid=104179) wrapper /usr/local/lib/python3.8/dist-packages/oslo_log/helpers.py:65}}
Apr 07 11:07:01.702255 n-d-836788-1 neutron-server[104177]: DEBUG neutron.pecan_wsgi.hooks.policy_enforcement [req-988db713-4432-407f-9cb2-e10352ad1a9e req-72886a6b-416e-4728-94ff-221465cdc0cc service neutron] Attributes excluded by policy engine: ['standard_attr_id'] {{(pid=104177) _exclude_attributes_by_policy /opt/stack/neutron/neutron/pecan_wsgi/hooks/policy_enforcement.py:255}}
Apr 07 11:07:01.705488 n-d-836788-1 neutron-server[104177]: INFO neutron.wsgi [req-988db713-4432-407f-9cb2-e10352ad1a9e req-72886a6b-416e-4728-94ff-221465cdc0cc service neutron] 10.222.0.23 "GET /v2.0/ports?tenant_id=41718dd6621040c294975e53c3d8e5ec&device_id=158a5f85-2c88-4726-9725-dc0ef7dfdbde HTTP/1.1" status: 200 len: 1130 time: 0.5277557
Apr 07 11:07:01.726017 n-d-836788-1 neutron-server[104177]: DEBUG neutron_lib.callbacks.manager [None req-0561b936-ac78-41e2-8080-a339a3f6de7b admin admin] Publish callbacks [] for security_group (3cc8c594-3d43-4621-aa5e-75b19c5ce77d), precommit_create {{(pid=104177) _notify_loop /usr/local/lib/python3.8/dist-packages/neutron_lib/callbacks/manager.py:176}}
Apr 07 11:07:01.758816 n-d-836788-1 neutron-server[104179]: DEBUG neutron.api.rpc.handlers.l3_rpc [None req-6abd62e6-41ae-4a5c-ac8c-19873887d260 None None] Checking router: 99e83877-9445-43b4-8ea4-39ced9830133 for host: n-d-836788-1 {{(pid=104179) _ensure_host_set_on_ports /opt/stack/neutron/neutron/api/rpc/handlers/l3_rpc.py:155}}
Apr 07 11:07:01.759208 n-d-836788-1 neutron-server[104179]: DEBUG neutron.api.rpc.handlers.l3_rpc [None req-6abd62e6-41ae-4a5c-ac8c-19873887d260 None None] Updating router 99e83877-9445-43b4-8ea4-39ced9830133 port 289ef6fb-2704-406b-a9e7-5053c7639f6e binding host n-d-836788-1 {{(pid=104179) _ensure_host_set_on_port /opt/stack/neutron/neutron/api/rpc/handlers/l3_rpc.py:205}}
Apr 07 11:07:01.767281 n-d-836788-1 neutron-server[104177]: DEBUG neutron_lib.callbacks.manager [None req-0561b936-ac78-41e2-8080-a339a3f6de7b admin admin] Publish callbacks ['neutron.plugins.ml2.ovo_rpc._ObjectChangeHandler.handle_event-754992'] for security_group (3cc8c594-3d43-4621-aa5e-75b19c5ce77d), after_create {{(pid=104177) _notify_loop /usr/local/lib/python3.8/dist-packages/neutron_lib/callbacks/manager.py:176}}
Apr 07 11:07:01.774573 n-d-836788-1 neutron-server[104178]: DEBUG neutron.pecan_wsgi.hooks.policy_enforcement [req-c99c680f-83bb-40bc-ab03-94d520b818db req-08b535a1-5d55-44e9-8f3d-a73b9c55ee08 tempest-ServersAdminNegativeTestJSON-1276734886 tempest-ServersAdminNegativeTestJSON-1276734886-project] Attributes excluded by policy engine: ['standard_attr_id', 'binding:profile', 'binding:host_id', 'binding:vif_type', 'binding:vif_details'] {{(pid=104178) _exclude_attributes_by_policy /opt/stack/neutron/neutron/pecan_wsgi/hooks/policy_enforcement.py:255}}
Apr 07 11:07:01.776476 n-d-836788-1 neutron-server[104178]: INFO neutron.wsgi [req-c99c680f-83bb-40bc-ab03-94d520b818db req-08b535a1-5d55-44e9-8f3d-a73b9c55ee08 tempest-ServersAdminNegativeTestJSON-1276734886 tempest-ServersAdminNegativeTestJSON-1276734886-project] 10.222.0.13 "GET /v2.0/ports?device_id=158a5f85-2c88-4726-9725-dc0ef7dfdbde HTTP/1.1" status: 200 len: 948 time: 0.2067657
Apr 07 11:07:01.821074 n-d-836788-1 neutron-server[104178]: DEBUG neutron.db.db_base_plugin_common [req-3f214be5-21a0-4685-b7e5-7c29997c6501 req-02c945cb-1699-48c3-ba6a-b20343868c2b tempest-ServersTestJSON-1632710905 tempest-ServersTestJSON-1632710905-project] Allocated IP 172.20.0.5 (d5693bc5-36ea-4c4c-87d4-fe095a7eb89c/08033c5a-a6f9-44c8-9944-c7ae6e86efa4/43b398f8-7875-4dd4-bf07-7acdb8e0267d) {{(pid=104178) _store_ip_allocation /opt/stack/neutron/neutron/db/db_base_plugin_common.py:131}}
Apr 07 11:07:01.860433 n-d-836788-1 neutron-server[104179]: DEBUG neutron_lib.callbacks.manager [None req-6abd62e6-41ae-4a5c-ac8c-19873887d260 None None] Publish callbacks ['neutron.plugins.ml2.plugin.SecurityGroupDbMixin._ensure_default_security_group_handler-4056411'] for port (289ef6fb-2704-406b-a9e7-5053c7639f6e), before_update {{(pid=104179) _notify_loop /usr/local/lib/python3.8/dist-packages/neutron_lib/callbacks/manager.py:176}}
Apr 07 11:07:01.861611 n-d-836788-1 neutron-server[104177]: DEBUG neutron_lib.callbacks.manager [None req-0ff7d16d-b476-4012-9633-cb48ad56bae1 admin admin] Publish callbacks [] for router_gateway (04fdda19-1a29-4686-8169-c133854a133f), before_create {{(pid=104177) _notify_loop /usr/local/lib/python3.8/dist-packages/neutron_lib/callbacks/manager.py:176}}
Apr 07 11:07:01.892302 n-d-836788-1 neutron-server[104178]: INFO neutron.wsgi [req-c99c680f-83bb-40bc-ab03-94d520b818db req-22d298c8-3c5e-4ce3-839a-6a1286e50589 tempest-ServersAdminNegativeTestJSON-1276734886 tempest-ServersAdminNegativeTestJSON-1276734886-project] 10.222.0.13 "GET /v2.0/security-groups?id=2989af4a-6d03-40a4-93ab-7f81a2b5021e&fields=id&fields=name HTTP/1.1" status: 200 len: 286 time: 0.0902460
Apr 07 11:07:01.898459 n-d-836788-1 neutron-server[104177]: INFO neutron.wsgi [req-988db713-4432-407f-9cb2-e10352ad1a9e req-0a489902-0388-43d3-88a9-56cd1fac2d1e service neutron] 10.222.0.23 "GET /v2.0/floatingips?fixed_ip_address=192.168.233.143&port_id=08a0e9c2-8f56-4a77-8800-faa97bbb3aca HTTP/1.1" status: 200 len: 217 time: 0.1696692
Apr 07 11:07:01.911718 n-d-836788-1 neutron-server[104179]: DEBUG neutron.db.db_base_plugin_common [None req-cde65b46-8d44-403c-9e29-c3910b3db12f None None] Allocated IP 172.20.0.2 (77f2de70-477c-4876-845a-dd8c285c3bb3/ef24d91c-d8c8-4baa-8050-4b55ed4ea30d/8ed71d25-fd42-4694-9b92-61332aa54f2a) {{(pid=104179) _store_ip_allocation /opt/stack/neutron/neutron/db/db_base_plugin_common.py:131}}
Apr 07 11:07:01.913316 n-d-836788-1 neutron-server[104177]: DEBUG neutron_lib.callbacks.manager [None req-0ff7d16d-b476-4012-9633-cb48ad56bae1 admin admin] Publish callbacks ['neutron.plugins.ml2.plugin.SecurityGroupDbMixin._ensure_default_security_group_handler-4056411'] for port (None), before_create {{(pid=104177) _notify_loop /usr/local/lib/python3.8/dist-packages/neutron_lib/callbacks/manager.py:176}}
Apr 07 11:07:02.031704 n-d-836788-1 neutron-server[104177]: INFO neutron.wsgi [None req-0561b936-ac78-41e2-8080-a339a3f6de7b admin admin] 10.222.0.13 "GET /v2.0/security-groups?tenant_id=f0c825568e4f4ee3aa30f2883710287b&name=default HTTP/1.1" status: 200 len: 2996 time: 1.3194118
Apr 07 11:07:02.045605 n-d-836788-1 neutron-server[104177]: DEBUG neutron.wsgi [-] (104177) accepted ('10.222.0.13', 60294) {{(pid=104177) server /usr/local/lib/python3.8/dist-packages/eventlet/wsgi.py:1004}}
Apr 07 11:07:02.045839 n-d-836788-1 neutron-server[104177]: DEBUG neutron.api.rpc.handlers.resources_rpc [None req-0561b936-ac78-41e2-8080-a339a3f6de7b admin admin] Pushing event updated for resources: {'SecurityGroup': ['ID=3cc8c594-3d43-4621-aa5e-75b19c5ce77d,revision_number=1']} {{(pid=104177) push /opt/stack/neutron/neutron/api/rpc/handlers/resources_rpc.py:237}}
Apr 07 11:07:02.111740 n-d-836788-1 neutron-server[104178]: DEBUG neutron_lib.callbacks.manager [req-3f214be5-21a0-4685-b7e5-7c29997c6501 req-02c945cb-1699-48c3-ba6a-b20343868c2b tempest-ServersTestJSON-1632710905 tempest-ServersTestJSON-1632710905-project] Publish callbacks [] for port (43b398f8-7875-4dd4-bf07-7acdb8e0267d), precommit_create {{(pid=104178) _notify_loop /usr/local/lib/python3.8/dist-packages/neutron_lib/callbacks/manager.py:176}}
Apr 07 11:07:02.144538 n-d-836788-1 neutron-server[104177]: DEBUG neutron.pecan_wsgi.hooks.policy_enforcement [req-988db713-4432-407f-9cb2-e10352ad1a9e req-5e2f7495-ed2b-4135-8ddd-a79ee2bd0340 service neutron] Attributes excluded by policy engine: ['standard_attr_id', 'shared', 'segment_id'] {{(pid=104177) _exclude_attributes_by_policy /opt/stack/neutron/neutron/pecan_wsgi/hooks/policy_enforcement.py:255}}
Apr 07 11:07:02.147097 n-d-836788-1 neutron-server[104177]: INFO neutron.wsgi [req-988db713-4432-407f-9cb2-e10352ad1a9e req-5e2f7495-ed2b-4135-8ddd-a79ee2bd0340 service neutron] 10.222.0.23 "GET /v2.0/subnets?id=326efce4-8768-42c9-9e4f-836d93d07fb6 HTTP/1.1" status: 200 len: 843 time: 0.2383802
Apr 07 11:07:02.173109 n-d-836788-1 neutron-server[104178]: DEBUG neutron_lib.callbacks.manager [req-3f214be5-21a0-4685-b7e5-7c29997c6501 req-02c945cb-1699-48c3-ba6a-b20343868c2b tempest-ServersTestJSON-1632710905 tempest-ServersTestJSON-1632710905-project] Publish callbacks ['neutron.plugins.ml2.plugin.SecurityGroupServerNotifierRpcMixin._notify_sg_on_port_change-4056541', 'neutron.plugins.ml2.ovo_rpc._ObjectChangeHandler.handle_event-946320', 'neutron.api.rpc.agentnotifiers.dhcp_rpc_agent_api.DhcpAgentNotifyAPI._native_event_send_dhcp_notification-548619', 'neutron.db.l3_dvrscheduler_db._notify_l3_agent_new_port-8749671632213', 'neutron.services.segments.plugin.NovaSegmentNotifier._notify_port_created_or_deleted-25633165'] for port (43b398f8-7875-4dd4-bf07-7acdb8e0267d), after_create {{(pid=104178) _notify_loop /usr/local/lib/python3.8/dist-packages/neutron_lib/callbacks/manager.py:176}}
Apr 07 11:07:02.268092 n-d-836788-1 neutron-server[104177]: DEBUG neutron_lib.callbacks.manager [None req-a94d6b39-4cd6-4f77-98d3-b4a05b1f9bad admin admin] Publish callbacks [] for security_group (960fd805-57be-4f23-8893-28bc2ce992ce), precommit_create {{(pid=104177) _notify_loop /usr/local/lib/python3.8/dist-packages/neutron_lib/callbacks/manager.py:176}}
Apr 07 11:07:02.275206 n-d-836788-1 neutron-server[104177]: DEBUG neutron_lib.callbacks.manager [None req-4a384c01-33f5-4009-a246-57b4017e58e2 admin admin] Publish callbacks [] for security_group (3cc8c594-3d43-4621-aa5e-75b19c5ce77d), before_delete {{(pid=104177) _notify_loop /usr/local/lib/python3.8/dist-packages/neutron_lib/callbacks/manager.py:176}}
Apr 07 11:07:02.305504 n-d-836788-1 neutron-server[104177]: DEBUG neutron_lib.callbacks.manager [None req-a94d6b39-4cd6-4f77-98d3-b4a05b1f9bad admin admin] Publish callbacks ['neutron.plugins.ml2.ovo_rpc._ObjectChangeHandler.handle_event-754992'] for security_group (960fd805-57be-4f23-8893-28bc2ce992ce), after_create {{(pid=104177) _notify_loop /usr/local/lib/python3.8/dist-packages/neutron_lib/callbacks/manager.py:176}}
Apr 07 11:07:02.327135 n-d-836788-1 neutron-server[104179]: DEBUG neutron_lib.callbacks.manager [None req-cde65b46-8d44-403c-9e29-c3910b3db12f None None] Publish callbacks [] for port (8ed71d25-fd42-4694-9b92-61332aa54f2a), precommit_create {{(pid=104179) _notify_loop /usr/local/lib/python3.8/dist-packages/neutron_lib/callbacks/manager.py:176}}
Apr 07 11:07:02.333850 n-d-836788-1 neutron-server[104177]: DEBUG neutron.db.db_base_plugin_common [None req-0ff7d16d-b476-4012-9633-cb48ad56bae1 admin admin] Allocated IP 172.25.5.214 (2a149e59-0076-4d09-a23a-ef756275d523/5d3d5005-fea0-4f67-a271-18c894798882/725029e2-3e71-49ba-8460-2089bee37e54) {{(pid=104177) _store_ip_allocation /opt/stack/neutron/neutron/db/db_base_plugin_common.py:131}}
Apr 07 11:07:02.342844 n-d-836788-1 neutron-server[104179]: DEBUG neutron_lib.callbacks.manager [None req-cde65b46-8d44-403c-9e29-c3910b3db12f None None] Publish callbacks ['neutron.plugins.ml2.plugin.SecurityGroupServerNotifierRpcMixin._notify_sg_on_port_change-4056541', 'neutron.plugins.ml2.ovo_rpc._ObjectChangeHandler.handle_event-946320', 'neutron.api.rpc.agentnotifiers.dhcp_rpc_agent_api.DhcpAgentNotifyAPI._native_event_send_dhcp_notification-548619', 'neutron.db.l3_dvrscheduler_db._notify_l3_agent_new_port-8749671632213'] for port (8ed71d25-fd42-4694-9b92-61332aa54f2a), after_create {{(pid=104179) _notify_loop /usr/local/lib/python3.8/dist-packages/neutron_lib/callbacks/manager.py:176}}
Apr 07 11:07:02.370486 n-d-836788-1 neutron-server[104177]: DEBUG neutron_lib.callbacks.manager [None req-4a384c01-33f5-4009-a246-57b4017e58e2 admin admin] Publish callbacks [] for security_group (3cc8c594-3d43-4621-aa5e-75b19c5ce77d), precommit_delete {{(pid=104177) _notify_loop /usr/local/lib/python3.8/dist-packages/neutron_lib/callbacks/manager.py:176}}
Apr 07 11:07:02.387302 n-d-836788-1 neutron-server[104177]: DEBUG neutron.pecan_wsgi.hooks.policy_enforcement [req-988db713-4432-407f-9cb2-e10352ad1a9e req-d215892f-e475-4fa9-a25f-844124f976ed service neutron] Attributes excluded by policy engine: ['standard_attr_id'] {{(pid=104177) _exclude_attributes_by_policy /opt/stack/neutron/neutron/pecan_wsgi/hooks/policy_enforcement.py:255}}
Apr 07 11:07:02.388844 n-d-836788-1 neutron-server[104177]: INFO neutron.wsgi [req-988db713-4432-407f-9cb2-e10352ad1a9e req-d215892f-e475-4fa9-a25f-844124f976ed service neutron] 10.222.0.23 "GET /v2.0/ports?network_id=25c22247-3580-43d7-87c6-0e8ee693bdda&device_owner=network%3Adhcp HTTP/1.1" status: 200 len: 1203 time: 0.2283931
Apr 07 11:07:02.410608 n-d-836788-1 neutron-server[104177]: INFO neutron.wsgi [None req-a94d6b39-4cd6-4f77-98d3-b4a05b1f9bad admin admin] 10.222.0.13 "GET /v2.0/security-groups?tenant_id=119dff6f13314882a381c2d6f409fcae&name=default HTTP/1.1" status: 200 len: 2996 time: 1.5892160
Apr 07 11:07:02.415608 n-d-836788-1 neutron-server[104179]: DEBUG neutron.scheduler.dhcp_agent_scheduler [None req-cde65b46-8d44-403c-9e29-c3910b3db12f None None] Network 77f2de70-477c-4876-845a-dd8c285c3bb3 is already hosted by enough agents. {{(pid=104179) _get_dhcp_agents_hosting_network /opt/stack/neutron/neutron/scheduler/dhcp_agent_scheduler.py:275}}
Apr 07 11:07:02.420467 n-d-836788-1 neutron-server[104179]: DEBUG neutron.scheduler.base_scheduler [None req-cde65b46-8d44-403c-9e29-c3910b3db12f None None] Resources bound (agent type, host, resource id): {{(pid=104179) schedule /opt/stack/neutron/neutron/scheduler/base_scheduler.py:57}}
Apr 07 11:07:02.423587 n-d-836788-1 neutron-server[104179]: DEBUG neutron.db.l3_dvrscheduler_db [None req-cde65b46-8d44-403c-9e29-c3910b3db12f None None] Received port after_create {{(pid=104179) _notify_l3_agent_new_port /opt/stack/neutron/neutron/db/l3_dvrscheduler_db.py:536}}
Apr 07 11:07:02.441779 n-d-836788-1 neutron-server[104177]: DEBUG neutron.wsgi [-] (104177) accepted ('10.222.0.13', 60302) {{(pid=104177) server /usr/local/lib/python3.8/dist-packages/eventlet/wsgi.py:1004}}
Apr 07 11:07:02.469386 n-d-836788-1 neutron-server[104179]: DEBUG neutron.api.rpc.handlers.resources_rpc [None req-cde65b46-8d44-403c-9e29-c3910b3db12f None None] Pushing event updated for resources: {'Port': ['ID=8ed71d25-fd42-4694-9b92-61332aa54f2a,revision_number=1']} {{(pid=104179) push /opt/stack/neutron/neutron/api/rpc/handlers/resources_rpc.py:237}}
Apr 07 11:07:02.529880 n-d-836788-1 neutron-server[104179]: DEBUG neutron.plugins.ml2.managers [None req-cde65b46-8d44-403c-9e29-c3910b3db12f None None] Attempting to bind port 8ed71d25-fd42-4694-9b92-61332aa54f2a on host n-d-836788-1 for vnic_type normal with profile {{(pid=104179) bind_port /opt/stack/neutron/neutron/plugins/ml2/managers.py:795}}
Apr 07 11:07:02.530253 n-d-836788-1 neutron-server[104179]: DEBUG neutron.plugins.ml2.managers [None req-cde65b46-8d44-403c-9e29-c3910b3db12f None None] Attempting to bind port 8ed71d25-fd42-4694-9b92-61332aa54f2a by drivers openvswitch,hyperv on host n-d-836788-1 at level 0 using segments [{'id': 'd898c75b-5984-42ae-a131-31b06da94cbc', 'network_type': 'vlan', 'physical_network': 'physnet1', 'segmentation_id': 126, 'network_id': '77f2de70-477c-4876-845a-dd8c285c3bb3'}] {{(pid=104179) _bind_port_level /opt/stack/neutron/neutron/plugins/ml2/managers.py:820}}
Apr 07 11:07:02.530615 n-d-836788-1 neutron-server[104179]: DEBUG neutron.plugins.ml2.drivers.mech_agent [None req-cde65b46-8d44-403c-9e29-c3910b3db12f None None] Attempting to bind port 8ed71d25-fd42-4694-9b92-61332aa54f2a on network 77f2de70-477c-4876-845a-dd8c285c3bb3 {{(pid=104179) bind_port /opt/stack/neutron/neutron/plugins/ml2/drivers/mech_agent.py:91}}
Apr 07 11:07:02.540031 n-d-836788-1 neutron-server[104179]: DEBUG neutron.plugins.ml2.drivers.mech_agent [None req-cde65b46-8d44-403c-9e29-c3910b3db12f None None] Checking agent: {'id': 'c0eb25fa-d50f-47c7-ad57-e08e6b299f92', 'agent_type': 'Open vSwitch agent', 'binary': 'neutron-openvswitch-agent', 'topic': 'N/A', 'host': 'n-d-836788-1', 'admin_state_up': True, 'created_at': datetime.datetime(2022, 4, 7, 10, 55, 37), 'started_at': datetime.datetime(2022, 4, 7, 10, 56, 7), 'heartbeat_timestamp': datetime.datetime(2022, 4, 7, 11, 6, 37), 'description': None, 'resources_synced': None, 'availability_zone': None, 'alive': True, 'configurations': {'arp_responder_enabled': False, 'baremetal_smartnic': False, 'bridge_mappings': {'physnet1': 'br-data'}, 'datapath_type': 'system', 'devices': 0, 'enable_distributed_routing': False, 'extensions': [], 'in_distributed_mode': False, 'integration_bridge': 'br-int', 'l2_population': False, 'log_agent_heartbeats': False, 'ovs_capabilities': {'datapath_types': ['netdev', 'system'], 'iface_types': ['erspan', 'geneve', 'gre', 'internal', 'ip6erspan', 'ip6gre', 'lisp', 'patch', 'stt', 'system', 'tap', 'vxlan']}, 'ovs_hybrid_plug': False, 'resource_provider_bandwidths': {}, 'resource_provider_hypervisors': {'br-data': 'n-d-836788-1'}, 'resource_provider_inventory_defaults': {'allocation_ratio': 1.0, 'min_unit': 1, 'step_size': 1, 'reserved': 0}, 'resource_provider_packet_processing_inventory_defaults': {'allocation_ratio': 1.0, 'min_unit': 1, 'step_size': 1, 'reserved': 0}, 'resource_provider_packet_processing_with_direction': {}, 'resource_provider_packet_processing_without_direction': {}, 'tunnel_types': [], 'tunneling_ip': None, 'vhostuser_socket_dir': '/var/run/openvswitch'}, 'resource_versions': {'AddressGroup': '1.2', 'ConntrackHelper': '1.0', 'LocalIPAssociation': '1.0', 'Log': '1.0', 'Network': '1.1', 'Port': '1.7', 'PortForwarding': '1.2', 'QosPolicy': '1.10', 'SecurityGroup': '1.5', 'SecurityGroupRule': '1.2', 'SubPort': '1.0', 'Subnet': '1.1', 'Trunk': '1.1'}} {{(pid=104179) bind_port /opt/stack/neutron/neutron/plugins/ml2/drivers/mech_agent.py:110}}
Apr 07 11:07:02.540411 n-d-836788-1 neutron-server[104179]: DEBUG neutron.plugins.ml2.drivers.mech_agent [None req-cde65b46-8d44-403c-9e29-c3910b3db12f None None] Checking segment: {'id': 'd898c75b-5984-42ae-a131-31b06da94cbc', 'network_type': 'vlan', 'physical_network': 'physnet1', 'segmentation_id': 126, 'network_id': '77f2de70-477c-4876-845a-dd8c285c3bb3'} for mappings: {'physnet1': 'br-data'} with network types: ['local', 'flat', 'vlan'] {{(pid=104179) check_segment_for_agent /opt/stack/neutron/neutron/plugins/ml2/drivers/mech_agent.py:373}}
Apr 07 11:07:02.540818 n-d-836788-1 neutron-server[104179]: DEBUG neutron_lib.callbacks.manager [None req-cde65b46-8d44-403c-9e29-c3910b3db12f None None] Publish callbacks [] for ovs_bridge_name (None), before_read {{(pid=104179) _notify_loop /usr/local/lib/python3.8/dist-packages/neutron_lib/callbacks/manager.py:176}}
Apr 07 11:07:02.541582 n-d-836788-1 neutron-server[104179]: DEBUG neutron.plugins.ml2.drivers.mech_agent [None req-cde65b46-8d44-403c-9e29-c3910b3db12f None None] Bound using segment: {'id': 'd898c75b-5984-42ae-a131-31b06da94cbc', 'network_type': 'vlan', 'physical_network': 'physnet1', 'segmentation_id': 126, 'network_id': '77f2de70-477c-4876-845a-dd8c285c3bb3'} {{(pid=104179) bind_port /opt/stack/neutron/neutron/plugins/ml2/drivers/mech_agent.py:120}}
Apr 07 11:07:02.541746 n-d-836788-1 neutron-server[104179]: DEBUG neutron.plugins.ml2.managers [None req-cde65b46-8d44-403c-9e29-c3910b3db12f None None] Bound port: 8ed71d25-fd42-4694-9b92-61332aa54f2a, host: n-d-836788-1, vif_type: ovs, vif_details: {"connectivity": "l2", "port_filter": true, "ovs_hybrid_plug": false, "datapath_type": "system", "bridge_name": "br-int"}, binding_levels: [{'bound_driver': 'openvswitch', 'bound_segment': {'id': 'd898c75b-5984-42ae-a131-31b06da94cbc', 'network_type': 'vlan', 'physical_network': 'physnet1', 'segmentation_id': 126, 'network_id': '77f2de70-477c-4876-845a-dd8c285c3bb3'}}] {{(pid=104179) _bind_port_level /opt/stack/neutron/neutron/plugins/ml2/managers.py:932}}
Apr 07 11:07:02.542100 n-d-836788-1 neutron-server[104179]: DEBUG neutron_lib.callbacks.manager [None req-cde65b46-8d44-403c-9e29-c3910b3db12f None None] Publish callbacks ['neutron.plugins.ml2.plugin.SecurityGroupDbMixin._ensure_default_security_group_handler-4056411'] for port (8ed71d25-fd42-4694-9b92-61332aa54f2a), before_update {{(pid=104179) _notify_loop /usr/local/lib/python3.8/dist-packages/neutron_lib/callbacks/manager.py:176}}
Apr 07 11:07:02.571971 n-d-836788-1 neutron-server[104178]: DEBUG neutron.scheduler.dhcp_agent_scheduler [req-3f214be5-21a0-4685-b7e5-7c29997c6501 req-02c945cb-1699-48c3-ba6a-b20343868c2b tempest-ServersTestJSON-1632710905 tempest-ServersTestJSON-1632710905-project] Network d5693bc5-36ea-4c4c-87d4-fe095a7eb89c is already hosted by enough agents. {{(pid=104178) _get_dhcp_agents_hosting_network /opt/stack/neutron/neutron/scheduler/dhcp_agent_scheduler.py:275}}
Apr 07 11:07:02.585911 n-d-836788-1 neutron-server[104178]: DEBUG neutron.api.rpc.handlers.resources_rpc [None req-02c945cb-1699-48c3-ba6a-b20343868c2b tempest-ServersTestJSON-1632710905 tempest-ServersTestJSON-1632710905-project] Pushing event updated for resources: {'Port': ['ID=43b398f8-7875-4dd4-bf07-7acdb8e0267d,revision_number=1']} {{(pid=104178) push /opt/stack/neutron/neutron/api/rpc/handlers/resources_rpc.py:237}}
Apr 07 11:07:02.594447 n-d-836788-1 neutron-server[104178]: DEBUG neutron.scheduler.base_scheduler [req-3f214be5-21a0-4685-b7e5-7c29997c6501 req-02c945cb-1699-48c3-ba6a-b20343868c2b tempest-ServersTestJSON-1632710905 tempest-ServersTestJSON-1632710905-project] Resources bound (agent type, host, resource id): {{(pid=104178) schedule /opt/stack/neutron/neutron/scheduler/base_scheduler.py:57}}
Apr 07 11:07:02.602317 n-d-836788-1 neutron-server[104178]: DEBUG neutron.db.l3_dvrscheduler_db [req-3f214be5-21a0-4685-b7e5-7c29997c6501 req-02c945cb-1699-48c3-ba6a-b20343868c2b tempest-ServersTestJSON-1632710905 tempest-ServersTestJSON-1632710905-project] Received port after_create {{(pid=104178) _notify_l3_agent_new_port /opt/stack/neutron/neutron/db/l3_dvrscheduler_db.py:536}}
Apr 07 11:07:02.660196 n-d-836788-1 neutron-server[104179]: DEBUG neutron_lib.callbacks.manager [None req-6abd62e6-41ae-4a5c-ac8c-19873887d260 None None] Publish callbacks [] for port (289ef6fb-2704-406b-a9e7-5053c7639f6e), precommit_update {{(pid=104179) _notify_loop /usr/local/lib/python3.8/dist-packages/neutron_lib/callbacks/manager.py:176}}
Apr 07 11:07:02.667658 n-d-836788-1 neutron-server[104179]: DEBUG neutron.plugins.ml2.db [None req-cde65b46-8d44-403c-9e29-c3910b3db12f None None] For port 8ed71d25-fd42-4694-9b92-61332aa54f2a, host n-d-836788-1, cleared binding levels {{(pid=104179) clear_binding_levels /opt/stack/neutron/neutron/plugins/ml2/db.py:87}}
Apr 07 11:07:02.672159 n-d-836788-1 neutron-server[104179]: DEBUG neutron.plugins.ml2.db [None req-cde65b46-8d44-403c-9e29-c3910b3db12f None None] For port 8ed71d25-fd42-4694-9b92-61332aa54f2a, host n-d-836788-1, set binding levels [PortBindingLevel(driver='openvswitch',host='n-d-836788-1',level=0,port_id=8ed71d25-fd42-4694-9b92-61332aa54f2a,segment=NetworkSegment(d898c75b-5984-42ae-a131-31b06da94cbc),segment_id=d898c75b-5984-42ae-a131-31b06da94cbc)] {{(pid=104179) set_binding_levels /opt/stack/neutron/neutron/plugins/ml2/db.py:59}}
Apr 07 11:07:02.677347 n-d-836788-1 neutron-server[104179]: DEBUG neutron_lib.callbacks.manager [None req-6abd62e6-41ae-4a5c-ac8c-19873887d260 None None] Publish callbacks ['neutron.plugins.ml2.plugin.SecurityGroupServerNotifierRpcMixin._notify_sg_on_port_change-4056541', 'neutron.plugins.ml2.ovo_rpc._ObjectChangeHandler.handle_event-946320', 'neutron.api.rpc.agentnotifiers.dhcp_rpc_agent_api.DhcpAgentNotifyAPI._native_event_send_dhcp_notification-548619', 'neutron.db.l3_db.L3RpcNotifierMixin._notify_gateway_port_ip_changed-8749672087839', 'neutron.db.l3_dvrscheduler_db._notify_l3_agent_port_update-8749671632231', 'neutron.db.l3_hascheduler_db._notify_l3_agent_ha_port_update-8749671632249'] for port (289ef6fb-2704-406b-a9e7-5053c7639f6e), after_update {{(pid=104179) _notify_loop /usr/local/lib/python3.8/dist-packages/neutron_lib/callbacks/manager.py:176}}
Apr 07 11:07:02.689876 n-d-836788-1 neutron-server[104179]: DEBUG neutron_lib.callbacks.manager [None req-cde65b46-8d44-403c-9e29-c3910b3db12f None None] Publish callbacks ['neutron.plugins.ml2.plugin.SecurityGroupServerNotifierRpcMixin._notify_sg_on_port_change-4056541', 'neutron.plugins.ml2.ovo_rpc._ObjectChangeHandler.handle_event-946320', 'neutron.api.rpc.agentnotifiers.dhcp_rpc_agent_api.DhcpAgentNotifyAPI._native_event_send_dhcp_notification-548619', 'neutron.db.l3_db.L3RpcNotifierMixin._notify_gateway_port_ip_changed-8749672087839', 'neutron.db.l3_dvrscheduler_db._notify_l3_agent_port_update-8749671632231', 'neutron.db.l3_hascheduler_db._notify_l3_agent_ha_port_update-8749671632249'] for port (8ed71d25-fd42-4694-9b92-61332aa54f2a), after_update {{(pid=104179) _notify_loop /usr/local/lib/python3.8/dist-packages/neutron_lib/callbacks/manager.py:176}}
Apr 07 11:07:02.690467 n-d-836788-1 neutron-server[104178]: DEBUG neutron.pecan_wsgi.hooks.policy_enforcement [req-c186dc62-8ade-4b4c-bea2-274727dce959 req-728414fe-461f-4edf-8f2b-c985a2d60e64 tempest-MigrationsAdminTest-745470254 tempest-MigrationsAdminTest-745470254-project] Attributes excluded by policy engine: ['standard_attr_id', 'binding:profile', 'binding:host_id', 'binding:vif_type', 'binding:vif_details'] {{(pid=104178) _exclude_attributes_by_policy /opt/stack/neutron/neutron/pecan_wsgi/hooks/policy_enforcement.py:255}}
Apr 07 11:07:02.695002 n-d-836788-1 neutron-server[104178]: INFO neutron.wsgi [req-c186dc62-8ade-4b4c-bea2-274727dce959 req-728414fe-461f-4edf-8f2b-c985a2d60e64 tempest-MigrationsAdminTest-745470254 tempest-MigrationsAdminTest-745470254-project] 10.222.0.13 "GET /v2.0/ports?device_id=d2f9d0de-3395-47b3-81e8-f4262e2b5568 HTTP/1.1" status: 200 len: 950 time: 0.4658761
Apr 07 11:07:02.739121 n-d-836788-1 neutron-server[104177]: DEBUG neutron.api.rpc.handlers.resources_rpc [None req-a94d6b39-4cd6-4f77-98d3-b4a05b1f9bad admin admin] Pushing event updated for resources: {'SecurityGroup': ['ID=960fd805-57be-4f23-8893-28bc2ce992ce,revision_number=1']} {{(pid=104177) push /opt/stack/neutron/neutron/api/rpc/handlers/resources_rpc.py:237}}
Apr 07 11:07:02.768531 n-d-836788-1 neutron-server[104177]: DEBUG neutron.pecan_wsgi.hooks.policy_enforcement [req-a3a67647-9699-40a8-a385-c01af9a60c11 req-82eaef24-5ce7-4e87-955c-c590d1a22642 service neutron] Attributes excluded by policy engine: ['standard_attr_id'] {{(pid=104177) _exclude_attributes_by_policy /opt/stack/neutron/neutron/pecan_wsgi/hooks/policy_enforcement.py:255}}
Apr 07 11:07:02.770200 n-d-836788-1 neutron-server[104177]: INFO neutron.wsgi [req-a3a67647-9699-40a8-a385-c01af9a60c11 req-82eaef24-5ce7-4e87-955c-c590d1a22642 service neutron] 10.222.0.41 "GET /v2.0/ports?tenant_id=5c88156454414b57ad33b86ec8fb7f60&device_id=d2f9d0de-3395-47b3-81e8-f4262e2b5568 HTTP/1.1" status: 200 len: 1132 time: 0.5120339
Apr 07 11:07:02.856920 n-d-836788-1 neutron-server[104178]: INFO neutron.wsgi [req-c186dc62-8ade-4b4c-bea2-274727dce959 req-7f1955f2-ce79-4c6a-8191-b76c5fc49c11 tempest-MigrationsAdminTest-745470254 tempest-MigrationsAdminTest-745470254-project] 10.222.0.13 "GET /v2.0/security-groups?id=40279f5d-e08a-4a8b-96b0-fee316b3d73c&fields=id&fields=name HTTP/1.1" status: 200 len: 286 time: 0.1424813
Apr 07 11:07:02.870542 n-d-836788-1 neutron-server[104178]: DEBUG neutron.pecan_wsgi.hooks.policy_enforcement [req-3f214be5-21a0-4685-b7e5-7c29997c6501 req-02c945cb-1699-48c3-ba6a-b20343868c2b tempest-ServersTestJSON-1632710905 tempest-ServersTestJSON-1632710905-project] Attributes excluded by policy engine: ['standard_attr_id', 'binding:profile', 'binding:host_id', 'binding:vif_type', 'binding:vif_details', 'network'] {{(pid=104178) _exclude_attributes_by_policy /opt/stack/neutron/neutron/pecan_wsgi/hooks/policy_enforcement.py:255}}
Apr 07 11:07:02.872144 n-d-836788-1 neutron-server[104178]: DEBUG neutron_lib.callbacks.manager [req-3f214be5-21a0-4685-b7e5-7c29997c6501 req-02c945cb-1699-48c3-ba6a-b20343868c2b tempest-ServersTestJSON-1632710905 tempest-ServersTestJSON-1632710905-project] Publish callbacks ['neutron.notifiers.nova.Notifier._send_nova_notification-160855'] for port (None), before_response {{(pid=104178) _notify_loop /usr/local/lib/python3.8/dist-packages/neutron_lib/callbacks/manager.py:176}}
Apr 07 11:07:02.875737 n-d-836788-1 neutron-server[104178]: DEBUG neutron.pecan_wsgi.hooks.policy_enforcement [req-f5c6d70e-240b-4409-9423-8b111b15363e req-0ff2b078-ad05-40b4-b1ef-2d3fceb5faae tempest-NetworksTest-1010771501 tempest-NetworksTest-1010771501-project-admin] Attributes excluded by policy engine: ['standard_attr_id', 'vlan_transparent'] {{(pid=104178) _exclude_attributes_by_policy /opt/stack/neutron/neutron/pecan_wsgi/hooks/policy_enforcement.py:255}}
Apr 07 11:07:02.876224 n-d-836788-1 neutron-server[104178]: DEBUG neutron.pecan_wsgi.hooks.policy_enforcement [req-f5c6d70e-240b-4409-9423-8b111b15363e req-0ff2b078-ad05-40b4-b1ef-2d3fceb5faae tempest-NetworksTest-1010771501 tempest-NetworksTest-1010771501-project-admin] Attributes excluded by policy engine: ['standard_attr_id', 'vlan_transparent'] {{(pid=104178) _exclude_attributes_by_policy /opt/stack/neutron/neutron/pecan_wsgi/hooks/policy_enforcement.py:255}}
Apr 07 11:07:02.876687 n-d-836788-1 neutron-server[104178]: DEBUG neutron.pecan_wsgi.hooks.policy_enforcement [req-f5c6d70e-240b-4409-9423-8b111b15363e req-0ff2b078-ad05-40b4-b1ef-2d3fceb5faae tempest-NetworksTest-1010771501 tempest-NetworksTest-1010771501-project-admin] Attributes excluded by policy engine: ['standard_attr_id', 'vlan_transparent'] {{(pid=104178) _exclude_attributes_by_policy /opt/stack/neutron/neutron/pecan_wsgi/hooks/policy_enforcement.py:255}}
Apr 07 11:07:02.881546 n-d-836788-1 neutron-server[104178]: DEBUG neutron.pecan_wsgi.hooks.policy_enforcement [req-f5c6d70e-240b-4409-9423-8b111b15363e req-0ff2b078-ad05-40b4-b1ef-2d3fceb5faae tempest-NetworksTest-1010771501 tempest-NetworksTest-1010771501-project-admin] Attributes excluded by policy engine: ['standard_attr_id', 'vlan_transparent'] {{(pid=104178) _exclude_attributes_by_policy /opt/stack/neutron/neutron/pecan_wsgi/hooks/policy_enforcement.py:255}}
Apr 07 11:07:02.883701 n-d-836788-1 neutron-server[104178]: DEBUG neutron.pecan_wsgi.hooks.policy_enforcement [req-f5c6d70e-240b-4409-9423-8b111b15363e req-0ff2b078-ad05-40b4-b1ef-2d3fceb5faae tempest-NetworksTest-1010771501 tempest-NetworksTest-1010771501-project-admin] Attributes excluded by policy engine: ['standard_attr_id', 'vlan_transparent'] {{(pid=104178) _exclude_attributes_by_policy /opt/stack/neutron/neutron/pecan_wsgi/hooks/policy_enforcement.py:255}}
Apr 07 11:07:02.885675 n-d-836788-1 neutron-server[104178]: DEBUG neutron.pecan_wsgi.hooks.policy_enforcement [req-f5c6d70e-240b-4409-9423-8b111b15363e req-0ff2b078-ad05-40b4-b1ef-2d3fceb5faae tempest-NetworksTest-1010771501 tempest-NetworksTest-1010771501-project-admin] Attributes excluded by policy engine: ['standard_attr_id', 'vlan_transparent'] {{(pid=104178) _exclude_attributes_by_policy /opt/stack/neutron/neutron/pecan_wsgi/hooks/policy_enforcement.py:255}}
Apr 07 11:07:02.904891 n-d-836788-1 neutron-server[104178]: INFO neutron.wsgi [req-f5c6d70e-240b-4409-9423-8b111b15363e req-0ff2b078-ad05-40b4-b1ef-2d3fceb5faae tempest-NetworksTest-1010771501 tempest-NetworksTest-1010771501-project-admin] 10.222.0.13 "GET /v2.0/networks HTTP/1.1" status: 200 len: 4322 time: 0.6782277
Apr 07 11:07:02.946213 n-d-836788-1 neutron-server[104178]: INFO neutron.wsgi [req-3f214be5-21a0-4685-b7e5-7c29997c6501 req-02c945cb-1699-48c3-ba6a-b20343868c2b tempest-ServersTestJSON-1632710905 tempest-ServersTestJSON-1632710905-project] 10.222.0.23 "POST /v2.0/ports HTTP/1.1" status: 201 len: 933 time: 1.8740461
Apr 07 11:07:02.957830 n-d-836788-1 neutron-server[104178]: DEBUG neutron.api.v2.base [req-3f214be5-21a0-4685-b7e5-7c29997c6501 req-785c5f21-d0bf-49c3-b863-fdb991796864 service neutron] Request body: {'port': {'device_id': '09a79787-a430-4dac-baa9-e7ff31f45c92', 'device_owner': 'compute:nova', 'binding:host_id': 'n-h1-836788-1'}} {{(pid=104178) prepare_request_body /opt/stack/neutron/neutron/api/v2/base.py:729}}
Apr 07 11:07:02.998205 n-d-836788-1 neutron-server[104177]: DEBUG neutron_lib.callbacks.manager [None req-86d90694-462f-4fa0-b49a-d6e2b59c5345 admin admin] Publish callbacks [] for security_group (960fd805-57be-4f23-8893-28bc2ce992ce), before_delete {{(pid=104177) _notify_loop /usr/local/lib/python3.8/dist-packages/neutron_lib/callbacks/manager.py:176}}
Apr 07 11:07:03.119854 n-d-836788-1 neutron-server[104179]: DEBUG neutron.api.rpc.handlers.resources_rpc [None req-fec558f3-5773-4c2f-b6af-d9a12ac34d0a None None] Pushing event updated for resources: {'Port': ['ID=289ef6fb-2704-406b-a9e7-5053c7639f6e,revision_number=3']} {{(pid=104179) push /opt/stack/neutron/neutron/api/rpc/handlers/resources_rpc.py:237}}
Apr 07 11:07:03.126695 n-d-836788-1 neutron-server[104178]: DEBUG neutron_lib.callbacks.manager [req-3f214be5-21a0-4685-b7e5-7c29997c6501 req-785c5f21-d0bf-49c3-b863-fdb991796864 service neutron] Publish callbacks ['neutron.plugins.ml2.plugin.SecurityGroupDbMixin._ensure_default_security_group_handler-4056411'] for port (43b398f8-7875-4dd4-bf07-7acdb8e0267d), before_update {{(pid=104178) _notify_loop /usr/local/lib/python3.8/dist-packages/neutron_lib/callbacks/manager.py:176}}
