Apr 07 11:06:40.180537 n-d-836788-1 neutron-server[104179]: DEBUG neutron.plugins.ml2.rpc [None req-8d0f9a72-47a7-4263-988c-95059662a487 None None] Returning: {'device': 'e7a7fec4-cb1d-4e90-8ed6-96d146b6eaba', 'network_id': '25c22247-3580-43d7-87c6-0e8ee693bdda', 'port_id': 'e7a7fec4-cb1d-4e90-8ed6-96d146b6eaba', 'mac_address': 'fa:16:3e:10:99:a7', 'admin_state_up': True, 'network_type': 'vlan', 'segmentation_id': 108, 'physical_network': 'physnet1', 'mtu': 1500, 'fixed_ips': [{'subnet_id': '326efce4-8768-42c9-9e4f-836d93d07fb6', 'ip_address': '192.168.233.121'}], 'device_owner': 'compute:tempest-test_az-1554320426', 'allowed_address_pairs': [], 'port_security_enabled': True, 'qos_policy_id': None, 'network_qos_policy_id': None, 'profile': {}, 'propagate_uplink_status': False} {{(pid=104179) _get_device_details /opt/stack/neutron/neutron/plugins/ml2/rpc.py:184}}
Apr 07 11:06:40.185425 n-d-836788-1 neutron-server[104178]: DEBUG neutron_lib.callbacks.manager [None req-72d3fb3e-3ded-4791-ac28-1b01459c0aae admin admin] Publish callbacks ['neutron.plugins.ml2.ovo_rpc._ObjectChangeHandler.handle_event-736468', 'neutron.api.rpc.agentnotifiers.dhcp_rpc_agent_api.DhcpAgentNotifyAPI._native_event_send_dhcp_notification-548619', 'neutron.services.segments.plugin.NovaSegmentNotifier._notify_subnet_created-25633041', 'neutron.services.segments.plugin.SegmentHostRoutes.host_routes_after_create-25390443'] for subnet (08033c5a-a6f9-44c8-9944-c7ae6e86efa4), after_create {{(pid=104178) _notify_loop /usr/local/lib/python3.8/dist-packages/neutron_lib/callbacks/manager.py:176}}
Apr 07 11:06:40.211136 n-d-836788-1 neutron-server[104177]: DEBUG neutron.wsgi [-] (104177) accepted ('10.222.0.13', 59582) {{(pid=104177) server /usr/local/lib/python3.8/dist-packages/eventlet/wsgi.py:1004}}
Apr 07 11:06:40.236568 n-d-836788-1 neutron-server[104179]: DEBUG neutron.plugins.ml2.plugin [None req-8d0f9a72-47a7-4263-988c-95059662a487 None None] Current status of the port e7a7fec4-cb1d-4e90-8ed6-96d146b6eaba is: DOWN; New status is: BUILD {{(pid=104179) _update_individual_port_db_status /opt/stack/neutron/neutron/plugins/ml2/plugin.py:2256}}
Apr 07 11:06:40.237894 n-d-836788-1 neutron-server[104179]: DEBUG neutron_lib.callbacks.manager [None req-8d0f9a72-47a7-4263-988c-95059662a487 None None] Publish callbacks ['neutron.plugins.ml2.plugin.SecurityGroupDbMixin._ensure_default_security_group_handler-4056411'] for port (e7a7fec4-cb1d-4e90-8ed6-96d146b6eaba), before_update {{(pid=104179) _notify_loop /usr/local/lib/python3.8/dist-packages/neutron_lib/callbacks/manager.py:176}}
Apr 07 11:06:40.258491 n-d-836788-1 neutron-server[104179]: DEBUG neutron.notifiers.nova [None req-8d0f9a72-47a7-4263-988c-95059662a487 None None] Ignoring state change previous_port_status: DOWN current_port_status: BUILD port_id e7a7fec4-cb1d-4e90-8ed6-96d146b6eaba {{(pid=104179) record_port_status_changed /opt/stack/neutron/neutron/notifiers/nova.py:233}}
Apr 07 11:06:40.258653 n-d-836788-1 neutron-server[104177]: DEBUG neutron.pecan_wsgi.hooks.policy_enforcement [req-30f66662-f144-4e1e-b046-024567bcf1b8 req-25d5ea7f-04ba-4ca7-9050-f9a971bdb1ce service neutron] Attributes excluded by policy engine: ['standard_attr_id', 'vlan_transparent'] {{(pid=104177) _exclude_attributes_by_policy /opt/stack/neutron/neutron/pecan_wsgi/hooks/policy_enforcement.py:255}}
Apr 07 11:06:40.260247 n-d-836788-1 neutron-server[104177]: INFO neutron.wsgi [req-30f66662-f144-4e1e-b046-024567bcf1b8 req-25d5ea7f-04ba-4ca7-9050-f9a971bdb1ce service neutron] 10.222.0.41 "GET /v2.0/networks?id=25c22247-3580-43d7-87c6-0e8ee693bdda HTTP/1.1" status: 200 len: 870 time: 0.2155509
Apr 07 11:06:40.300343 n-d-836788-1 neutron-server[104178]: DEBUG neutron_lib.callbacks.manager [None req-4a2ca531-d1e4-47ef-b59c-febed94ebe5a admin admin] Publish callbacks [] for security_group (fc03364f-b51c-40b5-8551-a146d14f11a7), precommit_create {{(pid=104178) _notify_loop /usr/local/lib/python3.8/dist-packages/neutron_lib/callbacks/manager.py:176}}
Apr 07 11:06:40.305013 n-d-836788-1 neutron-server[104179]: DEBUG neutron.plugins.ml2.db [None req-8d0f9a72-47a7-4263-988c-95059662a487 None None] For port e7a7fec4-cb1d-4e90-8ed6-96d146b6eaba, host n-h1-836788-1, got binding levels [PortBindingLevel(driver='hyperv',host='n-h1-836788-1',level=0,port_id=e7a7fec4-cb1d-4e90-8ed6-96d146b6eaba,segment=NetworkSegment(d1faf1e6-67f3-447d-97de-5e153381ed96),segment_id=d1faf1e6-67f3-447d-97de-5e153381ed96)] {{(pid=104179) get_binding_level_objs /opt/stack/neutron/neutron/plugins/ml2/db.py:74}}
Apr 07 11:06:40.316645 n-d-836788-1 neutron-server[104179]: DEBUG neutron_lib.callbacks.manager [None req-8d0f9a72-47a7-4263-988c-95059662a487 None None] Publish callbacks ['neutron.plugins.ml2.plugin.SecurityGroupServerNotifierRpcMixin._notify_sg_on_port_change-4056541', 'neutron.plugins.ml2.ovo_rpc._ObjectChangeHandler.handle_event-946320', 'neutron.api.rpc.agentnotifiers.dhcp_rpc_agent_api.DhcpAgentNotifyAPI._native_event_send_dhcp_notification-548619', 'neutron.db.l3_db.L3RpcNotifierMixin._notify_gateway_port_ip_changed-8749672087839', 'neutron.db.l3_dvrscheduler_db._notify_l3_agent_port_update-8749671632231', 'neutron.db.l3_hascheduler_db._notify_l3_agent_ha_port_update-8749671632249'] for port (e7a7fec4-cb1d-4e90-8ed6-96d146b6eaba), after_update {{(pid=104179) _notify_loop /usr/local/lib/python3.8/dist-packages/neutron_lib/callbacks/manager.py:176}}
Apr 07 11:06:40.320126 n-d-836788-1 neutron-server[104178]: DEBUG neutron.api.rpc.handlers.resources_rpc [None req-72d3fb3e-3ded-4791-ac28-1b01459c0aae admin admin] Pushing event updated for resources: {'Subnet': ['ID=08033c5a-a6f9-44c8-9944-c7ae6e86efa4,revision_number=0']} {{(pid=104178) push /opt/stack/neutron/neutron/api/rpc/handlers/resources_rpc.py:237}}
Apr 07 11:06:40.322188 n-d-836788-1 neutron-server[104178]: DEBUG neutron_lib.callbacks.manager [None req-4a2ca531-d1e4-47ef-b59c-febed94ebe5a admin admin] Publish callbacks ['neutron.plugins.ml2.ovo_rpc._ObjectChangeHandler.handle_event-754992'] for security_group (fc03364f-b51c-40b5-8551-a146d14f11a7), after_create {{(pid=104178) _notify_loop /usr/local/lib/python3.8/dist-packages/neutron_lib/callbacks/manager.py:176}}
Apr 07 11:06:40.343678 n-d-836788-1 neutron-server[104177]: INFO neutron.wsgi [req-30f66662-f144-4e1e-b046-024567bcf1b8 req-8895e355-c6ff-4d25-ac36-944c1c45378f service neutron] 10.222.0.41 "GET /v2.0/floatingips?fixed_ip_address=192.168.233.141&port_id=8e823590-bc36-408d-89e1-ec92785e1dd3 HTTP/1.1" status: 200 len: 217 time: 0.0749466
Apr 07 11:06:40.363561 n-d-836788-1 neutron-server[104178]: DEBUG neutron.plugins.ml2.drivers.mech_agent [None req-72d3fb3e-3ded-4791-ac28-1b01459c0aae admin admin] Checking segment: {'id': '77bb3720-e7ba-4206-9646-f4a6f7fb8716', 'network_type': 'vlan', 'physical_network': 'physnet1', 'segmentation_id': 139, 'network_id': 'd5693bc5-36ea-4c4c-87d4-fe095a7eb89c'} for mappings: {'physnet1': 'br-data'} with network types: ['local', 'flat', 'vlan'] {{(pid=104178) check_segment_for_agent /opt/stack/neutron/neutron/plugins/ml2/drivers/mech_agent.py:373}}
Apr 07 11:06:40.363966 n-d-836788-1 neutron-server[104178]: DEBUG neutron.scheduler.dhcp_agent_scheduler [None req-72d3fb3e-3ded-4791-ac28-1b01459c0aae admin admin] Network hostable DHCP agents. Network: d5693bc5-36ea-4c4c-87d4-fe095a7eb89c, hostable agents: ['ab9610f4-8b0f-4778-9e5b-14a9445f576c'], hosted agents: [] {{(pid=104178) _get_network_hostable_dhcp_agents /opt/stack/neutron/neutron/scheduler/dhcp_agent_scheduler.py:329}}
Apr 07 11:06:40.381588 n-d-836788-1 neutron-server[104177]: INFO neutron.wsgi [None req-36c42102-f8d9-4560-ab6b-d3c8378bf99f admin admin] 10.222.0.13 "GET /v2.0/security-groups?tenant_id=d0c8a45c6fdf4ce786ba1b33f75bb5a0&name=default HTTP/1.1" status: 200 len: 2996 time: 0.1686864
Apr 07 11:06:40.389362 n-d-836788-1 neutron-server[104178]: INFO neutron.wsgi [None req-4a2ca531-d1e4-47ef-b59c-febed94ebe5a admin admin] 10.222.0.13 "GET /v2.0/security-groups?tenant_id=b1314a6f79814ffbb8e27ae2142f812f&name=default HTTP/1.1" status: 200 len: 2996 time: 0.3219314
Apr 07 11:06:40.390078 n-d-836788-1 neutron-server[104178]: DEBUG neutron.wsgi [-] (104178) accepted ('10.222.0.13', 59586) {{(pid=104178) server /usr/local/lib/python3.8/dist-packages/eventlet/wsgi.py:1004}}
Apr 07 11:06:40.402267 n-d-836788-1 neutron-server[104178]: DEBUG neutron.pecan_wsgi.hooks.policy_enforcement [req-53842049-720e-4a9d-91a0-bcf61b951f51 req-1ab92c51-cfcc-4f3f-ab39-e84890a458fc tempest-MigrationsAdminTest-745470254 tempest-MigrationsAdminTest-745470254-project] Attributes excluded by policy engine: ['standard_attr_id', 'binding:profile', 'binding:host_id', 'binding:vif_type', 'binding:vif_details'] {{(pid=104178) _exclude_attributes_by_policy /opt/stack/neutron/neutron/pecan_wsgi/hooks/policy_enforcement.py:255}}
Apr 07 11:06:40.403772 n-d-836788-1 neutron-server[104178]: INFO neutron.wsgi [req-53842049-720e-4a9d-91a0-bcf61b951f51 req-1ab92c51-cfcc-4f3f-ab39-e84890a458fc tempest-MigrationsAdminTest-745470254 tempest-MigrationsAdminTest-745470254-project] 10.222.0.13 "GET /v2.0/ports?device_id=d2f9d0de-3395-47b3-81e8-f4262e2b5568 HTTP/1.1" status: 200 len: 948 time: 0.2040617
Apr 07 11:06:40.404534 n-d-836788-1 neutron-server[104178]: DEBUG neutron.wsgi [-] (104178) accepted ('10.222.0.13', 59588) {{(pid=104178) server /usr/local/lib/python3.8/dist-packages/eventlet/wsgi.py:1004}}
Apr 07 11:06:40.411757 n-d-836788-1 neutron-server[104179]: DEBUG neutron.api.rpc.handlers.resources_rpc [None req-8d0f9a72-47a7-4263-988c-95059662a487 None None] Pushing event updated for resources: {'Port': ['ID=e7a7fec4-cb1d-4e90-8ed6-96d146b6eaba,revision_number=4']} {{(pid=104179) push /opt/stack/neutron/neutron/api/rpc/handlers/resources_rpc.py:237}}
Apr 07 11:06:40.423081 n-d-836788-1 neutron-server[104178]: DEBUG neutron.api.rpc.handlers.resources_rpc [None req-4a2ca531-d1e4-47ef-b59c-febed94ebe5a admin admin] Pushing event updated for resources: {'SecurityGroup': ['ID=fc03364f-b51c-40b5-8551-a146d14f11a7,revision_number=1']} {{(pid=104178) push /opt/stack/neutron/neutron/api/rpc/handlers/resources_rpc.py:237}}
Apr 07 11:06:40.459540 n-d-836788-1 neutron-server[104177]: DEBUG neutron.pecan_wsgi.hooks.policy_enforcement [req-30f66662-f144-4e1e-b046-024567bcf1b8 req-ac8f0f15-4f20-489f-990d-6cdd5809f4cc service neutron] Attributes excluded by policy engine: ['standard_attr_id', 'shared', 'segment_id'] {{(pid=104177) _exclude_attributes_by_policy /opt/stack/neutron/neutron/pecan_wsgi/hooks/policy_enforcement.py:255}}
Apr 07 11:06:40.463229 n-d-836788-1 neutron-server[104177]: INFO neutron.wsgi [req-30f66662-f144-4e1e-b046-024567bcf1b8 req-ac8f0f15-4f20-489f-990d-6cdd5809f4cc service neutron] 10.222.0.41 "GET /v2.0/subnets?id=326efce4-8768-42c9-9e4f-836d93d07fb6 HTTP/1.1" status: 200 len: 843 time: 0.1123502
Apr 07 11:06:40.513985 n-d-836788-1 neutron-server[104179]: DEBUG neutron.plugins.ml2.db [None req-8d0f9a72-47a7-4263-988c-95059662a487 None None] get_ports_and_sgs() called for port_ids ['e7a7fec4-cb1d-4e90-8ed6-96d146b6eaba'] {{(pid=104179) get_ports_and_sgs /opt/stack/neutron/neutron/plugins/ml2/db.py:156}}
Apr 07 11:06:40.519947 n-d-836788-1 neutron-server[104177]: DEBUG neutron.pecan_wsgi.hooks.policy_enforcement [req-30f66662-f144-4e1e-b046-024567bcf1b8 req-d1cf3abc-e5a2-40a8-8174-52f659fb31d1 service neutron] Attributes excluded by policy engine: ['standard_attr_id'] {{(pid=104177) _exclude_attributes_by_policy /opt/stack/neutron/neutron/pecan_wsgi/hooks/policy_enforcement.py:255}}
Apr 07 11:06:40.522442 n-d-836788-1 neutron-server[104177]: INFO neutron.wsgi [req-30f66662-f144-4e1e-b046-024567bcf1b8 req-d1cf3abc-e5a2-40a8-8174-52f659fb31d1 service neutron] 10.222.0.41 "GET /v2.0/ports?network_id=25c22247-3580-43d7-87c6-0e8ee693bdda&device_owner=network%3Adhcp HTTP/1.1" status: 200 len: 1203 time: 0.0522935
Apr 07 11:06:40.546282 n-d-836788-1 neutron-server[104178]: DEBUG neutron.scheduler.dhcp_agent_scheduler [None req-72d3fb3e-3ded-4791-ac28-1b01459c0aae admin admin] Network d5693bc5-36ea-4c4c-87d4-fe095a7eb89c is scheduled to be hosted by DHCP agent ab9610f4-8b0f-4778-9e5b-14a9445f576c with binding_index 1 {{(pid=104178) bind /opt/stack/neutron/neutron/scheduler/dhcp_agent_scheduler.py:227}}
Apr 07 11:06:40.715318 n-d-836788-1 neutron-server[104177]: INFO neutron.wsgi [req-30f66662-f144-4e1e-b046-024567bcf1b8 req-93a2abbe-3aa8-423d-bad4-524ec66b279c service neutron] 10.222.0.41 "GET /v2.0/networks/25c22247-3580-43d7-87c6-0e8ee693bdda?fields=segments HTTP/1.1" status: 200 len: 212 time: 0.1861622
Apr 07 11:06:40.793716 n-d-836788-1 neutron-server[104178]: DEBUG neutron.scheduler.base_scheduler [None req-72d3fb3e-3ded-4791-ac28-1b01459c0aae admin admin] Resources bound (agent type, host, resource id): (DHCP agent, n-d-836788-1, d5693bc5-36ea-4c4c-87d4-fe095a7eb89c) {{(pid=104178) schedule /opt/stack/neutron/neutron/scheduler/base_scheduler.py:57}}
Apr 07 11:06:40.803497 n-d-836788-1 neutron-server[104179]: DEBUG neutron.api.rpc.handlers.dhcp_rpc [None req-84e6f205-bef0-46eb-977b-571815884860 None None] Network d5693bc5-36ea-4c4c-87d4-fe095a7eb89c requested from n-d-836788-1 {{(pid=104179) get_network_info /opt/stack/neutron/neutron/api/rpc/handlers/dhcp_rpc.py:191}}
Apr 07 11:06:40.825644 n-d-836788-1 neutron-server[104178]: DEBUG neutron_lib.callbacks.manager [None req-165faf41-6f00-43d3-a8a4-67269349f5b1 admin admin] Publish callbacks [] for security_group (fc03364f-b51c-40b5-8551-a146d14f11a7), before_delete {{(pid=104178) _notify_loop /usr/local/lib/python3.8/dist-packages/neutron_lib/callbacks/manager.py:176}}
Apr 07 11:06:40.828054 n-d-836788-1 neutron-server[104178]: DEBUG neutron.pecan_wsgi.hooks.policy_enforcement [None req-72d3fb3e-3ded-4791-ac28-1b01459c0aae admin admin] Attributes excluded by policy engine: ['standard_attr_id', 'shared', 'segment_id', 'network'] {{(pid=104178) _exclude_attributes_by_policy /opt/stack/neutron/neutron/pecan_wsgi/hooks/policy_enforcement.py:255}}
Apr 07 11:06:40.828721 n-d-836788-1 neutron-server[104178]: DEBUG neutron_lib.callbacks.manager [None req-72d3fb3e-3ded-4791-ac28-1b01459c0aae admin admin] Publish callbacks ['neutron.api.rpc.agentnotifiers.dhcp_rpc_agent_api.DhcpAgentNotifyAPI._send_dhcp_notification-548645'] for subnet (None), before_response {{(pid=104178) _notify_loop /usr/local/lib/python3.8/dist-packages/neutron_lib/callbacks/manager.py:176}}
Apr 07 11:06:40.845791 n-d-836788-1 neutron-server[104177]: INFO neutron.wsgi [req-30f66662-f144-4e1e-b046-024567bcf1b8 req-0d6d1d55-709f-4e21-9b11-f9bcfe307efb service neutron] 10.222.0.41 "GET /v2.0/networks/25c22247-3580-43d7-87c6-0e8ee693bdda?fields=provider%3Aphysical_network&fields=provider%3Anetwork_type HTTP/1.1" status: 200 len: 281 time: 0.1226528
Apr 07 11:06:40.855702 n-d-836788-1 neutron-server[104178]: INFO neutron.wsgi [req-53842049-720e-4a9d-91a0-bcf61b951f51 req-706bc3e7-281a-4080-9ce7-fa84c429e8e8 tempest-MigrationsAdminTest-745470254 tempest-MigrationsAdminTest-745470254-project] 10.222.0.13 "GET /v2.0/security-groups?id=40279f5d-e08a-4a8b-96b0-fee316b3d73c&fields=id&fields=name HTTP/1.1" status: 200 len: 286 time: 0.4380746
Apr 07 11:06:40.882728 n-d-836788-1 neutron-server[104178]: DEBUG neutron_lib.callbacks.manager [None req-45427763-ca56-4e00-8387-c238fdfbc88e admin admin] Publish callbacks [] for security_group (e4e716bd-873e-4988-854d-6f936769aba2), before_delete {{(pid=104178) _notify_loop /usr/local/lib/python3.8/dist-packages/neutron_lib/callbacks/manager.py:176}}
Apr 07 11:06:40.929909 n-d-836788-1 neutron-server[104178]: DEBUG neutron.pecan_wsgi.hooks.policy_enforcement [req-24cd5139-0e2a-41fd-a219-31e601a72db7 req-6d91e9a8-e9c6-4d07-97b4-5f1348a6a886 tempest-DeleteServersAdminTestJSON-642330159 tempest-DeleteServersAdminTestJSON-642330159-project] Attributes excluded by policy engine: ['standard_attr_id', 'binding:profile', 'binding:host_id', 'binding:vif_type', 'binding:vif_details'] {{(pid=104178) _exclude_attributes_by_policy /opt/stack/neutron/neutron/pecan_wsgi/hooks/policy_enforcement.py:255}}
Apr 07 11:06:40.931449 n-d-836788-1 neutron-server[104178]: INFO neutron.wsgi [req-24cd5139-0e2a-41fd-a219-31e601a72db7 req-6d91e9a8-e9c6-4d07-97b4-5f1348a6a886 tempest-DeleteServersAdminTestJSON-642330159 tempest-DeleteServersAdminTestJSON-642330159-project] 10.222.0.13 "GET /v2.0/ports?device_id=34000596-022b-48dc-82ee-d63e4893e651 HTTP/1.1" status: 200 len: 971 time: 0.4985704
Apr 07 11:06:40.934190 n-d-836788-1 neutron-server[104178]: DEBUG neutron_lib.callbacks.manager [None req-165faf41-6f00-43d3-a8a4-67269349f5b1 admin admin] Publish callbacks [] for security_group (fc03364f-b51c-40b5-8551-a146d14f11a7), precommit_delete {{(pid=104178) _notify_loop /usr/local/lib/python3.8/dist-packages/neutron_lib/callbacks/manager.py:176}}
Apr 07 11:06:40.940136 n-d-836788-1 neutron-server[104178]: INFO neutron.wsgi [None req-72d3fb3e-3ded-4791-ac28-1b01459c0aae admin admin] 10.222.0.13 "POST /v2.0/subnets HTTP/1.1" status: 201 len: 842 time: 1.0894113
Apr 07 11:06:40.943428 n-d-836788-1 neutron-server[104177]: DEBUG neutron.wsgi [-] (104177) accepted ('10.222.0.13', 59612) {{(pid=104177) server /usr/local/lib/python3.8/dist-packages/eventlet/wsgi.py:1004}}
Apr 07 11:06:40.950570 n-d-836788-1 neutron-server[104177]: DEBUG neutron.api.v2.base [None req-df40b5e1-eef5-402b-845b-88af06060521 admin admin] Request body: {'router': {'name': 'tempest-ServersTestJSON-1656859685-router', 'tenant_id': '29f7e082792e4ffd85c7d06ee57af140', 'external_gateway_info': {'network_id': '2a149e59-0076-4d09-a23a-ef756275d523'}}} {{(pid=104177) prepare_request_body /opt/stack/neutron/neutron/api/v2/base.py:729}}
Apr 07 11:06:40.978180 n-d-836788-1 neutron-server[104178]: DEBUG neutron_lib.callbacks.manager [None req-45427763-ca56-4e00-8387-c238fdfbc88e admin admin] Publish callbacks [] for security_group (e4e716bd-873e-4988-854d-6f936769aba2), precommit_delete {{(pid=104178) _notify_loop /usr/local/lib/python3.8/dist-packages/neutron_lib/callbacks/manager.py:176}}
Apr 07 11:06:40.984782 n-d-836788-1 neutron-server[104179]: DEBUG neutron.api.rpc.handlers.dhcp_rpc [None req-75588bc1-ea1f-46d2-be98-ddb986e85a68 None None] Create dhcp port {'port': {'name': '', 'admin_state_up': True, 'device_id': 'dhcpee4beb0a-3f05-57a5-a932-24f4c11dcd88-d5693bc5-36ea-4c4c-87d4-fe095a7eb89c', 'network_id': 'd5693bc5-36ea-4c4c-87d4-fe095a7eb89c', 'project_id': '29f7e082792e4ffd85c7d06ee57af140', 'fixed_ips': [{'subnet_id': '08033c5a-a6f9-44c8-9944-c7ae6e86efa4'}]}} from n-d-836788-1. {{(pid=104179) create_dhcp_port /opt/stack/neutron/neutron/api/rpc/handlers/dhcp_rpc.py:268}}
Apr 07 11:06:40.987120 n-d-836788-1 neutron-server[104179]: DEBUG neutron_lib.callbacks.manager [None req-75588bc1-ea1f-46d2-be98-ddb986e85a68 None None] Publish callbacks ['neutron.plugins.ml2.plugin.SecurityGroupDbMixin._ensure_default_security_group_handler-4056411'] for port (None), before_create {{(pid=104179) _notify_loop /usr/local/lib/python3.8/dist-packages/neutron_lib/callbacks/manager.py:176}}
Apr 07 11:06:41.002544 n-d-836788-1 neutron-server[104177]: DEBUG neutron_lib.callbacks.manager [None req-df40b5e1-eef5-402b-845b-88af06060521 admin admin] Publish callbacks ['neutron.services.l3_router.l3_router_plugin.L3_HA_NAT_db_mixin._before_router_create_handler-691323', 'neutron.services.l3_router.service_providers.driver_controller.DriverController._check_router_request-11256'] for router (079ac0f0-449b-4c31-8472-df9a411138fd), before_create {{(pid=104177) _notify_loop /usr/local/lib/python3.8/dist-packages/neutron_lib/callbacks/manager.py:176}}
Apr 07 11:06:41.009693 n-d-836788-1 neutron-server[104177]: DEBUG neutron_lib.callbacks.manager [None req-df40b5e1-eef5-402b-845b-88af06060521 admin admin] Publish callbacks ['neutron.services.l3_router.l3_router_plugin.L3_HA_NAT_db_mixin._precommit_router_create-691439', 'neutron.services.l3_router.l3_router_plugin.DVRResourceOperationHandler._set_distributed_flag-689537', 'neutron.services.l3_router.l3_router_plugin.RouterAvailabilityZoneMixin._process_az_request-786234', 'neutron.services.l3_router.service_providers.driver_controller.DriverController._set_router_provider-11249'] for router (079ac0f0-449b-4c31-8472-df9a411138fd), precommit_create {{(pid=104177) _notify_loop /usr/local/lib/python3.8/dist-packages/neutron_lib/callbacks/manager.py:176}}
Apr 07 11:06:41.105734 n-d-836788-1 neutron-server[104178]: INFO neutron.wsgi [req-24cd5139-0e2a-41fd-a219-31e601a72db7 req-e69be259-0b6e-43e6-bd4b-396d419f4db8 tempest-DeleteServersAdminTestJSON-642330159 tempest-DeleteServersAdminTestJSON-642330159-project] 10.222.0.13 "GET /v2.0/security-groups?id=ebcb7bd0-45db-473b-8c41-c75861f33c02&fields=id&fields=name HTTP/1.1" status: 200 len: 286 time: 0.1565297
Apr 07 11:06:41.134618 n-d-836788-1 neutron-server[104178]: DEBUG neutron.pecan_wsgi.hooks.policy_enforcement [req-cddbe191-cdcb-4d07-8093-e38e7a6189a6 req-73e96f42-944a-4c80-9a58-97d427b09c7f tempest-ServersAdminNegativeTestJSON-1276734886 tempest-ServersAdminNegativeTestJSON-1276734886-project] Attributes excluded by policy engine: ['standard_attr_id', 'binding:profile', 'binding:host_id', 'binding:vif_type', 'binding:vif_details'] {{(pid=104178) _exclude_attributes_by_policy /opt/stack/neutron/neutron/pecan_wsgi/hooks/policy_enforcement.py:255}}
Apr 07 11:06:41.136701 n-d-836788-1 neutron-server[104178]: INFO neutron.wsgi [req-cddbe191-cdcb-4d07-8093-e38e7a6189a6 req-73e96f42-944a-4c80-9a58-97d427b09c7f tempest-ServersAdminNegativeTestJSON-1276734886 tempest-ServersAdminNegativeTestJSON-1276734886-project] 10.222.0.13 "GET /v2.0/ports?device_id=f1522a09-336b-488c-942b-2613459f67cc HTTP/1.1" status: 200 len: 948 time: 0.1687572
Apr 07 11:06:41.155818 n-d-836788-1 neutron-server[104178]: DEBUG neutron_lib.callbacks.manager [None req-165faf41-6f00-43d3-a8a4-67269349f5b1 admin admin] Publish callbacks ['neutron.plugins.ml2.ovo_rpc._ObjectChangeHandler.handle_event-754992'] for security_group (fc03364f-b51c-40b5-8551-a146d14f11a7), after_delete {{(pid=104178) _notify_loop /usr/local/lib/python3.8/dist-packages/neutron_lib/callbacks/manager.py:176}}
Apr 07 11:06:41.161920 n-d-836788-1 neutron-server[104178]: DEBUG neutron_lib.callbacks.manager [None req-165faf41-6f00-43d3-a8a4-67269349f5b1 admin admin] Publish callbacks [] for security_group (None), before_response {{(pid=104178) _notify_loop /usr/local/lib/python3.8/dist-packages/neutron_lib/callbacks/manager.py:176}}
Apr 07 11:06:41.163626 n-d-836788-1 neutron-server[104178]: INFO neutron.wsgi [None req-165faf41-6f00-43d3-a8a4-67269349f5b1 admin admin] 10.222.0.13 "DELETE /v2.0/security-groups/fc03364f-b51c-40b5-8551-a146d14f11a7 HTTP/1.1" status: 204 len: 168 time: 0.7515450
Apr 07 11:06:41.167332 n-d-836788-1 neutron-server[104179]: DEBUG neutron.db.db_base_plugin_common [None req-75588bc1-ea1f-46d2-be98-ddb986e85a68 None None] Allocated IP 172.20.0.2 (d5693bc5-36ea-4c4c-87d4-fe095a7eb89c/08033c5a-a6f9-44c8-9944-c7ae6e86efa4/e581132c-5e6d-4136-b597-fd060289154c) {{(pid=104179) _store_ip_allocation /opt/stack/neutron/neutron/db/db_base_plugin_common.py:131}}
Apr 07 11:06:41.178340 n-d-836788-1 neutron-server[104178]: DEBUG neutron_lib.callbacks.manager [None req-45427763-ca56-4e00-8387-c238fdfbc88e admin admin] Publish callbacks ['neutron.plugins.ml2.ovo_rpc._ObjectChangeHandler.handle_event-754992'] for security_group (e4e716bd-873e-4988-854d-6f936769aba2), after_delete {{(pid=104178) _notify_loop /usr/local/lib/python3.8/dist-packages/neutron_lib/callbacks/manager.py:176}}
Apr 07 11:06:41.181926 n-d-836788-1 neutron-server[104178]: DEBUG neutron_lib.callbacks.manager [None req-45427763-ca56-4e00-8387-c238fdfbc88e admin admin] Publish callbacks [] for security_group (None), before_response {{(pid=104178) _notify_loop /usr/local/lib/python3.8/dist-packages/neutron_lib/callbacks/manager.py:176}}
Apr 07 11:06:41.183381 n-d-836788-1 neutron-server[104178]: INFO neutron.wsgi [None req-45427763-ca56-4e00-8387-c238fdfbc88e admin admin] 10.222.0.13 "DELETE /v2.0/security-groups/e4e716bd-873e-4988-854d-6f936769aba2 HTTP/1.1" status: 204 len: 168 time: 0.7907686
Apr 07 11:06:41.195384 n-d-836788-1 neutron-server[104178]: DEBUG neutron.api.rpc.handlers.resources_rpc [None req-165faf41-6f00-43d3-a8a4-67269349f5b1 admin admin] Pushing event deleted for resources: {'SecurityGroup': ['ID=fc03364f-b51c-40b5-8551-a146d14f11a7,revision_number=None']} {{(pid=104178) push /opt/stack/neutron/neutron/api/rpc/handlers/resources_rpc.py:237}}
Apr 07 11:06:41.215440 n-d-836788-1 neutron-server[104177]: DEBUG neutron_lib.callbacks.manager [None req-df40b5e1-eef5-402b-845b-88af06060521 admin admin] Publish callbacks [] for router_controller (079ac0f0-449b-4c31-8472-df9a411138fd), precommit_add_association {{(pid=104177) _notify_loop /usr/local/lib/python3.8/dist-packages/neutron_lib/callbacks/manager.py:176}}
Apr 07 11:06:41.219213 n-d-836788-1 neutron-server[104178]: DEBUG neutron.api.rpc.handlers.resources_rpc [None req-45427763-ca56-4e00-8387-c238fdfbc88e admin admin] Pushing event deleted for resources: {'SecurityGroup': ['ID=e4e716bd-873e-4988-854d-6f936769aba2,revision_number=None']} {{(pid=104178) push /opt/stack/neutron/neutron/api/rpc/handlers/resources_rpc.py:237}}
Apr 07 11:06:41.237402 n-d-836788-1 neutron-server[104178]: INFO neutron.wsgi [req-cddbe191-cdcb-4d07-8093-e38e7a6189a6 req-e41d7ae7-509c-4c59-8981-82ba36eaa834 tempest-ServersAdminNegativeTestJSON-1276734886 tempest-ServersAdminNegativeTestJSON-1276734886-project] 10.222.0.13 "GET /v2.0/security-groups?id=2989af4a-6d03-40a4-93ab-7f81a2b5021e&fields=id&fields=name HTTP/1.1" status: 200 len: 286 time: 0.0946004
Apr 07 11:06:41.407611 n-d-836788-1 neutron-server[104179]: DEBUG neutron_lib.callbacks.manager [None req-75588bc1-ea1f-46d2-be98-ddb986e85a68 None None] Publish callbacks [] for port (e581132c-5e6d-4136-b597-fd060289154c), precommit_create {{(pid=104179) _notify_loop /usr/local/lib/python3.8/dist-packages/neutron_lib/callbacks/manager.py:176}}
Apr 07 11:06:41.417623 n-d-836788-1 neutron-server[104179]: DEBUG neutron_lib.callbacks.manager [None req-75588bc1-ea1f-46d2-be98-ddb986e85a68 None None] Publish callbacks ['neutron.plugins.ml2.plugin.SecurityGroupServerNotifierRpcMixin._notify_sg_on_port_change-4056541', 'neutron.plugins.ml2.ovo_rpc._ObjectChangeHandler.handle_event-946320', 'neutron.api.rpc.agentnotifiers.dhcp_rpc_agent_api.DhcpAgentNotifyAPI._native_event_send_dhcp_notification-548619', 'neutron.db.l3_dvrscheduler_db._notify_l3_agent_new_port-8749671632213'] for port (e581132c-5e6d-4136-b597-fd060289154c), after_create {{(pid=104179) _notify_loop /usr/local/lib/python3.8/dist-packages/neutron_lib/callbacks/manager.py:176}}
Apr 07 11:06:41.464609 n-d-836788-1 neutron-server[104179]: DEBUG neutron.scheduler.dhcp_agent_scheduler [None req-75588bc1-ea1f-46d2-be98-ddb986e85a68 None None] Network d5693bc5-36ea-4c4c-87d4-fe095a7eb89c is already hosted by enough agents. {{(pid=104179) _get_dhcp_agents_hosting_network /opt/stack/neutron/neutron/scheduler/dhcp_agent_scheduler.py:275}}
Apr 07 11:06:41.466289 n-d-836788-1 neutron-server[104177]: DEBUG neutron_lib.callbacks.manager [None req-df40b5e1-eef5-402b-845b-88af06060521 admin admin] Publish callbacks [] for router_gateway (079ac0f0-449b-4c31-8472-df9a411138fd), precommit_update {{(pid=104177) _notify_loop /usr/local/lib/python3.8/dist-packages/neutron_lib/callbacks/manager.py:176}}
Apr 07 11:06:41.468811 n-d-836788-1 neutron-server[104179]: DEBUG neutron.scheduler.base_scheduler [None req-75588bc1-ea1f-46d2-be98-ddb986e85a68 None None] Resources bound (agent type, host, resource id): {{(pid=104179) schedule /opt/stack/neutron/neutron/scheduler/base_scheduler.py:57}}
Apr 07 11:06:41.470354 n-d-836788-1 neutron-server[104179]: DEBUG neutron.api.rpc.handlers.resources_rpc [None req-75588bc1-ea1f-46d2-be98-ddb986e85a68 None None] Pushing event updated for resources: {'Port': ['ID=e581132c-5e6d-4136-b597-fd060289154c,revision_number=1']} {{(pid=104179) push /opt/stack/neutron/neutron/api/rpc/handlers/resources_rpc.py:237}}
Apr 07 11:06:41.474652 n-d-836788-1 neutron-server[104179]: DEBUG neutron.db.l3_dvrscheduler_db [None req-75588bc1-ea1f-46d2-be98-ddb986e85a68 None None] Received port after_create {{(pid=104179) _notify_l3_agent_new_port /opt/stack/neutron/neutron/db/l3_dvrscheduler_db.py:536}}
Apr 07 11:06:41.700578 n-d-836788-1 neutron-server[104179]: DEBUG neutron.plugins.ml2.managers [None req-75588bc1-ea1f-46d2-be98-ddb986e85a68 None None] Attempting to bind port e581132c-5e6d-4136-b597-fd060289154c on host n-d-836788-1 for vnic_type normal with profile {{(pid=104179) bind_port /opt/stack/neutron/neutron/plugins/ml2/managers.py:795}}
Apr 07 11:06:41.700964 n-d-836788-1 neutron-server[104179]: DEBUG neutron.plugins.ml2.managers [None req-75588bc1-ea1f-46d2-be98-ddb986e85a68 None None] Attempting to bind port e581132c-5e6d-4136-b597-fd060289154c by drivers openvswitch,hyperv on host n-d-836788-1 at level 0 using segments [{'id': '77bb3720-e7ba-4206-9646-f4a6f7fb8716', 'network_type': 'vlan', 'physical_network': 'physnet1', 'segmentation_id': 139, 'network_id': 'd5693bc5-36ea-4c4c-87d4-fe095a7eb89c'}] {{(pid=104179) _bind_port_level /opt/stack/neutron/neutron/plugins/ml2/managers.py:820}}
Apr 07 11:06:41.701372 n-d-836788-1 neutron-server[104179]: DEBUG neutron.plugins.ml2.drivers.mech_agent [None req-75588bc1-ea1f-46d2-be98-ddb986e85a68 None None] Attempting to bind port e581132c-5e6d-4136-b597-fd060289154c on network d5693bc5-36ea-4c4c-87d4-fe095a7eb89c {{(pid=104179) bind_port /opt/stack/neutron/neutron/plugins/ml2/drivers/mech_agent.py:91}}
Apr 07 11:06:41.707470 n-d-836788-1 neutron-server[104179]: DEBUG neutron.plugins.ml2.drivers.mech_agent [None req-75588bc1-ea1f-46d2-be98-ddb986e85a68 None None] Checking agent: {'id': 'c0eb25fa-d50f-47c7-ad57-e08e6b299f92', 'agent_type': 'Open vSwitch agent', 'binary': 'neutron-openvswitch-agent', 'topic': 'N/A', 'host': 'n-d-836788-1', 'admin_state_up': True, 'created_at': datetime.datetime(2022, 4, 7, 10, 55, 37), 'started_at': datetime.datetime(2022, 4, 7, 10, 56, 7), 'heartbeat_timestamp': datetime.datetime(2022, 4, 7, 11, 6, 37), 'description': None, 'resources_synced': None, 'availability_zone': None, 'alive': True, 'configurations': {'arp_responder_enabled': False, 'baremetal_smartnic': False, 'bridge_mappings': {'physnet1': 'br-data'}, 'datapath_type': 'system', 'devices': 0, 'enable_distributed_routing': False, 'extensions': [], 'in_distributed_mode': False, 'integration_bridge': 'br-int', 'l2_population': False, 'log_agent_heartbeats': False, 'ovs_capabilities': {'datapath_types': ['netdev', 'system'], 'iface_types': ['erspan', 'geneve', 'gre', 'internal', 'ip6erspan', 'ip6gre', 'lisp', 'patch', 'stt', 'system', 'tap', 'vxlan']}, 'ovs_hybrid_plug': False, 'resource_provider_bandwidths': {}, 'resource_provider_hypervisors': {'br-data': 'n-d-836788-1'}, 'resource_provider_inventory_defaults': {'allocation_ratio': 1.0, 'min_unit': 1, 'step_size': 1, 'reserved': 0}, 'resource_provider_packet_processing_inventory_defaults': {'allocation_ratio': 1.0, 'min_unit': 1, 'step_size': 1, 'reserved': 0}, 'resource_provider_packet_processing_with_direction': {}, 'resource_provider_packet_processing_without_direction': {}, 'tunnel_types': [], 'tunneling_ip': None, 'vhostuser_socket_dir': '/var/run/openvswitch'}, 'resource_versions': {'AddressGroup': '1.2', 'ConntrackHelper': '1.0', 'LocalIPAssociation': '1.0', 'Log': '1.0', 'Network': '1.1', 'Port': '1.7', 'PortForwarding': '1.2', 'QosPolicy': '1.10', 'SecurityGroup': '1.5', 'SecurityGroupRule': '1.2', 'SubPort': '1.0', 'Subnet': '1.1', 'Trunk': '1.1'}} {{(pid=104179) bind_port /opt/stack/neutron/neutron/plugins/ml2/drivers/mech_agent.py:110}}
Apr 07 11:06:41.708141 n-d-836788-1 neutron-server[104179]: DEBUG neutron.plugins.ml2.drivers.mech_agent [None req-75588bc1-ea1f-46d2-be98-ddb986e85a68 None None] Checking segment: {'id': '77bb3720-e7ba-4206-9646-f4a6f7fb8716', 'network_type': 'vlan', 'physical_network': 'physnet1', 'segmentation_id': 139, 'network_id': 'd5693bc5-36ea-4c4c-87d4-fe095a7eb89c'} for mappings: {'physnet1': 'br-data'} with network types: ['local', 'flat', 'vlan'] {{(pid=104179) check_segment_for_agent /opt/stack/neutron/neutron/plugins/ml2/drivers/mech_agent.py:373}}
Apr 07 11:06:41.708566 n-d-836788-1 neutron-server[104179]: DEBUG neutron_lib.callbacks.manager [None req-75588bc1-ea1f-46d2-be98-ddb986e85a68 None None] Publish callbacks [] for ovs_bridge_name (None), before_read {{(pid=104179) _notify_loop /usr/local/lib/python3.8/dist-packages/neutron_lib/callbacks/manager.py:176}}
Apr 07 11:06:41.708966 n-d-836788-1 neutron-server[104179]: DEBUG neutron.plugins.ml2.drivers.mech_agent [None req-75588bc1-ea1f-46d2-be98-ddb986e85a68 None None] Bound using segment: {'id': '77bb3720-e7ba-4206-9646-f4a6f7fb8716', 'network_type': 'vlan', 'physical_network': 'physnet1', 'segmentation_id': 139, 'network_id': 'd5693bc5-36ea-4c4c-87d4-fe095a7eb89c'} {{(pid=104179) bind_port /opt/stack/neutron/neutron/plugins/ml2/drivers/mech_agent.py:120}}
Apr 07 11:06:41.709713 n-d-836788-1 neutron-server[104179]: DEBUG neutron.plugins.ml2.managers [None req-75588bc1-ea1f-46d2-be98-ddb986e85a68 None None] Bound port: e581132c-5e6d-4136-b597-fd060289154c, host: n-d-836788-1, vif_type: ovs, vif_details: {"connectivity": "l2", "port_filter": true, "ovs_hybrid_plug": false, "datapath_type": "system", "bridge_name": "br-int"}, binding_levels: [{'bound_driver': 'openvswitch', 'bound_segment': {'id': '77bb3720-e7ba-4206-9646-f4a6f7fb8716', 'network_type': 'vlan', 'physical_network': 'physnet1', 'segmentation_id': 139, 'network_id': 'd5693bc5-36ea-4c4c-87d4-fe095a7eb89c'}}] {{(pid=104179) _bind_port_level /opt/stack/neutron/neutron/plugins/ml2/managers.py:932}}
Apr 07 11:06:41.709886 n-d-836788-1 neutron-server[104179]: DEBUG neutron_lib.callbacks.manager [None req-75588bc1-ea1f-46d2-be98-ddb986e85a68 None None] Publish callbacks ['neutron.plugins.ml2.plugin.SecurityGroupDbMixin._ensure_default_security_group_handler-4056411'] for port (e581132c-5e6d-4136-b597-fd060289154c), before_update {{(pid=104179) _notify_loop /usr/local/lib/python3.8/dist-packages/neutron_lib/callbacks/manager.py:176}}
Apr 07 11:06:41.791724 n-d-836788-1 neutron-server[104179]: DEBUG neutron.plugins.ml2.db [None req-75588bc1-ea1f-46d2-be98-ddb986e85a68 None None] For port e581132c-5e6d-4136-b597-fd060289154c, host n-d-836788-1, cleared binding levels {{(pid=104179) clear_binding_levels /opt/stack/neutron/neutron/plugins/ml2/db.py:87}}
Apr 07 11:06:41.795263 n-d-836788-1 neutron-server[104179]: DEBUG neutron.plugins.ml2.db [None req-75588bc1-ea1f-46d2-be98-ddb986e85a68 None None] For port e581132c-5e6d-4136-b597-fd060289154c, host n-d-836788-1, set binding levels [PortBindingLevel(driver='openvswitch',host='n-d-836788-1',level=0,port_id=e581132c-5e6d-4136-b597-fd060289154c,segment=NetworkSegment(77bb3720-e7ba-4206-9646-f4a6f7fb8716),segment_id=77bb3720-e7ba-4206-9646-f4a6f7fb8716)] {{(pid=104179) set_binding_levels /opt/stack/neutron/neutron/plugins/ml2/db.py:59}}
Apr 07 11:06:41.803688 n-d-836788-1 neutron-server[104179]: DEBUG neutron_lib.callbacks.manager [None req-75588bc1-ea1f-46d2-be98-ddb986e85a68 None None] Publish callbacks ['neutron.plugins.ml2.plugin.SecurityGroupServerNotifierRpcMixin._notify_sg_on_port_change-4056541', 'neutron.plugins.ml2.ovo_rpc._ObjectChangeHandler.handle_event-946320', 'neutron.api.rpc.agentnotifiers.dhcp_rpc_agent_api.DhcpAgentNotifyAPI._native_event_send_dhcp_notification-548619', 'neutron.db.l3_db.L3RpcNotifierMixin._notify_gateway_port_ip_changed-8749672087839', 'neutron.db.l3_dvrscheduler_db._notify_l3_agent_port_update-8749671632231', 'neutron.db.l3_hascheduler_db._notify_l3_agent_ha_port_update-8749671632249'] for port (e581132c-5e6d-4136-b597-fd060289154c), after_update {{(pid=104179) _notify_loop /usr/local/lib/python3.8/dist-packages/neutron_lib/callbacks/manager.py:176}}
Apr 07 11:06:41.877351 n-d-836788-1 neutron-server[104179]: DEBUG neutron.api.rpc.handlers.resources_rpc [None req-75588bc1-ea1f-46d2-be98-ddb986e85a68 None None] Pushing event updated for resources: {'Port': ['ID=e581132c-5e6d-4136-b597-fd060289154c,revision_number=2']} {{(pid=104179) push /opt/stack/neutron/neutron/api/rpc/handlers/resources_rpc.py:237}}
Apr 07 11:06:41.955175 n-d-836788-1 neutron-server[104177]: DEBUG neutron_lib.callbacks.manager [None req-df40b5e1-eef5-402b-845b-88af06060521 admin admin] Publish callbacks [] for router_gateway (079ac0f0-449b-4c31-8472-df9a411138fd), before_create {{(pid=104177) _notify_loop /usr/local/lib/python3.8/dist-packages/neutron_lib/callbacks/manager.py:176}}
Apr 07 11:06:41.975531 n-d-836788-1 neutron-server[104179]: DEBUG neutron.plugins.ml2.rpc [None req-867a3144-a4e1-4ff2-9a93-a083c70cd970 None None] Device d927ea68-ffaa-4541-a2b5-4e3ba7afa2e7 details requested by agent hyperv_n-h2-836788-1 with host n-h2-836788-1 {{(pid=104179) get_device_details /opt/stack/neutron/neutron/plugins/ml2/rpc.py:102}}
Apr 07 11:06:41.989907 n-d-836788-1 neutron-server[104177]: DEBUG neutron_lib.callbacks.manager [None req-df40b5e1-eef5-402b-845b-88af06060521 admin admin] Publish callbacks ['neutron.plugins.ml2.plugin.SecurityGroupDbMixin._ensure_default_security_group_handler-4056411'] for port (None), before_create {{(pid=104177) _notify_loop /usr/local/lib/python3.8/dist-packages/neutron_lib/callbacks/manager.py:176}}
Apr 07 11:06:42.043756 n-d-836788-1 neutron-server[104179]: DEBUG neutron.plugins.ml2.rpc [None req-8d0f9a72-47a7-4263-988c-95059662a487 None None] Device e7a7fec4-cb1d-4e90-8ed6-96d146b6eaba up at agent hyperv_n-h1-836788-1 {{(pid=104179) update_device_up /opt/stack/neutron/neutron/plugins/ml2/rpc.py:296}}
Apr 07 11:06:42.056761 n-d-836788-1 neutron-server[104178]: DEBUG neutron.pecan_wsgi.hooks.policy_enforcement [req-2e25b63d-2a07-4cce-99d9-349552fb8f51 req-231fde3d-390f-4714-a0f1-2455cef380f9 tempest-MigrationsAdminTest-745470254 tempest-MigrationsAdminTest-745470254-project] Attributes excluded by policy engine: ['standard_attr_id', 'binding:profile', 'binding:host_id', 'binding:vif_type', 'binding:vif_details'] {{(pid=104178) _exclude_attributes_by_policy /opt/stack/neutron/neutron/pecan_wsgi/hooks/policy_enforcement.py:255}}
Apr 07 11:06:42.068575 n-d-836788-1 neutron-server[104178]: INFO neutron.wsgi [req-2e25b63d-2a07-4cce-99d9-349552fb8f51 req-231fde3d-390f-4714-a0f1-2455cef380f9 tempest-MigrationsAdminTest-745470254 tempest-MigrationsAdminTest-745470254-project] 10.222.0.13 "GET /v2.0/ports?device_id=d2f9d0de-3395-47b3-81e8-f4262e2b5568 HTTP/1.1" status: 200 len: 948 time: 0.1285260
Apr 07 11:06:42.212364 n-d-836788-1 neutron-server[104178]: INFO neutron.wsgi [req-2e25b63d-2a07-4cce-99d9-349552fb8f51 req-e57624eb-7a0f-4442-ba33-922cd112e2e0 tempest-MigrationsAdminTest-745470254 tempest-MigrationsAdminTest-745470254-project] 10.222.0.13 "GET /v2.0/security-groups?id=40279f5d-e08a-4a8b-96b0-fee316b3d73c&fields=id&fields=name HTTP/1.1" status: 200 len: 286 time: 0.1342859
Apr 07 11:06:42.265592 n-d-836788-1 neutron-server[104177]: DEBUG neutron.db.db_base_plugin_common [None req-df40b5e1-eef5-402b-845b-88af06060521 admin admin] Allocated IP 172.25.5.15 (2a149e59-0076-4d09-a23a-ef756275d523/5d3d5005-fea0-4f67-a271-18c894798882/128217fd-eb53-4f68-a323-d12fba528eec) {{(pid=104177) _store_ip_allocation /opt/stack/neutron/neutron/db/db_base_plugin_common.py:131}}
Apr 07 11:06:42.277943 n-d-836788-1 neutron-server[104179]: DEBUG neutron.db.provisioning_blocks [None req-8d0f9a72-47a7-4263-988c-95059662a487 None None] Provisioning for port e7a7fec4-cb1d-4e90-8ed6-96d146b6eaba completed by entity L2. {{(pid=104179) provisioning_complete /opt/stack/neutron/neutron/db/provisioning_blocks.py:134}}
Apr 07 11:06:42.283771 n-d-836788-1 neutron-server[104179]: DEBUG neutron.db.provisioning_blocks [None req-8d0f9a72-47a7-4263-988c-95059662a487 None None] Provisioning complete for port e7a7fec4-cb1d-4e90-8ed6-96d146b6eaba triggered by entity L2. {{(pid=104179) provisioning_complete /opt/stack/neutron/neutron/db/provisioning_blocks.py:140}}
Apr 07 11:06:42.284301 n-d-836788-1 neutron-server[104179]: DEBUG neutron_lib.callbacks.manager [None req-8d0f9a72-47a7-4263-988c-95059662a487 None None] Publish callbacks ['neutron.plugins.ml2.plugin.Ml2Plugin._port_provisioned-4151378'] for port (e7a7fec4-cb1d-4e90-8ed6-96d146b6eaba), provisioning_complete {{(pid=104179) _notify_loop /usr/local/lib/python3.8/dist-packages/neutron_lib/callbacks/manager.py:176}}
Apr 07 11:06:42.378614 n-d-836788-1 neutron-server[104178]: DEBUG neutron.pecan_wsgi.hooks.policy_enforcement [req-6fdb253d-5f4c-459e-aabf-51daa5dcb8e1 req-bb3c4609-b8cb-48da-94b5-1260cdd588b3 tempest-DeleteServersAdminTestJSON-642330159 tempest-DeleteServersAdminTestJSON-642330159-project] Attributes excluded by policy engine: ['standard_attr_id', 'binding:profile', 'binding:host_id', 'binding:vif_type', 'binding:vif_details'] {{(pid=104178) _exclude_attributes_by_policy /opt/stack/neutron/neutron/pecan_wsgi/hooks/policy_enforcement.py:255}}
Apr 07 11:06:42.390548 n-d-836788-1 neutron-server[104178]: INFO neutron.wsgi [req-6fdb253d-5f4c-459e-aabf-51daa5dcb8e1 req-bb3c4609-b8cb-48da-94b5-1260cdd588b3 tempest-DeleteServersAdminTestJSON-642330159 tempest-DeleteServersAdminTestJSON-642330159-project] 10.222.0.13 "GET /v2.0/ports?device_id=34000596-022b-48dc-82ee-d63e4893e651 HTTP/1.1" status: 200 len: 971 time: 0.1000941
Apr 07 11:06:42.425035 n-d-836788-1 neutron-server[104177]: DEBUG neutron_lib.callbacks.manager [None req-df40b5e1-eef5-402b-845b-88af06060521 admin admin] Publish callbacks [] for port (128217fd-eb53-4f68-a323-d12fba528eec), precommit_create {{(pid=104177) _notify_loop /usr/local/lib/python3.8/dist-packages/neutron_lib/callbacks/manager.py:176}}
Apr 07 11:06:42.425481 n-d-836788-1 neutron-server[104179]: DEBUG neutron.plugins.ml2.db [None req-867a3144-a4e1-4ff2-9a93-a083c70cd970 None None] For port d927ea68-ffaa-4541-a2b5-4e3ba7afa2e7, host n-h2-836788-1, got binding levels [PortBindingLevel(driver='hyperv',host='n-h2-836788-1',level=0,port_id=d927ea68-ffaa-4541-a2b5-4e3ba7afa2e7,segment=NetworkSegment(d1faf1e6-67f3-447d-97de-5e153381ed96),segment_id=d1faf1e6-67f3-447d-97de-5e153381ed96)] {{(pid=104179) get_binding_level_objs /opt/stack/neutron/neutron/plugins/ml2/db.py:74}}
Apr 07 11:06:42.446425 n-d-836788-1 neutron-server[104179]: DEBUG neutron.plugins.ml2.rpc [None req-867a3144-a4e1-4ff2-9a93-a083c70cd970 None None] Returning: {'device': 'd927ea68-ffaa-4541-a2b5-4e3ba7afa2e7', 'network_id': '25c22247-3580-43d7-87c6-0e8ee693bdda', 'port_id': 'd927ea68-ffaa-4541-a2b5-4e3ba7afa2e7', 'mac_address': 'fa:16:3e:2c:2d:4f', 'admin_state_up': True, 'network_type': 'vlan', 'segmentation_id': 108, 'physical_network': 'physnet1', 'mtu': 1500, 'fixed_ips': [{'subnet_id': '326efce4-8768-42c9-9e4f-836d93d07fb6', 'ip_address': '192.168.233.191'}], 'device_owner': 'compute:nova', 'allowed_address_pairs': [], 'port_security_enabled': True, 'qos_policy_id': None, 'network_qos_policy_id': None, 'profile': {}, 'propagate_uplink_status': False} {{(pid=104179) _get_device_details /opt/stack/neutron/neutron/plugins/ml2/rpc.py:184}}
Apr 07 11:06:42.466121 n-d-836788-1 neutron-server[104178]: INFO neutron.wsgi [req-6fdb253d-5f4c-459e-aabf-51daa5dcb8e1 req-6f25aa3d-eb50-4dd2-8ef3-ae4d848d96c2 tempest-DeleteServersAdminTestJSON-642330159 tempest-DeleteServersAdminTestJSON-642330159-project] 10.222.0.13 "GET /v2.0/security-groups?id=ebcb7bd0-45db-473b-8c41-c75861f33c02&fields=id&fields=name HTTP/1.1" status: 200 len: 286 time: 0.0745733
Apr 07 11:06:42.489777 n-d-836788-1 neutron-server[104177]: DEBUG neutron_lib.callbacks.manager [None req-df40b5e1-eef5-402b-845b-88af06060521 admin admin] Publish callbacks ['neutron.plugins.ml2.plugin.SecurityGroupServerNotifierRpcMixin._notify_sg_on_port_change-4056541', 'neutron.plugins.ml2.ovo_rpc._ObjectChangeHandler.handle_event-946320', 'neutron.api.rpc.agentnotifiers.dhcp_rpc_agent_api.DhcpAgentNotifyAPI._native_event_send_dhcp_notification-548619', 'neutron.db.l3_dvrscheduler_db._notify_l3_agent_new_port-8749671632213', 'neutron.services.segments.plugin.NovaSegmentNotifier._notify_port_created_or_deleted-33490327'] for port (128217fd-eb53-4f68-a323-d12fba528eec), after_create {{(pid=104177) _notify_loop /usr/local/lib/python3.8/dist-packages/neutron_lib/callbacks/manager.py:176}}
Apr 07 11:06:42.538997 n-d-836788-1 neutron-server[104177]: DEBUG neutron.api.rpc.handlers.resources_rpc [None req-df40b5e1-eef5-402b-845b-88af06060521 admin admin] Pushing event updated for resources: {'Port': ['ID=128217fd-eb53-4f68-a323-d12fba528eec,revision_number=1']} {{(pid=104177) push /opt/stack/neutron/neutron/api/rpc/handlers/resources_rpc.py:237}}
Apr 07 11:06:42.563243 n-d-836788-1 neutron-server[104179]: DEBUG neutron.plugins.ml2.plugin [None req-867a3144-a4e1-4ff2-9a93-a083c70cd970 None None] Current status of the port d927ea68-ffaa-4541-a2b5-4e3ba7afa2e7 is: DOWN; New status is: BUILD {{(pid=104179) _update_individual_port_db_status /opt/stack/neutron/neutron/plugins/ml2/plugin.py:2256}}
Apr 07 11:06:42.563640 n-d-836788-1 neutron-server[104179]: DEBUG neutron_lib.callbacks.manager [None req-867a3144-a4e1-4ff2-9a93-a083c70cd970 None None] Publish callbacks ['neutron.plugins.ml2.plugin.SecurityGroupDbMixin._ensure_default_security_group_handler-4056411'] for port (d927ea68-ffaa-4541-a2b5-4e3ba7afa2e7), before_update {{(pid=104179) _notify_loop /usr/local/lib/python3.8/dist-packages/neutron_lib/callbacks/manager.py:176}}
Apr 07 11:06:42.566660 n-d-836788-1 neutron-server[104177]: DEBUG neutron.scheduler.dhcp_agent_scheduler [None req-df40b5e1-eef5-402b-845b-88af06060521 admin admin] Network 2a149e59-0076-4d09-a23a-ef756275d523 is already hosted by enough agents. {{(pid=104177) _get_dhcp_agents_hosting_network /opt/stack/neutron/neutron/scheduler/dhcp_agent_scheduler.py:275}}
Apr 07 11:06:42.568876 n-d-836788-1 neutron-server[104177]: DEBUG neutron.scheduler.base_scheduler [None req-df40b5e1-eef5-402b-845b-88af06060521 admin admin] Resources bound (agent type, host, resource id): {{(pid=104177) schedule /opt/stack/neutron/neutron/scheduler/base_scheduler.py:57}}
Apr 07 11:06:42.572260 n-d-836788-1 neutron-server[104177]: DEBUG neutron.db.l3_dvrscheduler_db [None req-df40b5e1-eef5-402b-845b-88af06060521 admin admin] Received port after_create {{(pid=104177) _notify_l3_agent_new_port /opt/stack/neutron/neutron/db/l3_dvrscheduler_db.py:536}}
Apr 07 11:06:42.588531 n-d-836788-1 neutron-server[104179]: DEBUG neutron.notifiers.nova [None req-867a3144-a4e1-4ff2-9a93-a083c70cd970 None None] Ignoring state change previous_port_status: DOWN current_port_status: BUILD port_id d927ea68-ffaa-4541-a2b5-4e3ba7afa2e7 {{(pid=104179) record_port_status_changed /opt/stack/neutron/neutron/notifiers/nova.py:233}}
Apr 07 11:06:42.603801 n-d-836788-1 neutron-server[104179]: DEBUG neutron.plugins.ml2.plugin [None req-8d0f9a72-47a7-4263-988c-95059662a487 None None] Current status of the port e7a7fec4-cb1d-4e90-8ed6-96d146b6eaba is: BUILD; New status is: ACTIVE {{(pid=104179) _update_individual_port_db_status /opt/stack/neutron/neutron/plugins/ml2/plugin.py:2256}}
Apr 07 11:06:42.604201 n-d-836788-1 neutron-server[104179]: DEBUG neutron_lib.callbacks.manager [None req-8d0f9a72-47a7-4263-988c-95059662a487 None None] Publish callbacks ['neutron.plugins.ml2.plugin.SecurityGroupDbMixin._ensure_default_security_group_handler-4056411'] for port (e7a7fec4-cb1d-4e90-8ed6-96d146b6eaba), before_update {{(pid=104179) _notify_loop /usr/local/lib/python3.8/dist-packages/neutron_lib/callbacks/manager.py:176}}
Apr 07 11:06:42.634099 n-d-836788-1 neutron-server[104179]: DEBUG neutron.plugins.ml2.db [None req-867a3144-a4e1-4ff2-9a93-a083c70cd970 None None] For port d927ea68-ffaa-4541-a2b5-4e3ba7afa2e7, host n-h2-836788-1, got binding levels [PortBindingLevel(driver='hyperv',host='n-h2-836788-1',level=0,port_id=d927ea68-ffaa-4541-a2b5-4e3ba7afa2e7,segment=NetworkSegment(d1faf1e6-67f3-447d-97de-5e153381ed96),segment_id=d1faf1e6-67f3-447d-97de-5e153381ed96)] {{(pid=104179) get_binding_level_objs /opt/stack/neutron/neutron/plugins/ml2/db.py:74}}
Apr 07 11:06:42.648841 n-d-836788-1 neutron-server[104179]: DEBUG neutron_lib.callbacks.manager [None req-867a3144-a4e1-4ff2-9a93-a083c70cd970 None None] Publish callbacks ['neutron.plugins.ml2.plugin.SecurityGroupServerNotifierRpcMixin._notify_sg_on_port_change-4056541', 'neutron.plugins.ml2.ovo_rpc._ObjectChangeHandler.handle_event-946320', 'neutron.api.rpc.agentnotifiers.dhcp_rpc_agent_api.DhcpAgentNotifyAPI._native_event_send_dhcp_notification-548619', 'neutron.db.l3_db.L3RpcNotifierMixin._notify_gateway_port_ip_changed-8749672087839', 'neutron.db.l3_dvrscheduler_db._notify_l3_agent_port_update-8749671632231', 'neutron.db.l3_hascheduler_db._notify_l3_agent_ha_port_update-8749671632249'] for port (d927ea68-ffaa-4541-a2b5-4e3ba7afa2e7), after_update {{(pid=104179) _notify_loop /usr/local/lib/python3.8/dist-packages/neutron_lib/callbacks/manager.py:176}}
Apr 07 11:06:42.651094 n-d-836788-1 neutron-server[104179]: DEBUG neutron.notifiers.nova [-] Sending events: [{'server_uuid': '34000596-022b-48dc-82ee-d63e4893e651', 'name': 'network-vif-plugged', 'status': 'completed', 'tag': 'e7a7fec4-cb1d-4e90-8ed6-96d146b6eaba'}] {{(pid=104179) send_events /opt/stack/neutron/neutron/notifiers/nova.py:271}}
