Apr 05 18:34:19.765882 n-d-836650-3 neutron-server[102640]: INFO neutron.wsgi [req-2b123fdd-44f6-42bd-a74b-45c46147c27f req-681cd8af-9853-414d-8248-7b3a0dd75422 tempest-LiveMigrationTest-1988679246 tempest-LiveMigrationTest-1988679246-project] 10.222.0.15 "GET /v2.0/security-groups?id=faee22c5-e6fa-40a1-b527-e1139a20ac14&fields=id&fields=name HTTP/1.1" status: 200 len: 286 time: 0.0593905
Apr 05 18:34:19.815342 n-d-836650-3 neutron-server[102641]: DEBUG neutron.plugins.ml2.db [None req-0a0236c0-ad43-4674-a2ee-4e0e19d254bb None None] For port 6d6d42e9-28be-4ac1-96b9-4dc792ab0155, host n-h1-836650-3, got binding levels [PortBindingLevel(driver='hyperv',host='n-h1-836650-3',level=0,port_id=6d6d42e9-28be-4ac1-96b9-4dc792ab0155,segment=NetworkSegment(500dfec7-4790-49d3-8b6e-f461f09f5cc8),segment_id=500dfec7-4790-49d3-8b6e-f461f09f5cc8)] {{(pid=102641) get_binding_level_objs /opt/stack/neutron/neutron/plugins/ml2/db.py:74}}
Apr 05 18:34:19.831748 n-d-836650-3 neutron-server[102640]: DEBUG neutron_lib.callbacks.manager [req-e9a4292b-ce88-45ff-bf2a-7cf0a6964582 req-ca6c1de7-571d-4319-a5a1-04123c9810d5 tempest-SecurityGroupsTestAdminJSON-184492499 tempest-SecurityGroupsTestAdminJSON-184492499-project-admin] Notify callbacks [] for security_group, precommit_create {{(pid=102640) _notify_loop /usr/local/lib/python3.8/dist-packages/neutron_lib/callbacks/manager.py:192}}
Apr 05 18:34:19.832959 n-d-836650-3 neutron-server[102641]: DEBUG neutron.plugins.ml2.rpc [None req-0a0236c0-ad43-4674-a2ee-4e0e19d254bb None None] Returning: {'device': '6d6d42e9-28be-4ac1-96b9-4dc792ab0155', 'network_id': 'a8485de0-5c8f-4cbd-ac10-501236a7342b', 'port_id': '6d6d42e9-28be-4ac1-96b9-4dc792ab0155', 'mac_address': 'fa:16:3e:57:60:2a', 'admin_state_up': True, 'network_type': 'vlan', 'segmentation_id': 65, 'physical_network': 'physnet1', 'mtu': 1500, 'fixed_ips': [{'subnet_id': '09a1b8b6-4d6a-4fbc-95b1-6f51f2904f6d', 'ip_address': '172.20.0.10'}], 'device_owner': 'compute:nova', 'allowed_address_pairs': [], 'port_security_enabled': True, 'qos_policy_id': None, 'network_qos_policy_id': None, 'profile': {}, 'propagate_uplink_status': False} {{(pid=102641) _get_device_details /opt/stack/neutron/neutron/plugins/ml2/rpc.py:184}}
Apr 05 18:34:19.840778 n-d-836650-3 neutron-server[102640]: DEBUG neutron_lib.callbacks.manager [req-e9a4292b-ce88-45ff-bf2a-7cf0a6964582 req-ca6c1de7-571d-4319-a5a1-04123c9810d5 tempest-SecurityGroupsTestAdminJSON-184492499 tempest-SecurityGroupsTestAdminJSON-184492499-project-admin] Notify callbacks ['neutron.plugins.ml2.ovo_rpc._ObjectChangeHandler.handle_event-16475089'] for security_group, after_create {{(pid=102640) _notify_loop /usr/local/lib/python3.8/dist-packages/neutron_lib/callbacks/manager.py:192}}
Apr 05 18:34:19.851069 n-d-836650-3 neutron-server[102639]: INFO neutron.wsgi [req-8768eca0-bce3-479d-a38f-0050a7220b1e req-36247b4d-8269-4490-bab1-a422e1c0debc service neutron] 10.222.0.20 "GET /v2.0/networks/59fc4373-f553-4cc9-8975-18ec33c4a672?fields=provider%3Aphysical_network&fields=provider%3Anetwork_type HTTP/1.1" status: 200 len: 281 time: 0.1120358
Apr 05 18:34:19.885364 n-d-836650-3 neutron-server[102641]: DEBUG neutron_lib.callbacks.manager [None req-0a0236c0-ad43-4674-a2ee-4e0e19d254bb None None] Notify callbacks ['neutron.plugins.ml2.plugin.SecurityGroupDbMixin._ensure_default_security_group_handler-779029'] for port, before_update {{(pid=102641) _notify_loop /usr/local/lib/python3.8/dist-packages/neutron_lib/callbacks/manager.py:192}}
Apr 05 18:34:19.903694 n-d-836650-3 neutron-server[102641]: DEBUG neutron.notifiers.nova [None req-0a0236c0-ad43-4674-a2ee-4e0e19d254bb None None] Ignoring state change previous_port_status: DOWN current_port_status: BUILD port_id 6d6d42e9-28be-4ac1-96b9-4dc792ab0155 {{(pid=102641) record_port_status_changed /opt/stack/neutron/neutron/notifiers/nova.py:233}}
Apr 05 18:34:19.911298 n-d-836650-3 neutron-server[102640]: DEBUG neutron.api.rpc.handlers.resources_rpc [None req-ca6c1de7-571d-4319-a5a1-04123c9810d5 tempest-SecurityGroupsTestAdminJSON-184492499 tempest-SecurityGroupsTestAdminJSON-184492499-project-admin] Pushing event updated for resources: {'SecurityGroup': ['ID=2ab53c4a-a655-4588-9d47-850b628adbcf,revision_number=1']} {{(pid=102640) push /opt/stack/neutron/neutron/api/rpc/handlers/resources_rpc.py:237}}
Apr 05 18:34:19.924752 n-d-836650-3 neutron-server[102641]: DEBUG neutron.plugins.ml2.db [None req-0a0236c0-ad43-4674-a2ee-4e0e19d254bb None None] For port 6d6d42e9-28be-4ac1-96b9-4dc792ab0155, host n-h1-836650-3, got binding levels [PortBindingLevel(driver='hyperv',host='n-h1-836650-3',level=0,port_id=6d6d42e9-28be-4ac1-96b9-4dc792ab0155,segment=NetworkSegment(500dfec7-4790-49d3-8b6e-f461f09f5cc8),segment_id=500dfec7-4790-49d3-8b6e-f461f09f5cc8)] {{(pid=102641) get_binding_level_objs /opt/stack/neutron/neutron/plugins/ml2/db.py:74}}
Apr 05 18:34:19.929994 n-d-836650-3 neutron-server[102641]: DEBUG neutron_lib.callbacks.manager [None req-0a0236c0-ad43-4674-a2ee-4e0e19d254bb None None] Notify callbacks ['neutron.plugins.ml2.plugin.SecurityGroupServerNotifierRpcMixin._notify_sg_on_port_change-779098', 'neutron.plugins.ml2.ovo_rpc._ObjectChangeHandler.handle_event-18358', 'neutron.api.rpc.agentnotifiers.dhcp_rpc_agent_api.DhcpAgentNotifyAPI._native_event_send_dhcp_notification-16463031', 'neutron.db.l3_db.L3RpcNotifierMixin._notify_gateway_port_ip_changed-8773418736321', 'neutron.db.l3_dvrscheduler_db._notify_l3_agent_port_update-8773418213443', 'neutron.db.l3_hascheduler_db._notify_l3_agent_ha_port_update-8773418211831'] for port, after_update {{(pid=102641) _notify_loop /usr/local/lib/python3.8/dist-packages/neutron_lib/callbacks/manager.py:192}}
Apr 05 18:34:19.930866 n-d-836650-3 neutron-server[102641]: DEBUG neutron.plugins.ml2.rpc [None req-0a0236c0-ad43-4674-a2ee-4e0e19d254bb None None] Device a0384415-42f1-4944-85f2-20af3152316f details requested by agent hyperv_n-h1-836650-3 with host n-h1-836650-3 {{(pid=102641) get_device_details /opt/stack/neutron/neutron/plugins/ml2/rpc.py:102}}
Apr 05 18:34:19.963535 n-d-836650-3 neutron-server[102639]: DEBUG neutron.pecan_wsgi.hooks.policy_enforcement [req-53eb1713-78b7-44b1-8395-52764cb8ae44 req-686867df-4ea6-4e66-85b4-9e90d4650226 service neutron] Attributes excluded by policy engine: ['standard_attr_id'] {{(pid=102639) _exclude_attributes_by_policy /opt/stack/neutron/neutron/pecan_wsgi/hooks/policy_enforcement.py:255}}
Apr 05 18:34:19.964637 n-d-836650-3 neutron-server[102639]: INFO neutron.wsgi [req-53eb1713-78b7-44b1-8395-52764cb8ae44 req-686867df-4ea6-4e66-85b4-9e90d4650226 service neutron] 10.222.0.20 "GET /v2.0/ports?tenant_id=41a75e9c823d41ee82bdddcb9c2abe25&device_id=452c2025-3b35-44af-b065-3d881c81b711 HTTP/1.1" status: 200 len: 1094 time: 0.0537894
Apr 05 18:34:19.965981 n-d-836650-3 neutron-server[102640]: DEBUG neutron_lib.callbacks.manager [req-e9a4292b-ce88-45ff-bf2a-7cf0a6964582 req-ca6c1de7-571d-4319-a5a1-04123c9810d5 tempest-SecurityGroupsTestAdminJSON-184492499 tempest-SecurityGroupsTestAdminJSON-184492499-project-admin] Notify callbacks [] for security_group, precommit_create {{(pid=102640) _notify_loop /usr/local/lib/python3.8/dist-packages/neutron_lib/callbacks/manager.py:192}}
Apr 05 18:34:19.970792 n-d-836650-3 neutron-server[102640]: DEBUG neutron_lib.callbacks.manager [req-e9a4292b-ce88-45ff-bf2a-7cf0a6964582 req-ca6c1de7-571d-4319-a5a1-04123c9810d5 tempest-SecurityGroupsTestAdminJSON-184492499 tempest-SecurityGroupsTestAdminJSON-184492499-project-admin] Notify callbacks ['neutron.plugins.ml2.ovo_rpc._ObjectChangeHandler.handle_event-16475089'] for security_group, after_create {{(pid=102640) _notify_loop /usr/local/lib/python3.8/dist-packages/neutron_lib/callbacks/manager.py:192}}
Apr 05 18:34:19.982792 n-d-836650-3 neutron-server[102640]: DEBUG neutron.pecan_wsgi.hooks.policy_enforcement [req-a8d46957-142c-43dc-b72c-3f0da44387ac req-8aedcf30-0008-4b65-a373-2d3918c6ec12 tempest-LiveAutoBlockMigrationV225Test-1715357255 tempest-LiveAutoBlockMigrationV225Test-1715357255-project] Attributes excluded by policy engine: ['standard_attr_id', 'binding:profile', 'binding:host_id', 'binding:vif_type', 'binding:vif_details'] {{(pid=102640) _exclude_attributes_by_policy /opt/stack/neutron/neutron/pecan_wsgi/hooks/policy_enforcement.py:255}}
Apr 05 18:34:19.984485 n-d-836650-3 neutron-server[102640]: INFO neutron.wsgi [req-a8d46957-142c-43dc-b72c-3f0da44387ac req-8aedcf30-0008-4b65-a373-2d3918c6ec12 tempest-LiveAutoBlockMigrationV225Test-1715357255 tempest-LiveAutoBlockMigrationV225Test-1715357255-project] 10.222.0.15 "GET /v2.0/ports?device_id=3d562d23-4cf3-490c-972a-c3987bc6fcdd HTTP/1.1" status: 200 len: 943 time: 0.0901399
Apr 05 18:34:20.015646 n-d-836650-3 neutron-server[102640]: DEBUG neutron_lib.callbacks.manager [req-e9a4292b-ce88-45ff-bf2a-7cf0a6964582 req-ca6c1de7-571d-4319-a5a1-04123c9810d5 tempest-SecurityGroupsTestAdminJSON-184492499 tempest-SecurityGroupsTestAdminJSON-184492499-project-admin] Notify callbacks [] for security_group, before_response {{(pid=102640) _notify_loop /usr/local/lib/python3.8/dist-packages/neutron_lib/callbacks/manager.py:192}}
Apr 05 18:34:20.029548 n-d-836650-3 neutron-server[102640]: INFO neutron.wsgi [req-e9a4292b-ce88-45ff-bf2a-7cf0a6964582 req-ca6c1de7-571d-4319-a5a1-04123c9810d5 tempest-SecurityGroupsTestAdminJSON-184492499 tempest-SecurityGroupsTestAdminJSON-184492499-project-admin] 10.222.0.15 "POST /v2.0/security-groups HTTP/1.1" status: 201 len: 1783 time: 0.4402282
Apr 05 18:34:20.044563 n-d-836650-3 neutron-server[102640]: DEBUG neutron.api.rpc.handlers.resources_rpc [None req-ca6c1de7-571d-4319-a5a1-04123c9810d5 tempest-SecurityGroupsTestAdminJSON-184492499 tempest-SecurityGroupsTestAdminJSON-184492499-project-admin] Pushing event updated for resources: {'SecurityGroup': ['ID=c79127ed-e231-4d9a-ad62-ea012b7e2f79,revision_number=1']} {{(pid=102640) push /opt/stack/neutron/neutron/api/rpc/handlers/resources_rpc.py:237}}
Apr 05 18:34:20.059052 n-d-836650-3 neutron-server[102640]: INFO neutron.wsgi [req-a8d46957-142c-43dc-b72c-3f0da44387ac req-cb126777-c77e-48e6-a4ad-549b7bdb91ab tempest-LiveAutoBlockMigrationV225Test-1715357255 tempest-LiveAutoBlockMigrationV225Test-1715357255-project] 10.222.0.15 "GET /v2.0/security-groups?id=5e739d70-d175-4371-8c5d-41732461e2ef&fields=id&fields=name HTTP/1.1" status: 200 len: 286 time: 0.0630965
Apr 05 18:34:20.067526 n-d-836650-3 neutron-server[102641]: DEBUG neutron.plugins.ml2.db [None req-0a0236c0-ad43-4674-a2ee-4e0e19d254bb None None] For port a0384415-42f1-4944-85f2-20af3152316f, host n-h1-836650-3, got binding levels [PortBindingLevel(driver='hyperv',host='n-h1-836650-3',level=0,port_id=a0384415-42f1-4944-85f2-20af3152316f,segment=NetworkSegment(ffb5dac7-027a-49f9-88fe-08a5bb27b7f4),segment_id=ffb5dac7-027a-49f9-88fe-08a5bb27b7f4)] {{(pid=102641) get_binding_level_objs /opt/stack/neutron/neutron/plugins/ml2/db.py:74}}
Apr 05 18:34:20.070505 n-d-836650-3 neutron-server[102641]: DEBUG neutron.api.rpc.handlers.resources_rpc [None req-0a0236c0-ad43-4674-a2ee-4e0e19d254bb None None] Pushing event updated for resources: {'Port': ['ID=6d6d42e9-28be-4ac1-96b9-4dc792ab0155,revision_number=4']} {{(pid=102641) push /opt/stack/neutron/neutron/api/rpc/handlers/resources_rpc.py:237}}
Apr 05 18:34:20.093775 n-d-836650-3 neutron-server[102641]: DEBUG neutron.plugins.ml2.rpc [None req-0a0236c0-ad43-4674-a2ee-4e0e19d254bb None None] Returning: {'device': 'a0384415-42f1-4944-85f2-20af3152316f', 'network_id': '4a4450cc-4646-4c7c-b940-9f57d612b845', 'port_id': 'a0384415-42f1-4944-85f2-20af3152316f', 'mac_address': 'fa:16:3e:05:3b:ab', 'admin_state_up': True, 'network_type': 'vlan', 'segmentation_id': 50, 'physical_network': 'physnet1', 'mtu': 1500, 'fixed_ips': [{'subnet_id': '77422bc6-9503-4b21-9cbe-2b723f8b401b', 'ip_address': '172.20.0.3'}], 'device_owner': 'compute:nova', 'allowed_address_pairs': [], 'port_security_enabled': True, 'qos_policy_id': None, 'network_qos_policy_id': None, 'profile': {}, 'propagate_uplink_status': False} {{(pid=102641) _get_device_details /opt/stack/neutron/neutron/plugins/ml2/rpc.py:184}}
Apr 05 18:34:20.103900 n-d-836650-3 neutron-server[102639]: DEBUG neutron.pecan_wsgi.hooks.policy_enforcement [req-53eb1713-78b7-44b1-8395-52764cb8ae44 req-93c8af90-5459-4f97-abed-8ea5ad1c8973 service neutron] Attributes excluded by policy engine: ['standard_attr_id', 'vlan_transparent'] {{(pid=102639) _exclude_attributes_by_policy /opt/stack/neutron/neutron/pecan_wsgi/hooks/policy_enforcement.py:255}}
Apr 05 18:34:20.105318 n-d-836650-3 neutron-server[102639]: INFO neutron.wsgi [req-53eb1713-78b7-44b1-8395-52764cb8ae44 req-93c8af90-5459-4f97-abed-8ea5ad1c8973 service neutron] 10.222.0.20 "GET /v2.0/networks?id=59fc4373-f553-4cc9-8975-18ec33c4a672 HTTP/1.1" status: 200 len: 907 time: 0.1324956
Apr 05 18:34:20.147362 n-d-836650-3 neutron-server[102641]: DEBUG neutron_lib.callbacks.manager [None req-0a0236c0-ad43-4674-a2ee-4e0e19d254bb None None] Notify callbacks ['neutron.plugins.ml2.plugin.SecurityGroupDbMixin._ensure_default_security_group_handler-779029'] for port, before_update {{(pid=102641) _notify_loop /usr/local/lib/python3.8/dist-packages/neutron_lib/callbacks/manager.py:192}}
Apr 05 18:34:20.157566 n-d-836650-3 neutron-server[102639]: INFO neutron.wsgi [req-53eb1713-78b7-44b1-8395-52764cb8ae44 req-d4459437-e2db-4e72-9fd4-2ae4b9e49b61 service neutron] 10.222.0.20 "GET /v2.0/floatingips?fixed_ip_address=172.20.0.2&port_id=0e3b204d-c636-4880-884a-5f1585442a24 HTTP/1.1" status: 200 len: 217 time: 0.0436931
Apr 05 18:34:20.172830 n-d-836650-3 neutron-server[102641]: DEBUG neutron.notifiers.nova [None req-0a0236c0-ad43-4674-a2ee-4e0e19d254bb None None] Ignoring state change previous_port_status: DOWN current_port_status: BUILD port_id a0384415-42f1-4944-85f2-20af3152316f {{(pid=102641) record_port_status_changed /opt/stack/neutron/neutron/notifiers/nova.py:233}}
Apr 05 18:34:20.188559 n-d-836650-3 neutron-server[102640]: DEBUG neutron.pecan_wsgi.hooks.policy_enforcement [req-e0b4d544-c66b-4d7d-92da-66608999735c req-89376a9f-4a46-4c90-9618-80de0c6d0787 tempest-DeleteServersAdminTestJSON-965309742 tempest-DeleteServersAdminTestJSON-965309742-project] Attributes excluded by policy engine: ['standard_attr_id', 'binding:profile', 'binding:host_id', 'binding:vif_type', 'binding:vif_details'] {{(pid=102640) _exclude_attributes_by_policy /opt/stack/neutron/neutron/pecan_wsgi/hooks/policy_enforcement.py:255}}
Apr 05 18:34:20.191015 n-d-836650-3 neutron-server[102640]: INFO neutron.wsgi [req-e0b4d544-c66b-4d7d-92da-66608999735c req-89376a9f-4a46-4c90-9618-80de0c6d0787 tempest-DeleteServersAdminTestJSON-965309742 tempest-DeleteServersAdminTestJSON-965309742-project] 10.222.0.15 "GET /v2.0/ports?device_id=110e4e74-aab8-44f8-ac07-e4603cc191af HTTP/1.1" status: 200 len: 950 time: 0.0587082
Apr 05 18:34:20.204073 n-d-836650-3 neutron-server[102641]: DEBUG neutron.plugins.ml2.db [None req-0a0236c0-ad43-4674-a2ee-4e0e19d254bb None None] For port a0384415-42f1-4944-85f2-20af3152316f, host n-h1-836650-3, got binding levels [PortBindingLevel(driver='hyperv',host='n-h1-836650-3',level=0,port_id=a0384415-42f1-4944-85f2-20af3152316f,segment=NetworkSegment(ffb5dac7-027a-49f9-88fe-08a5bb27b7f4),segment_id=ffb5dac7-027a-49f9-88fe-08a5bb27b7f4)] {{(pid=102641) get_binding_level_objs /opt/stack/neutron/neutron/plugins/ml2/db.py:74}}
Apr 05 18:34:20.209360 n-d-836650-3 neutron-server[102641]: DEBUG neutron_lib.callbacks.manager [None req-0a0236c0-ad43-4674-a2ee-4e0e19d254bb None None] Notify callbacks ['neutron.plugins.ml2.plugin.SecurityGroupServerNotifierRpcMixin._notify_sg_on_port_change-779098', 'neutron.plugins.ml2.ovo_rpc._ObjectChangeHandler.handle_event-18358', 'neutron.api.rpc.agentnotifiers.dhcp_rpc_agent_api.DhcpAgentNotifyAPI._native_event_send_dhcp_notification-16463031', 'neutron.db.l3_db.L3RpcNotifierMixin._notify_gateway_port_ip_changed-8773418736321', 'neutron.db.l3_dvrscheduler_db._notify_l3_agent_port_update-8773418213443', 'neutron.db.l3_hascheduler_db._notify_l3_agent_ha_port_update-8773418211831'] for port, after_update {{(pid=102641) _notify_loop /usr/local/lib/python3.8/dist-packages/neutron_lib/callbacks/manager.py:192}}
Apr 05 18:34:20.210532 n-d-836650-3 neutron-server[102641]: DEBUG neutron.plugins.ml2.rpc [None req-0a0236c0-ad43-4674-a2ee-4e0e19d254bb None None] Device 8e728505-7a23-4643-b2ce-9a2bdcee6720 details requested by agent hyperv_n-h1-836650-3 with host n-h1-836650-3 {{(pid=102641) get_device_details /opt/stack/neutron/neutron/plugins/ml2/rpc.py:102}}
Apr 05 18:34:20.239815 n-d-836650-3 neutron-server[102639]: DEBUG neutron.pecan_wsgi.hooks.policy_enforcement [req-53eb1713-78b7-44b1-8395-52764cb8ae44 req-240690f4-ee58-497f-aaf1-2af61352d01a service neutron] Attributes excluded by policy engine: ['standard_attr_id', 'shared', 'segment_id'] {{(pid=102639) _exclude_attributes_by_policy /opt/stack/neutron/neutron/pecan_wsgi/hooks/policy_enforcement.py:255}}
Apr 05 18:34:20.241230 n-d-836650-3 neutron-server[102639]: INFO neutron.wsgi [req-53eb1713-78b7-44b1-8395-52764cb8ae44 req-240690f4-ee58-497f-aaf1-2af61352d01a service neutron] 10.222.0.20 "GET /v2.0/subnets?id=5bfa1f18-e103-421c-a525-7c9c6506fdf6 HTTP/1.1" status: 200 len: 847 time: 0.0771697
Apr 05 18:34:20.242505 n-d-836650-3 neutron-server[102640]: INFO neutron.wsgi [req-e0b4d544-c66b-4d7d-92da-66608999735c req-0919a517-5c60-4500-8a44-3bd065c49f16 tempest-DeleteServersAdminTestJSON-965309742 tempest-DeleteServersAdminTestJSON-965309742-project] 10.222.0.15 "GET /v2.0/security-groups?id=78901be1-5e73-4486-9e36-79c1785a6792&fields=id&fields=name HTTP/1.1" status: 200 len: 286 time: 0.0441482
Apr 05 18:34:20.284314 n-d-836650-3 neutron-server[102640]: DEBUG neutron.api.v2.base [req-c4f805bf-92c2-4d50-bc14-efa9e2ee2b7b req-476430b6-a951-41f2-912f-ddd61a504c55 tempest-SecurityGroupsTestAdminJSON-184492499 tempest-SecurityGroupsTestAdminJSON-184492499-project-admin] Request body: {'security_group': {'name': 'tempest-securitygroup-296279569', 'description': 'tempest-description-1596810754'}} {{(pid=102640) prepare_request_body /opt/stack/neutron/neutron/api/v2/base.py:729}}
Apr 05 18:34:20.299212 n-d-836650-3 neutron-server[102639]: INFO neutron.wsgi [req-53eb1713-78b7-44b1-8395-52764cb8ae44 req-db538c4f-07ac-41a9-b3b1-6e3a93cff539 service neutron] 10.222.0.20 "GET /v2.0/ports?network_id=59fc4373-f553-4cc9-8975-18ec33c4a672&device_owner=network%3Adhcp HTTP/1.1" status: 200 len: 210 time: 0.0444648
Apr 05 18:34:20.315927 n-d-836650-3 neutron-server[102640]: DEBUG neutron_lib.callbacks.manager [req-c4f805bf-92c2-4d50-bc14-efa9e2ee2b7b req-476430b6-a951-41f2-912f-ddd61a504c55 tempest-SecurityGroupsTestAdminJSON-184492499 tempest-SecurityGroupsTestAdminJSON-184492499-project-admin] Notify callbacks [] for security_group, before_create {{(pid=102640) _notify_loop /usr/local/lib/python3.8/dist-packages/neutron_lib/callbacks/manager.py:192}}
Apr 05 18:34:20.330168 n-d-836650-3 neutron-server[102641]: DEBUG neutron.api.rpc.handlers.resources_rpc [None req-0a0236c0-ad43-4674-a2ee-4e0e19d254bb None None] Pushing event updated for resources: {'Port': ['ID=a0384415-42f1-4944-85f2-20af3152316f,revision_number=4']} {{(pid=102641) push /opt/stack/neutron/neutron/api/rpc/handlers/resources_rpc.py:237}}
Apr 05 18:34:20.368669 n-d-836650-3 neutron-server[102641]: DEBUG neutron.plugins.ml2.db [None req-0a0236c0-ad43-4674-a2ee-4e0e19d254bb None None] For port 8e728505-7a23-4643-b2ce-9a2bdcee6720, host n-h1-836650-3, got binding levels [PortBindingLevel(driver='hyperv',host='n-h1-836650-3',level=0,port_id=8e728505-7a23-4643-b2ce-9a2bdcee6720,segment=NetworkSegment(0f2356ae-f1c3-4d27-89a6-5e5bdd3f1cba),segment_id=0f2356ae-f1c3-4d27-89a6-5e5bdd3f1cba)] {{(pid=102641) get_binding_level_objs /opt/stack/neutron/neutron/plugins/ml2/db.py:74}}
Apr 05 18:34:20.383173 n-d-836650-3 neutron-server[102641]: DEBUG neutron.plugins.ml2.rpc [None req-0a0236c0-ad43-4674-a2ee-4e0e19d254bb None None] Returning: {'device': '8e728505-7a23-4643-b2ce-9a2bdcee6720', 'network_id': '058d777f-032f-42cb-b349-189b9469a41f', 'port_id': '8e728505-7a23-4643-b2ce-9a2bdcee6720', 'mac_address': 'fa:16:3e:07:61:ab', 'admin_state_up': True, 'network_type': 'vlan', 'segmentation_id': 51, 'physical_network': 'physnet1', 'mtu': 1500, 'fixed_ips': [{'subnet_id': 'e04c81aa-07d7-4144-a03b-6d2077812111', 'ip_address': '192.168.233.45'}], 'device_owner': 'compute:nova', 'allowed_address_pairs': [], 'port_security_enabled': True, 'qos_policy_id': None, 'network_qos_policy_id': None, 'profile': {}, 'propagate_uplink_status': False} {{(pid=102641) _get_device_details /opt/stack/neutron/neutron/plugins/ml2/rpc.py:184}}
Apr 05 18:34:20.414944 n-d-836650-3 neutron-server[102639]: INFO neutron.wsgi [req-53eb1713-78b7-44b1-8395-52764cb8ae44 req-536ea699-6c7a-490e-b392-da9a0f775ccd service neutron] 10.222.0.20 "GET /v2.0/networks/59fc4373-f553-4cc9-8975-18ec33c4a672?fields=segments HTTP/1.1" status: 200 len: 212 time: 0.1079364
Apr 05 18:34:20.434979 n-d-836650-3 neutron-server[102640]: DEBUG neutron_lib.callbacks.manager [req-c4f805bf-92c2-4d50-bc14-efa9e2ee2b7b req-476430b6-a951-41f2-912f-ddd61a504c55 tempest-SecurityGroupsTestAdminJSON-184492499 tempest-SecurityGroupsTestAdminJSON-184492499-project-admin] Notify callbacks [] for security_group, precommit_create {{(pid=102640) _notify_loop /usr/local/lib/python3.8/dist-packages/neutron_lib/callbacks/manager.py:192}}
Apr 05 18:34:20.438645 n-d-836650-3 neutron-server[102641]: DEBUG neutron_lib.callbacks.manager [None req-0a0236c0-ad43-4674-a2ee-4e0e19d254bb None None] Notify callbacks ['neutron.plugins.ml2.plugin.SecurityGroupDbMixin._ensure_default_security_group_handler-779029'] for port, before_update {{(pid=102641) _notify_loop /usr/local/lib/python3.8/dist-packages/neutron_lib/callbacks/manager.py:192}}
Apr 05 18:34:20.444097 n-d-836650-3 neutron-server[102640]: DEBUG neutron.pecan_wsgi.hooks.policy_enforcement [req-f0be9660-2e00-4300-ae98-b077f7769dd8 req-6881f0c1-e9d1-4731-a75b-bc23a25adc2d tempest-MigrationsAdminTest-452223518 tempest-MigrationsAdminTest-452223518-project] Attributes excluded by policy engine: ['standard_attr_id', 'binding:profile', 'binding:host_id', 'binding:vif_type', 'binding:vif_details'] {{(pid=102640) _exclude_attributes_by_policy /opt/stack/neutron/neutron/pecan_wsgi/hooks/policy_enforcement.py:255}}
Apr 05 18:34:20.445583 n-d-836650-3 neutron-server[102640]: INFO neutron.wsgi [req-f0be9660-2e00-4300-ae98-b077f7769dd8 req-6881f0c1-e9d1-4731-a75b-bc23a25adc2d tempest-MigrationsAdminTest-452223518 tempest-MigrationsAdminTest-452223518-project] 10.222.0.15 "GET /v2.0/ports?device_id=35c363ef-19e4-4d60-bd5b-89d78d8901d6 HTTP/1.1" status: 200 len: 947 time: 0.0834804
Apr 05 18:34:20.447536 n-d-836650-3 neutron-server[102640]: DEBUG neutron_lib.callbacks.manager [req-c4f805bf-92c2-4d50-bc14-efa9e2ee2b7b req-476430b6-a951-41f2-912f-ddd61a504c55 tempest-SecurityGroupsTestAdminJSON-184492499 tempest-SecurityGroupsTestAdminJSON-184492499-project-admin] Notify callbacks ['neutron.plugins.ml2.ovo_rpc._ObjectChangeHandler.handle_event-16475089'] for security_group, after_create {{(pid=102640) _notify_loop /usr/local/lib/python3.8/dist-packages/neutron_lib/callbacks/manager.py:192}}
Apr 05 18:34:20.463738 n-d-836650-3 neutron-server[102641]: DEBUG neutron.notifiers.nova [None req-0a0236c0-ad43-4674-a2ee-4e0e19d254bb None None] Ignoring state change previous_port_status: DOWN current_port_status: BUILD port_id 8e728505-7a23-4643-b2ce-9a2bdcee6720 {{(pid=102641) record_port_status_changed /opt/stack/neutron/neutron/notifiers/nova.py:233}}
Apr 05 18:34:20.487330 n-d-836650-3 neutron-server[102641]: DEBUG neutron.plugins.ml2.db [None req-0a0236c0-ad43-4674-a2ee-4e0e19d254bb None None] For port 8e728505-7a23-4643-b2ce-9a2bdcee6720, host n-h1-836650-3, got binding levels [PortBindingLevel(driver='hyperv',host='n-h1-836650-3',level=0,port_id=8e728505-7a23-4643-b2ce-9a2bdcee6720,segment=NetworkSegment(0f2356ae-f1c3-4d27-89a6-5e5bdd3f1cba),segment_id=0f2356ae-f1c3-4d27-89a6-5e5bdd3f1cba)] {{(pid=102641) get_binding_level_objs /opt/stack/neutron/neutron/plugins/ml2/db.py:74}}
Apr 05 18:34:20.491853 n-d-836650-3 neutron-server[102640]: DEBUG neutron_lib.callbacks.manager [req-c4f805bf-92c2-4d50-bc14-efa9e2ee2b7b req-476430b6-a951-41f2-912f-ddd61a504c55 tempest-SecurityGroupsTestAdminJSON-184492499 tempest-SecurityGroupsTestAdminJSON-184492499-project-admin] Notify callbacks [] for security_group, before_response {{(pid=102640) _notify_loop /usr/local/lib/python3.8/dist-packages/neutron_lib/callbacks/manager.py:192}}
Apr 05 18:34:20.493056 n-d-836650-3 neutron-server[102640]: INFO neutron.wsgi [req-c4f805bf-92c2-4d50-bc14-efa9e2ee2b7b req-476430b6-a951-41f2-912f-ddd61a504c55 tempest-SecurityGroupsTestAdminJSON-184492499 tempest-SecurityGroupsTestAdminJSON-184492499-project-admin] 10.222.0.15 "POST /v2.0/security-groups HTTP/1.1" status: 201 len: 1782 time: 0.2140286
Apr 05 18:34:20.493812 n-d-836650-3 neutron-server[102641]: DEBUG neutron_lib.callbacks.manager [None req-0a0236c0-ad43-4674-a2ee-4e0e19d254bb None None] Notify callbacks ['neutron.plugins.ml2.plugin.SecurityGroupServerNotifierRpcMixin._notify_sg_on_port_change-779098', 'neutron.plugins.ml2.ovo_rpc._ObjectChangeHandler.handle_event-18358', 'neutron.api.rpc.agentnotifiers.dhcp_rpc_agent_api.DhcpAgentNotifyAPI._native_event_send_dhcp_notification-16463031', 'neutron.db.l3_db.L3RpcNotifierMixin._notify_gateway_port_ip_changed-8773418736321', 'neutron.db.l3_dvrscheduler_db._notify_l3_agent_port_update-8773418213443', 'neutron.db.l3_hascheduler_db._notify_l3_agent_ha_port_update-8773418211831'] for port, after_update {{(pid=102641) _notify_loop /usr/local/lib/python3.8/dist-packages/neutron_lib/callbacks/manager.py:192}}
Apr 05 18:34:20.510732 n-d-836650-3 neutron-server[102640]: DEBUG neutron.api.rpc.handlers.resources_rpc [None req-476430b6-a951-41f2-912f-ddd61a504c55 tempest-SecurityGroupsTestAdminJSON-184492499 tempest-SecurityGroupsTestAdminJSON-184492499-project-admin] Pushing event updated for resources: {'SecurityGroup': ['ID=27e19368-e392-45df-a4cb-b3497763c337,revision_number=1']} {{(pid=102640) push /opt/stack/neutron/neutron/api/rpc/handlers/resources_rpc.py:237}}
Apr 05 18:34:20.520247 n-d-836650-3 neutron-server[102640]: INFO neutron.wsgi [req-f0be9660-2e00-4300-ae98-b077f7769dd8 req-3ffbb127-e437-468f-b111-f23c3544cad9 tempest-MigrationsAdminTest-452223518 tempest-MigrationsAdminTest-452223518-project] 10.222.0.15 "GET /v2.0/security-groups?id=eb2a1369-a14c-4336-8122-1173c11f01af&fields=id&fields=name HTTP/1.1" status: 200 len: 286 time: 0.0679808
Apr 05 18:34:20.524786 n-d-836650-3 neutron-server[102639]: INFO neutron.wsgi [req-53eb1713-78b7-44b1-8395-52764cb8ae44 req-bb28206f-5ae2-46ef-8cb8-397108d087bf service neutron] 10.222.0.20 "GET /v2.0/networks/59fc4373-f553-4cc9-8975-18ec33c4a672?fields=provider%3Aphysical_network&fields=provider%3Anetwork_type HTTP/1.1" status: 200 len: 281 time: 0.1022406
Apr 05 18:34:20.563554 n-d-836650-3 neutron-server[102641]: DEBUG neutron.api.rpc.handlers.resources_rpc [None req-0a0236c0-ad43-4674-a2ee-4e0e19d254bb None None] Pushing event updated for resources: {'Port': ['ID=8e728505-7a23-4643-b2ce-9a2bdcee6720,revision_number=4']} {{(pid=102641) push /opt/stack/neutron/neutron/api/rpc/handlers/resources_rpc.py:237}}
Apr 05 18:34:20.906587 n-d-836650-3 neutron-server[102639]: DEBUG neutron.wsgi [-] (102639) accepted ('10.222.0.15', 59154) {{(pid=102639) server /usr/local/lib/python3.8/dist-packages/eventlet/wsgi.py:982}}
Apr 05 18:34:20.943602 n-d-836650-3 neutron-server[102640]: DEBUG neutron.pecan_wsgi.hooks.policy_enforcement [req-13f7ba34-067c-40fc-ae56-32ebc1d72311 req-548f38c1-0e04-4517-b41d-146180a18dac tempest-ServersWithSpecificFlavorTestJSON-1509935989 tempest-ServersWithSpecificFlavorTestJSON-1509935989-project] Attributes excluded by policy engine: ['standard_attr_id', 'binding:profile', 'binding:host_id', 'binding:vif_type', 'binding:vif_details'] {{(pid=102640) _exclude_attributes_by_policy /opt/stack/neutron/neutron/pecan_wsgi/hooks/policy_enforcement.py:255}}
Apr 05 18:34:20.945033 n-d-836650-3 neutron-server[102640]: INFO neutron.wsgi [req-13f7ba34-067c-40fc-ae56-32ebc1d72311 req-548f38c1-0e04-4517-b41d-146180a18dac tempest-ServersWithSpecificFlavorTestJSON-1509935989 tempest-ServersWithSpecificFlavorTestJSON-1509935989-project] 10.222.0.15 "GET /v2.0/ports?device_id=f8972ed9-9e35-48a5-879f-6a57a8d33ec7 HTTP/1.1" status: 200 len: 945 time: 0.0875535
Apr 05 18:34:21.012351 n-d-836650-3 neutron-server[102639]: DEBUG neutron_lib.callbacks.manager [None req-3a0165d3-159b-44ee-a691-0080c6a47b7c admin admin] Notify callbacks [] for security_group, before_create {{(pid=102639) _notify_loop /usr/local/lib/python3.8/dist-packages/neutron_lib/callbacks/manager.py:192}}
Apr 05 18:34:21.015352 n-d-836650-3 neutron-server[102640]: INFO neutron.wsgi [req-13f7ba34-067c-40fc-ae56-32ebc1d72311 req-bae0a2cb-dda2-4cf9-865d-ac2a4e43e699 tempest-ServersWithSpecificFlavorTestJSON-1509935989 tempest-ServersWithSpecificFlavorTestJSON-1509935989-project] 10.222.0.15 "GET /v2.0/security-groups?id=79132f35-fea1-45df-adca-fc48f4fa3d2c&fields=id&fields=name HTTP/1.1" status: 200 len: 313 time: 0.0624378
Apr 05 18:34:21.020348 n-d-836650-3 neutron-server[102641]: DEBUG neutron.plugins.ml2.db [None req-0a0236c0-ad43-4674-a2ee-4e0e19d254bb None None] get_ports_and_sgs() called for port_ids ['6d6d42e9-28be-4ac1-96b9-4dc792ab0155'] {{(pid=102641) get_ports_and_sgs /opt/stack/neutron/neutron/plugins/ml2/db.py:156}}
Apr 05 18:34:21.073112 n-d-836650-3 neutron-server[102641]: DEBUG neutron.plugins.ml2.db [None req-0a0236c0-ad43-4674-a2ee-4e0e19d254bb None None] get_ports_and_sgs() called for port_ids ['8e728505-7a23-4643-b2ce-9a2bdcee6720'] {{(pid=102641) get_ports_and_sgs /opt/stack/neutron/neutron/plugins/ml2/db.py:156}}
Apr 05 18:34:21.118570 n-d-836650-3 neutron-server[102641]: DEBUG neutron.plugins.ml2.db [None req-0a0236c0-ad43-4674-a2ee-4e0e19d254bb None None] get_ports_and_sgs() called for port_ids ['a0384415-42f1-4944-85f2-20af3152316f'] {{(pid=102641) get_ports_and_sgs /opt/stack/neutron/neutron/plugins/ml2/db.py:156}}
Apr 05 18:34:21.119606 n-d-836650-3 neutron-server[102639]: DEBUG neutron_lib.callbacks.manager [None req-3a0165d3-159b-44ee-a691-0080c6a47b7c admin admin] Notify callbacks [] for security_group, precommit_create {{(pid=102639) _notify_loop /usr/local/lib/python3.8/dist-packages/neutron_lib/callbacks/manager.py:192}}
Apr 05 18:34:21.125842 n-d-836650-3 neutron-server[102639]: DEBUG neutron_lib.callbacks.manager [None req-3a0165d3-159b-44ee-a691-0080c6a47b7c admin admin] Notify callbacks ['neutron.plugins.ml2.ovo_rpc._ObjectChangeHandler.handle_event-16475089'] for security_group, after_create {{(pid=102639) _notify_loop /usr/local/lib/python3.8/dist-packages/neutron_lib/callbacks/manager.py:192}}
Apr 05 18:34:21.170994 n-d-836650-3 neutron-server[102639]: INFO neutron.wsgi [None req-3a0165d3-159b-44ee-a691-0080c6a47b7c admin admin] 10.222.0.15 "GET /v2.0/security-groups?tenant_id=f70e20e6f4964185b9db4347c84d38b3&name=default HTTP/1.1" status: 200 len: 2979 time: 0.2633286
Apr 05 18:34:21.176370 n-d-836650-3 neutron-server[102639]: DEBUG neutron.wsgi [-] (102639) accepted ('10.222.0.15', 59166) {{(pid=102639) server /usr/local/lib/python3.8/dist-packages/eventlet/wsgi.py:982}}
Apr 05 18:34:21.177505 n-d-836650-3 neutron-server[102640]: INFO neutron.wsgi [req-f02d015b-b25d-413b-a911-f2e036a3d3f0 req-d35a0000-5cff-4617-b0da-290f1ab56dbd tempest-SecurityGroupsTestAdminJSON-184492499 tempest-SecurityGroupsTestAdminJSON-184492499-project-admin] 10.222.0.15 "GET /v2.0/security-groups HTTP/1.1" status: 200 len: 45078 time: 0.5308421
Apr 05 18:34:21.223931 n-d-836650-3 neutron-server[102639]: DEBUG neutron.api.rpc.handlers.resources_rpc [None req-3a0165d3-159b-44ee-a691-0080c6a47b7c admin admin] Pushing event updated for resources: {'SecurityGroup': ['ID=69e23b92-d879-4e51-a31f-d0fc4e2b4a9d,revision_number=1']} {{(pid=102639) push /opt/stack/neutron/neutron/api/rpc/handlers/resources_rpc.py:237}}
Apr 05 18:34:21.260660 n-d-836650-3 neutron-server[102639]: DEBUG neutron_lib.callbacks.manager [None req-745444a2-19bc-445e-a202-cdf73a08ef33 admin admin] Notify callbacks [] for security_group, before_delete {{(pid=102639) _notify_loop /usr/local/lib/python3.8/dist-packages/neutron_lib/callbacks/manager.py:192}}
Apr 05 18:34:21.272479 n-d-836650-3 neutron-server[102640]: INFO neutron.wsgi [req-f02d015b-b25d-413b-a911-f2e036a3d3f0 req-775a5893-7d71-41a0-9789-cdaece36a911 tempest-SecurityGroupsTestAdminJSON-184492499 tempest-SecurityGroupsTestAdminJSON-184492499-project-admin] 10.222.0.15 "GET /v2.0/security-groups/1ccc6de7-fd16-4a2f-bb4b-fa883b32909c HTTP/1.1" status: 200 len: 2981 time: 0.0824502
Apr 05 18:34:21.303307 n-d-836650-3 neutron-server[102639]: DEBUG neutron_lib.callbacks.manager [None req-745444a2-19bc-445e-a202-cdf73a08ef33 admin admin] Notify callbacks [] for security_group, precommit_delete {{(pid=102639) _notify_loop /usr/local/lib/python3.8/dist-packages/neutron_lib/callbacks/manager.py:192}}
Apr 05 18:34:21.351164 n-d-836650-3 neutron-server[102640]: INFO neutron.wsgi [req-f02d015b-b25d-413b-a911-f2e036a3d3f0 req-28d2fec8-2182-4d5f-b0bd-b4b9e9718437 tempest-SecurityGroupsTestAdminJSON-184492499 tempest-SecurityGroupsTestAdminJSON-184492499-project-admin] 10.222.0.15 "GET /v2.0/security-groups/1ccc6de7-fd16-4a2f-bb4b-fa883b32909c HTTP/1.1" status: 200 len: 2981 time: 0.0719864
Apr 05 18:34:21.363850 n-d-836650-3 neutron-server[102639]: DEBUG neutron_lib.callbacks.manager [None req-745444a2-19bc-445e-a202-cdf73a08ef33 admin admin] Notify callbacks ['neutron.plugins.ml2.ovo_rpc._ObjectChangeHandler.handle_event-16475089'] for security_group, after_delete {{(pid=102639) _notify_loop /usr/local/lib/python3.8/dist-packages/neutron_lib/callbacks/manager.py:192}}
Apr 05 18:34:21.365511 n-d-836650-3 neutron-server[102640]: DEBUG neutron.pecan_wsgi.hooks.policy_enforcement [req-38b7a6f7-bba9-454f-8ad9-d8c18234cbb0 req-a375946c-fc3f-4b92-a872-2996f45ae965 tempest-DeleteServersAdminTestJSON-965309742 tempest-DeleteServersAdminTestJSON-965309742-project] Attributes excluded by policy engine: ['standard_attr_id', 'binding:profile', 'binding:host_id', 'binding:vif_type', 'binding:vif_details'] {{(pid=102640) _exclude_attributes_by_policy /opt/stack/neutron/neutron/pecan_wsgi/hooks/policy_enforcement.py:255}}
Apr 05 18:34:21.366912 n-d-836650-3 neutron-server[102639]: DEBUG neutron_lib.callbacks.manager [None req-745444a2-19bc-445e-a202-cdf73a08ef33 admin admin] Notify callbacks [] for security_group, before_response {{(pid=102639) _notify_loop /usr/local/lib/python3.8/dist-packages/neutron_lib/callbacks/manager.py:192}}
Apr 05 18:34:21.367093 n-d-836650-3 neutron-server[102640]: INFO neutron.wsgi [req-38b7a6f7-bba9-454f-8ad9-d8c18234cbb0 req-a375946c-fc3f-4b92-a872-2996f45ae965 tempest-DeleteServersAdminTestJSON-965309742 tempest-DeleteServersAdminTestJSON-965309742-project] 10.222.0.15 "GET /v2.0/ports?device_id=110e4e74-aab8-44f8-ac07-e4603cc191af HTTP/1.1" status: 200 len: 950 time: 0.0719092
Apr 05 18:34:21.374718 n-d-836650-3 neutron-server[102639]: INFO neutron.wsgi [None req-745444a2-19bc-445e-a202-cdf73a08ef33 admin admin] 10.222.0.15 "DELETE /v2.0/security-groups/69e23b92-d879-4e51-a31f-d0fc4e2b4a9d HTTP/1.1" status: 204 len: 168 time: 0.1933389
Apr 05 18:34:21.384467 n-d-836650-3 neutron-server[102639]: DEBUG neutron.api.rpc.handlers.resources_rpc [None req-745444a2-19bc-445e-a202-cdf73a08ef33 admin admin] Pushing event deleted for resources: {'SecurityGroup': ['ID=69e23b92-d879-4e51-a31f-d0fc4e2b4a9d,revision_number=None']} {{(pid=102639) push /opt/stack/neutron/neutron/api/rpc/handlers/resources_rpc.py:237}}
Apr 05 18:34:21.457595 n-d-836650-3 neutron-server[102640]: INFO neutron.wsgi [req-f02d015b-b25d-413b-a911-f2e036a3d3f0 req-bf76876d-54b8-419b-8465-d64330c05e6c tempest-SecurityGroupsTestAdminJSON-184492499 tempest-SecurityGroupsTestAdminJSON-184492499-project-admin] 10.222.0.15 "GET /v2.0/security-groups/2ab53c4a-a655-4588-9d47-850b628adbcf HTTP/1.1" status: 200 len: 2981 time: 0.0894091
Apr 05 18:34:21.466908 n-d-836650-3 neutron-server[102640]: INFO neutron.wsgi [req-38b7a6f7-bba9-454f-8ad9-d8c18234cbb0 req-f3de39cc-bb8c-4ca5-8b5e-d3e416158a0b tempest-DeleteServersAdminTestJSON-965309742 tempest-DeleteServersAdminTestJSON-965309742-project] 10.222.0.15 "GET /v2.0/security-groups?id=78901be1-5e73-4486-9e36-79c1785a6792&fields=id&fields=name HTTP/1.1" status: 200 len: 286 time: 0.0869853
Apr 05 18:34:21.512656 n-d-836650-3 neutron-server[102640]: INFO neutron.wsgi [req-f02d015b-b25d-413b-a911-f2e036a3d3f0 req-4d8667a4-ff3d-430d-bb3d-e13e50658b73 tempest-SecurityGroupsTestAdminJSON-184492499 tempest-SecurityGroupsTestAdminJSON-184492499-project-admin] 10.222.0.15 "GET /v2.0/security-groups/2ab53c4a-a655-4588-9d47-850b628adbcf HTTP/1.1" status: 200 len: 2981 time: 0.0444205
Apr 05 18:34:21.585398 n-d-836650-3 neutron-server[102640]: INFO neutron.wsgi [req-f02d015b-b25d-413b-a911-f2e036a3d3f0 req-218f0803-2142-471e-90de-617dd9d08daa tempest-SecurityGroupsTestAdminJSON-184492499 tempest-SecurityGroupsTestAdminJSON-184492499-project-admin] 10.222.0.15 "GET /v2.0/security-groups/3ff487da-0578-4c16-8d75-0b828d45a7d4 HTTP/1.1" status: 200 len: 2981 time: 0.0586131
Apr 05 18:34:21.594245 n-d-836650-3 neutron-server[102640]: DEBUG neutron.pecan_wsgi.hooks.policy_enforcement [req-f7a187c8-8126-44d1-9961-06383fae220c req-46a22444-debc-4353-b425-4d7f2ef5fb8e tempest-LiveMigrationTest-1988679246 tempest-LiveMigrationTest-1988679246-project] Attributes excluded by policy engine: ['standard_attr_id', 'binding:profile', 'binding:host_id', 'binding:vif_type', 'binding:vif_details'] {{(pid=102640) _exclude_attributes_by_policy /opt/stack/neutron/neutron/pecan_wsgi/hooks/policy_enforcement.py:255}}
Apr 05 18:34:21.595716 n-d-836650-3 neutron-server[102640]: INFO neutron.wsgi [req-f7a187c8-8126-44d1-9961-06383fae220c req-46a22444-debc-4353-b425-4d7f2ef5fb8e tempest-LiveMigrationTest-1988679246 tempest-LiveMigrationTest-1988679246-project] 10.222.0.15 "GET /v2.0/ports?device_id=452c2025-3b35-44af-b065-3d881c81b711 HTTP/1.1" status: 200 len: 943 time: 0.0776765
Apr 05 18:34:21.662845 n-d-836650-3 neutron-server[102640]: INFO neutron.wsgi [req-f7a187c8-8126-44d1-9961-06383fae220c req-3f517d88-3118-4e9f-982b-61525cb40fc6 tempest-LiveMigrationTest-1988679246 tempest-LiveMigrationTest-1988679246-project] 10.222.0.15 "GET /v2.0/security-groups?id=faee22c5-e6fa-40a1-b527-e1139a20ac14&fields=id&fields=name HTTP/1.1" status: 200 len: 286 time: 0.0601182
Apr 05 18:34:21.663847 n-d-836650-3 neutron-server[102639]: DEBUG neutron.wsgi [-] (102639) accepted ('10.222.0.15', 59178) {{(pid=102639) server /usr/local/lib/python3.8/dist-packages/eventlet/wsgi.py:982}}
Apr 05 18:34:21.664323 n-d-836650-3 neutron-server[102640]: INFO neutron.wsgi [req-f02d015b-b25d-413b-a911-f2e036a3d3f0 req-6ee09543-cd7d-4ad6-bb71-dafa7e9e9539 tempest-SecurityGroupsTestAdminJSON-184492499 tempest-SecurityGroupsTestAdminJSON-184492499-project-admin] 10.222.0.15 "GET /v2.0/security-groups/3ff487da-0578-4c16-8d75-0b828d45a7d4 HTTP/1.1" status: 200 len: 2981 time: 0.0677650
Apr 05 18:34:21.680439 n-d-836650-3 neutron-server[102639]: DEBUG neutron_lib.callbacks.manager [None req-595b8478-85f3-4c93-99d2-b9895261d534 admin admin] Notify callbacks [] for security_group, before_create {{(pid=102639) _notify_loop /usr/local/lib/python3.8/dist-packages/neutron_lib/callbacks/manager.py:192}}
Apr 05 18:34:21.715194 n-d-836650-3 neutron-server[102640]: INFO neutron.wsgi [req-f02d015b-b25d-413b-a911-f2e036a3d3f0 req-febadc2a-689f-459b-802b-f887e113d36e tempest-SecurityGroupsTestAdminJSON-184492499 tempest-SecurityGroupsTestAdminJSON-184492499-project-admin] 10.222.0.15 "GET /v2.0/security-groups/5e739d70-d175-4371-8c5d-41732461e2ef HTTP/1.1" status: 200 len: 2981 time: 0.0433443
Apr 05 18:34:21.758657 n-d-836650-3 neutron-server[102639]: DEBUG neutron_lib.callbacks.manager [None req-595b8478-85f3-4c93-99d2-b9895261d534 admin admin] Notify callbacks [] for security_group, precommit_create {{(pid=102639) _notify_loop /usr/local/lib/python3.8/dist-packages/neutron_lib/callbacks/manager.py:192}}
Apr 05 18:34:21.763258 n-d-836650-3 neutron-server[102639]: DEBUG neutron_lib.callbacks.manager [None req-595b8478-85f3-4c93-99d2-b9895261d534 admin admin] Notify callbacks ['neutron.plugins.ml2.ovo_rpc._ObjectChangeHandler.handle_event-16475089'] for security_group, after_create {{(pid=102639) _notify_loop /usr/local/lib/python3.8/dist-packages/neutron_lib/callbacks/manager.py:192}}
Apr 05 18:34:21.784293 n-d-836650-3 neutron-server[102640]: INFO neutron.wsgi [req-f02d015b-b25d-413b-a911-f2e036a3d3f0 req-1faea085-8f52-4483-9bb5-41dfebc70526 tempest-SecurityGroupsTestAdminJSON-184492499 tempest-SecurityGroupsTestAdminJSON-184492499-project-admin] 10.222.0.15 "GET /v2.0/security-groups/5e739d70-d175-4371-8c5d-41732461e2ef HTTP/1.1" status: 200 len: 2981 time: 0.0658009
Apr 05 18:34:21.796481 n-d-836650-3 neutron-server[102640]: DEBUG neutron.pecan_wsgi.hooks.policy_enforcement [req-5f6fd5d0-34c5-4c3e-a78e-9381325adb7e req-85343f84-5806-42ca-ac3b-f0df868a557c tempest-LiveAutoBlockMigrationV225Test-1715357255 tempest-LiveAutoBlockMigrationV225Test-1715357255-project] Attributes excluded by policy engine: ['standard_attr_id', 'binding:profile', 'binding:host_id', 'binding:vif_type', 'binding:vif_details'] {{(pid=102640) _exclude_attributes_by_policy /opt/stack/neutron/neutron/pecan_wsgi/hooks/policy_enforcement.py:255}}
Apr 05 18:34:21.797968 n-d-836650-3 neutron-server[102640]: INFO neutron.wsgi [req-5f6fd5d0-34c5-4c3e-a78e-9381325adb7e req-85343f84-5806-42ca-ac3b-f0df868a557c tempest-LiveAutoBlockMigrationV225Test-1715357255 tempest-LiveAutoBlockMigrationV225Test-1715357255-project] 10.222.0.15 "GET /v2.0/ports?device_id=3d562d23-4cf3-490c-972a-c3987bc6fcdd HTTP/1.1" status: 200 len: 944 time: 0.0667148
Apr 05 18:34:21.802752 n-d-836650-3 neutron-server[102639]: INFO neutron.wsgi [None req-595b8478-85f3-4c93-99d2-b9895261d534 admin admin] 10.222.0.15 "GET /v2.0/security-groups?tenant_id=1b308837d1a04d95a3a32465a7fa88ff&name=default HTTP/1.1" status: 200 len: 2979 time: 0.1375775
Apr 05 18:34:21.803785 n-d-836650-3 neutron-server[102639]: DEBUG neutron.api.rpc.handlers.resources_rpc [None req-595b8478-85f3-4c93-99d2-b9895261d534 admin admin] Pushing event updated for resources: {'SecurityGroup': ['ID=207c31a1-3eab-4985-8302-9ecd7a08fdae,revision_number=1']} {{(pid=102639) push /opt/stack/neutron/neutron/api/rpc/handlers/resources_rpc.py:237}}
Apr 05 18:34:21.806622 n-d-836650-3 neutron-server[102639]: DEBUG neutron.wsgi [-] (102639) accepted ('10.222.0.15', 59180) {{(pid=102639) server /usr/local/lib/python3.8/dist-packages/eventlet/wsgi.py:982}}
Apr 05 18:34:21.857304 n-d-836650-3 neutron-server[102639]: DEBUG neutron_lib.callbacks.manager [None req-c3d4df1a-613d-49e5-99d8-e9146228bba7 admin admin] Notify callbacks [] for security_group, before_delete {{(pid=102639) _notify_loop /usr/local/lib/python3.8/dist-packages/neutron_lib/callbacks/manager.py:192}}
Apr 05 18:34:21.857816 n-d-836650-3 neutron-server[102640]: INFO neutron.wsgi [req-f02d015b-b25d-413b-a911-f2e036a3d3f0 req-74a86072-b38f-4673-b782-1cd5e91fd2ff tempest-SecurityGroupsTestAdminJSON-184492499 tempest-SecurityGroupsTestAdminJSON-184492499-project-admin] 10.222.0.15 "GET /v2.0/security-groups/63b9af5d-c9d4-4138-895a-aba2f5fc0abc HTTP/1.1" status: 200 len: 2973 time: 0.0588500
Apr 05 18:34:21.863056 n-d-836650-3 neutron-server[102640]: INFO neutron.wsgi [req-5f6fd5d0-34c5-4c3e-a78e-9381325adb7e req-8ff45185-9fa2-4235-88e4-7a4957c38d53 tempest-LiveAutoBlockMigrationV225Test-1715357255 tempest-LiveAutoBlockMigrationV225Test-1715357255-project] 10.222.0.15 "GET /v2.0/security-groups?id=5e739d70-d175-4371-8c5d-41732461e2ef&fields=id&fields=name HTTP/1.1" status: 200 len: 286 time: 0.0526755
Apr 05 18:34:21.879663 n-d-836650-3 neutron-server[102639]: DEBUG neutron_lib.callbacks.manager [None req-c3d4df1a-613d-49e5-99d8-e9146228bba7 admin admin] Notify callbacks [] for security_group, precommit_delete {{(pid=102639) _notify_loop /usr/local/lib/python3.8/dist-packages/neutron_lib/callbacks/manager.py:192}}
Apr 05 18:34:21.913860 n-d-836650-3 neutron-server[102640]: INFO neutron.wsgi [req-f02d015b-b25d-413b-a911-f2e036a3d3f0 req-1cabc8ea-7925-4614-ab47-c71089b875a6 tempest-SecurityGroupsTestAdminJSON-184492499 tempest-SecurityGroupsTestAdminJSON-184492499-project-admin] 10.222.0.15 "GET /v2.0/security-groups/63b9af5d-c9d4-4138-895a-aba2f5fc0abc HTTP/1.1" status: 200 len: 2973 time: 0.0481477
Apr 05 18:34:21.931709 n-d-836650-3 neutron-server[102639]: DEBUG neutron_lib.callbacks.manager [None req-c3d4df1a-613d-49e5-99d8-e9146228bba7 admin admin] Notify callbacks ['neutron.plugins.ml2.ovo_rpc._ObjectChangeHandler.handle_event-16475089'] for security_group, after_delete {{(pid=102639) _notify_loop /usr/local/lib/python3.8/dist-packages/neutron_lib/callbacks/manager.py:192}}
Apr 05 18:34:21.934519 n-d-836650-3 neutron-server[102639]: DEBUG neutron_lib.callbacks.manager [None req-c3d4df1a-613d-49e5-99d8-e9146228bba7 admin admin] Notify callbacks [] for security_group, before_response {{(pid=102639) _notify_loop /usr/local/lib/python3.8/dist-packages/neutron_lib/callbacks/manager.py:192}}
Apr 05 18:34:21.939094 n-d-836650-3 neutron-server[102639]: INFO neutron.wsgi [None req-c3d4df1a-613d-49e5-99d8-e9146228bba7 admin admin] 10.222.0.15 "DELETE /v2.0/security-groups/207c31a1-3eab-4985-8302-9ecd7a08fdae HTTP/1.1" status: 204 len: 168 time: 0.1281409
Apr 05 18:34:21.948269 n-d-836650-3 neutron-server[102639]: DEBUG neutron.api.rpc.handlers.resources_rpc [None req-c3d4df1a-613d-49e5-99d8-e9146228bba7 admin admin] Pushing event deleted for resources: {'SecurityGroup': ['ID=207c31a1-3eab-4985-8302-9ecd7a08fdae,revision_number=None']} {{(pid=102639) push /opt/stack/neutron/neutron/api/rpc/handlers/resources_rpc.py:237}}
Apr 05 18:34:21.982492 n-d-836650-3 neutron-server[102640]: INFO neutron.wsgi [req-f02d015b-b25d-413b-a911-f2e036a3d3f0 req-ce0c7421-22e0-4959-b2c9-4e7365576d2d tempest-SecurityGroupsTestAdminJSON-184492499 tempest-SecurityGroupsTestAdminJSON-184492499-project-admin] 10.222.0.15 "GET /v2.0/security-groups/75089c60-cdd5-4c67-b58d-013a20f9937f HTTP/1.1" status: 200 len: 2977 time: 0.0626483
Apr 05 18:34:22.027104 n-d-836650-3 neutron-server[102640]: INFO neutron.wsgi [req-f02d015b-b25d-413b-a911-f2e036a3d3f0 req-2b24c092-e5f9-460d-921e-a87550de6a4e tempest-SecurityGroupsTestAdminJSON-184492499 tempest-SecurityGroupsTestAdminJSON-184492499-project-admin] 10.222.0.15 "GET /v2.0/security-groups/75089c60-cdd5-4c67-b58d-013a20f9937f HTTP/1.1" status: 200 len: 2977 time: 0.0378654
Apr 05 18:34:22.074953 n-d-836650-3 neutron-server[102640]: INFO neutron.wsgi [req-f02d015b-b25d-413b-a911-f2e036a3d3f0 req-f76ca472-acc5-4514-a7b8-38418453aa46 tempest-SecurityGroupsTestAdminJSON-184492499 tempest-SecurityGroupsTestAdminJSON-184492499-project-admin] 10.222.0.15 "GET /v2.0/security-groups/78901be1-5e73-4486-9e36-79c1785a6792 HTTP/1.1" status: 200 len: 2977 time: 0.0401978
Apr 05 18:34:22.134848 n-d-836650-3 neutron-server[102640]: INFO neutron.wsgi [req-f02d015b-b25d-413b-a911-f2e036a3d3f0 req-9b4e73bb-22b1-4b54-a333-78a7531da1d0 tempest-SecurityGroupsTestAdminJSON-184492499 tempest-SecurityGroupsTestAdminJSON-184492499-project-admin] 10.222.0.15 "GET /v2.0/security-groups/78901be1-5e73-4486-9e36-79c1785a6792 HTTP/1.1" status: 200 len: 2977 time: 0.0518961
Apr 05 18:34:22.236851 n-d-836650-3 neutron-server[102640]: INFO neutron.wsgi [req-f02d015b-b25d-413b-a911-f2e036a3d3f0 req-bf90bbaa-17b0-4d35-8756-d15461ce35c2 tempest-SecurityGroupsTestAdminJSON-184492499 tempest-SecurityGroupsTestAdminJSON-184492499-project-admin] 10.222.0.15 "GET /v2.0/security-groups/88544978-60f3-4da6-a22e-3110dc123883 HTTP/1.1" status: 200 len: 2977 time: 0.0933220
Apr 05 18:34:22.273584 n-d-836650-3 neutron-server[102640]: DEBUG neutron.pecan_wsgi.hooks.policy_enforcement [req-0e764df7-aa3b-4fb7-a67e-498405b0c7c0 req-3088345f-e5de-4766-9bb2-abc25ed5b4b6 tempest-MigrationsAdminTest-452223518 tempest-MigrationsAdminTest-452223518-project] Attributes excluded by policy engine: ['standard_attr_id', 'binding:profile', 'binding:host_id', 'binding:vif_type', 'binding:vif_details'] {{(pid=102640) _exclude_attributes_by_policy /opt/stack/neutron/neutron/pecan_wsgi/hooks/policy_enforcement.py:255}}
Apr 05 18:34:22.275068 n-d-836650-3 neutron-server[102640]: INFO neutron.wsgi [req-0e764df7-aa3b-4fb7-a67e-498405b0c7c0 req-3088345f-e5de-4766-9bb2-abc25ed5b4b6 tempest-MigrationsAdminTest-452223518 tempest-MigrationsAdminTest-452223518-project] 10.222.0.15 "GET /v2.0/ports?device_id=35c363ef-19e4-4d60-bd5b-89d78d8901d6 HTTP/1.1" status: 200 len: 948 time: 0.0941577
Apr 05 18:34:22.309059 n-d-836650-3 neutron-server[102640]: INFO neutron.wsgi [req-f02d015b-b25d-413b-a911-f2e036a3d3f0 req-2d76cbd0-2b4d-452d-9dfd-4cafda2a887e tempest-SecurityGroupsTestAdminJSON-184492499 tempest-SecurityGroupsTestAdminJSON-184492499-project-admin] 10.222.0.15 "GET /v2.0/security-groups/88544978-60f3-4da6-a22e-3110dc123883 HTTP/1.1" status: 200 len: 2977 time: 0.0645816
Apr 05 18:34:22.337340 n-d-836650-3 neutron-server[102640]: INFO neutron.wsgi [req-0e764df7-aa3b-4fb7-a67e-498405b0c7c0 req-1f3700e1-7833-4b2b-882d-5b7eb1882eea tempest-MigrationsAdminTest-452223518 tempest-MigrationsAdminTest-452223518-project] 10.222.0.15 "GET /v2.0/security-groups?id=eb2a1369-a14c-4336-8122-1173c11f01af&fields=id&fields=name HTTP/1.1" status: 200 len: 286 time: 0.0535460
