Apr 05 18:44:08.072539 n-d-836650-3 devstack@placement-api.service[103123]: [pid: 103123|app: 0|req: 289/579] 10.222.0.15 () {60 vars in 1506 bytes} [Tue Apr 5 18:44:07 2022] GET /placement/allocation_candidates?limit=1000&resources=DISK_GB%3A1%2CMEMORY_MB%3A1024%2CVCPU%3A1&root_required=%21COMPUTE_STATUS_DISABLED => generated 1309 bytes in 173 msecs (HTTP/1.1 200) 8 headers in 297 bytes (1 switches on core 0)
Apr 05 18:44:08.119591 n-d-836650-3 devstack@placement-api.service[103124]: DEBUG placement.requestlog [req-637910e4-d602-4690-8d18-4cb113735d47 req-b3da3b41-2080-4839-b60f-3e656871ec78 None None] Starting request: 10.222.0.15 "GET /placement/allocations/44b69fb5-7efe-4dd0-bf5b-461a3a5367c9" {{(pid=103124) __call__ /opt/stack/placement/placement/requestlog.py:55}}
Apr 05 18:44:08.151922 n-d-836650-3 devstack@placement-api.service[103124]: INFO placement.requestlog [req-637910e4-d602-4690-8d18-4cb113735d47 req-b3da3b41-2080-4839-b60f-3e656871ec78 service placement] 10.222.0.15 "GET /placement/allocations/44b69fb5-7efe-4dd0-bf5b-461a3a5367c9" status: 200 len: 19 microversion: 1.28
Apr 05 18:44:08.161127 n-d-836650-3 devstack@placement-api.service[103123]: DEBUG placement.requestlog [req-637910e4-d602-4690-8d18-4cb113735d47 req-f87a2e15-e846-40f2-b350-d77771d5f38f None None] Starting request: 10.222.0.15 "PUT /placement/allocations/44b69fb5-7efe-4dd0-bf5b-461a3a5367c9" {{(pid=103123) __call__ /opt/stack/placement/placement/requestlog.py:55}}
Apr 05 18:44:08.173679 n-d-836650-3 devstack@placement-api.service[103124]: [pid: 103124|app: 0|req: 291/580] 10.222.0.15 () {60 vars in 1380 bytes} [Tue Apr 5 18:44:08 2022] GET /placement/allocations/44b69fb5-7efe-4dd0-bf5b-461a3a5367c9 => generated 19 bytes in 54 msecs (HTTP/1.1 200) 8 headers in 295 bytes (1 switches on core 0)
Apr 05 18:44:08.307704 n-d-836650-3 devstack@placement-api.service[103123]: DEBUG placement.handlers.allocation [req-637910e4-d602-4690-8d18-4cb113735d47 req-f87a2e15-e846-40f2-b350-d77771d5f38f service placement] Successfully wrote allocations [, , ] {{(pid=103123) _update_consumers_and_create_allocations /opt/stack/placement/placement/handlers/allocation.py:462}}
Apr 05 18:44:08.312773 n-d-836650-3 devstack@placement-api.service[103123]: INFO placement.requestlog [req-637910e4-d602-4690-8d18-4cb113735d47 req-f87a2e15-e846-40f2-b350-d77771d5f38f service placement] 10.222.0.15 "PUT /placement/allocations/44b69fb5-7efe-4dd0-bf5b-461a3a5367c9" status: 204 len: 0 microversion: 1.36
Apr 05 18:44:08.313912 n-d-836650-3 devstack@placement-api.service[103123]: [pid: 103123|app: 0|req: 290/581] 10.222.0.15 () {64 vars in 1433 bytes} [Tue Apr 5 18:44:08 2022] PUT /placement/allocations/44b69fb5-7efe-4dd0-bf5b-461a3a5367c9 => generated 0 bytes in 153 msecs (HTTP/1.1 204) 5 headers in 199 bytes (1 switches on core 0)
Apr 05 18:44:08.888849 n-d-836650-3 devstack@placement-api.service[103124]: DEBUG placement.requestlog [req-637910e4-d602-4690-8d18-4cb113735d47 req-118eaee2-fede-4fdf-8157-c85a728f3c51 None None] Starting request: 10.222.0.25 "GET /placement/allocations/44b69fb5-7efe-4dd0-bf5b-461a3a5367c9" {{(pid=103124) __call__ /opt/stack/placement/placement/requestlog.py:55}}
Apr 05 18:44:08.914197 n-d-836650-3 devstack@placement-api.service[103124]: INFO placement.requestlog [req-637910e4-d602-4690-8d18-4cb113735d47 req-118eaee2-fede-4fdf-8157-c85a728f3c51 service placement] 10.222.0.25 "GET /placement/allocations/44b69fb5-7efe-4dd0-bf5b-461a3a5367c9" status: 200 len: 259 microversion: 1.28
Apr 05 18:44:08.914772 n-d-836650-3 devstack@placement-api.service[103124]: [pid: 103124|app: 0|req: 292/582] 10.222.0.25 () {60 vars in 1377 bytes} [Tue Apr 5 18:44:08 2022] GET /placement/allocations/44b69fb5-7efe-4dd0-bf5b-461a3a5367c9 => generated 259 bytes in 26 msecs (HTTP/1.1 200) 8 headers in 296 bytes (1 switches on core 0)
Apr 05 18:44:12.293396 n-d-836650-3 devstack@placement-api.service[103123]: DEBUG placement.requestlog [req-df8de6cc-ecf3-4d1b-8f23-40609bcbd56d req-b8b80d10-7bc4-4c46-b108-5abf4bc249a6 None None] Starting request: 10.222.0.25 "GET /placement/allocations/a0690467-b0df-4bb3-9559-2a9601025544" {{(pid=103123) __call__ /opt/stack/placement/placement/requestlog.py:55}}
Apr 05 18:44:12.321915 n-d-836650-3 devstack@placement-api.service[103123]: INFO placement.requestlog [req-df8de6cc-ecf3-4d1b-8f23-40609bcbd56d req-b8b80d10-7bc4-4c46-b108-5abf4bc249a6 service placement] 10.222.0.25 "GET /placement/allocations/a0690467-b0df-4bb3-9559-2a9601025544" status: 200 len: 259 microversion: 1.28
Apr 05 18:44:12.328855 n-d-836650-3 devstack@placement-api.service[103123]: [pid: 103123|app: 0|req: 291/583] 10.222.0.25 () {60 vars in 1377 bytes} [Tue Apr 5 18:44:12 2022] GET /placement/allocations/a0690467-b0df-4bb3-9559-2a9601025544 => generated 259 bytes in 36 msecs (HTTP/1.1 200) 8 headers in 296 bytes (1 switches on core 0)
Apr 05 18:44:17.666354 n-d-836650-3 devstack@placement-api.service[103124]: DEBUG placement.requestlog [req-9c6e9388-0770-4283-be9c-ceb18e1b6c37 req-fa2786f7-230a-44f3-b070-0bae2802bfad None None] Starting request: 10.222.0.25 "GET /placement/resource_providers/4a2b1e56-6258-4f42-98c9-97883cbbaefe/allocations" {{(pid=103124) __call__ /opt/stack/placement/placement/requestlog.py:55}}
Apr 05 18:44:17.723664 n-d-836650-3 devstack@placement-api.service[103124]: INFO placement.requestlog [req-9c6e9388-0770-4283-be9c-ceb18e1b6c37 req-fa2786f7-230a-44f3-b070-0bae2802bfad service placement] 10.222.0.25 "GET /placement/resource_providers/4a2b1e56-6258-4f42-98c9-97883cbbaefe/allocations" status: 200 len: 760 microversion: 1.0
Apr 05 18:44:17.726991 n-d-836650-3 devstack@placement-api.service[103124]: [pid: 103124|app: 0|req: 293/584] 10.222.0.25 () {58 vars in 1390 bytes} [Tue Apr 5 18:44:17 2022] GET /placement/resource_providers/4a2b1e56-6258-4f42-98c9-97883cbbaefe/allocations => generated 760 bytes in 61 msecs (HTTP/1.1 200) 6 headers in 224 bytes (1 switches on core 0)
Apr 05 18:44:20.184503 n-d-836650-3 devstack@placement-api.service[103123]: DEBUG placement.requestlog [req-93aafd50-5801-4a0a-8ea1-448eee322db1 req-4440b006-366f-4412-84b0-bdacdc42b12b None None] Starting request: 10.222.0.20 "DELETE /placement/allocations/14e42bde-443f-4e85-bda0-d241286c195e" {{(pid=103123) __call__ /opt/stack/placement/placement/requestlog.py:55}}
Apr 05 18:44:20.253699 n-d-836650-3 devstack@placement-api.service[103123]: DEBUG placement.handlers.allocation [req-93aafd50-5801-4a0a-8ea1-448eee322db1 req-4440b006-366f-4412-84b0-bdacdc42b12b service placement] Successfully deleted allocations [, , ] {{(pid=103123) delete_allocations /opt/stack/placement/placement/handlers/allocation.py:627}}
Apr 05 18:44:20.254720 n-d-836650-3 devstack@placement-api.service[103123]: INFO placement.requestlog [req-93aafd50-5801-4a0a-8ea1-448eee322db1 req-4440b006-366f-4412-84b0-bdacdc42b12b service placement] 10.222.0.20 "DELETE /placement/allocations/14e42bde-443f-4e85-bda0-d241286c195e" status: 204 len: 0 microversion: 1.0
Apr 05 18:44:20.255427 n-d-836650-3 devstack@placement-api.service[103123]: [pid: 103123|app: 0|req: 292/585] 10.222.0.20 () {60 vars in 1355 bytes} [Tue Apr 5 18:44:20 2022] DELETE /placement/allocations/14e42bde-443f-4e85-bda0-d241286c195e => generated 0 bytes in 71 msecs (HTTP/1.1 204) 5 headers in 198 bytes (1 switches on core 0)
Apr 05 18:44:20.823188 n-d-836650-3 devstack@placement-api.service[103124]: DEBUG placement.requestlog [req-2417647a-14f6-4c0c-8f64-49d235c08aaa req-998d66ae-47df-4f33-bf0d-511a2f24785f None None] Starting request: 10.222.0.20 "GET /placement/resource_providers/5c6a78dd-5838-41dc-a74b-5b8de83a8996/allocations" {{(pid=103124) __call__ /opt/stack/placement/placement/requestlog.py:55}}
Apr 05 18:44:20.865647 n-d-836650-3 devstack@placement-api.service[103124]: INFO placement.requestlog [req-2417647a-14f6-4c0c-8f64-49d235c08aaa req-998d66ae-47df-4f33-bf0d-511a2f24785f service placement] 10.222.0.20 "GET /placement/resource_providers/5c6a78dd-5838-41dc-a74b-5b8de83a8996/allocations" status: 200 len: 443 microversion: 1.0
Apr 05 18:44:20.865959 n-d-836650-3 devstack@placement-api.service[103124]: [pid: 103124|app: 0|req: 294/586] 10.222.0.20 () {58 vars in 1390 bytes} [Tue Apr 5 18:44:20 2022] GET /placement/resource_providers/5c6a78dd-5838-41dc-a74b-5b8de83a8996/allocations => generated 443 bytes in 43 msecs (HTTP/1.1 200) 6 headers in 224 bytes (1 switches on core 0)
Apr 05 18:44:29.794429 n-d-836650-3 devstack@placement-api.service[103123]: DEBUG placement.requestlog [req-d46d2884-345d-4165-b00b-3d033caec143 req-477dab3d-247a-4b1a-b368-0d506a069bba None None] Starting request: 10.222.0.15 "GET /placement/allocation_candidates?limit=1000&resources=DISK_GB%3A1%2CMEMORY_MB%3A1024%2CVCPU%3A1&root_required=%21COMPUTE_STATUS_DISABLED" {{(pid=103123) __call__ /opt/stack/placement/placement/requestlog.py:55}}
Apr 05 18:44:29.839089 n-d-836650-3 devstack@placement-api.service[103123]: DEBUG placement.objects.research_context [req-d46d2884-345d-4165-b00b-3d033caec143 req-477dab3d-247a-4b1a-b368-0d506a069bba service placement] getting providers with 1 DISK_GB {{(pid=103123) __init__ /opt/stack/placement/placement/objects/research_context.py:126}}
Apr 05 18:44:29.845609 n-d-836650-3 devstack@placement-api.service[103123]: DEBUG placement.objects.research_context [req-d46d2884-345d-4165-b00b-3d033caec143 req-477dab3d-247a-4b1a-b368-0d506a069bba service placement] getting providers with 1024 MEMORY_MB {{(pid=103123) __init__ /opt/stack/placement/placement/objects/research_context.py:126}}
Apr 05 18:44:29.853107 n-d-836650-3 devstack@placement-api.service[103123]: DEBUG placement.objects.research_context [req-d46d2884-345d-4165-b00b-3d033caec143 req-477dab3d-247a-4b1a-b368-0d506a069bba service placement] getting providers with 1 VCPU {{(pid=103123) __init__ /opt/stack/placement/placement/objects/research_context.py:126}}
Apr 05 18:44:29.859959 n-d-836650-3 devstack@placement-api.service[103123]: DEBUG placement.objects.research_context [req-d46d2884-345d-4165-b00b-3d033caec143 req-477dab3d-247a-4b1a-b368-0d506a069bba service placement] found 2 providers with available 1 DISK_GB {{(pid=103123) get_provider_ids_matching /opt/stack/placement/placement/objects/research_context.py:549}}
Apr 05 18:44:29.861534 n-d-836650-3 devstack@placement-api.service[103123]: DEBUG placement.objects.research_context [req-d46d2884-345d-4165-b00b-3d033caec143 req-477dab3d-247a-4b1a-b368-0d506a069bba service placement] found 2 providers with available 1024 MEMORY_MB {{(pid=103123) get_provider_ids_matching /opt/stack/placement/placement/objects/research_context.py:549}}
Apr 05 18:44:29.862013 n-d-836650-3 devstack@placement-api.service[103123]: DEBUG placement.objects.research_context [req-d46d2884-345d-4165-b00b-3d033caec143 req-477dab3d-247a-4b1a-b368-0d506a069bba service placement] found 2 providers after filtering by previous result {{(pid=103123) get_provider_ids_matching /opt/stack/placement/placement/objects/research_context.py:580}}
Apr 05 18:44:29.863247 n-d-836650-3 devstack@placement-api.service[103123]: DEBUG placement.objects.research_context [req-d46d2884-345d-4165-b00b-3d033caec143 req-477dab3d-247a-4b1a-b368-0d506a069bba service placement] found 2 providers with available 1 VCPU {{(pid=103123) get_provider_ids_matching /opt/stack/placement/placement/objects/research_context.py:549}}
Apr 05 18:44:29.863733 n-d-836650-3 devstack@placement-api.service[103123]: DEBUG placement.objects.research_context [req-d46d2884-345d-4165-b00b-3d033caec143 req-477dab3d-247a-4b1a-b368-0d506a069bba service placement] found 2 providers after filtering by previous result {{(pid=103123) get_provider_ids_matching /opt/stack/placement/placement/objects/research_context.py:580}}
Apr 05 18:44:29.880345 n-d-836650-3 devstack@placement-api.service[103123]: DEBUG placement.objects.allocation_candidate [req-d46d2884-345d-4165-b00b-3d033caec143 req-477dab3d-247a-4b1a-b368-0d506a069bba service placement] RequestGroup(use_same_provider=False, resources={DISK_GB:1, MEMORY_MB:1024, VCPU:1}, traits=[], aggregates=[]) (suffix '') returned 2 matches {{(pid=103123) _get_by_requests /opt/stack/placement/placement/objects/allocation_candidate.py:145}}
Apr 05 18:44:29.880840 n-d-836650-3 devstack@placement-api.service[103123]: DEBUG placement.objects.allocation_candidate [req-d46d2884-345d-4165-b00b-3d033caec143 req-477dab3d-247a-4b1a-b368-0d506a069bba service placement] Merging candidates yields 2 allocation requests and 2 provider summaries {{(pid=103123) _merge_candidates /opt/stack/placement/placement/objects/allocation_candidate.py:783}}
Apr 05 18:44:29.883074 n-d-836650-3 devstack@placement-api.service[103123]: INFO placement.requestlog [req-d46d2884-345d-4165-b00b-3d033caec143 req-477dab3d-247a-4b1a-b368-0d506a069bba service placement] 10.222.0.15 "GET /placement/allocation_candidates?limit=1000&resources=DISK_GB%3A1%2CMEMORY_MB%3A1024%2CVCPU%3A1&root_required=%21COMPUTE_STATUS_DISABLED" status: 200 len: 1309 microversion: 1.36
Apr 05 18:44:29.889526 n-d-836650-3 devstack@placement-api.service[103123]: [pid: 103123|app: 0|req: 293/587] 10.222.0.15 () {60 vars in 1506 bytes} [Tue Apr 5 18:44:29 2022] GET /placement/allocation_candidates?limit=1000&resources=DISK_GB%3A1%2CMEMORY_MB%3A1024%2CVCPU%3A1&root_required=%21COMPUTE_STATUS_DISABLED => generated 1309 bytes in 96 msecs (HTTP/1.1 200) 8 headers in 297 bytes (1 switches on core 0)
Apr 05 18:44:30.005536 n-d-836650-3 devstack@placement-api.service[103124]: DEBUG placement.requestlog [req-d46d2884-345d-4165-b00b-3d033caec143 req-93ca255a-660d-4112-8689-ae6a6947b9f3 None None] Starting request: 10.222.0.15 "GET /placement/allocations/eb20a3cf-2a20-4c12-ae3f-5310571c4e15" {{(pid=103124) __call__ /opt/stack/placement/placement/requestlog.py:55}}
Apr 05 18:44:30.021484 n-d-836650-3 devstack@placement-api.service[103124]: INFO placement.requestlog [req-d46d2884-345d-4165-b00b-3d033caec143 req-93ca255a-660d-4112-8689-ae6a6947b9f3 service placement] 10.222.0.15 "GET /placement/allocations/eb20a3cf-2a20-4c12-ae3f-5310571c4e15" status: 200 len: 19 microversion: 1.28
Apr 05 18:44:30.029908 n-d-836650-3 devstack@placement-api.service[103124]: [pid: 103124|app: 0|req: 295/588] 10.222.0.15 () {60 vars in 1380 bytes} [Tue Apr 5 18:44:30 2022] GET /placement/allocations/eb20a3cf-2a20-4c12-ae3f-5310571c4e15 => generated 19 bytes in 21 msecs (HTTP/1.1 200) 8 headers in 295 bytes (1 switches on core 0)
Apr 05 18:44:30.032629 n-d-836650-3 devstack@placement-api.service[103123]: DEBUG placement.requestlog [req-d46d2884-345d-4165-b00b-3d033caec143 req-e4ffcba8-8133-4310-aaaa-abed3e0aa8a3 None None] Starting request: 10.222.0.15 "PUT /placement/allocations/eb20a3cf-2a20-4c12-ae3f-5310571c4e15" {{(pid=103123) __call__ /opt/stack/placement/placement/requestlog.py:55}}
Apr 05 18:44:30.138050 n-d-836650-3 devstack@placement-api.service[103123]: DEBUG placement.handlers.allocation [req-d46d2884-345d-4165-b00b-3d033caec143 req-e4ffcba8-8133-4310-aaaa-abed3e0aa8a3 service placement] Successfully wrote allocations [, , ] {{(pid=103123) _update_consumers_and_create_allocations /opt/stack/placement/placement/handlers/allocation.py:462}}
Apr 05 18:44:30.145845 n-d-836650-3 devstack@placement-api.service[103123]: INFO placement.requestlog [req-d46d2884-345d-4165-b00b-3d033caec143 req-e4ffcba8-8133-4310-aaaa-abed3e0aa8a3 service placement] 10.222.0.15 "PUT /placement/allocations/eb20a3cf-2a20-4c12-ae3f-5310571c4e15" status: 204 len: 0 microversion: 1.36
Apr 05 18:44:30.145845 n-d-836650-3 devstack@placement-api.service[103123]: [pid: 103123|app: 0|req: 294/589] 10.222.0.15 () {64 vars in 1433 bytes} [Tue Apr 5 18:44:30 2022] PUT /placement/allocations/eb20a3cf-2a20-4c12-ae3f-5310571c4e15 => generated 0 bytes in 112 msecs (HTTP/1.1 204) 5 headers in 199 bytes (2 switches on core 0)
Apr 05 18:44:30.161472 n-d-836650-3 devstack@placement-api.service[103124]: DEBUG placement.requestlog [req-d46d2884-345d-4165-b00b-3d033caec143 req-92d92c5a-2cf1-400d-a0d9-52091673cf64 None None] Starting request: 10.222.0.15 "GET /placement/allocations/c6559864-6f08-407e-9b53-ac138b9db2c7" {{(pid=103124) __call__ /opt/stack/placement/placement/requestlog.py:55}}
Apr 05 18:44:30.178912 n-d-836650-3 devstack@placement-api.service[103124]: INFO placement.requestlog [req-d46d2884-345d-4165-b00b-3d033caec143 req-92d92c5a-2cf1-400d-a0d9-52091673cf64 service placement] 10.222.0.15 "GET /placement/allocations/c6559864-6f08-407e-9b53-ac138b9db2c7" status: 200 len: 19 microversion: 1.28
Apr 05 18:44:30.186299 n-d-836650-3 devstack@placement-api.service[103124]: [pid: 103124|app: 0|req: 296/590] 10.222.0.15 () {60 vars in 1380 bytes} [Tue Apr 5 18:44:30 2022] GET /placement/allocations/c6559864-6f08-407e-9b53-ac138b9db2c7 => generated 19 bytes in 25 msecs (HTTP/1.1 200) 8 headers in 295 bytes (1 switches on core 0)
Apr 05 18:44:30.191231 n-d-836650-3 devstack@placement-api.service[103123]: DEBUG placement.requestlog [req-d46d2884-345d-4165-b00b-3d033caec143 req-aad0e846-d8a8-46aa-b28f-07828a20817a None None] Starting request: 10.222.0.15 "PUT /placement/allocations/c6559864-6f08-407e-9b53-ac138b9db2c7" {{(pid=103123) __call__ /opt/stack/placement/placement/requestlog.py:55}}
Apr 05 18:44:30.295888 n-d-836650-3 devstack@placement-api.service[103123]: DEBUG placement.handlers.allocation [req-d46d2884-345d-4165-b00b-3d033caec143 req-aad0e846-d8a8-46aa-b28f-07828a20817a service placement] Successfully wrote allocations [, , ] {{(pid=103123) _update_consumers_and_create_allocations /opt/stack/placement/placement/handlers/allocation.py:462}}
Apr 05 18:44:30.308791 n-d-836650-3 devstack@placement-api.service[103123]: INFO placement.requestlog [req-d46d2884-345d-4165-b00b-3d033caec143 req-aad0e846-d8a8-46aa-b28f-07828a20817a service placement] 10.222.0.15 "PUT /placement/allocations/c6559864-6f08-407e-9b53-ac138b9db2c7" status: 204 len: 0 microversion: 1.36
Apr 05 18:44:30.309488 n-d-836650-3 devstack@placement-api.service[103123]: [pid: 103123|app: 0|req: 295/591] 10.222.0.15 () {64 vars in 1433 bytes} [Tue Apr 5 18:44:30 2022] PUT /placement/allocations/c6559864-6f08-407e-9b53-ac138b9db2c7 => generated 0 bytes in 119 msecs (HTTP/1.1 204) 5 headers in 199 bytes (1 switches on core 0)
Apr 05 18:44:30.976451 n-d-836650-3 devstack@placement-api.service[103124]: DEBUG placement.requestlog [req-d4747529-2a7c-4a5f-9c35-6cd62ddd79af req-77bd4e0b-d739-466b-9ea0-377999a3f716 None None] Starting request: 10.222.0.20 "DELETE /placement/allocations/282cd0ad-e233-489a-a890-6648749a374b" {{(pid=103124) __call__ /opt/stack/placement/placement/requestlog.py:55}}
Apr 05 18:44:31.056261 n-d-836650-3 devstack@placement-api.service[103124]: DEBUG placement.handlers.allocation [req-d4747529-2a7c-4a5f-9c35-6cd62ddd79af req-77bd4e0b-d739-466b-9ea0-377999a3f716 service placement] Successfully deleted allocations [, , ] {{(pid=103124) delete_allocations /opt/stack/placement/placement/handlers/allocation.py:627}}
Apr 05 18:44:31.057415 n-d-836650-3 devstack@placement-api.service[103124]: INFO placement.requestlog [req-d4747529-2a7c-4a5f-9c35-6cd62ddd79af req-77bd4e0b-d739-466b-9ea0-377999a3f716 service placement] 10.222.0.20 "DELETE /placement/allocations/282cd0ad-e233-489a-a890-6648749a374b" status: 204 len: 0 microversion: 1.0
Apr 05 18:44:31.058250 n-d-836650-3 devstack@placement-api.service[103124]: [pid: 103124|app: 0|req: 297/592] 10.222.0.20 () {60 vars in 1355 bytes} [Tue Apr 5 18:44:30 2022] DELETE /placement/allocations/282cd0ad-e233-489a-a890-6648749a374b => generated 0 bytes in 82 msecs (HTTP/1.1 204) 5 headers in 198 bytes (1 switches on core 0)
Apr 05 18:44:31.251070 n-d-836650-3 devstack@placement-api.service[103123]: DEBUG placement.requestlog [req-d46d2884-345d-4165-b00b-3d033caec143 req-661f2cf5-0c56-4ed0-ab17-2555d2d3dfda None None] Starting request: 10.222.0.20 "GET /placement/allocations/eb20a3cf-2a20-4c12-ae3f-5310571c4e15" {{(pid=103123) __call__ /opt/stack/placement/placement/requestlog.py:55}}
Apr 05 18:44:31.288798 n-d-836650-3 devstack@placement-api.service[103123]: INFO placement.requestlog [req-d46d2884-345d-4165-b00b-3d033caec143 req-661f2cf5-0c56-4ed0-ab17-2555d2d3dfda service placement] 10.222.0.20 "GET /placement/allocations/eb20a3cf-2a20-4c12-ae3f-5310571c4e15" status: 200 len: 259 microversion: 1.28
Apr 05 18:44:31.289326 n-d-836650-3 devstack@placement-api.service[103123]: [pid: 103123|app: 0|req: 296/593] 10.222.0.20 () {60 vars in 1377 bytes} [Tue Apr 5 18:44:31 2022] GET /placement/allocations/eb20a3cf-2a20-4c12-ae3f-5310571c4e15 => generated 259 bytes in 39 msecs (HTTP/1.1 200) 8 headers in 296 bytes (1 switches on core 0)
Apr 05 18:44:31.302918 n-d-836650-3 devstack@placement-api.service[103124]: DEBUG placement.requestlog [req-d46d2884-345d-4165-b00b-3d033caec143 req-80752e32-53cc-4190-86dc-379839846381 None None] Starting request: 10.222.0.20 "GET /placement/allocations/c6559864-6f08-407e-9b53-ac138b9db2c7" {{(pid=103124) __call__ /opt/stack/placement/placement/requestlog.py:55}}
Apr 05 18:44:31.335657 n-d-836650-3 devstack@placement-api.service[103124]: INFO placement.requestlog [req-d46d2884-345d-4165-b00b-3d033caec143 req-80752e32-53cc-4190-86dc-379839846381 service placement] 10.222.0.20 "GET /placement/allocations/c6559864-6f08-407e-9b53-ac138b9db2c7" status: 200 len: 259 microversion: 1.28
Apr 05 18:44:31.338031 n-d-836650-3 devstack@placement-api.service[103124]: [pid: 103124|app: 0|req: 298/594] 10.222.0.20 () {60 vars in 1377 bytes} [Tue Apr 5 18:44:31 2022] GET /placement/allocations/c6559864-6f08-407e-9b53-ac138b9db2c7 => generated 259 bytes in 35 msecs (HTTP/1.1 200) 8 headers in 296 bytes (1 switches on core 0)
Apr 05 18:44:32.398564 n-d-836650-3 devstack@placement-api.service[103123]: DEBUG placement.requestlog [req-879c1a54-57ec-4587-ab9f-3b928560ca72 req-5e580bf8-43ea-404f-b5a7-bde2c4f0ba71 None None] Starting request: 10.222.0.25 "DELETE /placement/allocations/a9c337be-caa5-42a9-bd7e-170bbe6c048b" {{(pid=103123) __call__ /opt/stack/placement/placement/requestlog.py:55}}
Apr 05 18:44:32.448035 n-d-836650-3 devstack@placement-api.service[103123]: DEBUG placement.handlers.allocation [req-879c1a54-57ec-4587-ab9f-3b928560ca72 req-5e580bf8-43ea-404f-b5a7-bde2c4f0ba71 service placement] Successfully deleted allocations [, , ] {{(pid=103123) delete_allocations /opt/stack/placement/placement/handlers/allocation.py:627}}
Apr 05 18:44:32.449209 n-d-836650-3 devstack@placement-api.service[103123]: INFO placement.requestlog [req-879c1a54-57ec-4587-ab9f-3b928560ca72 req-5e580bf8-43ea-404f-b5a7-bde2c4f0ba71 service placement] 10.222.0.25 "DELETE /placement/allocations/a9c337be-caa5-42a9-bd7e-170bbe6c048b" status: 204 len: 0 microversion: 1.0
Apr 05 18:44:32.449851 n-d-836650-3 devstack@placement-api.service[103123]: [pid: 103123|app: 0|req: 297/595] 10.222.0.25 () {60 vars in 1355 bytes} [Tue Apr 5 18:44:32 2022] DELETE /placement/allocations/a9c337be-caa5-42a9-bd7e-170bbe6c048b => generated 0 bytes in 51 msecs (HTTP/1.1 204) 5 headers in 198 bytes (1 switches on core 0)
Apr 05 18:44:32.738225 n-d-836650-3 devstack@placement-api.service[103124]: DEBUG placement.requestlog [req-c916a99f-95ff-42f0-8717-32df038b0388 req-013f1a47-e35c-4c0f-969f-7fabafafc541 None None] Starting request: 10.222.0.20 "DELETE /placement/allocations/006b51ab-b5b3-4ee3-b027-dde4bd52b4c7" {{(pid=103124) __call__ /opt/stack/placement/placement/requestlog.py:55}}
Apr 05 18:44:32.816325 n-d-836650-3 devstack@placement-api.service[103124]: DEBUG placement.handlers.allocation [req-c916a99f-95ff-42f0-8717-32df038b0388 req-013f1a47-e35c-4c0f-969f-7fabafafc541 service placement] Successfully deleted allocations [, , ] {{(pid=103124) delete_allocations /opt/stack/placement/placement/handlers/allocation.py:627}}
Apr 05 18:44:32.817344 n-d-836650-3 devstack@placement-api.service[103124]: INFO placement.requestlog [req-c916a99f-95ff-42f0-8717-32df038b0388 req-013f1a47-e35c-4c0f-969f-7fabafafc541 service placement] 10.222.0.20 "DELETE /placement/allocations/006b51ab-b5b3-4ee3-b027-dde4bd52b4c7" status: 204 len: 0 microversion: 1.0
Apr 05 18:44:32.819230 n-d-836650-3 devstack@placement-api.service[103123]: DEBUG placement.requestlog [req-a24f0b5e-c42b-42cc-b9b8-559013dee938 req-4f2301c3-6155-40ba-a576-eaed7faa6fc3 None None] Starting request: 10.222.0.25 "DELETE /placement/allocations/750cb0e4-0a52-4d16-96c4-df6eb1d41950" {{(pid=103123) __call__ /opt/stack/placement/placement/requestlog.py:55}}
Apr 05 18:44:32.819974 n-d-836650-3 devstack@placement-api.service[103124]: [pid: 103124|app: 0|req: 299/596] 10.222.0.20 () {60 vars in 1355 bytes} [Tue Apr 5 18:44:32 2022] DELETE /placement/allocations/006b51ab-b5b3-4ee3-b027-dde4bd52b4c7 => generated 0 bytes in 80 msecs (HTTP/1.1 204) 5 headers in 198 bytes (2 switches on core 0)
Apr 05 18:44:32.855894 n-d-836650-3 devstack@placement-api.service[103123]: DEBUG placement.handlers.allocation [req-a24f0b5e-c42b-42cc-b9b8-559013dee938 req-4f2301c3-6155-40ba-a576-eaed7faa6fc3 service placement] Successfully deleted allocations [, , ] {{(pid=103123) delete_allocations /opt/stack/placement/placement/handlers/allocation.py:627}}
Apr 05 18:44:32.857096 n-d-836650-3 devstack@placement-api.service[103123]: INFO placement.requestlog [req-a24f0b5e-c42b-42cc-b9b8-559013dee938 req-4f2301c3-6155-40ba-a576-eaed7faa6fc3 service placement] 10.222.0.25 "DELETE /placement/allocations/750cb0e4-0a52-4d16-96c4-df6eb1d41950" status: 204 len: 0 microversion: 1.0
Apr 05 18:44:32.857961 n-d-836650-3 devstack@placement-api.service[103123]: [pid: 103123|app: 0|req: 298/597] 10.222.0.25 () {60 vars in 1355 bytes} [Tue Apr 5 18:44:32 2022] DELETE /placement/allocations/750cb0e4-0a52-4d16-96c4-df6eb1d41950 => generated 0 bytes in 39 msecs (HTTP/1.1 204) 5 headers in 198 bytes (1 switches on core 0)
Apr 05 18:44:39.044864 n-d-836650-3 devstack@placement-api.service[103124]: DEBUG placement.requestlog [req-2f433ecf-d972-46a5-9c57-bbb17cae3ec4 req-ca9dab20-2769-439a-b550-5c5bf1d23291 None None] Starting request: 10.222.0.15 "GET /placement/allocation_candidates?limit=1000&resources=DISK_GB%3A1%2CMEMORY_MB%3A1024%2CVCPU%3A1&root_required=%21COMPUTE_STATUS_DISABLED" {{(pid=103124) __call__ /opt/stack/placement/placement/requestlog.py:55}}
Apr 05 18:44:39.103605 n-d-836650-3 devstack@placement-api.service[103124]: DEBUG placement.objects.research_context [req-2f433ecf-d972-46a5-9c57-bbb17cae3ec4 req-ca9dab20-2769-439a-b550-5c5bf1d23291 service placement] getting providers with 1 DISK_GB {{(pid=103124) __init__ /opt/stack/placement/placement/objects/research_context.py:126}}
Apr 05 18:44:39.114617 n-d-836650-3 devstack@placement-api.service[103124]: DEBUG placement.objects.research_context [req-2f433ecf-d972-46a5-9c57-bbb17cae3ec4 req-ca9dab20-2769-439a-b550-5c5bf1d23291 service placement] getting providers with 1024 MEMORY_MB {{(pid=103124) __init__ /opt/stack/placement/placement/objects/research_context.py:126}}
Apr 05 18:44:39.120889 n-d-836650-3 devstack@placement-api.service[103124]: DEBUG placement.objects.research_context [req-2f433ecf-d972-46a5-9c57-bbb17cae3ec4 req-ca9dab20-2769-439a-b550-5c5bf1d23291 service placement] getting providers with 1 VCPU {{(pid=103124) __init__ /opt/stack/placement/placement/objects/research_context.py:126}}
Apr 05 18:44:39.128147 n-d-836650-3 devstack@placement-api.service[103124]: DEBUG placement.objects.research_context [req-2f433ecf-d972-46a5-9c57-bbb17cae3ec4 req-ca9dab20-2769-439a-b550-5c5bf1d23291 service placement] found 2 providers with available 1 DISK_GB {{(pid=103124) get_provider_ids_matching /opt/stack/placement/placement/objects/research_context.py:549}}
Apr 05 18:44:39.128668 n-d-836650-3 devstack@placement-api.service[103124]: DEBUG placement.objects.research_context [req-2f433ecf-d972-46a5-9c57-bbb17cae3ec4 req-ca9dab20-2769-439a-b550-5c5bf1d23291 service placement] found 2 providers with available 1024 MEMORY_MB {{(pid=103124) get_provider_ids_matching /opt/stack/placement/placement/objects/research_context.py:549}}
Apr 05 18:44:39.129085 n-d-836650-3 devstack@placement-api.service[103124]: DEBUG placement.objects.research_context [req-2f433ecf-d972-46a5-9c57-bbb17cae3ec4 req-ca9dab20-2769-439a-b550-5c5bf1d23291 service placement] found 2 providers after filtering by previous result {{(pid=103124) get_provider_ids_matching /opt/stack/placement/placement/objects/research_context.py:580}}
Apr 05 18:44:39.129485 n-d-836650-3 devstack@placement-api.service[103124]: DEBUG placement.objects.research_context [req-2f433ecf-d972-46a5-9c57-bbb17cae3ec4 req-ca9dab20-2769-439a-b550-5c5bf1d23291 service placement] found 2 providers with available 1 VCPU {{(pid=103124) get_provider_ids_matching /opt/stack/placement/placement/objects/research_context.py:549}}
Apr 05 18:44:39.130038 n-d-836650-3 devstack@placement-api.service[103124]: DEBUG placement.objects.research_context [req-2f433ecf-d972-46a5-9c57-bbb17cae3ec4 req-ca9dab20-2769-439a-b550-5c5bf1d23291 service placement] found 2 providers after filtering by previous result {{(pid=103124) get_provider_ids_matching /opt/stack/placement/placement/objects/research_context.py:580}}
Apr 05 18:44:39.144350 n-d-836650-3 devstack@placement-api.service[103124]: DEBUG placement.objects.allocation_candidate [req-2f433ecf-d972-46a5-9c57-bbb17cae3ec4 req-ca9dab20-2769-439a-b550-5c5bf1d23291 service placement] RequestGroup(use_same_provider=False, resources={DISK_GB:1, MEMORY_MB:1024, VCPU:1}, traits=[], aggregates=[]) (suffix '') returned 2 matches {{(pid=103124) _get_by_requests /opt/stack/placement/placement/objects/allocation_candidate.py:145}}
Apr 05 18:44:39.145047 n-d-836650-3 devstack@placement-api.service[103124]: DEBUG placement.objects.allocation_candidate [req-2f433ecf-d972-46a5-9c57-bbb17cae3ec4 req-ca9dab20-2769-439a-b550-5c5bf1d23291 service placement] Merging candidates yields 2 allocation requests and 2 provider summaries {{(pid=103124) _merge_candidates /opt/stack/placement/placement/objects/allocation_candidate.py:783}}
Apr 05 18:44:39.146917 n-d-836650-3 devstack@placement-api.service[103124]: INFO placement.requestlog [req-2f433ecf-d972-46a5-9c57-bbb17cae3ec4 req-ca9dab20-2769-439a-b550-5c5bf1d23291 service placement] 10.222.0.15 "GET /placement/allocation_candidates?limit=1000&resources=DISK_GB%3A1%2CMEMORY_MB%3A1024%2CVCPU%3A1&root_required=%21COMPUTE_STATUS_DISABLED" status: 200 len: 1309 microversion: 1.36
Apr 05 18:44:39.147819 n-d-836650-3 devstack@placement-api.service[103124]: [pid: 103124|app: 0|req: 300/598] 10.222.0.15 () {60 vars in 1506 bytes} [Tue Apr 5 18:44:39 2022] GET /placement/allocation_candidates?limit=1000&resources=DISK_GB%3A1%2CMEMORY_MB%3A1024%2CVCPU%3A1&root_required=%21COMPUTE_STATUS_DISABLED => generated 1309 bytes in 103 msecs (HTTP/1.1 200) 8 headers in 297 bytes (1 switches on core 0)
Apr 05 18:44:39.206979 n-d-836650-3 devstack@placement-api.service[103123]: DEBUG placement.requestlog [req-2f433ecf-d972-46a5-9c57-bbb17cae3ec4 req-d50ba98b-757d-4e5f-8157-3e45ad89eb87 None None] Starting request: 10.222.0.15 "GET /placement/allocations/722a96a4-5dc4-4f6c-8cd9-8065fad593f3" {{(pid=103123) __call__ /opt/stack/placement/placement/requestlog.py:55}}
Apr 05 18:44:39.231665 n-d-836650-3 devstack@placement-api.service[103123]: INFO placement.requestlog [req-2f433ecf-d972-46a5-9c57-bbb17cae3ec4 req-d50ba98b-757d-4e5f-8157-3e45ad89eb87 service placement] 10.222.0.15 "GET /placement/allocations/722a96a4-5dc4-4f6c-8cd9-8065fad593f3" status: 200 len: 19 microversion: 1.28
Apr 05 18:44:39.235540 n-d-836650-3 devstack@placement-api.service[103123]: [pid: 103123|app: 0|req: 299/599] 10.222.0.15 () {60 vars in 1380 bytes} [Tue Apr 5 18:44:39 2022] GET /placement/allocations/722a96a4-5dc4-4f6c-8cd9-8065fad593f3 => generated 19 bytes in 29 msecs (HTTP/1.1 200) 8 headers in 295 bytes (1 switches on core 0)
Apr 05 18:44:39.249162 n-d-836650-3 devstack@placement-api.service[103124]: DEBUG placement.requestlog [req-2f433ecf-d972-46a5-9c57-bbb17cae3ec4 req-8290129f-c90e-410f-99d2-ae438f5b34ef None None] Starting request: 10.222.0.15 "PUT /placement/allocations/722a96a4-5dc4-4f6c-8cd9-8065fad593f3" {{(pid=103124) __call__ /opt/stack/placement/placement/requestlog.py:55}}
Apr 05 18:44:39.377112 n-d-836650-3 devstack@placement-api.service[103124]: DEBUG placement.handlers.allocation [req-2f433ecf-d972-46a5-9c57-bbb17cae3ec4 req-8290129f-c90e-410f-99d2-ae438f5b34ef service placement] Successfully wrote allocations [, , ] {{(pid=103124) _update_consumers_and_create_allocations /opt/stack/placement/placement/handlers/allocation.py:462}}
Apr 05 18:44:39.385030 n-d-836650-3 devstack@placement-api.service[103124]: INFO placement.requestlog [req-2f433ecf-d972-46a5-9c57-bbb17cae3ec4 req-8290129f-c90e-410f-99d2-ae438f5b34ef service placement] 10.222.0.15 "PUT /placement/allocations/722a96a4-5dc4-4f6c-8cd9-8065fad593f3" status: 204 len: 0 microversion: 1.36
Apr 05 18:44:39.385707 n-d-836650-3 devstack@placement-api.service[103124]: [pid: 103124|app: 0|req: 301/600] 10.222.0.15 () {64 vars in 1433 bytes} [Tue Apr 5 18:44:39 2022] PUT /placement/allocations/722a96a4-5dc4-4f6c-8cd9-8065fad593f3 => generated 0 bytes in 137 msecs (HTTP/1.1 204) 5 headers in 199 bytes (1 switches on core 0)
Apr 05 18:44:39.898370 n-d-836650-3 devstack@placement-api.service[103123]: DEBUG placement.requestlog [req-2f433ecf-d972-46a5-9c57-bbb17cae3ec4 req-699095ff-08de-4d40-866d-472081deb1bb None None] Starting request: 10.222.0.25 "GET /placement/allocations/722a96a4-5dc4-4f6c-8cd9-8065fad593f3" {{(pid=103123) __call__ /opt/stack/placement/placement/requestlog.py:55}}
Apr 05 18:44:39.930416 n-d-836650-3 devstack@placement-api.service[103123]: INFO placement.requestlog [req-2f433ecf-d972-46a5-9c57-bbb17cae3ec4 req-699095ff-08de-4d40-866d-472081deb1bb service placement] 10.222.0.25 "GET /placement/allocations/722a96a4-5dc4-4f6c-8cd9-8065fad593f3" status: 200 len: 259 microversion: 1.28
Apr 05 18:44:39.931749 n-d-836650-3 devstack@placement-api.service[103123]: [pid: 103123|app: 0|req: 300/601] 10.222.0.25 () {60 vars in 1377 bytes} [Tue Apr 5 18:44:39 2022] GET /placement/allocations/722a96a4-5dc4-4f6c-8cd9-8065fad593f3 => generated 259 bytes in 33 msecs (HTTP/1.1 200) 8 headers in 296 bytes (1 switches on core 0)
Apr 05 18:44:48.334244 n-d-836650-3 devstack@placement-api.service[103124]: DEBUG placement.requestlog [req-3be1419c-ea4f-4ae0-913d-eafb33844402 req-4d9ea467-695a-419d-a048-c4576574dcce None None] Starting request: 10.222.0.25 "DELETE /placement/allocations/44b69fb5-7efe-4dd0-bf5b-461a3a5367c9" {{(pid=103124) __call__ /opt/stack/placement/placement/requestlog.py:55}}
Apr 05 18:44:48.403545 n-d-836650-3 devstack@placement-api.service[103124]: DEBUG placement.handlers.allocation [req-3be1419c-ea4f-4ae0-913d-eafb33844402 req-4d9ea467-695a-419d-a048-c4576574dcce service placement] Successfully deleted allocations [, , ] {{(pid=103124) delete_allocations /opt/stack/placement/placement/handlers/allocation.py:627}}
Apr 05 18:44:48.404321 n-d-836650-3 devstack@placement-api.service[103124]: INFO placement.requestlog [req-3be1419c-ea4f-4ae0-913d-eafb33844402 req-4d9ea467-695a-419d-a048-c4576574dcce service placement] 10.222.0.25 "DELETE /placement/allocations/44b69fb5-7efe-4dd0-bf5b-461a3a5367c9" status: 204 len: 0 microversion: 1.0
Apr 05 18:44:48.404981 n-d-836650-3 devstack@placement-api.service[103124]: [pid: 103124|app: 0|req: 302/602] 10.222.0.25 () {60 vars in 1355 bytes} [Tue Apr 5 18:44:48 2022] DELETE /placement/allocations/44b69fb5-7efe-4dd0-bf5b-461a3a5367c9 => generated 0 bytes in 71 msecs (HTTP/1.1 204) 5 headers in 198 bytes (1 switches on core 0)
Apr 05 18:44:53.389450 n-d-836650-3 devstack@placement-api.service[103123]: DEBUG placement.requestlog [req-e60bcfb4-11db-4c01-b188-ee2c326248e5 req-4b901032-d0a8-41c7-9bfb-ba1d06029db2 None None] Starting request: 10.222.0.15 "GET /placement/allocation_candidates?limit=1000&resources=DISK_GB%3A1%2CMEMORY_MB%3A1024%2CVCPU%3A1&root_required=%21COMPUTE_STATUS_DISABLED" {{(pid=103123) __call__ /opt/stack/placement/placement/requestlog.py:55}}
Apr 05 18:44:53.484614 n-d-836650-3 devstack@placement-api.service[103123]: DEBUG placement.objects.research_context [req-e60bcfb4-11db-4c01-b188-ee2c326248e5 req-4b901032-d0a8-41c7-9bfb-ba1d06029db2 service placement] getting providers with 1 DISK_GB {{(pid=103123) __init__ /opt/stack/placement/placement/objects/research_context.py:126}}
Apr 05 18:44:53.497631 n-d-836650-3 devstack@placement-api.service[103123]: DEBUG placement.objects.research_context [req-e60bcfb4-11db-4c01-b188-ee2c326248e5 req-4b901032-d0a8-41c7-9bfb-ba1d06029db2 service placement] getting providers with 1024 MEMORY_MB {{(pid=103123) __init__ /opt/stack/placement/placement/objects/research_context.py:126}}
Apr 05 18:44:53.512833 n-d-836650-3 devstack@placement-api.service[103123]: DEBUG placement.objects.research_context [req-e60bcfb4-11db-4c01-b188-ee2c326248e5 req-4b901032-d0a8-41c7-9bfb-ba1d06029db2 service placement] getting providers with 1 VCPU {{(pid=103123) __init__ /opt/stack/placement/placement/objects/research_context.py:126}}
Apr 05 18:44:53.524540 n-d-836650-3 devstack@placement-api.service[103123]: DEBUG placement.objects.research_context [req-e60bcfb4-11db-4c01-b188-ee2c326248e5 req-4b901032-d0a8-41c7-9bfb-ba1d06029db2 service placement] found 2 providers with available 1 DISK_GB {{(pid=103123) get_provider_ids_matching /opt/stack/placement/placement/objects/research_context.py:549}}
Apr 05 18:44:53.524810 n-d-836650-3 devstack@placement-api.service[103123]: DEBUG placement.objects.research_context [req-e60bcfb4-11db-4c01-b188-ee2c326248e5 req-4b901032-d0a8-41c7-9bfb-ba1d06029db2 service placement] found 2 providers with available 1024 MEMORY_MB {{(pid=103123) get_provider_ids_matching /opt/stack/placement/placement/objects/research_context.py:549}}
Apr 05 18:44:53.527428 n-d-836650-3 devstack@placement-api.service[103123]: DEBUG placement.objects.research_context [req-e60bcfb4-11db-4c01-b188-ee2c326248e5 req-4b901032-d0a8-41c7-9bfb-ba1d06029db2 service placement] found 2 providers after filtering by previous result {{(pid=103123) get_provider_ids_matching /opt/stack/placement/placement/objects/research_context.py:580}}
Apr 05 18:44:53.527866 n-d-836650-3 devstack@placement-api.service[103123]: DEBUG placement.objects.research_context [req-e60bcfb4-11db-4c01-b188-ee2c326248e5 req-4b901032-d0a8-41c7-9bfb-ba1d06029db2 service placement] found 2 providers with available 1 VCPU {{(pid=103123) get_provider_ids_matching /opt/stack/placement/placement/objects/research_context.py:549}}
Apr 05 18:44:53.528305 n-d-836650-3 devstack@placement-api.service[103123]: DEBUG placement.objects.research_context [req-e60bcfb4-11db-4c01-b188-ee2c326248e5 req-4b901032-d0a8-41c7-9bfb-ba1d06029db2 service placement] found 2 providers after filtering by previous result {{(pid=103123) get_provider_ids_matching /opt/stack/placement/placement/objects/research_context.py:580}}
Apr 05 18:44:53.560376 n-d-836650-3 devstack@placement-api.service[103123]: DEBUG placement.objects.allocation_candidate [req-e60bcfb4-11db-4c01-b188-ee2c326248e5 req-4b901032-d0a8-41c7-9bfb-ba1d06029db2 service placement] RequestGroup(use_same_provider=False, resources={DISK_GB:1, MEMORY_MB:1024, VCPU:1}, traits=[], aggregates=[]) (suffix '') returned 2 matches {{(pid=103123) _get_by_requests /opt/stack/placement/placement/objects/allocation_candidate.py:145}}
Apr 05 18:44:53.560747 n-d-836650-3 devstack@placement-api.service[103123]: DEBUG placement.objects.allocation_candidate [req-e60bcfb4-11db-4c01-b188-ee2c326248e5 req-4b901032-d0a8-41c7-9bfb-ba1d06029db2 service placement] Merging candidates yields 2 allocation requests and 2 provider summaries {{(pid=103123) _merge_candidates /opt/stack/placement/placement/objects/allocation_candidate.py:783}}
Apr 05 18:44:53.562326 n-d-836650-3 devstack@placement-api.service[103123]: INFO placement.requestlog [req-e60bcfb4-11db-4c01-b188-ee2c326248e5 req-4b901032-d0a8-41c7-9bfb-ba1d06029db2 service placement] 10.222.0.15 "GET /placement/allocation_candidates?limit=1000&resources=DISK_GB%3A1%2CMEMORY_MB%3A1024%2CVCPU%3A1&root_required=%21COMPUTE_STATUS_DISABLED" status: 200 len: 1309 microversion: 1.36
Apr 05 18:44:53.562662 n-d-836650-3 devstack@placement-api.service[103123]: [pid: 103123|app: 0|req: 301/603] 10.222.0.15 () {60 vars in 1506 bytes} [Tue Apr 5 18:44:53 2022] GET /placement/allocation_candidates?limit=1000&resources=DISK_GB%3A1%2CMEMORY_MB%3A1024%2CVCPU%3A1&root_required=%21COMPUTE_STATUS_DISABLED => generated 1309 bytes in 173 msecs (HTTP/1.1 200) 8 headers in 297 bytes (1 switches on core 0)
Apr 05 18:44:53.672407 n-d-836650-3 devstack@placement-api.service[103124]: DEBUG placement.requestlog [req-e60bcfb4-11db-4c01-b188-ee2c326248e5 req-ee5a17cb-5903-459f-b21d-ed0cca3822be None None] Starting request: 10.222.0.15 "GET /placement/allocations/fc1bf257-5e35-499a-85c2-24af346f41ac" {{(pid=103124) __call__ /opt/stack/placement/placement/requestlog.py:55}}
Apr 05 18:44:53.705057 n-d-836650-3 devstack@placement-api.service[103124]: INFO placement.requestlog [req-e60bcfb4-11db-4c01-b188-ee2c326248e5 req-ee5a17cb-5903-459f-b21d-ed0cca3822be service placement] 10.222.0.15 "GET /placement/allocations/fc1bf257-5e35-499a-85c2-24af346f41ac" status: 200 len: 19 microversion: 1.28
Apr 05 18:44:53.707461 n-d-836650-3 devstack@placement-api.service[103124]: [pid: 103124|app: 0|req: 303/604] 10.222.0.15 () {60 vars in 1380 bytes} [Tue Apr 5 18:44:53 2022] GET /placement/allocations/fc1bf257-5e35-499a-85c2-24af346f41ac => generated 19 bytes in 36 msecs (HTTP/1.1 200) 8 headers in 295 bytes (1 switches on core 0)
Apr 05 18:44:53.732396 n-d-836650-3 devstack@placement-api.service[103123]: DEBUG placement.requestlog [req-e60bcfb4-11db-4c01-b188-ee2c326248e5 req-6f2fd100-43fc-4df0-8785-4e58325dc6a8 None None] Starting request: 10.222.0.15 "PUT /placement/allocations/fc1bf257-5e35-499a-85c2-24af346f41ac" {{(pid=103123) __call__ /opt/stack/placement/placement/requestlog.py:55}}
Apr 05 18:44:53.867829 n-d-836650-3 devstack@placement-api.service[103123]: DEBUG placement.handlers.allocation [req-e60bcfb4-11db-4c01-b188-ee2c326248e5 req-6f2fd100-43fc-4df0-8785-4e58325dc6a8 service placement] Successfully wrote allocations [, , ] {{(pid=103123) _update_consumers_and_create_allocations /opt/stack/placement/placement/handlers/allocation.py:462}}
Apr 05 18:44:53.875228 n-d-836650-3 devstack@placement-api.service[103123]: INFO placement.requestlog [req-e60bcfb4-11db-4c01-b188-ee2c326248e5 req-6f2fd100-43fc-4df0-8785-4e58325dc6a8 service placement] 10.222.0.15 "PUT /placement/allocations/fc1bf257-5e35-499a-85c2-24af346f41ac" status: 204 len: 0 microversion: 1.36
Apr 05 18:44:53.883708 n-d-836650-3 devstack@placement-api.service[103123]: [pid: 103123|app: 0|req: 302/605] 10.222.0.15 () {64 vars in 1433 bytes} [Tue Apr 5 18:44:53 2022] PUT /placement/allocations/fc1bf257-5e35-499a-85c2-24af346f41ac => generated 0 bytes in 144 msecs (HTTP/1.1 204) 5 headers in 199 bytes (1 switches on core 0)
Apr 05 18:44:54.131863 n-d-836650-3 devstack@placement-api.service[103124]: DEBUG placement.requestlog [req-d074c83e-9feb-4fd4-8dbf-3273415a1cd5 req-4cfbcf4a-8f74-4d49-9f03-0a204f07b70e None None] Starting request: 10.222.0.25 "DELETE /placement/allocations/a0690467-b0df-4bb3-9559-2a9601025544" {{(pid=103124) __call__ /opt/stack/placement/placement/requestlog.py:55}}
Apr 05 18:44:54.171749 n-d-836650-3 devstack@placement-api.service[103124]: DEBUG placement.handlers.allocation [req-d074c83e-9feb-4fd4-8dbf-3273415a1cd5 req-4cfbcf4a-8f74-4d49-9f03-0a204f07b70e service placement] Successfully deleted allocations [, , ] {{(pid=103124) delete_allocations /opt/stack/placement/placement/handlers/allocation.py:627}}
Apr 05 18:44:54.172612 n-d-836650-3 devstack@placement-api.service[103124]: INFO placement.requestlog [req-d074c83e-9feb-4fd4-8dbf-3273415a1cd5 req-4cfbcf4a-8f74-4d49-9f03-0a204f07b70e service placement] 10.222.0.25 "DELETE /placement/allocations/a0690467-b0df-4bb3-9559-2a9601025544" status: 204 len: 0 microversion: 1.0
Apr 05 18:44:54.173050 n-d-836650-3 devstack@placement-api.service[103124]: [pid: 103124|app: 0|req: 304/606] 10.222.0.25 () {60 vars in 1355 bytes} [Tue Apr 5 18:44:54 2022] DELETE /placement/allocations/a0690467-b0df-4bb3-9559-2a9601025544 => generated 0 bytes in 42 msecs (HTTP/1.1 204) 5 headers in 198 bytes (1 switches on core 0)
Apr 05 18:44:54.211796 n-d-836650-3 devstack@placement-api.service[103123]: DEBUG placement.requestlog [req-e60bcfb4-11db-4c01-b188-ee2c326248e5 req-3d15da45-e22f-4a35-b706-6371f12830f0 None None] Starting request: 10.222.0.25 "GET /placement/allocations/fc1bf257-5e35-499a-85c2-24af346f41ac" {{(pid=103123) __call__ /opt/stack/placement/placement/requestlog.py:55}}
Apr 05 18:44:54.239311 n-d-836650-3 devstack@placement-api.service[103123]: INFO placement.requestlog [req-e60bcfb4-11db-4c01-b188-ee2c326248e5 req-3d15da45-e22f-4a35-b706-6371f12830f0 service placement] 10.222.0.25 "GET /placement/allocations/fc1bf257-5e35-499a-85c2-24af346f41ac" status: 200 len: 259 microversion: 1.28
Apr 05 18:44:54.240124 n-d-836650-3 devstack@placement-api.service[103123]: [pid: 103123|app: 0|req: 303/607] 10.222.0.25 () {60 vars in 1377 bytes} [Tue Apr 5 18:44:54 2022] GET /placement/allocations/fc1bf257-5e35-499a-85c2-24af346f41ac => generated 259 bytes in 28 msecs (HTTP/1.1 200) 8 headers in 296 bytes (1 switches on core 0)
Apr 05 18:44:57.512289 n-d-836650-3 devstack@placement-api.service[103124]: DEBUG placement.requestlog [req-44482ee0-ad8a-45e4-8028-cdd472cbc58c req-a6e55437-02bd-4ba6-9fc6-cf22463fa2f4 None None] Starting request: 10.222.0.20 "DELETE /placement/allocations/1d1ea9bd-1c79-4ab7-9fb9-43f34e10a45c" {{(pid=103124) __call__ /opt/stack/placement/placement/requestlog.py:55}}
Apr 05 18:44:57.560603 n-d-836650-3 devstack@placement-api.service[103124]: DEBUG placement.handlers.allocation [req-44482ee0-ad8a-45e4-8028-cdd472cbc58c req-a6e55437-02bd-4ba6-9fc6-cf22463fa2f4 service placement] Successfully deleted allocations [, , ] {{(pid=103124) delete_allocations /opt/stack/placement/placement/handlers/allocation.py:627}}
Apr 05 18:44:57.561740 n-d-836650-3 devstack@placement-api.service[103124]: INFO placement.requestlog [req-44482ee0-ad8a-45e4-8028-cdd472cbc58c req-a6e55437-02bd-4ba6-9fc6-cf22463fa2f4 service placement] 10.222.0.20 "DELETE /placement/allocations/1d1ea9bd-1c79-4ab7-9fb9-43f34e10a45c" status: 204 len: 0 microversion: 1.0
Apr 05 18:44:57.562287 n-d-836650-3 devstack@placement-api.service[103124]: [pid: 103124|app: 0|req: 305/608] 10.222.0.20 () {60 vars in 1355 bytes} [Tue Apr 5 18:44:57 2022] DELETE /placement/allocations/1d1ea9bd-1c79-4ab7-9fb9-43f34e10a45c => generated 0 bytes in 51 msecs (HTTP/1.1 204) 5 headers in 198 bytes (1 switches on core 0)
Apr 05 18:44:58.734806 n-d-836650-3 devstack@placement-api.service[103123]: DEBUG placement.requestlog [req-5ca9a4e4-82c6-4143-a575-1ab1fe21e4fc req-fc4d9af0-05f1-4a90-a370-db4543309432 None None] Starting request: 10.222.0.20 "DELETE /placement/allocations/c6559864-6f08-407e-9b53-ac138b9db2c7" {{(pid=103123) __call__ /opt/stack/placement/placement/requestlog.py:55}}
Apr 05 18:44:58.820062 n-d-836650-3 devstack@placement-api.service[103123]: DEBUG placement.handlers.allocation [req-5ca9a4e4-82c6-4143-a575-1ab1fe21e4fc req-fc4d9af0-05f1-4a90-a370-db4543309432 service placement] Successfully deleted allocations [, , ] {{(pid=103123) delete_allocations /opt/stack/placement/placement/handlers/allocation.py:627}}
Apr 05 18:44:58.820568 n-d-836650-3 devstack@placement-api.service[103123]: INFO placement.requestlog [req-5ca9a4e4-82c6-4143-a575-1ab1fe21e4fc req-fc4d9af0-05f1-4a90-a370-db4543309432 service placement] 10.222.0.20 "DELETE /placement/allocations/c6559864-6f08-407e-9b53-ac138b9db2c7" status: 204 len: 0 microversion: 1.0
Apr 05 18:44:58.821224 n-d-836650-3 devstack@placement-api.service[103123]: [pid: 103123|app: 0|req: 304/609] 10.222.0.20 () {60 vars in 1355 bytes} [Tue Apr 5 18:44:58 2022] DELETE /placement/allocations/c6559864-6f08-407e-9b53-ac138b9db2c7 => generated 0 bytes in 86 msecs (HTTP/1.1 204) 5 headers in 198 bytes (1 switches on core 0)
Apr 05 18:44:59.106075 n-d-836650-3 devstack@placement-api.service[103124]: DEBUG placement.requestlog [req-addfbfa3-a45e-4ef4-be3f-725c01afb131 req-ff29a9c0-a8d6-4a28-8ddf-46e0962a8964 None None] Starting request: 10.222.0.20 "DELETE /placement/allocations/eb20a3cf-2a20-4c12-ae3f-5310571c4e15" {{(pid=103124) __call__ /opt/stack/placement/placement/requestlog.py:55}}
Apr 05 18:44:59.154432 n-d-836650-3 devstack@placement-api.service[103124]: DEBUG placement.handlers.allocation [req-addfbfa3-a45e-4ef4-be3f-725c01afb131 req-ff29a9c0-a8d6-4a28-8ddf-46e0962a8964 service placement] Successfully deleted allocations [, , ] {{(pid=103124) delete_allocations /opt/stack/placement/placement/handlers/allocation.py:627}}
Apr 05 18:44:59.155133 n-d-836650-3 devstack@placement-api.service[103124]: INFO placement.requestlog [req-addfbfa3-a45e-4ef4-be3f-725c01afb131 req-ff29a9c0-a8d6-4a28-8ddf-46e0962a8964 service placement] 10.222.0.20 "DELETE /placement/allocations/eb20a3cf-2a20-4c12-ae3f-5310571c4e15" status: 204 len: 0 microversion: 1.0
Apr 05 18:44:59.155922 n-d-836650-3 devstack@placement-api.service[103124]: [pid: 103124|app: 0|req: 306/610] 10.222.0.20 () {60 vars in 1355 bytes} [Tue Apr 5 18:44:59 2022] DELETE /placement/allocations/eb20a3cf-2a20-4c12-ae3f-5310571c4e15 => generated 0 bytes in 50 msecs (HTTP/1.1 204) 5 headers in 198 bytes (1 switches on core 0)
