May 06 13:51:25.223693 n-d-836639-1 devstack@placement-api.service[105668]: DEBUG placement.objects.research_context [req-fb10df32-da96-4cff-aa91-d44afe3741da req-35588229-eae2-419f-96ff-651f47e71146 service placement] found 2 providers with available 1 DISK_GB {{(pid=105668) get_provider_ids_matching /opt/stack/placement/placement/objects/research_context.py:563}}
May 06 13:51:25.224191 n-d-836639-1 devstack@placement-api.service[105668]: DEBUG placement.objects.research_context [req-fb10df32-da96-4cff-aa91-d44afe3741da req-35588229-eae2-419f-96ff-651f47e71146 service placement] found 2 providers with available 1024 MEMORY_MB {{(pid=105668) get_provider_ids_matching /opt/stack/placement/placement/objects/research_context.py:563}}
May 06 13:51:25.224885 n-d-836639-1 devstack@placement-api.service[105668]: DEBUG placement.objects.research_context [req-fb10df32-da96-4cff-aa91-d44afe3741da req-35588229-eae2-419f-96ff-651f47e71146 service placement] found 2 providers after filtering by previous result {{(pid=105668) get_provider_ids_matching /opt/stack/placement/placement/objects/research_context.py:594}}
May 06 13:51:25.225510 n-d-836639-1 devstack@placement-api.service[105668]: DEBUG placement.objects.research_context [req-fb10df32-da96-4cff-aa91-d44afe3741da req-35588229-eae2-419f-96ff-651f47e71146 service placement] found 2 providers with available 1 VCPU {{(pid=105668) get_provider_ids_matching /opt/stack/placement/placement/objects/research_context.py:563}}
May 06 13:51:25.226139 n-d-836639-1 devstack@placement-api.service[105668]: DEBUG placement.objects.research_context [req-fb10df32-da96-4cff-aa91-d44afe3741da req-35588229-eae2-419f-96ff-651f47e71146 service placement] found 2 providers after filtering by previous result {{(pid=105668) get_provider_ids_matching /opt/stack/placement/placement/objects/research_context.py:594}}
May 06 13:51:25.266541 n-d-836639-1 devstack@placement-api.service[105668]: DEBUG placement.objects.allocation_candidate [req-fb10df32-da96-4cff-aa91-d44afe3741da req-35588229-eae2-419f-96ff-651f47e71146 service placement] RequestGroup(use_same_provider=False, resources={DISK_GB:1, MEMORY_MB:1024, VCPU:1}, traits=(), aggregates=[]) (suffix '') returned 2 matches {{(pid=105668) _get_by_requests /opt/stack/placement/placement/objects/allocation_candidate.py:156}}
May 06 13:51:25.267028 n-d-836639-1 devstack@placement-api.service[105668]: DEBUG placement.objects.allocation_candidate [req-fb10df32-da96-4cff-aa91-d44afe3741da req-35588229-eae2-419f-96ff-651f47e71146 service placement] Merging candidates yields 2 allocation requests and 2 provider summaries {{(pid=105668) _merge_candidates /opt/stack/placement/placement/objects/allocation_candidate.py:809}}
May 06 13:51:25.277231 n-d-836639-1 devstack@placement-api.service[105668]: INFO placement.requestlog [req-fb10df32-da96-4cff-aa91-d44afe3741da req-35588229-eae2-419f-96ff-651f47e71146 service placement] 10.222.0.74 "GET /placement/allocation_candidates?limit=1000&resources=DISK_GB%3A1%2CMEMORY_MB%3A1024%2CVCPU%3A1&root_required=%21COMPUTE_STATUS_DISABLED" status: 200 len: 1309 microversion: 1.36
May 06 13:51:25.277819 n-d-836639-1 devstack@placement-api.service[105668]: [pid: 105668|app: 0|req: 345/692] 10.222.0.74 () {60 vars in 1506 bytes} [Fri May 6 13:51:25 2022] GET /placement/allocation_candidates?limit=1000&resources=DISK_GB%3A1%2CMEMORY_MB%3A1024%2CVCPU%3A1&root_required=%21COMPUTE_STATUS_DISABLED => generated 1309 bytes in 191 msecs (HTTP/1.1 200) 8 headers in 297 bytes (1 switches on core 0)
May 06 13:51:25.361468 n-d-836639-1 devstack@placement-api.service[105667]: DEBUG placement.handlers.allocation [req-bf933a8b-24ca-4d92-ab88-de46b14f33ba req-df14911e-ad14-4b01-b15c-16488d9491e7 service placement] Successfully deleted allocations [, , ] {{(pid=105667) delete_allocations /opt/stack/placement/placement/handlers/allocation.py:627}}
May 06 13:51:25.362218 n-d-836639-1 devstack@placement-api.service[105668]: DEBUG placement.requestlog [req-fb10df32-da96-4cff-aa91-d44afe3741da req-b8f8bf3e-cad8-4240-9fda-11910a2213d3 None None] Starting request: 10.222.0.74 "GET /placement/allocations/adc973b0-6349-4aec-963f-5d68166fdfbe" {{(pid=105668) __call__ /opt/stack/placement/placement/requestlog.py:55}}
May 06 13:51:25.362895 n-d-836639-1 devstack@placement-api.service[105667]: INFO placement.requestlog [req-bf933a8b-24ca-4d92-ab88-de46b14f33ba req-df14911e-ad14-4b01-b15c-16488d9491e7 service placement] 10.222.0.77 "DELETE /placement/allocations/0f60fcf7-7d14-4ab7-a141-afb52b8466fc" status: 204 len: 0 microversion: 1.0
May 06 13:51:25.363750 n-d-836639-1 devstack@placement-api.service[105667]: [pid: 105667|app: 0|req: 348/693] 10.222.0.77 () {60 vars in 1355 bytes} [Fri May 6 13:51:25 2022] DELETE /placement/allocations/0f60fcf7-7d14-4ab7-a141-afb52b8466fc => generated 0 bytes in 240 msecs (HTTP/1.1 204) 5 headers in 198 bytes (2 switches on core 0)
May 06 13:51:25.374669 n-d-836639-1 devstack@placement-api.service[105668]: INFO placement.requestlog [req-fb10df32-da96-4cff-aa91-d44afe3741da req-b8f8bf3e-cad8-4240-9fda-11910a2213d3 service placement] 10.222.0.74 "GET /placement/allocations/adc973b0-6349-4aec-963f-5d68166fdfbe" status: 200 len: 19 microversion: 1.28
May 06 13:51:25.375364 n-d-836639-1 devstack@placement-api.service[105668]: [pid: 105668|app: 0|req: 346/694] 10.222.0.74 () {60 vars in 1380 bytes} [Fri May 6 13:51:25 2022] GET /placement/allocations/adc973b0-6349-4aec-963f-5d68166fdfbe => generated 19 bytes in 13 msecs (HTTP/1.1 200) 8 headers in 295 bytes (1 switches on core 0)
May 06 13:51:25.382550 n-d-836639-1 devstack@placement-api.service[105667]: DEBUG placement.requestlog [req-fb10df32-da96-4cff-aa91-d44afe3741da req-6dff0299-cd52-494a-bf68-30e32018dbb6 None None] Starting request: 10.222.0.74 "PUT /placement/allocations/adc973b0-6349-4aec-963f-5d68166fdfbe" {{(pid=105667) __call__ /opt/stack/placement/placement/requestlog.py:55}}
May 06 13:51:25.511596 n-d-836639-1 devstack@placement-api.service[105667]: DEBUG placement.handlers.allocation [req-fb10df32-da96-4cff-aa91-d44afe3741da req-6dff0299-cd52-494a-bf68-30e32018dbb6 service placement] Successfully wrote allocations [, , ] {{(pid=105667) _update_consumers_and_create_allocations /opt/stack/placement/placement/handlers/allocation.py:462}}
May 06 13:51:25.583847 n-d-836639-1 devstack@placement-api.service[105667]: INFO placement.requestlog [req-fb10df32-da96-4cff-aa91-d44afe3741da req-6dff0299-cd52-494a-bf68-30e32018dbb6 service placement] 10.222.0.74 "PUT /placement/allocations/adc973b0-6349-4aec-963f-5d68166fdfbe" status: 204 len: 0 microversion: 1.36
May 06 13:51:25.584824 n-d-836639-1 devstack@placement-api.service[105667]: [pid: 105667|app: 0|req: 349/695] 10.222.0.74 () {64 vars in 1433 bytes} [Fri May 6 13:51:25 2022] PUT /placement/allocations/adc973b0-6349-4aec-963f-5d68166fdfbe => generated 0 bytes in 202 msecs (HTTP/1.1 204) 5 headers in 199 bytes (1 switches on core 0)
May 06 13:51:26.247477 n-d-836639-1 devstack@placement-api.service[105668]: DEBUG placement.requestlog [req-59f92470-f44f-4bba-9bc5-cbc7258ccf91 req-cf130e3d-a82f-42a1-bcb8-b91a9bb17808 None None] Starting request: 10.222.0.85 "GET /placement/allocations/eb8c6ac6-f8cd-44a5-b1c2-adf19563a07a" {{(pid=105668) __call__ /opt/stack/placement/placement/requestlog.py:55}}
May 06 13:51:26.272279 n-d-836639-1 devstack@placement-api.service[105668]: INFO placement.requestlog [req-59f92470-f44f-4bba-9bc5-cbc7258ccf91 req-cf130e3d-a82f-42a1-bcb8-b91a9bb17808 service placement] 10.222.0.85 "GET /placement/allocations/eb8c6ac6-f8cd-44a5-b1c2-adf19563a07a" status: 200 len: 259 microversion: 1.28
May 06 13:51:26.273509 n-d-836639-1 devstack@placement-api.service[105668]: [pid: 105668|app: 0|req: 347/696] 10.222.0.85 () {60 vars in 1377 bytes} [Fri May 6 13:51:26 2022] GET /placement/allocations/eb8c6ac6-f8cd-44a5-b1c2-adf19563a07a => generated 259 bytes in 26 msecs (HTTP/1.1 200) 8 headers in 296 bytes (1 switches on core 0)
May 06 13:51:26.909166 n-d-836639-1 devstack@placement-api.service[105667]: DEBUG placement.requestlog [req-fb10df32-da96-4cff-aa91-d44afe3741da req-279a7342-081f-4e93-8acc-cdc490725f37 None None] Starting request: 10.222.0.85 "GET /placement/allocations/adc973b0-6349-4aec-963f-5d68166fdfbe" {{(pid=105667) __call__ /opt/stack/placement/placement/requestlog.py:55}}
May 06 13:51:26.982125 n-d-836639-1 devstack@placement-api.service[105667]: INFO placement.requestlog [req-fb10df32-da96-4cff-aa91-d44afe3741da req-279a7342-081f-4e93-8acc-cdc490725f37 service placement] 10.222.0.85 "GET /placement/allocations/adc973b0-6349-4aec-963f-5d68166fdfbe" status: 200 len: 259 microversion: 1.28
May 06 13:51:26.983746 n-d-836639-1 devstack@placement-api.service[105667]: [pid: 105667|app: 0|req: 350/697] 10.222.0.85 () {60 vars in 1377 bytes} [Fri May 6 13:51:26 2022] GET /placement/allocations/adc973b0-6349-4aec-963f-5d68166fdfbe => generated 259 bytes in 75 msecs (HTTP/1.1 200) 8 headers in 296 bytes (1 switches on core 0)
May 06 13:51:31.774035 n-d-836639-1 devstack@placement-api.service[105668]: DEBUG placement.requestlog [req-e9bc07b9-fd2f-4f83-a222-46baf8b7930f req-b1f088b4-7eca-44d1-abab-d1dcbf353fcf None None] Starting request: 10.222.0.77 "GET /placement/resource_providers/c3be0968-6637-45c8-9e30-2cc60c462070/allocations" {{(pid=105668) __call__ /opt/stack/placement/placement/requestlog.py:55}}
May 06 13:51:31.977933 n-d-836639-1 devstack@placement-api.service[105668]: INFO placement.requestlog [req-e9bc07b9-fd2f-4f83-a222-46baf8b7930f req-b1f088b4-7eca-44d1-abab-d1dcbf353fcf service placement] 10.222.0.77 "GET /placement/resource_providers/c3be0968-6637-45c8-9e30-2cc60c462070/allocations" status: 200 len: 154 microversion: 1.0
May 06 13:51:31.979662 n-d-836639-1 devstack@placement-api.service[105668]: [pid: 105668|app: 0|req: 348/698] 10.222.0.77 () {58 vars in 1390 bytes} [Fri May 6 13:51:31 2022] GET /placement/resource_providers/c3be0968-6637-45c8-9e30-2cc60c462070/allocations => generated 154 bytes in 206 msecs (HTTP/1.1 200) 6 headers in 224 bytes (1 switches on core 0)
May 06 13:51:32.136577 n-d-836639-1 devstack@placement-api.service[105667]: DEBUG placement.requestlog [req-e9bc07b9-fd2f-4f83-a222-46baf8b7930f req-e5c9248a-490f-457c-8692-18dbbd480474 None None] Starting request: 10.222.0.77 "GET /placement/resource_providers?in_tree=c3be0968-6637-45c8-9e30-2cc60c462070" {{(pid=105667) __call__ /opt/stack/placement/placement/requestlog.py:55}}
May 06 13:51:32.174671 n-d-836639-1 devstack@placement-api.service[105667]: INFO placement.requestlog [req-e9bc07b9-fd2f-4f83-a222-46baf8b7930f req-e5c9248a-490f-457c-8692-18dbbd480474 service placement] 10.222.0.77 "GET /placement/resource_providers?in_tree=c3be0968-6637-45c8-9e30-2cc60c462070" status: 200 len: 863 microversion: 1.14
May 06 13:51:32.176544 n-d-836639-1 devstack@placement-api.service[105667]: [pid: 105667|app: 0|req: 351/699] 10.222.0.77 () {60 vars in 1376 bytes} [Fri May 6 13:51:32 2022] GET /placement/resource_providers?in_tree=c3be0968-6637-45c8-9e30-2cc60c462070 => generated 863 bytes in 41 msecs (HTTP/1.1 200) 6 headers in 225 bytes (1 switches on core 0)
May 06 13:51:32.190300 n-d-836639-1 devstack@placement-api.service[105668]: DEBUG placement.requestlog [req-e9bc07b9-fd2f-4f83-a222-46baf8b7930f req-093f4bd4-303d-48f4-a317-7e6dedf20bd9 None None] Starting request: 10.222.0.77 "GET /placement/resource_providers/c3be0968-6637-45c8-9e30-2cc60c462070/inventories" {{(pid=105668) __call__ /opt/stack/placement/placement/requestlog.py:55}}
May 06 13:51:32.277505 n-d-836639-1 devstack@placement-api.service[105668]: INFO placement.requestlog [req-e9bc07b9-fd2f-4f83-a222-46baf8b7930f req-093f4bd4-303d-48f4-a317-7e6dedf20bd9 service placement] 10.222.0.77 "GET /placement/resource_providers/c3be0968-6637-45c8-9e30-2cc60c462070/inventories" status: 200 len: 398 microversion: 1.0
May 06 13:51:32.281379 n-d-836639-1 devstack@placement-api.service[105668]: [pid: 105668|app: 0|req: 349/700] 10.222.0.77 () {58 vars in 1390 bytes} [Fri May 6 13:51:32 2022] GET /placement/resource_providers/c3be0968-6637-45c8-9e30-2cc60c462070/inventories => generated 398 bytes in 91 msecs (HTTP/1.1 200) 6 headers in 224 bytes (1 switches on core 0)
May 06 13:51:32.298497 n-d-836639-1 devstack@placement-api.service[105667]: DEBUG placement.requestlog [req-e9bc07b9-fd2f-4f83-a222-46baf8b7930f req-1b8399c7-42e9-48a8-a65d-e1b2cf3553d3 None None] Starting request: 10.222.0.77 "GET /placement/resource_providers/c3be0968-6637-45c8-9e30-2cc60c462070/aggregates" {{(pid=105667) __call__ /opt/stack/placement/placement/requestlog.py:55}}
May 06 13:51:32.332017 n-d-836639-1 devstack@placement-api.service[105667]: INFO placement.requestlog [req-e9bc07b9-fd2f-4f83-a222-46baf8b7930f req-1b8399c7-42e9-48a8-a65d-e1b2cf3553d3 service placement] 10.222.0.77 "GET /placement/resource_providers/c3be0968-6637-45c8-9e30-2cc60c462070/aggregates" status: 200 len: 54 microversion: 1.19
May 06 13:51:32.333286 n-d-836639-1 devstack@placement-api.service[105667]: [pid: 105667|app: 0|req: 352/701] 10.222.0.77 () {60 vars in 1431 bytes} [Fri May 6 13:51:32 2022] GET /placement/resource_providers/c3be0968-6637-45c8-9e30-2cc60c462070/aggregates => generated 54 bytes in 35 msecs (HTTP/1.1 200) 8 headers in 295 bytes (1 switches on core 0)
May 06 13:51:32.346487 n-d-836639-1 devstack@placement-api.service[105668]: DEBUG placement.requestlog [req-e9bc07b9-fd2f-4f83-a222-46baf8b7930f req-6c8af7b4-6900-487b-96ac-351dc877454b None None] Starting request: 10.222.0.77 "GET /placement/resource_providers/c3be0968-6637-45c8-9e30-2cc60c462070/traits" {{(pid=105668) __call__ /opt/stack/placement/placement/requestlog.py:55}}
May 06 13:51:32.387520 n-d-836639-1 devstack@placement-api.service[105668]: INFO placement.requestlog [req-e9bc07b9-fd2f-4f83-a222-46baf8b7930f req-6c8af7b4-6900-487b-96ac-351dc877454b service placement] 10.222.0.77 "GET /placement/resource_providers/c3be0968-6637-45c8-9e30-2cc60c462070/traits" status: 200 len: 212 microversion: 1.6
May 06 13:51:32.388770 n-d-836639-1 devstack@placement-api.service[105668]: [pid: 105668|app: 0|req: 350/702] 10.222.0.77 () {60 vars in 1418 bytes} [Fri May 6 13:51:32 2022] GET /placement/resource_providers/c3be0968-6637-45c8-9e30-2cc60c462070/traits => generated 212 bytes in 42 msecs (HTTP/1.1 200) 6 headers in 224 bytes (1 switches on core 0)
May 06 13:51:35.850631 n-d-836639-1 devstack@placement-api.service[105667]: DEBUG placement.requestlog [req-85acbc64-f004-4fbb-be3c-6510e8f36d0a req-c427623b-a1a7-4402-a0ab-98ce321b0835 None None] Starting request: 10.222.0.74 "GET /placement/allocation_candidates?limit=1000&resources=DISK_GB%3A1%2CMEMORY_MB%3A1024%2CVCPU%3A1&root_required=%21COMPUTE_STATUS_DISABLED" {{(pid=105667) __call__ /opt/stack/placement/placement/requestlog.py:55}}
May 06 13:51:36.060649 n-d-836639-1 devstack@placement-api.service[105667]: DEBUG placement.objects.research_context [req-85acbc64-f004-4fbb-be3c-6510e8f36d0a req-c427623b-a1a7-4402-a0ab-98ce321b0835 service placement] getting providers with 1 DISK_GB {{(pid=105667) __init__ /opt/stack/placement/placement/objects/research_context.py:136}}
May 06 13:51:36.078595 n-d-836639-1 devstack@placement-api.service[105667]: DEBUG placement.objects.research_context [req-85acbc64-f004-4fbb-be3c-6510e8f36d0a req-c427623b-a1a7-4402-a0ab-98ce321b0835 service placement] getting providers with 1024 MEMORY_MB {{(pid=105667) __init__ /opt/stack/placement/placement/objects/research_context.py:136}}
May 06 13:51:36.103926 n-d-836639-1 devstack@placement-api.service[105667]: DEBUG placement.objects.research_context [req-85acbc64-f004-4fbb-be3c-6510e8f36d0a req-c427623b-a1a7-4402-a0ab-98ce321b0835 service placement] getting providers with 1 VCPU {{(pid=105667) __init__ /opt/stack/placement/placement/objects/research_context.py:136}}
May 06 13:51:36.130403 n-d-836639-1 devstack@placement-api.service[105667]: DEBUG placement.objects.research_context [req-85acbc64-f004-4fbb-be3c-6510e8f36d0a req-c427623b-a1a7-4402-a0ab-98ce321b0835 service placement] found 2 providers with available 1 DISK_GB {{(pid=105667) get_provider_ids_matching /opt/stack/placement/placement/objects/research_context.py:563}}
May 06 13:51:36.133068 n-d-836639-1 devstack@placement-api.service[105667]: DEBUG placement.objects.research_context [req-85acbc64-f004-4fbb-be3c-6510e8f36d0a req-c427623b-a1a7-4402-a0ab-98ce321b0835 service placement] found 2 providers with available 1024 MEMORY_MB {{(pid=105667) get_provider_ids_matching /opt/stack/placement/placement/objects/research_context.py:563}}
May 06 13:51:36.138237 n-d-836639-1 devstack@placement-api.service[105667]: DEBUG placement.objects.research_context [req-85acbc64-f004-4fbb-be3c-6510e8f36d0a req-c427623b-a1a7-4402-a0ab-98ce321b0835 service placement] found 2 providers after filtering by previous result {{(pid=105667) get_provider_ids_matching /opt/stack/placement/placement/objects/research_context.py:594}}
May 06 13:51:36.139071 n-d-836639-1 devstack@placement-api.service[105667]: DEBUG placement.objects.research_context [req-85acbc64-f004-4fbb-be3c-6510e8f36d0a req-c427623b-a1a7-4402-a0ab-98ce321b0835 service placement] found 2 providers with available 1 VCPU {{(pid=105667) get_provider_ids_matching /opt/stack/placement/placement/objects/research_context.py:563}}
May 06 13:51:36.142967 n-d-836639-1 devstack@placement-api.service[105667]: DEBUG placement.objects.research_context [req-85acbc64-f004-4fbb-be3c-6510e8f36d0a req-c427623b-a1a7-4402-a0ab-98ce321b0835 service placement] found 2 providers after filtering by previous result {{(pid=105667) get_provider_ids_matching /opt/stack/placement/placement/objects/research_context.py:594}}
May 06 13:51:36.208676 n-d-836639-1 devstack@placement-api.service[105667]: DEBUG placement.objects.allocation_candidate [req-85acbc64-f004-4fbb-be3c-6510e8f36d0a req-c427623b-a1a7-4402-a0ab-98ce321b0835 service placement] RequestGroup(use_same_provider=False, resources={DISK_GB:1, MEMORY_MB:1024, VCPU:1}, traits=(), aggregates=[]) (suffix '') returned 2 matches {{(pid=105667) _get_by_requests /opt/stack/placement/placement/objects/allocation_candidate.py:156}}
May 06 13:51:36.213780 n-d-836639-1 devstack@placement-api.service[105667]: DEBUG placement.objects.allocation_candidate [req-85acbc64-f004-4fbb-be3c-6510e8f36d0a req-c427623b-a1a7-4402-a0ab-98ce321b0835 service placement] Merging candidates yields 2 allocation requests and 2 provider summaries {{(pid=105667) _merge_candidates /opt/stack/placement/placement/objects/allocation_candidate.py:809}}
May 06 13:51:36.244331 n-d-836639-1 devstack@placement-api.service[105667]: INFO placement.requestlog [req-85acbc64-f004-4fbb-be3c-6510e8f36d0a req-c427623b-a1a7-4402-a0ab-98ce321b0835 service placement] 10.222.0.74 "GET /placement/allocation_candidates?limit=1000&resources=DISK_GB%3A1%2CMEMORY_MB%3A1024%2CVCPU%3A1&root_required=%21COMPUTE_STATUS_DISABLED" status: 200 len: 1309 microversion: 1.36
May 06 13:51:36.245226 n-d-836639-1 devstack@placement-api.service[105667]: [pid: 105667|app: 0|req: 353/703] 10.222.0.74 () {60 vars in 1506 bytes} [Fri May 6 13:51:35 2022] GET /placement/allocation_candidates?limit=1000&resources=DISK_GB%3A1%2CMEMORY_MB%3A1024%2CVCPU%3A1&root_required=%21COMPUTE_STATUS_DISABLED => generated 1309 bytes in 398 msecs (HTTP/1.1 200) 8 headers in 297 bytes (1 switches on core 0)
May 06 13:51:36.349850 n-d-836639-1 devstack@placement-api.service[105668]: DEBUG placement.requestlog [req-85acbc64-f004-4fbb-be3c-6510e8f36d0a req-e6c50b90-8a3a-402f-a3fe-2046d83eec41 None None] Starting request: 10.222.0.74 "GET /placement/allocations/cbcf7c1d-b583-4694-84f4-3ac8791ecf27" {{(pid=105668) __call__ /opt/stack/placement/placement/requestlog.py:55}}
May 06 13:51:36.371422 n-d-836639-1 devstack@placement-api.service[105668]: INFO placement.requestlog [req-85acbc64-f004-4fbb-be3c-6510e8f36d0a req-e6c50b90-8a3a-402f-a3fe-2046d83eec41 service placement] 10.222.0.74 "GET /placement/allocations/cbcf7c1d-b583-4694-84f4-3ac8791ecf27" status: 200 len: 19 microversion: 1.28
May 06 13:51:36.380571 n-d-836639-1 devstack@placement-api.service[105667]: DEBUG placement.requestlog [req-85acbc64-f004-4fbb-be3c-6510e8f36d0a req-8bc9034a-8557-4267-8a8e-8311b42d2178 None None] Starting request: 10.222.0.74 "PUT /placement/allocations/cbcf7c1d-b583-4694-84f4-3ac8791ecf27" {{(pid=105667) __call__ /opt/stack/placement/placement/requestlog.py:55}}
May 06 13:51:36.391448 n-d-836639-1 devstack@placement-api.service[105668]: [pid: 105668|app: 0|req: 351/704] 10.222.0.74 () {60 vars in 1380 bytes} [Fri May 6 13:51:36 2022] GET /placement/allocations/cbcf7c1d-b583-4694-84f4-3ac8791ecf27 => generated 19 bytes in 42 msecs (HTTP/1.1 200) 8 headers in 295 bytes (1 switches on core 0)
May 06 13:51:36.845801 n-d-836639-1 devstack@placement-api.service[105667]: DEBUG placement.handlers.allocation [req-85acbc64-f004-4fbb-be3c-6510e8f36d0a req-8bc9034a-8557-4267-8a8e-8311b42d2178 service placement] Successfully wrote allocations [, , ] {{(pid=105667) _update_consumers_and_create_allocations /opt/stack/placement/placement/handlers/allocation.py:462}}
May 06 13:51:36.962601 n-d-836639-1 devstack@placement-api.service[105667]: INFO placement.requestlog [req-85acbc64-f004-4fbb-be3c-6510e8f36d0a req-8bc9034a-8557-4267-8a8e-8311b42d2178 service placement] 10.222.0.74 "PUT /placement/allocations/cbcf7c1d-b583-4694-84f4-3ac8791ecf27" status: 204 len: 0 microversion: 1.36
May 06 13:51:36.968014 n-d-836639-1 devstack@placement-api.service[105667]: [pid: 105667|app: 0|req: 354/705] 10.222.0.74 () {64 vars in 1433 bytes} [Fri May 6 13:51:36 2022] PUT /placement/allocations/cbcf7c1d-b583-4694-84f4-3ac8791ecf27 => generated 0 bytes in 583 msecs (HTTP/1.1 204) 5 headers in 199 bytes (2 switches on core 0)
May 06 13:51:37.098483 n-d-836639-1 devstack@placement-api.service[105668]: DEBUG placement.requestlog [req-8a2ea3d6-d23c-488b-b88b-4e61305daa4d req-f7678962-5a2f-42ba-8e22-6183aa188fbd None None] Starting request: 10.222.0.74 "GET /placement/allocation_candidates?limit=1000&resources=DISK_GB%3A1%2CMEMORY_MB%3A1024%2CVCPU%3A1&root_required=%21COMPUTE_STATUS_DISABLED" {{(pid=105668) __call__ /opt/stack/placement/placement/requestlog.py:55}}
May 06 13:51:37.212952 n-d-836639-1 devstack@placement-api.service[105668]: DEBUG placement.objects.research_context [req-8a2ea3d6-d23c-488b-b88b-4e61305daa4d req-f7678962-5a2f-42ba-8e22-6183aa188fbd service placement] getting providers with 1 DISK_GB {{(pid=105668) __init__ /opt/stack/placement/placement/objects/research_context.py:136}}
May 06 13:51:37.233439 n-d-836639-1 devstack@placement-api.service[105668]: DEBUG placement.objects.research_context [req-8a2ea3d6-d23c-488b-b88b-4e61305daa4d req-f7678962-5a2f-42ba-8e22-6183aa188fbd service placement] getting providers with 1024 MEMORY_MB {{(pid=105668) __init__ /opt/stack/placement/placement/objects/research_context.py:136}}
May 06 13:51:37.257005 n-d-836639-1 devstack@placement-api.service[105668]: DEBUG placement.objects.research_context [req-8a2ea3d6-d23c-488b-b88b-4e61305daa4d req-f7678962-5a2f-42ba-8e22-6183aa188fbd service placement] getting providers with 1 VCPU {{(pid=105668) __init__ /opt/stack/placement/placement/objects/research_context.py:136}}
May 06 13:51:37.267434 n-d-836639-1 devstack@placement-api.service[105668]: DEBUG placement.objects.research_context [req-8a2ea3d6-d23c-488b-b88b-4e61305daa4d req-f7678962-5a2f-42ba-8e22-6183aa188fbd service placement] found 2 providers with available 1 DISK_GB {{(pid=105668) get_provider_ids_matching /opt/stack/placement/placement/objects/research_context.py:563}}
May 06 13:51:37.267795 n-d-836639-1 devstack@placement-api.service[105668]: DEBUG placement.objects.research_context [req-8a2ea3d6-d23c-488b-b88b-4e61305daa4d req-f7678962-5a2f-42ba-8e22-6183aa188fbd service placement] found 2 providers with available 1024 MEMORY_MB {{(pid=105668) get_provider_ids_matching /opt/stack/placement/placement/objects/research_context.py:563}}
May 06 13:51:37.268124 n-d-836639-1 devstack@placement-api.service[105668]: DEBUG placement.objects.research_context [req-8a2ea3d6-d23c-488b-b88b-4e61305daa4d req-f7678962-5a2f-42ba-8e22-6183aa188fbd service placement] found 2 providers after filtering by previous result {{(pid=105668) get_provider_ids_matching /opt/stack/placement/placement/objects/research_context.py:594}}
May 06 13:51:37.268632 n-d-836639-1 devstack@placement-api.service[105668]: DEBUG placement.objects.research_context [req-8a2ea3d6-d23c-488b-b88b-4e61305daa4d req-f7678962-5a2f-42ba-8e22-6183aa188fbd service placement] found 2 providers with available 1 VCPU {{(pid=105668) get_provider_ids_matching /opt/stack/placement/placement/objects/research_context.py:563}}
May 06 13:51:37.268811 n-d-836639-1 devstack@placement-api.service[105668]: DEBUG placement.objects.research_context [req-8a2ea3d6-d23c-488b-b88b-4e61305daa4d req-f7678962-5a2f-42ba-8e22-6183aa188fbd service placement] found 2 providers after filtering by previous result {{(pid=105668) get_provider_ids_matching /opt/stack/placement/placement/objects/research_context.py:594}}
May 06 13:51:37.297066 n-d-836639-1 devstack@placement-api.service[105668]: DEBUG placement.objects.allocation_candidate [req-8a2ea3d6-d23c-488b-b88b-4e61305daa4d req-f7678962-5a2f-42ba-8e22-6183aa188fbd service placement] RequestGroup(use_same_provider=False, resources={DISK_GB:1, MEMORY_MB:1024, VCPU:1}, traits=(), aggregates=[]) (suffix '') returned 2 matches {{(pid=105668) _get_by_requests /opt/stack/placement/placement/objects/allocation_candidate.py:156}}
May 06 13:51:37.297720 n-d-836639-1 devstack@placement-api.service[105668]: DEBUG placement.objects.allocation_candidate [req-8a2ea3d6-d23c-488b-b88b-4e61305daa4d req-f7678962-5a2f-42ba-8e22-6183aa188fbd service placement] Merging candidates yields 2 allocation requests and 2 provider summaries {{(pid=105668) _merge_candidates /opt/stack/placement/placement/objects/allocation_candidate.py:809}}
May 06 13:51:37.299361 n-d-836639-1 devstack@placement-api.service[105668]: INFO placement.requestlog [req-8a2ea3d6-d23c-488b-b88b-4e61305daa4d req-f7678962-5a2f-42ba-8e22-6183aa188fbd service placement] 10.222.0.74 "GET /placement/allocation_candidates?limit=1000&resources=DISK_GB%3A1%2CMEMORY_MB%3A1024%2CVCPU%3A1&root_required=%21COMPUTE_STATUS_DISABLED" status: 200 len: 1309 microversion: 1.36
May 06 13:51:37.300515 n-d-836639-1 devstack@placement-api.service[105668]: [pid: 105668|app: 0|req: 352/706] 10.222.0.74 () {60 vars in 1506 bytes} [Fri May 6 13:51:37 2022] GET /placement/allocation_candidates?limit=1000&resources=DISK_GB%3A1%2CMEMORY_MB%3A1024%2CVCPU%3A1&root_required=%21COMPUTE_STATUS_DISABLED => generated 1309 bytes in 203 msecs (HTTP/1.1 200) 8 headers in 297 bytes (1 switches on core 0)
May 06 13:51:37.510371 n-d-836639-1 devstack@placement-api.service[105667]: DEBUG placement.requestlog [req-8a2ea3d6-d23c-488b-b88b-4e61305daa4d req-fa49ce10-5f1d-4f7d-869d-30030209ee49 None None] Starting request: 10.222.0.74 "GET /placement/allocations/3adc7f74-8a27-4d8f-a985-64bdc8271bec" {{(pid=105667) __call__ /opt/stack/placement/placement/requestlog.py:55}}
May 06 13:51:37.535101 n-d-836639-1 devstack@placement-api.service[105667]: INFO placement.requestlog [req-8a2ea3d6-d23c-488b-b88b-4e61305daa4d req-fa49ce10-5f1d-4f7d-869d-30030209ee49 service placement] 10.222.0.74 "GET /placement/allocations/3adc7f74-8a27-4d8f-a985-64bdc8271bec" status: 200 len: 19 microversion: 1.28
May 06 13:51:37.546690 n-d-836639-1 devstack@placement-api.service[105667]: [pid: 105667|app: 0|req: 355/707] 10.222.0.74 () {60 vars in 1380 bytes} [Fri May 6 13:51:37 2022] GET /placement/allocations/3adc7f74-8a27-4d8f-a985-64bdc8271bec => generated 19 bytes in 35 msecs (HTTP/1.1 200) 8 headers in 295 bytes (2 switches on core 0)
May 06 13:51:37.550315 n-d-836639-1 devstack@placement-api.service[105668]: DEBUG placement.requestlog [req-8a2ea3d6-d23c-488b-b88b-4e61305daa4d req-96a74a7f-d46a-4109-a527-38e2d297c959 None None] Starting request: 10.222.0.74 "PUT /placement/allocations/3adc7f74-8a27-4d8f-a985-64bdc8271bec" {{(pid=105668) __call__ /opt/stack/placement/placement/requestlog.py:55}}
May 06 13:51:37.830938 n-d-836639-1 devstack@placement-api.service[105668]: DEBUG placement.handlers.allocation [req-8a2ea3d6-d23c-488b-b88b-4e61305daa4d req-96a74a7f-d46a-4109-a527-38e2d297c959 service placement] Successfully wrote allocations [, , ] {{(pid=105668) _update_consumers_and_create_allocations /opt/stack/placement/placement/handlers/allocation.py:462}}
May 06 13:51:37.950541 n-d-836639-1 devstack@placement-api.service[105668]: INFO placement.requestlog [req-8a2ea3d6-d23c-488b-b88b-4e61305daa4d req-96a74a7f-d46a-4109-a527-38e2d297c959 service placement] 10.222.0.74 "PUT /placement/allocations/3adc7f74-8a27-4d8f-a985-64bdc8271bec" status: 204 len: 0 microversion: 1.36
May 06 13:51:37.960072 n-d-836639-1 devstack@placement-api.service[105668]: [pid: 105668|app: 0|req: 353/708] 10.222.0.74 () {64 vars in 1433 bytes} [Fri May 6 13:51:37 2022] PUT /placement/allocations/3adc7f74-8a27-4d8f-a985-64bdc8271bec => generated 0 bytes in 402 msecs (HTTP/1.1 204) 5 headers in 199 bytes (1 switches on core 0)
May 06 13:51:38.680594 n-d-836639-1 devstack@placement-api.service[105667]: DEBUG placement.requestlog [req-85acbc64-f004-4fbb-be3c-6510e8f36d0a req-be8fef0f-2a43-4981-9d91-ae811b232c51 None None] Starting request: 10.222.0.77 "GET /placement/allocations/cbcf7c1d-b583-4694-84f4-3ac8791ecf27" {{(pid=105667) __call__ /opt/stack/placement/placement/requestlog.py:55}}
May 06 13:51:38.711904 n-d-836639-1 devstack@placement-api.service[105667]: INFO placement.requestlog [req-85acbc64-f004-4fbb-be3c-6510e8f36d0a req-be8fef0f-2a43-4981-9d91-ae811b232c51 service placement] 10.222.0.77 "GET /placement/allocations/cbcf7c1d-b583-4694-84f4-3ac8791ecf27" status: 200 len: 259 microversion: 1.28
May 06 13:51:38.712506 n-d-836639-1 devstack@placement-api.service[105667]: [pid: 105667|app: 0|req: 356/709] 10.222.0.77 () {60 vars in 1377 bytes} [Fri May 6 13:51:38 2022] GET /placement/allocations/cbcf7c1d-b583-4694-84f4-3ac8791ecf27 => generated 259 bytes in 32 msecs (HTTP/1.1 200) 8 headers in 296 bytes (1 switches on core 0)
May 06 13:51:39.711769 n-d-836639-1 devstack@placement-api.service[105668]: DEBUG placement.requestlog [req-8a2ea3d6-d23c-488b-b88b-4e61305daa4d req-2e23ad4d-7d27-4240-ac48-7a197102c347 None None] Starting request: 10.222.0.77 "GET /placement/allocations/3adc7f74-8a27-4d8f-a985-64bdc8271bec" {{(pid=105668) __call__ /opt/stack/placement/placement/requestlog.py:55}}
May 06 13:51:39.752589 n-d-836639-1 devstack@placement-api.service[105668]: INFO placement.requestlog [req-8a2ea3d6-d23c-488b-b88b-4e61305daa4d req-2e23ad4d-7d27-4240-ac48-7a197102c347 service placement] 10.222.0.77 "GET /placement/allocations/3adc7f74-8a27-4d8f-a985-64bdc8271bec" status: 200 len: 259 microversion: 1.28
May 06 13:51:39.753689 n-d-836639-1 devstack@placement-api.service[105668]: [pid: 105668|app: 0|req: 354/710] 10.222.0.77 () {60 vars in 1377 bytes} [Fri May 6 13:51:39 2022] GET /placement/allocations/3adc7f74-8a27-4d8f-a985-64bdc8271bec => generated 259 bytes in 43 msecs (HTTP/1.1 200) 8 headers in 296 bytes (1 switches on core 0)
May 06 13:51:50.796856 n-d-836639-1 devstack@placement-api.service[105667]: DEBUG placement.requestlog [req-fe5e3fe8-e5df-45ca-9ea2-36e37d725078 req-b329e89f-8892-4578-b53e-97b3695d0cb5 None None] Starting request: 10.222.0.85 "DELETE /placement/allocations/5f5a8a81-722a-4005-a48b-bc1bacf1a556" {{(pid=105667) __call__ /opt/stack/placement/placement/requestlog.py:55}}
May 06 13:51:51.132162 n-d-836639-1 devstack@placement-api.service[105667]: DEBUG placement.handlers.allocation [req-fe5e3fe8-e5df-45ca-9ea2-36e37d725078 req-b329e89f-8892-4578-b53e-97b3695d0cb5 service placement] Successfully deleted allocations [, , ] {{(pid=105667) delete_allocations /opt/stack/placement/placement/handlers/allocation.py:627}}
May 06 13:51:51.132944 n-d-836639-1 devstack@placement-api.service[105667]: INFO placement.requestlog [req-fe5e3fe8-e5df-45ca-9ea2-36e37d725078 req-b329e89f-8892-4578-b53e-97b3695d0cb5 service placement] 10.222.0.85 "DELETE /placement/allocations/5f5a8a81-722a-4005-a48b-bc1bacf1a556" status: 204 len: 0 microversion: 1.0
May 06 13:51:51.133766 n-d-836639-1 devstack@placement-api.service[105667]: [pid: 105667|app: 0|req: 357/711] 10.222.0.85 () {60 vars in 1355 bytes} [Fri May 6 13:51:50 2022] DELETE /placement/allocations/5f5a8a81-722a-4005-a48b-bc1bacf1a556 => generated 0 bytes in 337 msecs (HTTP/1.1 204) 5 headers in 198 bytes (1 switches on core 0)
May 06 13:51:51.695258 n-d-836639-1 devstack@placement-api.service[105668]: DEBUG placement.requestlog [req-0c3870bb-4d43-46d0-bf31-24076e8a05c9 req-0bf4f3c2-1d2c-4bdd-9b51-376e18f85511 None None] Starting request: 10.222.0.77 "GET /placement/allocations/3adc7f74-8a27-4d8f-a985-64bdc8271bec" {{(pid=105668) __call__ /opt/stack/placement/placement/requestlog.py:55}}
May 06 13:51:51.740974 n-d-836639-1 devstack@placement-api.service[105668]: INFO placement.requestlog [req-0c3870bb-4d43-46d0-bf31-24076e8a05c9 req-0bf4f3c2-1d2c-4bdd-9b51-376e18f85511 service placement] 10.222.0.77 "GET /placement/allocations/3adc7f74-8a27-4d8f-a985-64bdc8271bec" status: 200 len: 259 microversion: 1.28
May 06 13:51:51.743678 n-d-836639-1 devstack@placement-api.service[105668]: [pid: 105668|app: 0|req: 355/712] 10.222.0.77 () {60 vars in 1377 bytes} [Fri May 6 13:51:51 2022] GET /placement/allocations/3adc7f74-8a27-4d8f-a985-64bdc8271bec => generated 259 bytes in 49 msecs (HTTP/1.1 200) 8 headers in 296 bytes (1 switches on core 0)
May 06 13:51:57.247381 n-d-836639-1 devstack@placement-api.service[105667]: DEBUG placement.requestlog [req-74786ff3-2043-4ff0-a26e-6aa1a5e4d290 req-992c3771-a9eb-41b4-8023-5938995c6ea2 None None] Starting request: 10.222.0.85 "DELETE /placement/allocations/d14c5623-b88f-4168-831e-e265f3432b4e" {{(pid=105667) __call__ /opt/stack/placement/placement/requestlog.py:55}}
May 06 13:51:57.500690 n-d-836639-1 devstack@placement-api.service[105667]: DEBUG placement.handlers.allocation [req-74786ff3-2043-4ff0-a26e-6aa1a5e4d290 req-992c3771-a9eb-41b4-8023-5938995c6ea2 service placement] Successfully deleted allocations [, , ] {{(pid=105667) delete_allocations /opt/stack/placement/placement/handlers/allocation.py:627}}
May 06 13:51:57.501289 n-d-836639-1 devstack@placement-api.service[105667]: INFO placement.requestlog [req-74786ff3-2043-4ff0-a26e-6aa1a5e4d290 req-992c3771-a9eb-41b4-8023-5938995c6ea2 service placement] 10.222.0.85 "DELETE /placement/allocations/d14c5623-b88f-4168-831e-e265f3432b4e" status: 204 len: 0 microversion: 1.0
May 06 13:51:57.502419 n-d-836639-1 devstack@placement-api.service[105667]: [pid: 105667|app: 0|req: 358/713] 10.222.0.85 () {60 vars in 1355 bytes} [Fri May 6 13:51:57 2022] DELETE /placement/allocations/d14c5623-b88f-4168-831e-e265f3432b4e => generated 0 bytes in 255 msecs (HTTP/1.1 204) 5 headers in 198 bytes (2 switches on core 0)
May 06 13:51:58.013238 n-d-836639-1 devstack@placement-api.service[105668]: DEBUG placement.requestlog [req-f993fd06-49a9-4efc-9a78-65acdfdd10e6 req-31887f72-b397-4cee-8857-1d284daec726 None None] Starting request: 10.222.0.85 "DELETE /placement/allocations/adc973b0-6349-4aec-963f-5d68166fdfbe" {{(pid=105668) __call__ /opt/stack/placement/placement/requestlog.py:55}}
May 06 13:51:58.416670 n-d-836639-1 devstack@placement-api.service[105668]: DEBUG placement.handlers.allocation [req-f993fd06-49a9-4efc-9a78-65acdfdd10e6 req-31887f72-b397-4cee-8857-1d284daec726 service placement] Successfully deleted allocations [, , ] {{(pid=105668) delete_allocations /opt/stack/placement/placement/handlers/allocation.py:627}}
May 06 13:51:58.418066 n-d-836639-1 devstack@placement-api.service[105668]: INFO placement.requestlog [req-f993fd06-49a9-4efc-9a78-65acdfdd10e6 req-31887f72-b397-4cee-8857-1d284daec726 service placement] 10.222.0.85 "DELETE /placement/allocations/adc973b0-6349-4aec-963f-5d68166fdfbe" status: 204 len: 0 microversion: 1.0
May 06 13:51:58.418650 n-d-836639-1 devstack@placement-api.service[105668]: [pid: 105668|app: 0|req: 356/714] 10.222.0.85 () {60 vars in 1355 bytes} [Fri May 6 13:51:58 2022] DELETE /placement/allocations/adc973b0-6349-4aec-963f-5d68166fdfbe => generated 0 bytes in 406 msecs (HTTP/1.1 204) 5 headers in 198 bytes (1 switches on core 0)
May 06 13:52:02.208513 n-d-836639-1 devstack@placement-api.service[105667]: DEBUG placement.requestlog [req-60492f73-d24f-42b8-a147-9ea2e827de5b req-5b74c5b9-df78-48f0-9ba1-95c7c84d296f None None] Starting request: 10.222.0.85 "DELETE /placement/allocations/57a453dc-685e-45c2-a945-2758500c30e2" {{(pid=105667) __call__ /opt/stack/placement/placement/requestlog.py:55}}
May 06 13:52:02.382697 n-d-836639-1 devstack@placement-api.service[105668]: DEBUG placement.requestlog [req-0ef71cb7-cb9c-4504-b1f5-415a9eadea18 req-e92e86b2-210a-4cdc-b2d3-95435e5c64b3 None None] Starting request: 10.222.0.74 "GET /placement/allocation_candidates?limit=1000&resources=DISK_GB%3A1%2CMEMORY_MB%3A1024%2CVCPU%3A1&root_required=%21COMPUTE_STATUS_DISABLED" {{(pid=105668) __call__ /opt/stack/placement/placement/requestlog.py:55}}
May 06 13:52:02.490012 n-d-836639-1 devstack@placement-api.service[105668]: DEBUG placement.objects.research_context [req-0ef71cb7-cb9c-4504-b1f5-415a9eadea18 req-e92e86b2-210a-4cdc-b2d3-95435e5c64b3 service placement] getting providers with 1 DISK_GB {{(pid=105668) __init__ /opt/stack/placement/placement/objects/research_context.py:136}}
May 06 13:52:02.514131 n-d-836639-1 devstack@placement-api.service[105667]: DEBUG placement.handlers.allocation [req-60492f73-d24f-42b8-a147-9ea2e827de5b req-5b74c5b9-df78-48f0-9ba1-95c7c84d296f service placement] Successfully deleted allocations [, , ] {{(pid=105667) delete_allocations /opt/stack/placement/placement/handlers/allocation.py:627}}
May 06 13:52:02.515164 n-d-836639-1 devstack@placement-api.service[105667]: INFO placement.requestlog [req-60492f73-d24f-42b8-a147-9ea2e827de5b req-5b74c5b9-df78-48f0-9ba1-95c7c84d296f service placement] 10.222.0.85 "DELETE /placement/allocations/57a453dc-685e-45c2-a945-2758500c30e2" status: 204 len: 0 microversion: 1.0
May 06 13:52:02.516005 n-d-836639-1 devstack@placement-api.service[105667]: [pid: 105667|app: 0|req: 359/715] 10.222.0.85 () {60 vars in 1355 bytes} [Fri May 6 13:52:02 2022] DELETE /placement/allocations/57a453dc-685e-45c2-a945-2758500c30e2 => generated 0 bytes in 308 msecs (HTTP/1.1 204) 5 headers in 198 bytes (1 switches on core 0)
May 06 13:52:02.535278 n-d-836639-1 devstack@placement-api.service[105668]: DEBUG placement.objects.research_context [req-0ef71cb7-cb9c-4504-b1f5-415a9eadea18 req-e92e86b2-210a-4cdc-b2d3-95435e5c64b3 service placement] getting providers with 1024 MEMORY_MB {{(pid=105668) __init__ /opt/stack/placement/placement/objects/research_context.py:136}}
May 06 13:52:02.596014 n-d-836639-1 devstack@placement-api.service[105668]: DEBUG placement.objects.research_context [req-0ef71cb7-cb9c-4504-b1f5-415a9eadea18 req-e92e86b2-210a-4cdc-b2d3-95435e5c64b3 service placement] getting providers with 1 VCPU {{(pid=105668) __init__ /opt/stack/placement/placement/objects/research_context.py:136}}
May 06 13:52:02.623839 n-d-836639-1 devstack@placement-api.service[105668]: DEBUG placement.objects.research_context [req-0ef71cb7-cb9c-4504-b1f5-415a9eadea18 req-e92e86b2-210a-4cdc-b2d3-95435e5c64b3 service placement] found 2 providers with available 1 DISK_GB {{(pid=105668) get_provider_ids_matching /opt/stack/placement/placement/objects/research_context.py:563}}
May 06 13:52:02.624133 n-d-836639-1 devstack@placement-api.service[105668]: DEBUG placement.objects.research_context [req-0ef71cb7-cb9c-4504-b1f5-415a9eadea18 req-e92e86b2-210a-4cdc-b2d3-95435e5c64b3 service placement] found 2 providers with available 1024 MEMORY_MB {{(pid=105668) get_provider_ids_matching /opt/stack/placement/placement/objects/research_context.py:563}}
May 06 13:52:02.628204 n-d-836639-1 devstack@placement-api.service[105668]: DEBUG placement.objects.research_context [req-0ef71cb7-cb9c-4504-b1f5-415a9eadea18 req-e92e86b2-210a-4cdc-b2d3-95435e5c64b3 service placement] found 2 providers after filtering by previous result {{(pid=105668) get_provider_ids_matching /opt/stack/placement/placement/objects/research_context.py:594}}
May 06 13:52:02.628839 n-d-836639-1 devstack@placement-api.service[105668]: DEBUG placement.objects.research_context [req-0ef71cb7-cb9c-4504-b1f5-415a9eadea18 req-e92e86b2-210a-4cdc-b2d3-95435e5c64b3 service placement] found 2 providers with available 1 VCPU {{(pid=105668) get_provider_ids_matching /opt/stack/placement/placement/objects/research_context.py:563}}
May 06 13:52:02.629512 n-d-836639-1 devstack@placement-api.service[105668]: DEBUG placement.objects.research_context [req-0ef71cb7-cb9c-4504-b1f5-415a9eadea18 req-e92e86b2-210a-4cdc-b2d3-95435e5c64b3 service placement] found 2 providers after filtering by previous result {{(pid=105668) get_provider_ids_matching /opt/stack/placement/placement/objects/research_context.py:594}}
May 06 13:52:02.664010 n-d-836639-1 devstack@placement-api.service[105668]: DEBUG placement.objects.allocation_candidate [req-0ef71cb7-cb9c-4504-b1f5-415a9eadea18 req-e92e86b2-210a-4cdc-b2d3-95435e5c64b3 service placement] RequestGroup(use_same_provider=False, resources={DISK_GB:1, MEMORY_MB:1024, VCPU:1}, traits=(), aggregates=[]) (suffix '') returned 2 matches {{(pid=105668) _get_by_requests /opt/stack/placement/placement/objects/allocation_candidate.py:156}}
May 06 13:52:02.666524 n-d-836639-1 devstack@placement-api.service[105668]: DEBUG placement.objects.allocation_candidate [req-0ef71cb7-cb9c-4504-b1f5-415a9eadea18 req-e92e86b2-210a-4cdc-b2d3-95435e5c64b3 service placement] Merging candidates yields 2 allocation requests and 2 provider summaries {{(pid=105668) _merge_candidates /opt/stack/placement/placement/objects/allocation_candidate.py:809}}
May 06 13:52:02.674026 n-d-836639-1 devstack@placement-api.service[105668]: INFO placement.requestlog [req-0ef71cb7-cb9c-4504-b1f5-415a9eadea18 req-e92e86b2-210a-4cdc-b2d3-95435e5c64b3 service placement] 10.222.0.74 "GET /placement/allocation_candidates?limit=1000&resources=DISK_GB%3A1%2CMEMORY_MB%3A1024%2CVCPU%3A1&root_required=%21COMPUTE_STATUS_DISABLED" status: 200 len: 1309 microversion: 1.36
May 06 13:52:02.679991 n-d-836639-1 devstack@placement-api.service[105668]: [pid: 105668|app: 0|req: 357/716] 10.222.0.74 () {60 vars in 1506 bytes} [Fri May 6 13:52:02 2022] GET /placement/allocation_candidates?limit=1000&resources=DISK_GB%3A1%2CMEMORY_MB%3A1024%2CVCPU%3A1&root_required=%21COMPUTE_STATUS_DISABLED => generated 1309 bytes in 297 msecs (HTTP/1.1 200) 8 headers in 297 bytes (1 switches on core 0)
May 06 13:52:02.848660 n-d-836639-1 devstack@placement-api.service[105667]: DEBUG placement.requestlog [req-0ef71cb7-cb9c-4504-b1f5-415a9eadea18 req-fbdef014-4091-40dd-9fda-e5b7c7c49f04 None None] Starting request: 10.222.0.74 "GET /placement/allocations/215b1441-f327-4e7d-a9bb-b99e6cc5a88c" {{(pid=105667) __call__ /opt/stack/placement/placement/requestlog.py:55}}
May 06 13:52:02.868851 n-d-836639-1 devstack@placement-api.service[105667]: INFO placement.requestlog [req-0ef71cb7-cb9c-4504-b1f5-415a9eadea18 req-fbdef014-4091-40dd-9fda-e5b7c7c49f04 service placement] 10.222.0.74 "GET /placement/allocations/215b1441-f327-4e7d-a9bb-b99e6cc5a88c" status: 200 len: 19 microversion: 1.28
May 06 13:52:02.882828 n-d-836639-1 devstack@placement-api.service[105667]: [pid: 105667|app: 0|req: 360/717] 10.222.0.74 () {60 vars in 1380 bytes} [Fri May 6 13:52:02 2022] GET /placement/allocations/215b1441-f327-4e7d-a9bb-b99e6cc5a88c => generated 19 bytes in 28 msecs (HTTP/1.1 200) 8 headers in 295 bytes (1 switches on core 0)
May 06 13:52:02.883154 n-d-836639-1 devstack@placement-api.service[105668]: DEBUG placement.requestlog [req-0ef71cb7-cb9c-4504-b1f5-415a9eadea18 req-9eb226b2-741d-43bf-9e63-fbc0d9ebc63c None None] Starting request: 10.222.0.74 "PUT /placement/allocations/215b1441-f327-4e7d-a9bb-b99e6cc5a88c" {{(pid=105668) __call__ /opt/stack/placement/placement/requestlog.py:55}}
May 06 13:52:03.069107 n-d-836639-1 devstack@placement-api.service[105668]: DEBUG placement.handlers.allocation [req-0ef71cb7-cb9c-4504-b1f5-415a9eadea18 req-9eb226b2-741d-43bf-9e63-fbc0d9ebc63c service placement] Successfully wrote allocations [, , ] {{(pid=105668) _update_consumers_and_create_allocations /opt/stack/placement/placement/handlers/allocation.py:462}}
May 06 13:52:03.178562 n-d-836639-1 devstack@placement-api.service[105668]: INFO placement.requestlog [req-0ef71cb7-cb9c-4504-b1f5-415a9eadea18 req-9eb226b2-741d-43bf-9e63-fbc0d9ebc63c service placement] 10.222.0.74 "PUT /placement/allocations/215b1441-f327-4e7d-a9bb-b99e6cc5a88c" status: 204 len: 0 microversion: 1.36
May 06 13:52:03.182720 n-d-836639-1 devstack@placement-api.service[105668]: [pid: 105668|app: 0|req: 358/718] 10.222.0.74 () {64 vars in 1433 bytes} [Fri May 6 13:52:02 2022] PUT /placement/allocations/215b1441-f327-4e7d-a9bb-b99e6cc5a88c => generated 0 bytes in 301 msecs (HTTP/1.1 204) 5 headers in 199 bytes (1 switches on core 0)
May 06 13:52:05.158193 n-d-836639-1 devstack@placement-api.service[105667]: DEBUG placement.requestlog [req-0ef71cb7-cb9c-4504-b1f5-415a9eadea18 req-a2635419-985e-4e12-a0c4-80d0f05d109d None None] Starting request: 10.222.0.85 "GET /placement/allocations/215b1441-f327-4e7d-a9bb-b99e6cc5a88c" {{(pid=105667) __call__ /opt/stack/placement/placement/requestlog.py:55}}
May 06 13:52:05.198664 n-d-836639-1 devstack@placement-api.service[105667]: INFO placement.requestlog [req-0ef71cb7-cb9c-4504-b1f5-415a9eadea18 req-a2635419-985e-4e12-a0c4-80d0f05d109d service placement] 10.222.0.85 "GET /placement/allocations/215b1441-f327-4e7d-a9bb-b99e6cc5a88c" status: 200 len: 259 microversion: 1.28
May 06 13:52:05.203761 n-d-836639-1 devstack@placement-api.service[105667]: [pid: 105667|app: 0|req: 361/719] 10.222.0.85 () {60 vars in 1377 bytes} [Fri May 6 13:52:05 2022] GET /placement/allocations/215b1441-f327-4e7d-a9bb-b99e6cc5a88c => generated 259 bytes in 46 msecs (HTTP/1.1 200) 8 headers in 296 bytes (1 switches on core 0)
May 06 13:52:18.173883 n-d-836639-1 devstack@placement-api.service[105668]: DEBUG placement.requestlog [req-fa9ec791-ebaa-484e-9fe7-e717114173fc req-2faa82a7-6eb3-47db-9dc1-d7db417417d9 None None] Starting request: 10.222.0.85 "DELETE /placement/allocations/f7f1ed08-4107-4a48-9142-72d8646021c8" {{(pid=105668) __call__ /opt/stack/placement/placement/requestlog.py:55}}
May 06 13:52:18.377328 n-d-836639-1 devstack@placement-api.service[105668]: DEBUG placement.handlers.allocation [req-fa9ec791-ebaa-484e-9fe7-e717114173fc req-2faa82a7-6eb3-47db-9dc1-d7db417417d9 service placement] Successfully deleted allocations [, ] {{(pid=105668) delete_allocations /opt/stack/placement/placement/handlers/allocation.py:627}}
May 06 13:52:18.378382 n-d-836639-1 devstack@placement-api.service[105668]: INFO placement.requestlog [req-fa9ec791-ebaa-484e-9fe7-e717114173fc req-2faa82a7-6eb3-47db-9dc1-d7db417417d9 service placement] 10.222.0.85 "DELETE /placement/allocations/f7f1ed08-4107-4a48-9142-72d8646021c8" status: 204 len: 0 microversion: 1.0
May 06 13:52:18.379288 n-d-836639-1 devstack@placement-api.service[105668]: [pid: 105668|app: 0|req: 359/720] 10.222.0.85 () {60 vars in 1355 bytes} [Fri May 6 13:52:18 2022] DELETE /placement/allocations/f7f1ed08-4107-4a48-9142-72d8646021c8 => generated 0 bytes in 205 msecs (HTTP/1.1 204) 5 headers in 198 bytes (1 switches on core 0)
May 06 13:52:18.782166 n-d-836639-1 devstack@placement-api.service[105667]: DEBUG placement.requestlog [req-c7ad4786-de6c-400e-9979-9d2119a4bd7e req-f266077e-4206-48f8-86e5-07685e7043ac None None] Starting request: 10.222.0.74 "GET /placement/allocation_candidates?limit=1000&resources=DISK_GB%3A1%2CMEMORY_MB%3A1024%2CVCPU%3A1&root_required=%21COMPUTE_STATUS_DISABLED" {{(pid=105667) __call__ /opt/stack/placement/placement/requestlog.py:55}}
May 06 13:52:18.861140 n-d-836639-1 devstack@placement-api.service[105667]: DEBUG placement.objects.research_context [req-c7ad4786-de6c-400e-9979-9d2119a4bd7e req-f266077e-4206-48f8-86e5-07685e7043ac service placement] getting providers with 1 DISK_GB {{(pid=105667) __init__ /opt/stack/placement/placement/objects/research_context.py:136}}
May 06 13:52:18.881527 n-d-836639-1 devstack@placement-api.service[105667]: DEBUG placement.objects.research_context [req-c7ad4786-de6c-400e-9979-9d2119a4bd7e req-f266077e-4206-48f8-86e5-07685e7043ac service placement] getting providers with 1024 MEMORY_MB {{(pid=105667) __init__ /opt/stack/placement/placement/objects/research_context.py:136}}
May 06 13:52:18.909864 n-d-836639-1 devstack@placement-api.service[105667]: DEBUG placement.objects.research_context [req-c7ad4786-de6c-400e-9979-9d2119a4bd7e req-f266077e-4206-48f8-86e5-07685e7043ac service placement] getting providers with 1 VCPU {{(pid=105667) __init__ /opt/stack/placement/placement/objects/research_context.py:136}}
May 06 13:52:18.917324 n-d-836639-1 devstack@placement-api.service[105667]: DEBUG placement.objects.research_context [req-c7ad4786-de6c-400e-9979-9d2119a4bd7e req-f266077e-4206-48f8-86e5-07685e7043ac service placement] found 2 providers with available 1 DISK_GB {{(pid=105667) get_provider_ids_matching /opt/stack/placement/placement/objects/research_context.py:563}}
May 06 13:52:18.917890 n-d-836639-1 devstack@placement-api.service[105667]: DEBUG placement.objects.research_context [req-c7ad4786-de6c-400e-9979-9d2119a4bd7e req-f266077e-4206-48f8-86e5-07685e7043ac service placement] found 2 providers with available 1024 MEMORY_MB {{(pid=105667) get_provider_ids_matching /opt/stack/placement/placement/objects/research_context.py:563}}
