Apr 05 13:00:31.665313 n-d-836588-2 cinder-volume[123974]: DEBUG oslo_concurrency.processutils [None req-732d2fd7-ab52-4b4e-900d-e073283cc55a tempest-GroupSnapshotsTest-981643308 None] CMD "sudo cinder-rootwrap /etc/cinder/rootwrap.conf env LC_ALL=C lvs --noheadings --unit=g -o vg_name,name,size --nosuffix --readonly stack-volumes-lvmdriver-1/volume-d05b4134-2eef-4911-bd1c-b40a4c821592" returned: 0 in 1.914s {{(pid=123974) execute /usr/local/lib/python3.8/dist-packages/oslo_concurrency/processutils.py:422}}
Apr 05 13:00:31.669332 n-d-836588-2 cinder-volume[123974]: DEBUG oslo_concurrency.processutils [None req-732d2fd7-ab52-4b4e-900d-e073283cc55a tempest-GroupSnapshotsTest-981643308 None] Running cmd (subprocess): sudo cinder-rootwrap /etc/cinder/rootwrap.conf env LC_ALL=C lvcreate --name _snapshot-a0c30d43-0446-4612-a9e7-5d3f0c9c7a77 --snapshot stack-volumes-lvmdriver-1/volume-d05b4134-2eef-4911-bd1c-b40a4c821592 -L 1.00g {{(pid=123974) execute /usr/local/lib/python3.8/dist-packages/oslo_concurrency/processutils.py:384}}
Apr 05 13:00:31.711569 n-d-836588-2 sudo[142248]: ubuntu : TTY=unknown ; PWD=/ ; USER=root ; COMMAND=/usr/local/bin/cinder-rootwrap /etc/cinder/rootwrap.conf env LC_ALL=C lvcreate --name _snapshot-a0c30d43-0446-4612-a9e7-5d3f0c9c7a77 --snapshot stack-volumes-lvmdriver-1/volume-d05b4134-2eef-4911-bd1c-b40a4c821592 -L 1.00g
Apr 05 13:00:31.713120 n-d-836588-2 sudo[142248]: pam_unix(sudo:session): session opened for user root by (uid=0)
Apr 05 13:00:33.654769 n-d-836588-2 sudo[142248]: pam_unix(sudo:session): session closed for user root
Apr 05 13:00:33.657609 n-d-836588-2 cinder-volume[123974]: DEBUG oslo_concurrency.processutils [None req-732d2fd7-ab52-4b4e-900d-e073283cc55a tempest-GroupSnapshotsTest-981643308 None] CMD "sudo cinder-rootwrap /etc/cinder/rootwrap.conf env LC_ALL=C lvcreate --name _snapshot-a0c30d43-0446-4612-a9e7-5d3f0c9c7a77 --snapshot stack-volumes-lvmdriver-1/volume-d05b4134-2eef-4911-bd1c-b40a4c821592 -L 1.00g" returned: 0 in 1.988s {{(pid=123974) execute /usr/local/lib/python3.8/dist-packages/oslo_concurrency/processutils.py:422}}
Apr 05 13:00:33.825965 n-d-836588-2 cinder-volume[123974]: INFO cinder.volume.manager [None req-732d2fd7-ab52-4b4e-900d-e073283cc55a tempest-GroupSnapshotsTest-981643308 None] group_snapshot 1fc99ac9-afc7-4d79-8ec3-98a15a7f6b1b: created successfully
Apr 05 13:00:34.581394 n-d-836588-2 cinder-volume[123974]: INFO cinder.volume.manager [None req-78c58880-9a0f-4b8a-aabc-4fa99392c491 tempest-GroupSnapshotsTest-981643308 None] group_snapshot 1fc99ac9-afc7-4d79-8ec3-98a15a7f6b1b: deleting
Apr 05 13:00:34.661297 n-d-836588-2 cinder-volume[123974]: DEBUG cinder.volume.manager [None req-78c58880-9a0f-4b8a-aabc-4fa99392c491 tempest-GroupSnapshotsTest-981643308 None] group_snapshot 1fc99ac9-afc7-4d79-8ec3-98a15a7f6b1b: deleting {{(pid=123974) delete_group_snapshot /opt/stack/cinder/cinder/volume/manager.py:4251}}
Apr 05 13:00:34.680344 n-d-836588-2 cinder-volume[123974]: DEBUG oslo_concurrency.processutils [None req-78c58880-9a0f-4b8a-aabc-4fa99392c491 tempest-GroupSnapshotsTest-981643308 None] Running cmd (subprocess): sudo cinder-rootwrap /etc/cinder/rootwrap.conf env LC_ALL=C lvs --noheadings --unit=g -o vg_name,name,size --nosuffix --readonly stack-volumes-lvmdriver-1/_snapshot-8f9b54b8-2e16-465b-b4dc-bcda4edde223 {{(pid=123974) execute /usr/local/lib/python3.8/dist-packages/oslo_concurrency/processutils.py:384}}
Apr 05 13:00:34.748066 n-d-836588-2 sudo[142383]: ubuntu : TTY=unknown ; PWD=/ ; USER=root ; COMMAND=/usr/local/bin/cinder-rootwrap /etc/cinder/rootwrap.conf env LC_ALL=C lvs --noheadings --unit=g -o vg_name,name,size --nosuffix --readonly stack-volumes-lvmdriver-1/_snapshot-8f9b54b8-2e16-465b-b4dc-bcda4edde223
Apr 05 13:00:34.751926 n-d-836588-2 sudo[142383]: pam_unix(sudo:session): session opened for user root by (uid=0)
Apr 05 13:00:36.608519 n-d-836588-2 sudo[142383]: pam_unix(sudo:session): session closed for user root
Apr 05 13:00:36.624089 n-d-836588-2 cinder-volume[123974]: DEBUG oslo_concurrency.processutils [None req-78c58880-9a0f-4b8a-aabc-4fa99392c491 tempest-GroupSnapshotsTest-981643308 None] CMD "sudo cinder-rootwrap /etc/cinder/rootwrap.conf env LC_ALL=C lvs --noheadings --unit=g -o vg_name,name,size --nosuffix --readonly stack-volumes-lvmdriver-1/_snapshot-8f9b54b8-2e16-465b-b4dc-bcda4edde223" returned: 0 in 1.944s {{(pid=123974) execute /usr/local/lib/python3.8/dist-packages/oslo_concurrency/processutils.py:422}}
Apr 05 13:00:36.630805 n-d-836588-2 cinder-volume[123974]: DEBUG oslo_concurrency.processutils [None req-78c58880-9a0f-4b8a-aabc-4fa99392c491 tempest-GroupSnapshotsTest-981643308 None] Running cmd (subprocess): sudo cinder-rootwrap /etc/cinder/rootwrap.conf lvremove --config activation { retry_deactivation = 1} -f stack-volumes-lvmdriver-1/_snapshot-8f9b54b8-2e16-465b-b4dc-bcda4edde223 {{(pid=123974) execute /usr/local/lib/python3.8/dist-packages/oslo_concurrency/processutils.py:384}}
Apr 05 13:00:36.694440 n-d-836588-2 sudo[142418]: ubuntu : TTY=unknown ; PWD=/ ; USER=root ; COMMAND=/usr/local/bin/cinder-rootwrap /etc/cinder/rootwrap.conf lvremove --config activation { retry_deactivation = 1} -f stack-volumes-lvmdriver-1/_snapshot-8f9b54b8-2e16-465b-b4dc-bcda4edde223
Apr 05 13:00:36.700917 n-d-836588-2 sudo[142418]: pam_unix(sudo:session): session opened for user root by (uid=0)
Apr 05 13:00:39.598415 n-d-836588-2 sudo[142418]: pam_unix(sudo:session): session closed for user root
Apr 05 13:00:39.601931 n-d-836588-2 cinder-volume[123974]: DEBUG oslo_concurrency.processutils [None req-78c58880-9a0f-4b8a-aabc-4fa99392c491 tempest-GroupSnapshotsTest-981643308 None] CMD "sudo cinder-rootwrap /etc/cinder/rootwrap.conf lvremove --config activation { retry_deactivation = 1} -f stack-volumes-lvmdriver-1/_snapshot-8f9b54b8-2e16-465b-b4dc-bcda4edde223" returned: 0 in 2.972s {{(pid=123974) execute /usr/local/lib/python3.8/dist-packages/oslo_concurrency/processutils.py:422}}
Apr 05 13:00:39.608917 n-d-836588-2 cinder-volume[123974]: DEBUG oslo_concurrency.processutils [None req-78c58880-9a0f-4b8a-aabc-4fa99392c491 tempest-GroupSnapshotsTest-981643308 None] Running cmd (subprocess): sudo cinder-rootwrap /etc/cinder/rootwrap.conf env LC_ALL=C lvs --noheadings --unit=g -o vg_name,name,size --nosuffix --readonly stack-volumes-lvmdriver-1/_snapshot-a0c30d43-0446-4612-a9e7-5d3f0c9c7a77 {{(pid=123974) execute /usr/local/lib/python3.8/dist-packages/oslo_concurrency/processutils.py:384}}
Apr 05 13:00:39.695457 n-d-836588-2 sudo[142477]: ubuntu : TTY=unknown ; PWD=/ ; USER=root ; COMMAND=/usr/local/bin/cinder-rootwrap /etc/cinder/rootwrap.conf env LC_ALL=C lvs --noheadings --unit=g -o vg_name,name,size --nosuffix --readonly stack-volumes-lvmdriver-1/_snapshot-a0c30d43-0446-4612-a9e7-5d3f0c9c7a77
Apr 05 13:00:39.699902 n-d-836588-2 sudo[142477]: pam_unix(sudo:session): session opened for user root by (uid=0)
Apr 05 13:00:41.740898 n-d-836588-2 sudo[142477]: pam_unix(sudo:session): session closed for user root
Apr 05 13:00:41.743875 n-d-836588-2 cinder-volume[123974]: DEBUG oslo_concurrency.processutils [None req-78c58880-9a0f-4b8a-aabc-4fa99392c491 tempest-GroupSnapshotsTest-981643308 None] CMD "sudo cinder-rootwrap /etc/cinder/rootwrap.conf env LC_ALL=C lvs --noheadings --unit=g -o vg_name,name,size --nosuffix --readonly stack-volumes-lvmdriver-1/_snapshot-a0c30d43-0446-4612-a9e7-5d3f0c9c7a77" returned: 0 in 2.135s {{(pid=123974) execute /usr/local/lib/python3.8/dist-packages/oslo_concurrency/processutils.py:422}}
Apr 05 13:00:41.746912 n-d-836588-2 cinder-volume[123974]: DEBUG oslo_concurrency.processutils [None req-78c58880-9a0f-4b8a-aabc-4fa99392c491 tempest-GroupSnapshotsTest-981643308 None] Running cmd (subprocess): sudo cinder-rootwrap /etc/cinder/rootwrap.conf lvremove --config activation { retry_deactivation = 1} -f stack-volumes-lvmdriver-1/_snapshot-a0c30d43-0446-4612-a9e7-5d3f0c9c7a77 {{(pid=123974) execute /usr/local/lib/python3.8/dist-packages/oslo_concurrency/processutils.py:384}}
Apr 05 13:00:41.779763 n-d-836588-2 sudo[142545]: ubuntu : TTY=unknown ; PWD=/ ; USER=root ; COMMAND=/usr/local/bin/cinder-rootwrap /etc/cinder/rootwrap.conf lvremove --config activation { retry_deactivation = 1} -f stack-volumes-lvmdriver-1/_snapshot-a0c30d43-0446-4612-a9e7-5d3f0c9c7a77
Apr 05 13:00:41.781150 n-d-836588-2 sudo[142545]: pam_unix(sudo:session): session opened for user root by (uid=0)
Apr 05 13:00:44.058974 n-d-836588-2 sudo[142545]: pam_unix(sudo:session): session closed for user root
Apr 05 13:00:44.061609 n-d-836588-2 cinder-volume[123974]: DEBUG oslo_concurrency.processutils [None req-78c58880-9a0f-4b8a-aabc-4fa99392c491 tempest-GroupSnapshotsTest-981643308 None] CMD "sudo cinder-rootwrap /etc/cinder/rootwrap.conf lvremove --config activation { retry_deactivation = 1} -f stack-volumes-lvmdriver-1/_snapshot-a0c30d43-0446-4612-a9e7-5d3f0c9c7a77" returned: 0 in 2.315s {{(pid=123974) execute /usr/local/lib/python3.8/dist-packages/oslo_concurrency/processutils.py:422}}
Apr 05 13:00:44.132106 n-d-836588-2 cinder-volume[123974]: WARNING cinder.quota [None req-78c58880-9a0f-4b8a-aabc-4fa99392c491 tempest-GroupSnapshotsTest-981643308 None] Deprecated: Default quota for resource: gigabytes_tempest-GroupSnapshotsTest-volume-type-1334418262 is set by the default quota flag: quota_gigabytes_tempest-GroupSnapshotsTest-volume-type-1334418262, it is now deprecated. Please use the default quota class for default quota.
Apr 05 13:00:44.133312 n-d-836588-2 cinder-volume[123974]: WARNING cinder.quota [None req-78c58880-9a0f-4b8a-aabc-4fa99392c491 tempest-GroupSnapshotsTest-981643308 None] Deprecated: Default quota for resource: snapshots_tempest-GroupSnapshotsTest-volume-type-1334418262 is set by the default quota flag: quota_snapshots_tempest-GroupSnapshotsTest-volume-type-1334418262, it is now deprecated. Please use the default quota class for default quota.
Apr 05 13:00:44.174483 n-d-836588-2 cinder-volume[123974]: DEBUG cinder.quota [None req-78c58880-9a0f-4b8a-aabc-4fa99392c491 tempest-GroupSnapshotsTest-981643308 None] Created reservations ['0b45905e-afb4-4e67-a0e0-74a1aaa124c5', '940ddb99-0f8c-4efc-ad9e-557d34d7ae7c', '67f3485b-8a26-456b-880b-b8af5b91c16a', 'caf3e123-c3e9-4136-99ab-5874fb945958'] {{(pid=123974) reserve /opt/stack/cinder/cinder/quota.py:755}}
Apr 05 13:00:44.327276 n-d-836588-2 cinder-volume[123974]: DEBUG cinder.quota [None req-78c58880-9a0f-4b8a-aabc-4fa99392c491 tempest-GroupSnapshotsTest-981643308 None] Created reservations ['4caf51fa-6034-4701-a219-6d3e5b4ee531', '61a65671-9281-4da0-bc19-bfffc773d8af', '999d8819-d5dd-4beb-8574-f392035a6034', 'c42d2068-e1c1-4506-9590-a101851126d0'] {{(pid=123974) reserve /opt/stack/cinder/cinder/quota.py:755}}
Apr 05 13:00:44.398429 n-d-836588-2 cinder-volume[123974]: INFO cinder.volume.manager [None req-78c58880-9a0f-4b8a-aabc-4fa99392c491 tempest-GroupSnapshotsTest-981643308 None] group_snapshot 1fc99ac9-afc7-4d79-8ec3-98a15a7f6b1b: deleted successfully
Apr 05 13:00:44.884605 n-d-836588-2 cinder-volume[123974]: INFO cinder.volume.targets.iscsi [None req-8f373da6-8bc6-4598-990e-3c2d01627b3c tempest-GroupSnapshotsTest-981643308 None] Skipping remove_export. No iscsi_target is presently exported for volume: 021c8de8-b0aa-49dd-b977-bb1d4fffb277
Apr 05 13:00:44.887923 n-d-836588-2 cinder-volume[123974]: DEBUG oslo_concurrency.processutils [None req-8f373da6-8bc6-4598-990e-3c2d01627b3c tempest-GroupSnapshotsTest-981643308 None] Running cmd (subprocess): sudo cinder-rootwrap /etc/cinder/rootwrap.conf env LC_ALL=C lvs --noheadings --unit=g -o vg_name,name,size --nosuffix --readonly stack-volumes-lvmdriver-1/volume-021c8de8-b0aa-49dd-b977-bb1d4fffb277 {{(pid=123974) execute /usr/local/lib/python3.8/dist-packages/oslo_concurrency/processutils.py:384}}
Apr 05 13:00:44.957740 n-d-836588-2 sudo[142638]: ubuntu : TTY=unknown ; PWD=/ ; USER=root ; COMMAND=/usr/local/bin/cinder-rootwrap /etc/cinder/rootwrap.conf env LC_ALL=C lvs --noheadings --unit=g -o vg_name,name,size --nosuffix --readonly stack-volumes-lvmdriver-1/volume-021c8de8-b0aa-49dd-b977-bb1d4fffb277
Apr 05 13:00:44.959330 n-d-836588-2 sudo[142638]: pam_unix(sudo:session): session opened for user root by (uid=0)
Apr 05 13:00:47.376122 n-d-836588-2 sudo[142638]: pam_unix(sudo:session): session closed for user root
Apr 05 13:00:47.382482 n-d-836588-2 cinder-volume[123974]: DEBUG oslo_concurrency.processutils [None req-8f373da6-8bc6-4598-990e-3c2d01627b3c tempest-GroupSnapshotsTest-981643308 None] CMD "sudo cinder-rootwrap /etc/cinder/rootwrap.conf env LC_ALL=C lvs --noheadings --unit=g -o vg_name,name,size --nosuffix --readonly stack-volumes-lvmdriver-1/volume-021c8de8-b0aa-49dd-b977-bb1d4fffb277" returned: 0 in 2.493s {{(pid=123974) execute /usr/local/lib/python3.8/dist-packages/oslo_concurrency/processutils.py:422}}
Apr 05 13:00:47.388410 n-d-836588-2 cinder-volume[123974]: DEBUG oslo_concurrency.processutils [None req-8f373da6-8bc6-4598-990e-3c2d01627b3c tempest-GroupSnapshotsTest-981643308 None] Running cmd (subprocess): sudo cinder-rootwrap /etc/cinder/rootwrap.conf env LC_ALL=C lvdisplay --noheading -C -o Attr --readonly stack-volumes-lvmdriver-1/volume-021c8de8-b0aa-49dd-b977-bb1d4fffb277 {{(pid=123974) execute /usr/local/lib/python3.8/dist-packages/oslo_concurrency/processutils.py:384}}
Apr 05 13:00:47.420056 n-d-836588-2 sudo[142745]: ubuntu : TTY=unknown ; PWD=/ ; USER=root ; COMMAND=/usr/local/bin/cinder-rootwrap /etc/cinder/rootwrap.conf env LC_ALL=C lvdisplay --noheading -C -o Attr --readonly stack-volumes-lvmdriver-1/volume-021c8de8-b0aa-49dd-b977-bb1d4fffb277
Apr 05 13:00:47.421608 n-d-836588-2 sudo[142745]: pam_unix(sudo:session): session opened for user root by (uid=0)
Apr 05 13:00:49.076641 n-d-836588-2 sudo[142745]: pam_unix(sudo:session): session closed for user root
Apr 05 13:00:49.079256 n-d-836588-2 cinder-volume[123974]: DEBUG oslo_concurrency.processutils [None req-8f373da6-8bc6-4598-990e-3c2d01627b3c tempest-GroupSnapshotsTest-981643308 None] CMD "sudo cinder-rootwrap /etc/cinder/rootwrap.conf env LC_ALL=C lvdisplay --noheading -C -o Attr --readonly stack-volumes-lvmdriver-1/volume-021c8de8-b0aa-49dd-b977-bb1d4fffb277" returned: 0 in 1.690s {{(pid=123974) execute /usr/local/lib/python3.8/dist-packages/oslo_concurrency/processutils.py:422}}
Apr 05 13:00:49.081782 n-d-836588-2 cinder-volume[123974]: DEBUG oslo_concurrency.processutils [None req-8f373da6-8bc6-4598-990e-3c2d01627b3c tempest-GroupSnapshotsTest-981643308 None] Running cmd (subprocess): sudo cinder-rootwrap /etc/cinder/rootwrap.conf lvremove --config activation { retry_deactivation = 1} -f stack-volumes-lvmdriver-1/volume-021c8de8-b0aa-49dd-b977-bb1d4fffb277 {{(pid=123974) execute /usr/local/lib/python3.8/dist-packages/oslo_concurrency/processutils.py:384}}
Apr 05 13:00:49.103834 n-d-836588-2 sudo[142793]: ubuntu : TTY=unknown ; PWD=/ ; USER=root ; COMMAND=/usr/local/bin/cinder-rootwrap /etc/cinder/rootwrap.conf lvremove --config activation { retry_deactivation = 1} -f stack-volumes-lvmdriver-1/volume-021c8de8-b0aa-49dd-b977-bb1d4fffb277
Apr 05 13:00:49.104799 n-d-836588-2 sudo[142793]: pam_unix(sudo:session): session opened for user root by (uid=0)
Apr 05 13:00:49.212505 n-d-836588-2 cinder-volume[123974]: DEBUG oslo_service.periodic_task [None req-3f96a33d-a76b-4dee-8372-1516758d527e None None] Running periodic task VolumeManager.publish_service_capabilities {{(pid=123974) run_periodic_tasks /usr/local/lib/python3.8/dist-packages/oslo_service/periodic_task.py:210}}
Apr 05 13:00:49.213624 n-d-836588-2 cinder-volume[123974]: DEBUG cinder.volume.drivers.lvm [None req-3f96a33d-a76b-4dee-8372-1516758d527e None None] Updating volume stats {{(pid=123974) _update_volume_stats /opt/stack/cinder/cinder/volume/drivers/lvm.py:213}}
Apr 05 13:00:49.214576 n-d-836588-2 cinder-volume[123974]: DEBUG oslo_concurrency.processutils [None req-3f96a33d-a76b-4dee-8372-1516758d527e None None] Running cmd (subprocess): sudo cinder-rootwrap /etc/cinder/rootwrap.conf env LC_ALL=C vgs --noheadings --unit=g -o name,size,free,lv_count,uuid --separator : --nosuffix stack-volumes-lvmdriver-1 {{(pid=123974) execute /usr/local/lib/python3.8/dist-packages/oslo_concurrency/processutils.py:384}}
Apr 05 13:00:49.262156 n-d-836588-2 sudo[142797]: ubuntu : TTY=unknown ; PWD=/ ; USER=root ; COMMAND=/usr/local/bin/cinder-rootwrap /etc/cinder/rootwrap.conf env LC_ALL=C vgs --noheadings --unit=g -o name,size,free,lv_count,uuid --separator : --nosuffix stack-volumes-lvmdriver-1
Apr 05 13:00:49.263592 n-d-836588-2 sudo[142797]: pam_unix(sudo:session): session opened for user root by (uid=0)
Apr 05 13:00:50.843419 n-d-836588-2 sudo[142793]: pam_unix(sudo:session): session closed for user root
Apr 05 13:00:50.845659 n-d-836588-2 cinder-volume[123974]: DEBUG oslo_concurrency.processutils [None req-8f373da6-8bc6-4598-990e-3c2d01627b3c tempest-GroupSnapshotsTest-981643308 None] CMD "sudo cinder-rootwrap /etc/cinder/rootwrap.conf lvremove --config activation { retry_deactivation = 1} -f stack-volumes-lvmdriver-1/volume-021c8de8-b0aa-49dd-b977-bb1d4fffb277" returned: 0 in 1.763s {{(pid=123974) execute /usr/local/lib/python3.8/dist-packages/oslo_concurrency/processutils.py:422}}
Apr 05 13:00:50.846753 n-d-836588-2 cinder-volume[123974]: INFO cinder.volume.drivers.lvm [None req-8f373da6-8bc6-4598-990e-3c2d01627b3c tempest-GroupSnapshotsTest-981643308 None] Successfully deleted volume: 021c8de8-b0aa-49dd-b977-bb1d4fffb277
Apr 05 13:00:50.847997 n-d-836588-2 cinder-volume[123974]: INFO cinder.volume.targets.iscsi [None req-8f373da6-8bc6-4598-990e-3c2d01627b3c tempest-GroupSnapshotsTest-981643308 None] Skipping remove_export. No iscsi_target is presently exported for volume: d05b4134-2eef-4911-bd1c-b40a4c821592
Apr 05 13:00:50.849040 n-d-836588-2 cinder-volume[123974]: DEBUG oslo_concurrency.processutils [None req-8f373da6-8bc6-4598-990e-3c2d01627b3c tempest-GroupSnapshotsTest-981643308 None] Running cmd (subprocess): sudo cinder-rootwrap /etc/cinder/rootwrap.conf env LC_ALL=C lvs --noheadings --unit=g -o vg_name,name,size --nosuffix --readonly stack-volumes-lvmdriver-1/volume-d05b4134-2eef-4911-bd1c-b40a4c821592 {{(pid=123974) execute /usr/local/lib/python3.8/dist-packages/oslo_concurrency/processutils.py:384}}
Apr 05 13:00:50.876457 n-d-836588-2 sudo[142811]: ubuntu : TTY=unknown ; PWD=/ ; USER=root ; COMMAND=/usr/local/bin/cinder-rootwrap /etc/cinder/rootwrap.conf env LC_ALL=C lvs --noheadings --unit=g -o vg_name,name,size --nosuffix --readonly stack-volumes-lvmdriver-1/volume-d05b4134-2eef-4911-bd1c-b40a4c821592
Apr 05 13:00:50.877490 n-d-836588-2 sudo[142811]: pam_unix(sudo:session): session opened for user root by (uid=0)
Apr 05 13:00:51.082722 n-d-836588-2 sudo[142797]: pam_unix(sudo:session): session closed for user root
Apr 05 13:00:51.084712 n-d-836588-2 cinder-volume[123974]: DEBUG oslo_concurrency.processutils [None req-3f96a33d-a76b-4dee-8372-1516758d527e None None] CMD "sudo cinder-rootwrap /etc/cinder/rootwrap.conf env LC_ALL=C vgs --noheadings --unit=g -o name,size,free,lv_count,uuid --separator : --nosuffix stack-volumes-lvmdriver-1" returned: 0 in 1.870s {{(pid=123974) execute /usr/local/lib/python3.8/dist-packages/oslo_concurrency/processutils.py:422}}
Apr 05 13:00:51.086625 n-d-836588-2 cinder-volume[123974]: DEBUG oslo_concurrency.processutils [None req-3f96a33d-a76b-4dee-8372-1516758d527e None None] Running cmd (subprocess): sudo cinder-rootwrap /etc/cinder/rootwrap.conf env LC_ALL=C lvs --noheadings --unit=g -o vg_name,name,size --nosuffix --readonly stack-volumes-lvmdriver-1 {{(pid=123974) execute /usr/local/lib/python3.8/dist-packages/oslo_concurrency/processutils.py:384}}
Apr 05 13:00:51.168814 n-d-836588-2 sudo[142814]: ubuntu : TTY=unknown ; PWD=/ ; USER=root ; COMMAND=/usr/local/bin/cinder-rootwrap /etc/cinder/rootwrap.conf env LC_ALL=C lvs --noheadings --unit=g -o vg_name,name,size --nosuffix --readonly stack-volumes-lvmdriver-1
Apr 05 13:00:51.175341 n-d-836588-2 sudo[142814]: pam_unix(sudo:session): session opened for user root by (uid=0)
Apr 05 13:00:52.906517 n-d-836588-2 sudo[142811]: pam_unix(sudo:session): session closed for user root
Apr 05 13:00:52.909301 n-d-836588-2 cinder-volume[123974]: DEBUG oslo_concurrency.processutils [None req-8f373da6-8bc6-4598-990e-3c2d01627b3c tempest-GroupSnapshotsTest-981643308 None] CMD "sudo cinder-rootwrap /etc/cinder/rootwrap.conf env LC_ALL=C lvs --noheadings --unit=g -o vg_name,name,size --nosuffix --readonly stack-volumes-lvmdriver-1/volume-d05b4134-2eef-4911-bd1c-b40a4c821592" returned: 0 in 2.060s {{(pid=123974) execute /usr/local/lib/python3.8/dist-packages/oslo_concurrency/processutils.py:422}}
Apr 05 13:00:52.910961 n-d-836588-2 cinder-volume[123974]: DEBUG oslo_concurrency.processutils [None req-8f373da6-8bc6-4598-990e-3c2d01627b3c tempest-GroupSnapshotsTest-981643308 None] Running cmd (subprocess): sudo cinder-rootwrap /etc/cinder/rootwrap.conf env LC_ALL=C lvdisplay --noheading -C -o Attr --readonly stack-volumes-lvmdriver-1/volume-d05b4134-2eef-4911-bd1c-b40a4c821592 {{(pid=123974) execute /usr/local/lib/python3.8/dist-packages/oslo_concurrency/processutils.py:384}}
Apr 05 13:00:52.951748 n-d-836588-2 sudo[142837]: ubuntu : TTY=unknown ; PWD=/ ; USER=root ; COMMAND=/usr/local/bin/cinder-rootwrap /etc/cinder/rootwrap.conf env LC_ALL=C lvdisplay --noheading -C -o Attr --readonly stack-volumes-lvmdriver-1/volume-d05b4134-2eef-4911-bd1c-b40a4c821592
Apr 05 13:00:52.957573 n-d-836588-2 sudo[142837]: pam_unix(sudo:session): session opened for user root by (uid=0)
Apr 05 13:00:53.068137 n-d-836588-2 sudo[142814]: pam_unix(sudo:session): session closed for user root
Apr 05 13:00:53.070421 n-d-836588-2 cinder-volume[123974]: DEBUG oslo_concurrency.processutils [None req-3f96a33d-a76b-4dee-8372-1516758d527e None None] CMD "sudo cinder-rootwrap /etc/cinder/rootwrap.conf env LC_ALL=C lvs --noheadings --unit=g -o vg_name,name,size --nosuffix --readonly stack-volumes-lvmdriver-1" returned: 0 in 1.983s {{(pid=123974) execute /usr/local/lib/python3.8/dist-packages/oslo_concurrency/processutils.py:422}}
Apr 05 13:00:53.072568 n-d-836588-2 cinder-volume[123974]: DEBUG cinder.manager [None req-3f96a33d-a76b-4dee-8372-1516758d527e None None] Notifying Schedulers of capabilities ... {{(pid=123974) _publish_service_capabilities /opt/stack/cinder/cinder/manager.py:202}}
Apr 05 13:00:54.473132 n-d-836588-2 sudo[142837]: pam_unix(sudo:session): session closed for user root
Apr 05 13:00:54.474991 n-d-836588-2 cinder-volume[123974]: DEBUG oslo_concurrency.processutils [None req-8f373da6-8bc6-4598-990e-3c2d01627b3c tempest-GroupSnapshotsTest-981643308 None] CMD "sudo cinder-rootwrap /etc/cinder/rootwrap.conf env LC_ALL=C lvdisplay --noheading -C -o Attr --readonly stack-volumes-lvmdriver-1/volume-d05b4134-2eef-4911-bd1c-b40a4c821592" returned: 0 in 1.564s {{(pid=123974) execute /usr/local/lib/python3.8/dist-packages/oslo_concurrency/processutils.py:422}}
Apr 05 13:00:54.476466 n-d-836588-2 cinder-volume[123974]: DEBUG oslo_concurrency.processutils [None req-8f373da6-8bc6-4598-990e-3c2d01627b3c tempest-GroupSnapshotsTest-981643308 None] Running cmd (subprocess): sudo cinder-rootwrap /etc/cinder/rootwrap.conf lvremove --config activation { retry_deactivation = 1} -f stack-volumes-lvmdriver-1/volume-d05b4134-2eef-4911-bd1c-b40a4c821592 {{(pid=123974) execute /usr/local/lib/python3.8/dist-packages/oslo_concurrency/processutils.py:384}}
Apr 05 13:00:54.498734 n-d-836588-2 sudo[142849]: ubuntu : TTY=unknown ; PWD=/ ; USER=root ; COMMAND=/usr/local/bin/cinder-rootwrap /etc/cinder/rootwrap.conf lvremove --config activation { retry_deactivation = 1} -f stack-volumes-lvmdriver-1/volume-d05b4134-2eef-4911-bd1c-b40a4c821592
Apr 05 13:00:54.499548 n-d-836588-2 sudo[142849]: pam_unix(sudo:session): session opened for user root by (uid=0)
Apr 05 13:00:55.920776 n-d-836588-2 sudo[142849]: pam_unix(sudo:session): session closed for user root
Apr 05 13:00:55.924022 n-d-836588-2 cinder-volume[123974]: DEBUG oslo_concurrency.processutils [None req-8f373da6-8bc6-4598-990e-3c2d01627b3c tempest-GroupSnapshotsTest-981643308 None] CMD "sudo cinder-rootwrap /etc/cinder/rootwrap.conf lvremove --config activation { retry_deactivation = 1} -f stack-volumes-lvmdriver-1/volume-d05b4134-2eef-4911-bd1c-b40a4c821592" returned: 0 in 1.447s {{(pid=123974) execute /usr/local/lib/python3.8/dist-packages/oslo_concurrency/processutils.py:422}}
Apr 05 13:00:55.925838 n-d-836588-2 cinder-volume[123974]: INFO cinder.volume.drivers.lvm [None req-8f373da6-8bc6-4598-990e-3c2d01627b3c tempest-GroupSnapshotsTest-981643308 None] Successfully deleted volume: d05b4134-2eef-4911-bd1c-b40a4c821592
Apr 05 13:00:56.111543 n-d-836588-2 cinder-volume[123974]: DEBUG cinder.quota [None req-8f373da6-8bc6-4598-990e-3c2d01627b3c tempest-GroupSnapshotsTest-981643308 None] Created reservations ['18bf807f-49b7-4f77-b39b-752b8a5ba454'] {{(pid=123974) reserve /opt/stack/cinder/cinder/quota.py:755}}
Apr 05 13:00:56.160222 n-d-836588-2 cinder-volume[123974]: WARNING cinder.quota [None req-8f373da6-8bc6-4598-990e-3c2d01627b3c tempest-GroupSnapshotsTest-981643308 None] Deprecated: Default quota for resource: volumes_tempest-GroupSnapshotsTest-volume-type-1334418262 is set by the default quota flag: quota_volumes_tempest-GroupSnapshotsTest-volume-type-1334418262, it is now deprecated. Please use the default quota class for default quota.
Apr 05 13:00:56.217181 n-d-836588-2 cinder-volume[123974]: DEBUG cinder.quota [None req-8f373da6-8bc6-4598-990e-3c2d01627b3c tempest-GroupSnapshotsTest-981643308 None] Created reservations ['3e50bb03-850a-4437-8187-ff828cee3ea2', '5543434c-c4c2-4420-b3b2-dedeca1269ef', '379e19dd-4938-4e82-97fb-b0103ebc00fa', '0a3548c9-02fb-419b-b2f5-65c5248c6cce'] {{(pid=123974) reserve /opt/stack/cinder/cinder/quota.py:755}}
Apr 05 13:00:56.375228 n-d-836588-2 cinder-volume[123974]: DEBUG cinder.quota [None req-8f373da6-8bc6-4598-990e-3c2d01627b3c tempest-GroupSnapshotsTest-981643308 None] Created reservations ['a2c6d9f1-8231-44c0-b568-c443408485bc', 'b4d63bbc-95a7-40a0-85e5-7467f31135f1', '3da3b444-e148-4b48-865b-5db5adb02df8', 'ce72da61-6ee9-4476-b5c2-9f832abebd07'] {{(pid=123974) reserve /opt/stack/cinder/cinder/quota.py:755}}
Apr 05 13:00:56.504901 n-d-836588-2 cinder-volume[123974]: DEBUG cinder.volume.drivers.lvm [None req-8f373da6-8bc6-4598-990e-3c2d01627b3c tempest-GroupSnapshotsTest-981643308 None] Updating volume stats {{(pid=123974) _update_volume_stats /opt/stack/cinder/cinder/volume/drivers/lvm.py:213}}
Apr 05 13:00:56.506280 n-d-836588-2 cinder-volume[123974]: DEBUG oslo_concurrency.processutils [None req-8f373da6-8bc6-4598-990e-3c2d01627b3c tempest-GroupSnapshotsTest-981643308 None] Running cmd (subprocess): sudo cinder-rootwrap /etc/cinder/rootwrap.conf env LC_ALL=C vgs --noheadings --unit=g -o name,size,free,lv_count,uuid --separator : --nosuffix stack-volumes-lvmdriver-1 {{(pid=123974) execute /usr/local/lib/python3.8/dist-packages/oslo_concurrency/processutils.py:384}}
Apr 05 13:00:56.533495 n-d-836588-2 sudo[142862]: ubuntu : TTY=unknown ; PWD=/ ; USER=root ; COMMAND=/usr/local/bin/cinder-rootwrap /etc/cinder/rootwrap.conf env LC_ALL=C vgs --noheadings --unit=g -o name,size,free,lv_count,uuid --separator : --nosuffix stack-volumes-lvmdriver-1
Apr 05 13:00:56.534602 n-d-836588-2 sudo[142862]: pam_unix(sudo:session): session opened for user root by (uid=0)
Apr 05 13:00:57.813688 n-d-836588-2 sudo[142862]: pam_unix(sudo:session): session closed for user root
Apr 05 13:00:57.824602 n-d-836588-2 cinder-volume[123974]: DEBUG oslo_concurrency.processutils [None req-8f373da6-8bc6-4598-990e-3c2d01627b3c tempest-GroupSnapshotsTest-981643308 None] CMD "sudo cinder-rootwrap /etc/cinder/rootwrap.conf env LC_ALL=C vgs --noheadings --unit=g -o name,size,free,lv_count,uuid --separator : --nosuffix stack-volumes-lvmdriver-1" returned: 0 in 1.318s {{(pid=123974) execute /usr/local/lib/python3.8/dist-packages/oslo_concurrency/processutils.py:422}}
Apr 05 13:00:57.826741 n-d-836588-2 cinder-volume[123974]: DEBUG oslo_concurrency.processutils [None req-8f373da6-8bc6-4598-990e-3c2d01627b3c tempest-GroupSnapshotsTest-981643308 None] Running cmd (subprocess): sudo cinder-rootwrap /etc/cinder/rootwrap.conf env LC_ALL=C lvs --noheadings --unit=g -o vg_name,name,size --nosuffix --readonly stack-volumes-lvmdriver-1 {{(pid=123974) execute /usr/local/lib/python3.8/dist-packages/oslo_concurrency/processutils.py:384}}
Apr 05 13:00:57.878629 n-d-836588-2 sudo[142866]: ubuntu : TTY=unknown ; PWD=/ ; USER=root ; COMMAND=/usr/local/bin/cinder-rootwrap /etc/cinder/rootwrap.conf env LC_ALL=C lvs --noheadings --unit=g -o vg_name,name,size --nosuffix --readonly stack-volumes-lvmdriver-1
Apr 05 13:00:57.880811 n-d-836588-2 sudo[142866]: pam_unix(sudo:session): session opened for user root by (uid=0)
Apr 05 13:00:58.011875 n-d-836588-2 cinder-volume[123974]: INFO cinder.volume.manager [None req-9e57d2c8-fc50-442e-a4fc-45af0a622494 tempest-GroupSnapshotsTest-981643308 None] Group tempest-GroupSnapshotsTest-Group-1506071402: creating
Apr 05 13:00:58.059156 n-d-836588-2 cinder-volume[123974]: INFO cinder.volume.manager [None req-9e57d2c8-fc50-442e-a4fc-45af0a622494 tempest-GroupSnapshotsTest-981643308 None] Group tempest-GroupSnapshotsTest-Group-1506071402: created successfully
Apr 05 13:00:58.074313 n-d-836588-2 cinder-volume[123974]: INFO cinder.volume.manager [None req-9e57d2c8-fc50-442e-a4fc-45af0a622494 tempest-GroupSnapshotsTest-981643308 None] Create group completed successfully.
Apr 05 13:00:59.343674 n-d-836588-2 sudo[142866]: pam_unix(sudo:session): session closed for user root
Apr 05 13:00:59.345736 n-d-836588-2 cinder-volume[123974]: DEBUG oslo_concurrency.processutils [None req-8f373da6-8bc6-4598-990e-3c2d01627b3c tempest-GroupSnapshotsTest-981643308 None] CMD "sudo cinder-rootwrap /etc/cinder/rootwrap.conf env LC_ALL=C lvs --noheadings --unit=g -o vg_name,name,size --nosuffix --readonly stack-volumes-lvmdriver-1" returned: 0 in 1.519s {{(pid=123974) execute /usr/local/lib/python3.8/dist-packages/oslo_concurrency/processutils.py:422}}
Apr 05 13:00:59.347488 n-d-836588-2 cinder-volume[123974]: DEBUG cinder.manager [None req-8f373da6-8bc6-4598-990e-3c2d01627b3c tempest-GroupSnapshotsTest-981643308 None] Notifying Schedulers of capabilities ... {{(pid=123974) _publish_service_capabilities /opt/stack/cinder/cinder/manager.py:202}}
Apr 05 13:00:59.352797 n-d-836588-2 cinder-volume[123974]: INFO cinder.volume.manager [None req-8f373da6-8bc6-4598-990e-3c2d01627b3c tempest-GroupSnapshotsTest-981643308 None] Delete group completed successfully.
Apr 05 13:00:59.650711 n-d-836588-2 cinder-volume[123974]: DEBUG cinder.volume.flows.manager.create_volume [None req-ce633703-e0df-44ba-9acc-22f1b2460a71 tempest-GroupSnapshotsTest-981643308 None] Volume reschedule parameters: True retry: {'num_attempts': 1, 'backends': ['n-d-836588-2@lvmdriver-1#lvmdriver-1'], 'hosts': ['n-d-836588-2@lvmdriver-1#lvmdriver-1']} {{(pid=123974) get_flow /opt/stack/cinder/cinder/volume/flows/manager/create_volume.py:1348}}
Apr 05 13:00:59.680391 n-d-836588-2 cinder-volume[123974]: DEBUG cinder.volume.manager [None req-ce633703-e0df-44ba-9acc-22f1b2460a71 tempest-GroupSnapshotsTest-981643308 None] Flow 'volume_create_manager' (a2949f52-dbec-40a3-8b81-10a4108a8864) transitioned into state 'RUNNING' from state 'PENDING' {{(pid=123974) _flow_receiver /usr/local/lib/python3.8/dist-packages/taskflow/listeners/logging.py:141}}
Apr 05 13:00:59.692584 n-d-836588-2 cinder-volume[123974]: DEBUG cinder.volume.manager [None req-ce633703-e0df-44ba-9acc-22f1b2460a71 tempest-GroupSnapshotsTest-981643308 None] Task 'cinder.volume.flows.manager.create_volume.ExtractVolumeRefTask;volume:create' (4543b445-1468-4a03-9e19-7d0031ba3933) transitioned into state 'RUNNING' from state 'PENDING' {{(pid=123974) _task_receiver /usr/local/lib/python3.8/dist-packages/taskflow/listeners/logging.py:190}}
Apr 05 13:00:59.714081 n-d-836588-2 cinder-volume[123974]: DEBUG cinder.volume.manager [None req-ce633703-e0df-44ba-9acc-22f1b2460a71 tempest-GroupSnapshotsTest-981643308 None] Task 'cinder.volume.flows.manager.create_volume.ExtractVolumeRefTask;volume:create' (4543b445-1468-4a03-9e19-7d0031ba3933) transitioned into state 'SUCCESS' from state 'RUNNING' with result 'Volume(_name_id=None,admin_metadata=,attach_status='detached',availability_zone='nova',bootable=False,cluster=,cluster_name=None,consistencygroup=,consistencygroup_id=None,created_at=2022-04-05T13:00:59Z,deleted=False,deleted_at=None,display_description=None,display_name='tempest-GroupSnapshotsTest-Volume-1348662297',ec2_id=None,encryption_key_id=None,glance_metadata=,group=,group_id=22a439ae-20d5-44ce-b4dd-85f32df2c93c,host='n-d-836588-2@lvmdriver-1#lvmdriver-1',id=0b2f7d3f-42a5-4016-bc41-7777ed7a000b,launched_at=None,metadata={},migration_status=None,multiattach=False,previous_status=None,project_id='4b49b5664fce4d91b7b6e00a650df4b4',provider_auth=None,provider_geometry=None,provider_id=None,provider_location=None,replication_driver_data=None,replication_extended_status=None,replication_status=None,scheduled_at=2022-04-05T13:01:00Z,service_uuid=None,shared_targets=True,size=1,snapshot_id=None,snapshots=,source_volid=None,status='creating',terminated_at=None,updated_at=2022-04-05T13:01:00Z,use_quota=True,user_id='b01aefde31994486bf295d3287aefed9',volume_attachment=VolumeAttachmentList,volume_type=VolumeType(e0d2c14f-edbf-43ad-b283-1f49dde833c4),volume_type_id=e0d2c14f-edbf-43ad-b283-1f49dde833c4)' {{(pid=123974) _task_receiver /usr/local/lib/python3.8/dist-packages/taskflow/listeners/logging.py:178}}
Apr 05 13:00:59.721905 n-d-836588-2 cinder-volume[123974]: DEBUG cinder.volume.manager [None req-ce633703-e0df-44ba-9acc-22f1b2460a71 tempest-GroupSnapshotsTest-981643308 None] Task 'cinder.volume.flows.manager.create_volume.OnFailureRescheduleTask;volume:create' (f459fe85-e276-468a-9884-04d7712f8108) transitioned into state 'RUNNING' from state 'PENDING' {{(pid=123974) _task_receiver /usr/local/lib/python3.8/dist-packages/taskflow/listeners/logging.py:190}}
Apr 05 13:00:59.728561 n-d-836588-2 cinder-volume[123974]: DEBUG cinder.volume.manager [None req-ce633703-e0df-44ba-9acc-22f1b2460a71 tempest-GroupSnapshotsTest-981643308 None] Task 'cinder.volume.flows.manager.create_volume.OnFailureRescheduleTask;volume:create' (f459fe85-e276-468a-9884-04d7712f8108) transitioned into state 'SUCCESS' from state 'RUNNING' with result 'None' {{(pid=123974) _task_receiver /usr/local/lib/python3.8/dist-packages/taskflow/listeners/logging.py:178}}
Apr 05 13:00:59.736107 n-d-836588-2 cinder-volume[123974]: DEBUG cinder.volume.manager [None req-ce633703-e0df-44ba-9acc-22f1b2460a71 tempest-GroupSnapshotsTest-981643308 None] Task 'cinder.volume.flows.manager.create_volume.ExtractVolumeSpecTask;volume:create' (f549824b-b3ea-4882-b0c9-86ad06bf2c9b) transitioned into state 'RUNNING' from state 'PENDING' {{(pid=123974) _task_receiver /usr/local/lib/python3.8/dist-packages/taskflow/listeners/logging.py:190}}
Apr 05 13:00:59.741961 n-d-836588-2 cinder-volume[123974]: DEBUG cinder.volume.manager [None req-ce633703-e0df-44ba-9acc-22f1b2460a71 tempest-GroupSnapshotsTest-981643308 None] Task 'cinder.volume.flows.manager.create_volume.ExtractVolumeSpecTask;volume:create' (f549824b-b3ea-4882-b0c9-86ad06bf2c9b) transitioned into state 'SUCCESS' from state 'RUNNING' with result '{'status': 'creating', 'type': 'raw', 'volume_id': '0b2f7d3f-42a5-4016-bc41-7777ed7a000b', 'volume_name': 'volume-0b2f7d3f-42a5-4016-bc41-7777ed7a000b', 'volume_size': 1}' {{(pid=123974) _task_receiver /usr/local/lib/python3.8/dist-packages/taskflow/listeners/logging.py:178}}
Apr 05 13:00:59.750509 n-d-836588-2 cinder-volume[123974]: DEBUG cinder.volume.manager [None req-ce633703-e0df-44ba-9acc-22f1b2460a71 tempest-GroupSnapshotsTest-981643308 None] Task 'cinder.volume.flows.manager.create_volume.NotifyVolumeActionTask;volume:create, create.start' (13648b28-71b2-4721-b5f7-e6575ad7daea) transitioned into state 'RUNNING' from state 'PENDING' {{(pid=123974) _task_receiver /usr/local/lib/python3.8/dist-packages/taskflow/listeners/logging.py:190}}
Apr 05 13:00:59.755491 n-d-836588-2 cinder-volume[123974]: DEBUG cinder.volume.manager [None req-ce633703-e0df-44ba-9acc-22f1b2460a71 tempest-GroupSnapshotsTest-981643308 None] Task 'cinder.volume.flows.manager.create_volume.NotifyVolumeActionTask;volume:create, create.start' (13648b28-71b2-4721-b5f7-e6575ad7daea) transitioned into state 'SUCCESS' from state 'RUNNING' with result 'None' {{(pid=123974) _task_receiver /usr/local/lib/python3.8/dist-packages/taskflow/listeners/logging.py:178}}
Apr 05 13:00:59.761158 n-d-836588-2 cinder-volume[123974]: DEBUG cinder.volume.manager [None req-ce633703-e0df-44ba-9acc-22f1b2460a71 tempest-GroupSnapshotsTest-981643308 None] Task 'cinder.volume.flows.manager.create_volume.CreateVolumeFromSpecTask;volume:create' (d5088757-d049-408b-a30c-8e471609337c) transitioned into state 'RUNNING' from state 'PENDING' {{(pid=123974) _task_receiver /usr/local/lib/python3.8/dist-packages/taskflow/listeners/logging.py:190}}
Apr 05 13:00:59.762727 n-d-836588-2 cinder-volume[123974]: INFO cinder.volume.flows.manager.create_volume [None req-ce633703-e0df-44ba-9acc-22f1b2460a71 tempest-GroupSnapshotsTest-981643308 None] Volume 0b2f7d3f-42a5-4016-bc41-7777ed7a000b: being created as raw with specification: {'status': 'creating', 'volume_name': 'volume-0b2f7d3f-42a5-4016-bc41-7777ed7a000b', 'volume_size': 1}
Apr 05 13:00:59.764295 n-d-836588-2 cinder-volume[123974]: DEBUG oslo_concurrency.processutils [None req-ce633703-e0df-44ba-9acc-22f1b2460a71 tempest-GroupSnapshotsTest-981643308 None] Running cmd (subprocess): sudo cinder-rootwrap /etc/cinder/rootwrap.conf env LC_ALL=C lvcreate -n volume-0b2f7d3f-42a5-4016-bc41-7777ed7a000b stack-volumes-lvmdriver-1 -L 1g {{(pid=123974) execute /usr/local/lib/python3.8/dist-packages/oslo_concurrency/processutils.py:384}}
Apr 05 13:00:59.788594 n-d-836588-2 sudo[142872]: ubuntu : TTY=unknown ; PWD=/ ; USER=root ; COMMAND=/usr/local/bin/cinder-rootwrap /etc/cinder/rootwrap.conf env LC_ALL=C lvcreate -n volume-0b2f7d3f-42a5-4016-bc41-7777ed7a000b stack-volumes-lvmdriver-1 -L 1g
Apr 05 13:00:59.790261 n-d-836588-2 sudo[142872]: pam_unix(sudo:session): session opened for user root by (uid=0)
Apr 05 13:01:01.175337 n-d-836588-2 sudo[142872]: pam_unix(sudo:session): session closed for user root
Apr 05 13:01:01.177604 n-d-836588-2 cinder-volume[123974]: DEBUG oslo_concurrency.processutils [None req-ce633703-e0df-44ba-9acc-22f1b2460a71 tempest-GroupSnapshotsTest-981643308 None] CMD "sudo cinder-rootwrap /etc/cinder/rootwrap.conf env LC_ALL=C lvcreate -n volume-0b2f7d3f-42a5-4016-bc41-7777ed7a000b stack-volumes-lvmdriver-1 -L 1g" returned: 0 in 1.413s {{(pid=123974) execute /usr/local/lib/python3.8/dist-packages/oslo_concurrency/processutils.py:422}}
Apr 05 13:01:01.183389 n-d-836588-2 cinder-volume[123974]: DEBUG cinder.volume.manager [None req-ce633703-e0df-44ba-9acc-22f1b2460a71 tempest-GroupSnapshotsTest-981643308 None] Task 'cinder.volume.flows.manager.create_volume.CreateVolumeFromSpecTask;volume:create' (d5088757-d049-408b-a30c-8e471609337c) transitioned into state 'SUCCESS' from state 'RUNNING' with result '{'status': 'creating', 'volume_name': 'volume-0b2f7d3f-42a5-4016-bc41-7777ed7a000b', 'volume_size': 1}' {{(pid=123974) _task_receiver /usr/local/lib/python3.8/dist-packages/taskflow/listeners/logging.py:178}}
Apr 05 13:01:01.188998 n-d-836588-2 cinder-volume[123974]: DEBUG cinder.volume.manager [None req-ce633703-e0df-44ba-9acc-22f1b2460a71 tempest-GroupSnapshotsTest-981643308 None] Task 'cinder.volume.flows.manager.create_volume.CreateVolumeOnFinishTask;volume:create, create.end' (8d21fcfc-be25-4b16-b89a-5b124f84d3ac) transitioned into state 'RUNNING' from state 'PENDING' {{(pid=123974) _task_receiver /usr/local/lib/python3.8/dist-packages/taskflow/listeners/logging.py:190}}
Apr 05 13:01:01.213463 n-d-836588-2 cinder-volume[123974]: INFO cinder.volume.flows.manager.create_volume [None req-ce633703-e0df-44ba-9acc-22f1b2460a71 tempest-GroupSnapshotsTest-981643308 None] Volume volume-0b2f7d3f-42a5-4016-bc41-7777ed7a000b (0b2f7d3f-42a5-4016-bc41-7777ed7a000b): created successfully
Apr 05 13:01:01.217545 n-d-836588-2 cinder-volume[123974]: DEBUG cinder.volume.manager [None req-ce633703-e0df-44ba-9acc-22f1b2460a71 tempest-GroupSnapshotsTest-981643308 None] Task 'cinder.volume.flows.manager.create_volume.CreateVolumeOnFinishTask;volume:create, create.end' (8d21fcfc-be25-4b16-b89a-5b124f84d3ac) transitioned into state 'SUCCESS' from state 'RUNNING' with result 'None' {{(pid=123974) _task_receiver /usr/local/lib/python3.8/dist-packages/taskflow/listeners/logging.py:178}}
Apr 05 13:01:01.223889 n-d-836588-2 cinder-volume[123974]: DEBUG cinder.volume.manager [None req-ce633703-e0df-44ba-9acc-22f1b2460a71 tempest-GroupSnapshotsTest-981643308 None] Flow 'volume_create_manager' (a2949f52-dbec-40a3-8b81-10a4108a8864) transitioned into state 'SUCCESS' from state 'RUNNING' {{(pid=123974) _flow_receiver /usr/local/lib/python3.8/dist-packages/taskflow/listeners/logging.py:141}}
Apr 05 13:01:01.254048 n-d-836588-2 cinder-volume[123974]: INFO cinder.volume.manager [None req-ce633703-e0df-44ba-9acc-22f1b2460a71 tempest-GroupSnapshotsTest-981643308 None] Created volume successfully.
Apr 05 13:01:02.175501 n-d-836588-2 cinder-volume[123974]: INFO cinder.volume.manager [None req-1a628a44-b88b-43d6-859b-0bcdd95a842a tempest-GroupSnapshotsTest-981643308 None] GroupSnapshot e9163aab-790c-4b3c-9fae-18ce69166d1b: creating.
Apr 05 13:01:02.239249 n-d-836588-2 cinder-volume[123974]: DEBUG cinder.volume.manager [None req-1a628a44-b88b-43d6-859b-0bcdd95a842a tempest-GroupSnapshotsTest-981643308 None] Group snapshot e9163aab-790c-4b3c-9fae-18ce69166d1b: creating. {{(pid=123974) create_group_snapshot /opt/stack/cinder/cinder/volume/manager.py:4076}}
Apr 05 13:01:02.289454 n-d-836588-2 cinder-volume[123974]: DEBUG oslo_concurrency.processutils [None req-1a628a44-b88b-43d6-859b-0bcdd95a842a tempest-GroupSnapshotsTest-981643308 None] Running cmd (subprocess): sudo cinder-rootwrap /etc/cinder/rootwrap.conf env LC_ALL=C lvs --noheadings --unit=g -o vg_name,name,size --nosuffix --readonly stack-volumes-lvmdriver-1/volume-0b2f7d3f-42a5-4016-bc41-7777ed7a000b {{(pid=123974) execute /usr/local/lib/python3.8/dist-packages/oslo_concurrency/processutils.py:384}}
Apr 05 13:01:02.325139 n-d-836588-2 sudo[142910]: ubuntu : TTY=unknown ; PWD=/ ; USER=root ; COMMAND=/usr/local/bin/cinder-rootwrap /etc/cinder/rootwrap.conf env LC_ALL=C lvs --noheadings --unit=g -o vg_name,name,size --nosuffix --readonly stack-volumes-lvmdriver-1/volume-0b2f7d3f-42a5-4016-bc41-7777ed7a000b
Apr 05 13:01:02.326734 n-d-836588-2 sudo[142910]: pam_unix(sudo:session): session opened for user root by (uid=0)
Apr 05 13:01:04.026574 n-d-836588-2 sudo[142910]: pam_unix(sudo:session): session closed for user root
Apr 05 13:01:04.029747 n-d-836588-2 cinder-volume[123974]: DEBUG oslo_concurrency.processutils [None req-1a628a44-b88b-43d6-859b-0bcdd95a842a tempest-GroupSnapshotsTest-981643308 None] CMD "sudo cinder-rootwrap /etc/cinder/rootwrap.conf env LC_ALL=C lvs --noheadings --unit=g -o vg_name,name,size --nosuffix --readonly stack-volumes-lvmdriver-1/volume-0b2f7d3f-42a5-4016-bc41-7777ed7a000b" returned: 0 in 1.740s {{(pid=123974) execute /usr/local/lib/python3.8/dist-packages/oslo_concurrency/processutils.py:422}}
Apr 05 13:01:04.033785 n-d-836588-2 cinder-volume[123974]: DEBUG oslo_concurrency.processutils [None req-1a628a44-b88b-43d6-859b-0bcdd95a842a tempest-GroupSnapshotsTest-981643308 None] Running cmd (subprocess): sudo cinder-rootwrap /etc/cinder/rootwrap.conf env LC_ALL=C lvcreate --name _snapshot-cc658abe-0adf-4c0a-b491-3f1e7f9367c5 --snapshot stack-volumes-lvmdriver-1/volume-0b2f7d3f-42a5-4016-bc41-7777ed7a000b -L 1.00g {{(pid=123974) execute /usr/local/lib/python3.8/dist-packages/oslo_concurrency/processutils.py:384}}
Apr 05 13:01:04.058434 n-d-836588-2 sudo[142928]: ubuntu : TTY=unknown ; PWD=/ ; USER=root ; COMMAND=/usr/local/bin/cinder-rootwrap /etc/cinder/rootwrap.conf env LC_ALL=C lvcreate --name _snapshot-cc658abe-0adf-4c0a-b491-3f1e7f9367c5 --snapshot stack-volumes-lvmdriver-1/volume-0b2f7d3f-42a5-4016-bc41-7777ed7a000b -L 1.00g
Apr 05 13:01:04.059961 n-d-836588-2 sudo[142928]: pam_unix(sudo:session): session opened for user root by (uid=0)
Apr 05 13:01:05.894485 n-d-836588-2 sudo[142928]: pam_unix(sudo:session): session closed for user root
Apr 05 13:01:05.896767 n-d-836588-2 cinder-volume[123974]: DEBUG oslo_concurrency.processutils [None req-1a628a44-b88b-43d6-859b-0bcdd95a842a tempest-GroupSnapshotsTest-981643308 None] CMD "sudo cinder-rootwrap /etc/cinder/rootwrap.conf env LC_ALL=C lvcreate --name _snapshot-cc658abe-0adf-4c0a-b491-3f1e7f9367c5 --snapshot stack-volumes-lvmdriver-1/volume-0b2f7d3f-42a5-4016-bc41-7777ed7a000b -L 1.00g" returned: 0 in 1.862s {{(pid=123974) execute /usr/local/lib/python3.8/dist-packages/oslo_concurrency/processutils.py:422}}
Apr 05 13:01:05.964067 n-d-836588-2 cinder-volume[123974]: INFO cinder.volume.manager [None req-1a628a44-b88b-43d6-859b-0bcdd95a842a tempest-GroupSnapshotsTest-981643308 None] group_snapshot e9163aab-790c-4b3c-9fae-18ce69166d1b: created successfully
Apr 05 13:01:06.794274 n-d-836588-2 cinder-volume[123974]: INFO cinder.volume.manager [None req-7e443955-6ace-479d-85ee-7a84aa093737 tempest-GroupSnapshotsTest-981643308 None] group_snapshot e9163aab-790c-4b3c-9fae-18ce69166d1b: deleting
Apr 05 13:01:06.867730 n-d-836588-2 cinder-volume[123974]: DEBUG cinder.volume.manager [None req-7e443955-6ace-479d-85ee-7a84aa093737 tempest-GroupSnapshotsTest-981643308 None] group_snapshot e9163aab-790c-4b3c-9fae-18ce69166d1b: deleting {{(pid=123974) delete_group_snapshot /opt/stack/cinder/cinder/volume/manager.py:4251}}
Apr 05 13:01:06.880425 n-d-836588-2 cinder-volume[123974]: DEBUG oslo_concurrency.processutils [None req-7e443955-6ace-479d-85ee-7a84aa093737 tempest-GroupSnapshotsTest-981643308 None] Running cmd (subprocess): sudo cinder-rootwrap /etc/cinder/rootwrap.conf env LC_ALL=C lvs --noheadings --unit=g -o vg_name,name,size --nosuffix --readonly stack-volumes-lvmdriver-1/_snapshot-cc658abe-0adf-4c0a-b491-3f1e7f9367c5 {{(pid=123974) execute /usr/local/lib/python3.8/dist-packages/oslo_concurrency/processutils.py:384}}
Apr 05 13:01:06.971089 n-d-836588-2 sudo[143054]: ubuntu : TTY=unknown ; PWD=/ ; USER=root ; COMMAND=/usr/local/bin/cinder-rootwrap /etc/cinder/rootwrap.conf env LC_ALL=C lvs --noheadings --unit=g -o vg_name,name,size --nosuffix --readonly stack-volumes-lvmdriver-1/_snapshot-cc658abe-0adf-4c0a-b491-3f1e7f9367c5
Apr 05 13:01:06.972376 n-d-836588-2 sudo[143054]: pam_unix(sudo:session): session opened for user root by (uid=0)
Apr 05 13:01:08.827870 n-d-836588-2 sudo[143054]: pam_unix(sudo:session): session closed for user root
Apr 05 13:01:08.831715 n-d-836588-2 cinder-volume[123974]: DEBUG oslo_concurrency.processutils [None req-7e443955-6ace-479d-85ee-7a84aa093737 tempest-GroupSnapshotsTest-981643308 None] CMD "sudo cinder-rootwrap /etc/cinder/rootwrap.conf env LC_ALL=C lvs --noheadings --unit=g -o vg_name,name,size --nosuffix --readonly stack-volumes-lvmdriver-1/_snapshot-cc658abe-0adf-4c0a-b491-3f1e7f9367c5" returned: 0 in 1.951s {{(pid=123974) execute /usr/local/lib/python3.8/dist-packages/oslo_concurrency/processutils.py:422}}
Apr 05 13:01:08.834837 n-d-836588-2 cinder-volume[123974]: DEBUG oslo_concurrency.processutils [None req-7e443955-6ace-479d-85ee-7a84aa093737 tempest-GroupSnapshotsTest-981643308 None] Running cmd (subprocess): sudo cinder-rootwrap /etc/cinder/rootwrap.conf lvremove --config activation { retry_deactivation = 1} -f stack-volumes-lvmdriver-1/_snapshot-cc658abe-0adf-4c0a-b491-3f1e7f9367c5 {{(pid=123974) execute /usr/local/lib/python3.8/dist-packages/oslo_concurrency/processutils.py:384}}
Apr 05 13:01:08.869345 n-d-836588-2 sudo[143064]: ubuntu : TTY=unknown ; PWD=/ ; USER=root ; COMMAND=/usr/local/bin/cinder-rootwrap /etc/cinder/rootwrap.conf lvremove --config activation { retry_deactivation = 1} -f stack-volumes-lvmdriver-1/_snapshot-cc658abe-0adf-4c0a-b491-3f1e7f9367c5
Apr 05 13:01:08.871275 n-d-836588-2 sudo[143064]: pam_unix(sudo:session): session opened for user root by (uid=0)
Apr 05 13:01:10.742317 n-d-836588-2 sudo[143064]: pam_unix(sudo:session): session closed for user root
Apr 05 13:01:10.746377 n-d-836588-2 cinder-volume[123974]: DEBUG oslo_concurrency.processutils [None req-7e443955-6ace-479d-85ee-7a84aa093737 tempest-GroupSnapshotsTest-981643308 None] CMD "sudo cinder-rootwrap /etc/cinder/rootwrap.conf lvremove --config activation { retry_deactivation = 1} -f stack-volumes-lvmdriver-1/_snapshot-cc658abe-0adf-4c0a-b491-3f1e7f9367c5" returned: 0 in 1.910s {{(pid=123974) execute /usr/local/lib/python3.8/dist-packages/oslo_concurrency/processutils.py:422}}
Apr 05 13:01:10.808317 n-d-836588-2 cinder-volume[123974]: WARNING cinder.quota [None req-7e443955-6ace-479d-85ee-7a84aa093737 tempest-GroupSnapshotsTest-981643308 None] Deprecated: Default quota for resource: gigabytes_tempest-GroupSnapshotsTest-volume-type-1254783614 is set by the default quota flag: quota_gigabytes_tempest-GroupSnapshotsTest-volume-type-1254783614, it is now deprecated. Please use the default quota class for default quota.
Apr 05 13:01:10.809564 n-d-836588-2 cinder-volume[123974]: WARNING cinder.quota [None req-7e443955-6ace-479d-85ee-7a84aa093737 tempest-GroupSnapshotsTest-981643308 None] Deprecated: Default quota for resource: snapshots_tempest-GroupSnapshotsTest-volume-type-1254783614 is set by the default quota flag: quota_snapshots_tempest-GroupSnapshotsTest-volume-type-1254783614, it is now deprecated. Please use the default quota class for default quota.
