Apr 03 18:59:37.416057 n-d-836253-3 devstack@n-api.service[118615]: DEBUG nova.policy [None req-fc78f18c-0580-4e57-814d-351fb8b13b21 tempest-LiveMigrationTest-1387381010 tempest-LiveMigrationTest-1387381010-project] Policy check for os_compute_api:os-extended-server-attributes failed with credentials {'is_admin': False, 'user_id': 'b3362a6d27024d59bbb17483d4e8b8b7', 'user_domain_id': 'default', 'system_scope': None, 'domain_id': None, 'project_id': '98d2ed00f0dc431da89d81aa7c3d91c8', 'project_domain_id': 'default', 'roles': ['member', 'reader'], 'is_admin_project': True, 'service_user_id': None, 'service_user_domain_id': None, 'service_project_id': None, 'service_project_domain_id': None, 'service_roles': []} {{(pid=118615) authorize /opt/stack/nova/nova/policy.py:199}}
Apr 03 18:59:37.435975 n-d-836253-3 devstack@n-api.service[118615]: INFO nova.api.openstack.requestlog [None req-fc78f18c-0580-4e57-814d-351fb8b13b21 tempest-LiveMigrationTest-1387381010 tempest-LiveMigrationTest-1387381010-project] 10.222.0.26 "GET /compute/v2.1/servers/6c91ab34-4959-43bc-9b96-d9c626a8abd4" status: 200 len: 1311 microversion: 2.1 time: 0.730534
Apr 03 18:59:37.438672 n-d-836253-3 devstack@n-api.service[118615]: [pid: 118615|app: 0|req: 65/123] 10.222.0.26 () {58 vars in 1235 bytes} [Sun Apr 3 18:59:36 2022] GET /compute/v2.1/servers/6c91ab34-4959-43bc-9b96-d9c626a8abd4 => generated 1311 bytes in 744 msecs (HTTP/1.1 200) 9 headers in 358 bytes (1 switches on core 0)
Apr 03 18:59:37.443887 n-d-836253-3 devstack@n-api.service[118615]: DEBUG nova.api.openstack.wsgi [None req-9e9223a2-a3b9-4d50-9cda-cc14d609178a tempest-AggregatesAdminTestJSON-1775703258 tempest-AggregatesAdminTestJSON-1775703258-project] Calling method '>' {{(pid=118615) _process_stack /opt/stack/nova/nova/api/openstack/wsgi.py:513}}
Apr 03 18:59:37.444529 n-d-836253-3 devstack@n-api.service[118615]: DEBUG nova.compute.api [None req-9e9223a2-a3b9-4d50-9cda-cc14d609178a tempest-AggregatesAdminTestJSON-1775703258 tempest-AggregatesAdminTestJSON-1775703258-project] [instance: b50baf60-2ee0-483c-9cbf-b442a1849dd7] Fetching instance by UUID {{(pid=118615) get /opt/stack/nova/nova/compute/api.py:2918}}
Apr 03 18:59:37.479408 n-d-836253-3 devstack@n-api.service[118615]: DEBUG oslo_concurrency.lockutils [None req-9e9223a2-a3b9-4d50-9cda-cc14d609178a tempest-AggregatesAdminTestJSON-1775703258 tempest-AggregatesAdminTestJSON-1775703258-project] Lock "1735ee15-0027-4de1-b9e6-9dc86a145d7e" acquired by "nova.context.set_target_cell..get_or_set_cached_cell_and_set_connections" :: waited 0.000s {{(pid=118615) inner /usr/local/lib/python3.8/dist-packages/oslo_concurrency/lockutils.py:386}}
Apr 03 18:59:37.481273 n-d-836253-3 devstack@n-api.service[118615]: DEBUG oslo_concurrency.lockutils [None req-9e9223a2-a3b9-4d50-9cda-cc14d609178a tempest-AggregatesAdminTestJSON-1775703258 tempest-AggregatesAdminTestJSON-1775703258-project] Lock "1735ee15-0027-4de1-b9e6-9dc86a145d7e" "released" by "nova.context.set_target_cell..get_or_set_cached_cell_and_set_connections" :: held 0.002s {{(pid=118615) inner /usr/local/lib/python3.8/dist-packages/oslo_concurrency/lockutils.py:400}}
Apr 03 18:59:37.483664 n-d-836253-3 devstack@n-api.service[118615]: DEBUG oslo_concurrency.lockutils [None req-9e9223a2-a3b9-4d50-9cda-cc14d609178a tempest-AggregatesAdminTestJSON-1775703258 tempest-AggregatesAdminTestJSON-1775703258-project] Lock "1735ee15-0027-4de1-b9e6-9dc86a145d7e" acquired by "nova.context.set_target_cell..get_or_set_cached_cell_and_set_connections" :: waited 0.000s {{(pid=118615) inner /usr/local/lib/python3.8/dist-packages/oslo_concurrency/lockutils.py:386}}
Apr 03 18:59:37.484488 n-d-836253-3 devstack@n-api.service[118615]: DEBUG oslo_concurrency.lockutils [None req-9e9223a2-a3b9-4d50-9cda-cc14d609178a tempest-AggregatesAdminTestJSON-1775703258 tempest-AggregatesAdminTestJSON-1775703258-project] Lock "1735ee15-0027-4de1-b9e6-9dc86a145d7e" "released" by "nova.context.set_target_cell..get_or_set_cached_cell_and_set_connections" :: held 0.001s {{(pid=118615) inner /usr/local/lib/python3.8/dist-packages/oslo_concurrency/lockutils.py:400}}
Apr 03 18:59:37.521984 n-d-836253-3 devstack@n-api.service[118614]: DEBUG nova.api.openstack.wsgi [None req-1f8ec9dd-fb82-45dc-b527-f35581d103d0 tempest-ServersWithSpecificFlavorTestJSON-1026347267 tempest-ServersWithSpecificFlavorTestJSON-1026347267-project-admin] Action: 'create', calling method: >, body: {"flavor": {"ram": 1024, "vcpus": 1, "disk": 1, "name": "tempest-flavor_with_ephemeral_1-1686303488", "id": 21026996, "OS-FLV-EXT-DATA:ephemeral": 1, "os-flavor-access:is_public": "True"}} {{(pid=118614) _process_stack /opt/stack/nova/nova/api/openstack/wsgi.py:511}}
Apr 03 18:59:37.524513 n-d-836253-3 devstack@n-api.service[118614]: /usr/local/lib/python3.8/dist-packages/oslo_policy/policy.py:1119: UserWarning: Policy "os_compute_api:os-flavor-manage:create": "rule:context_is_admin" failed scope check. The token used to make the request was project scoped but the policy requires ['system'] scope. This behavior may change in the future where using the intended scope is required
Apr 03 18:59:37.524513 n-d-836253-3 devstack@n-api.service[118614]: warnings.warn(msg)
Apr 03 18:59:37.569393 n-d-836253-3 devstack@n-api.service[118614]: INFO nova.api.openstack.requestlog [None req-1f8ec9dd-fb82-45dc-b527-f35581d103d0 tempest-ServersWithSpecificFlavorTestJSON-1026347267 tempest-ServersWithSpecificFlavorTestJSON-1026347267-project-admin] 10.222.0.26 "POST /compute/v2.1/flavors" status: 200 len: 419 microversion: 2.1 time: 0.947753
Apr 03 18:59:37.581064 n-d-836253-3 devstack@n-api.service[118614]: [pid: 118614|app: 0|req: 59/124] 10.222.0.26 () {60 vars in 1146 bytes} [Sun Apr 3 18:59:36 2022] POST /compute/v2.1/flavors => generated 419 bytes in 955 msecs (HTTP/1.1 200) 9 headers in 357 bytes (2 switches on core 0)
Apr 03 18:59:37.599117 n-d-836253-3 devstack@n-api.service[118614]: DEBUG nova.api.openstack.wsgi [None req-443637d1-35bb-4fab-8561-f84dbb8c5a11 tempest-MigrationsAdminTest-1860815113 tempest-MigrationsAdminTest-1860815113-project] Calling method '>' {{(pid=118614) _process_stack /opt/stack/nova/nova/api/openstack/wsgi.py:513}}
Apr 03 18:59:37.604541 n-d-836253-3 devstack@n-api.service[118614]: DEBUG nova.compute.api [None req-443637d1-35bb-4fab-8561-f84dbb8c5a11 tempest-MigrationsAdminTest-1860815113 tempest-MigrationsAdminTest-1860815113-project] [instance: 8f0d6c8e-dad0-4e4d-8fd0-e0ea19ec8a6e] Fetching instance by UUID {{(pid=118614) get /opt/stack/nova/nova/compute/api.py:2918}}
Apr 03 18:59:37.628974 n-d-836253-3 devstack@n-api.service[118614]: DEBUG oslo_concurrency.lockutils [None req-443637d1-35bb-4fab-8561-f84dbb8c5a11 tempest-MigrationsAdminTest-1860815113 tempest-MigrationsAdminTest-1860815113-project] Lock "1735ee15-0027-4de1-b9e6-9dc86a145d7e" acquired by "nova.context.set_target_cell..get_or_set_cached_cell_and_set_connections" :: waited 0.000s {{(pid=118614) inner /usr/local/lib/python3.8/dist-packages/oslo_concurrency/lockutils.py:386}}
Apr 03 18:59:37.632846 n-d-836253-3 devstack@n-api.service[118614]: DEBUG oslo_concurrency.lockutils [None req-443637d1-35bb-4fab-8561-f84dbb8c5a11 tempest-MigrationsAdminTest-1860815113 tempest-MigrationsAdminTest-1860815113-project] Lock "1735ee15-0027-4de1-b9e6-9dc86a145d7e" "released" by "nova.context.set_target_cell..get_or_set_cached_cell_and_set_connections" :: held 0.001s {{(pid=118614) inner /usr/local/lib/python3.8/dist-packages/oslo_concurrency/lockutils.py:400}}
Apr 03 18:59:37.634428 n-d-836253-3 devstack@n-api.service[118614]: DEBUG oslo_concurrency.lockutils [None req-443637d1-35bb-4fab-8561-f84dbb8c5a11 tempest-MigrationsAdminTest-1860815113 tempest-MigrationsAdminTest-1860815113-project] Lock "1735ee15-0027-4de1-b9e6-9dc86a145d7e" acquired by "nova.context.set_target_cell..get_or_set_cached_cell_and_set_connections" :: waited 0.000s {{(pid=118614) inner /usr/local/lib/python3.8/dist-packages/oslo_concurrency/lockutils.py:386}}
Apr 03 18:59:37.634428 n-d-836253-3 devstack@n-api.service[118614]: DEBUG oslo_concurrency.lockutils [None req-443637d1-35bb-4fab-8561-f84dbb8c5a11 tempest-MigrationsAdminTest-1860815113 tempest-MigrationsAdminTest-1860815113-project] Lock "1735ee15-0027-4de1-b9e6-9dc86a145d7e" "released" by "nova.context.set_target_cell..get_or_set_cached_cell_and_set_connections" :: held 0.000s {{(pid=118614) inner /usr/local/lib/python3.8/dist-packages/oslo_concurrency/lockutils.py:400}}
Apr 03 18:59:37.765452 n-d-836253-3 devstack@n-api.service[118614]: DEBUG nova.policy [None req-443637d1-35bb-4fab-8561-f84dbb8c5a11 tempest-MigrationsAdminTest-1860815113 tempest-MigrationsAdminTest-1860815113-project] Policy check for os_compute_api:os-extended-server-attributes failed with credentials {'is_admin': False, 'user_id': '107f227d5d9346708b8f3f48b4e984a4', 'user_domain_id': 'default', 'system_scope': None, 'domain_id': None, 'project_id': 'c6a4f6c48db848e08233e89f3216a15a', 'project_domain_id': 'default', 'roles': ['member', 'reader'], 'is_admin_project': True, 'service_user_id': None, 'service_user_domain_id': None, 'service_project_id': None, 'service_project_domain_id': None, 'service_roles': []} {{(pid=118614) authorize /opt/stack/nova/nova/policy.py:199}}
Apr 03 18:59:37.774200 n-d-836253-3 devstack@n-api.service[118614]: INFO nova.api.openstack.requestlog [None req-443637d1-35bb-4fab-8561-f84dbb8c5a11 tempest-MigrationsAdminTest-1860815113 tempest-MigrationsAdminTest-1860815113-project] 10.222.0.26 "GET /compute/v2.1/servers/8f0d6c8e-dad0-4e4d-8fd0-e0ea19ec8a6e" status: 200 len: 1265 microversion: 2.1 time: 0.197063
Apr 03 18:59:37.776818 n-d-836253-3 devstack@n-api.service[118614]: [pid: 118614|app: 0|req: 60/125] 10.222.0.26 () {58 vars in 1235 bytes} [Sun Apr 3 18:59:37 2022] GET /compute/v2.1/servers/8f0d6c8e-dad0-4e4d-8fd0-e0ea19ec8a6e => generated 1265 bytes in 200 msecs (HTTP/1.1 200) 9 headers in 358 bytes (1 switches on core 0)
Apr 03 18:59:37.782049 n-d-836253-3 devstack@n-api.service[118614]: DEBUG nova.api.openstack.wsgi [None req-f6ecf069-5754-47f9-be05-737ac84db834 tempest-ServersWithSpecificFlavorTestJSON-1026347267 tempest-ServersWithSpecificFlavorTestJSON-1026347267-project-admin] Calling method '>' {{(pid=118614) _process_stack /opt/stack/nova/nova/api/openstack/wsgi.py:513}}
Apr 03 18:59:37.803067 n-d-836253-3 devstack@n-api.service[118614]: INFO nova.api.openstack.requestlog [None req-f6ecf069-5754-47f9-be05-737ac84db834 tempest-ServersWithSpecificFlavorTestJSON-1026347267 tempest-ServersWithSpecificFlavorTestJSON-1026347267-project-admin] 10.222.0.26 "GET /compute/v2.1/flavors/452/os-extra_specs" status: 200 len: 19 microversion: 2.1 time: 0.023165
Apr 03 18:59:37.810567 n-d-836253-3 devstack@n-api.service[118614]: [pid: 118614|app: 0|req: 61/126] 10.222.0.26 () {58 vars in 1181 bytes} [Sun Apr 3 18:59:37 2022] GET /compute/v2.1/flavors/452/os-extra_specs => generated 19 bytes in 33 msecs (HTTP/1.1 200) 9 headers in 356 bytes (1 switches on core 0)
Apr 03 18:59:37.824552 n-d-836253-3 devstack@n-api.service[118614]: DEBUG nova.api.openstack.wsgi [None req-0cd6ea2d-355e-470e-96e5-ecbcf7ba6f1a tempest-ServersWithSpecificFlavorTestJSON-1026347267 tempest-ServersWithSpecificFlavorTestJSON-1026347267-project-admin] Action: 'create', calling method: >, body: {"flavor": {"ram": 1024, "vcpus": 1, "disk": 1, "name": "tempest-flavor_with_ephemeral_0-2069182334", "id": 1964174285, "OS-FLV-EXT-DATA:ephemeral": 0, "os-flavor-access:is_public": "True"}} {{(pid=118614) _process_stack /opt/stack/nova/nova/api/openstack/wsgi.py:511}}
Apr 03 18:59:37.826525 n-d-836253-3 devstack@n-api.service[118614]: /usr/local/lib/python3.8/dist-packages/oslo_policy/policy.py:1119: UserWarning: Policy "os_compute_api:os-flavor-manage:create": "rule:context_is_admin" failed scope check. The token used to make the request was project scoped but the policy requires ['system'] scope. This behavior may change in the future where using the intended scope is required
Apr 03 18:59:37.826525 n-d-836253-3 devstack@n-api.service[118614]: warnings.warn(msg)
Apr 03 18:59:37.846434 n-d-836253-3 devstack@n-api.service[118615]: DEBUG nova.policy [None req-9e9223a2-a3b9-4d50-9cda-cc14d609178a tempest-AggregatesAdminTestJSON-1775703258 tempest-AggregatesAdminTestJSON-1775703258-project] Policy check for os_compute_api:os-extended-server-attributes failed with credentials {'is_admin': False, 'user_id': '137cb396e96a4702b62985fbdc1bad11', 'user_domain_id': 'default', 'system_scope': None, 'domain_id': None, 'project_id': '3bb520a6a9f749cea77190a2a8d46963', 'project_domain_id': 'default', 'roles': ['member', 'reader'], 'is_admin_project': True, 'service_user_id': None, 'service_user_domain_id': None, 'service_project_id': None, 'service_project_domain_id': None, 'service_roles': []} {{(pid=118615) authorize /opt/stack/nova/nova/policy.py:199}}
Apr 03 18:59:37.882809 n-d-836253-3 devstack@n-api.service[118615]: INFO nova.api.openstack.requestlog [None req-9e9223a2-a3b9-4d50-9cda-cc14d609178a tempest-AggregatesAdminTestJSON-1775703258 tempest-AggregatesAdminTestJSON-1775703258-project] 10.222.0.26 "GET /compute/v2.1/servers/b50baf60-2ee0-483c-9cbf-b442a1849dd7" status: 200 len: 1339 microversion: 2.1 time: 0.441236
Apr 03 18:59:37.887537 n-d-836253-3 devstack@n-api.service[118615]: [pid: 118615|app: 0|req: 66/127] 10.222.0.26 () {58 vars in 1235 bytes} [Sun Apr 3 18:59:37 2022] GET /compute/v2.1/servers/b50baf60-2ee0-483c-9cbf-b442a1849dd7 => generated 1339 bytes in 448 msecs (HTTP/1.1 200) 9 headers in 358 bytes (1 switches on core 0)
Apr 03 18:59:37.914217 n-d-836253-3 devstack@n-api.service[118614]: INFO nova.api.openstack.requestlog [None req-0cd6ea2d-355e-470e-96e5-ecbcf7ba6f1a tempest-ServersWithSpecificFlavorTestJSON-1026347267 tempest-ServersWithSpecificFlavorTestJSON-1026347267-project-admin] 10.222.0.26 "POST /compute/v2.1/flavors" status: 200 len: 425 microversion: 2.1 time: 0.102179
Apr 03 18:59:37.917847 n-d-836253-3 devstack@n-api.service[118614]: [pid: 118614|app: 0|req: 62/128] 10.222.0.26 () {60 vars in 1146 bytes} [Sun Apr 3 18:59:37 2022] POST /compute/v2.1/flavors => generated 425 bytes in 107 msecs (HTTP/1.1 200) 9 headers in 357 bytes (1 switches on core 0)
Apr 03 18:59:37.928509 n-d-836253-3 devstack@n-api.service[118615]: DEBUG nova.api.openstack.wsgi [None req-2b564458-21ad-4146-a9b7-42fe4f9ea701 tempest-ServersWithSpecificFlavorTestJSON-1026347267 tempest-ServersWithSpecificFlavorTestJSON-1026347267-project-admin] Calling method '>' {{(pid=118615) _process_stack /opt/stack/nova/nova/api/openstack/wsgi.py:513}}
Apr 03 18:59:37.936991 n-d-836253-3 devstack@n-api.service[118615]: INFO nova.api.openstack.requestlog [None req-2b564458-21ad-4146-a9b7-42fe4f9ea701 tempest-ServersWithSpecificFlavorTestJSON-1026347267 tempest-ServersWithSpecificFlavorTestJSON-1026347267-project-admin] 10.222.0.26 "GET /compute/v2.1/flavors/452/os-extra_specs" status: 200 len: 19 microversion: 2.1 time: 0.012050
Apr 03 18:59:37.942220 n-d-836253-3 devstack@n-api.service[118615]: [pid: 118615|app: 0|req: 67/129] 10.222.0.26 () {58 vars in 1181 bytes} [Sun Apr 3 18:59:37 2022] GET /compute/v2.1/flavors/452/os-extra_specs => generated 19 bytes in 18 msecs (HTTP/1.1 200) 9 headers in 356 bytes (1 switches on core 0)
Apr 03 18:59:37.961567 n-d-836253-3 devstack@n-api.service[118614]: DEBUG nova.api.openstack.wsgi [None req-c9adc8b4-7060-4fa3-850e-15fec47c1032 tempest-ServersWithSpecificFlavorTestJSON-1516678607 tempest-ServersWithSpecificFlavorTestJSON-1516678607-project] Action: 'create', calling method: .version_select at 0x7f3b9afca790>, body: {"keypair": {"name": "tempest-keypair-244065494"}} {{(pid=118614) _process_stack /opt/stack/nova/nova/api/openstack/wsgi.py:511}}
Apr 03 18:59:38.003020 n-d-836253-3 devstack@n-api.service[118614]: DEBUG nova.quota [None req-c9adc8b4-7060-4fa3-850e-15fec47c1032 tempest-ServersWithSpecificFlavorTestJSON-1516678607 tempest-ServersWithSpecificFlavorTestJSON-1516678607-project] Getting quotas for project d148a2bb8a9f4081bc06bacb184fdf55. Resources: {'key_pairs'} {{(pid=118614) _get_quotas /opt/stack/nova/nova/quota.py:393}}
Apr 03 18:59:38.010146 n-d-836253-3 devstack@n-api.service[118614]: DEBUG nova.quota [None req-c9adc8b4-7060-4fa3-850e-15fec47c1032 tempest-ServersWithSpecificFlavorTestJSON-1516678607 tempest-ServersWithSpecificFlavorTestJSON-1516678607-project] Getting quotas for user 6c529e591f1843f6a3d3d92614b62dd4 and project d148a2bb8a9f4081bc06bacb184fdf55. Resources: {'key_pairs'} {{(pid=118614) _get_quotas /opt/stack/nova/nova/quota.py:383}}
Apr 03 18:59:38.187676 n-d-836253-3 devstack@n-api.service[118615]: DEBUG nova.api.openstack.wsgi [req-f2643c13-6061-4a2c-b503-c80eadaf3a76 req-4e64611a-7974-435c-857c-6e4c868f3bf9 service nova] Action: 'create', calling method: >, body: {"events": [{"name": "network-changed", "server_uuid": "6c91ab34-4959-43bc-9b96-d9c626a8abd4", "tag": "219eff7f-88f8-439a-b573-4881ef869607"}]} {{(pid=118615) _process_stack /opt/stack/nova/nova/api/openstack/wsgi.py:511}}
Apr 03 18:59:38.215496 n-d-836253-3 devstack@n-api.service[118615]: DEBUG oslo_concurrency.lockutils [req-f2643c13-6061-4a2c-b503-c80eadaf3a76 req-4e64611a-7974-435c-857c-6e4c868f3bf9 service nova] Lock "1735ee15-0027-4de1-b9e6-9dc86a145d7e" acquired by "nova.context.set_target_cell..get_or_set_cached_cell_and_set_connections" :: waited 0.000s {{(pid=118615) inner /usr/local/lib/python3.8/dist-packages/oslo_concurrency/lockutils.py:386}}
Apr 03 18:59:38.215496 n-d-836253-3 devstack@n-api.service[118615]: DEBUG oslo_concurrency.lockutils [req-f2643c13-6061-4a2c-b503-c80eadaf3a76 req-4e64611a-7974-435c-857c-6e4c868f3bf9 service nova] Lock "1735ee15-0027-4de1-b9e6-9dc86a145d7e" "released" by "nova.context.set_target_cell..get_or_set_cached_cell_and_set_connections" :: held 0.001s {{(pid=118615) inner /usr/local/lib/python3.8/dist-packages/oslo_concurrency/lockutils.py:400}}
Apr 03 18:59:38.260723 n-d-836253-3 devstack@n-api.service[118615]: INFO nova.api.openstack.compute.server_external_events [req-f2643c13-6061-4a2c-b503-c80eadaf3a76 req-4e64611a-7974-435c-857c-6e4c868f3bf9 service nova] Creating event network-changed:219eff7f-88f8-439a-b573-4881ef869607 for instance 6c91ab34-4959-43bc-9b96-d9c626a8abd4 on n-h2-836253-3
Apr 03 18:59:38.285795 n-d-836253-3 devstack@n-api.service[118615]: INFO nova.api.openstack.requestlog [req-f2643c13-6061-4a2c-b503-c80eadaf3a76 req-4e64611a-7974-435c-857c-6e4c868f3bf9 service nova] 10.222.0.26 "POST /compute/v2.1/os-server-external-events" status: 200 len: 179 microversion: 2.1 time: 0.292683
Apr 03 18:59:38.287221 n-d-836253-3 devstack@n-api.service[118615]: [pid: 118615|app: 0|req: 68/130] 10.222.0.26 () {64 vars in 1317 bytes} [Sun Apr 3 18:59:37 2022] POST /compute/v2.1/os-server-external-events => generated 179 bytes in 295 msecs (HTTP/1.1 200) 9 headers in 357 bytes (2 switches on core 0)
Apr 03 18:59:38.340682 n-d-836253-3 devstack@n-api.service[118614]: DEBUG nova.quota [None req-c9adc8b4-7060-4fa3-850e-15fec47c1032 tempest-ServersWithSpecificFlavorTestJSON-1516678607 tempest-ServersWithSpecificFlavorTestJSON-1516678607-project] Getting quotas for project d148a2bb8a9f4081bc06bacb184fdf55. Resources: {'key_pairs'} {{(pid=118614) _get_quotas /opt/stack/nova/nova/quota.py:393}}
Apr 03 18:59:38.353508 n-d-836253-3 devstack@n-api.service[118614]: DEBUG nova.quota [None req-c9adc8b4-7060-4fa3-850e-15fec47c1032 tempest-ServersWithSpecificFlavorTestJSON-1516678607 tempest-ServersWithSpecificFlavorTestJSON-1516678607-project] Getting quotas for user 6c529e591f1843f6a3d3d92614b62dd4 and project d148a2bb8a9f4081bc06bacb184fdf55. Resources: {'key_pairs'} {{(pid=118614) _get_quotas /opt/stack/nova/nova/quota.py:383}}
Apr 03 18:59:38.385601 n-d-836253-3 devstack@n-api.service[118614]: INFO nova.api.openstack.requestlog [None req-c9adc8b4-7060-4fa3-850e-15fec47c1032 tempest-ServersWithSpecificFlavorTestJSON-1516678607 tempest-ServersWithSpecificFlavorTestJSON-1516678607-project] 10.222.0.26 "POST /compute/v2.1/os-keypairs" status: 200 len: 2300 microversion: 2.1 time: 0.436655
Apr 03 18:59:38.388736 n-d-836253-3 devstack@n-api.service[118614]: [pid: 118614|app: 0|req: 63/131] 10.222.0.26 () {60 vars in 1157 bytes} [Sun Apr 3 18:59:37 2022] POST /compute/v2.1/os-keypairs => generated 2300 bytes in 440 msecs (HTTP/1.1 200) 9 headers in 358 bytes (1 switches on core 0)
Apr 03 18:59:38.456193 n-d-836253-3 devstack@n-api.service[118614]: DEBUG nova.api.openstack.wsgi [None req-fb569a05-e4d6-4259-b5a0-cdd60e7b0af7 tempest-LiveMigrationTest-1387381010 tempest-LiveMigrationTest-1387381010-project] Calling method '>' {{(pid=118614) _process_stack /opt/stack/nova/nova/api/openstack/wsgi.py:513}}
Apr 03 18:59:38.456852 n-d-836253-3 devstack@n-api.service[118614]: DEBUG nova.compute.api [None req-fb569a05-e4d6-4259-b5a0-cdd60e7b0af7 tempest-LiveMigrationTest-1387381010 tempest-LiveMigrationTest-1387381010-project] [instance: 6c91ab34-4959-43bc-9b96-d9c626a8abd4] Fetching instance by UUID {{(pid=118614) get /opt/stack/nova/nova/compute/api.py:2918}}
Apr 03 18:59:38.470420 n-d-836253-3 devstack@n-api.service[118614]: DEBUG oslo_concurrency.lockutils [None req-fb569a05-e4d6-4259-b5a0-cdd60e7b0af7 tempest-LiveMigrationTest-1387381010 tempest-LiveMigrationTest-1387381010-project] Lock "1735ee15-0027-4de1-b9e6-9dc86a145d7e" acquired by "nova.context.set_target_cell..get_or_set_cached_cell_and_set_connections" :: waited 0.000s {{(pid=118614) inner /usr/local/lib/python3.8/dist-packages/oslo_concurrency/lockutils.py:386}}
Apr 03 18:59:38.470893 n-d-836253-3 devstack@n-api.service[118614]: DEBUG oslo_concurrency.lockutils [None req-fb569a05-e4d6-4259-b5a0-cdd60e7b0af7 tempest-LiveMigrationTest-1387381010 tempest-LiveMigrationTest-1387381010-project] Lock "1735ee15-0027-4de1-b9e6-9dc86a145d7e" "released" by "nova.context.set_target_cell..get_or_set_cached_cell_and_set_connections" :: held 0.001s {{(pid=118614) inner /usr/local/lib/python3.8/dist-packages/oslo_concurrency/lockutils.py:400}}
Apr 03 18:59:38.471692 n-d-836253-3 devstack@n-api.service[118614]: DEBUG oslo_concurrency.lockutils [None req-fb569a05-e4d6-4259-b5a0-cdd60e7b0af7 tempest-LiveMigrationTest-1387381010 tempest-LiveMigrationTest-1387381010-project] Lock "1735ee15-0027-4de1-b9e6-9dc86a145d7e" acquired by "nova.context.set_target_cell..get_or_set_cached_cell_and_set_connections" :: waited 0.000s {{(pid=118614) inner /usr/local/lib/python3.8/dist-packages/oslo_concurrency/lockutils.py:386}}
Apr 03 18:59:38.475271 n-d-836253-3 devstack@n-api.service[118614]: DEBUG oslo_concurrency.lockutils [None req-fb569a05-e4d6-4259-b5a0-cdd60e7b0af7 tempest-LiveMigrationTest-1387381010 tempest-LiveMigrationTest-1387381010-project] Lock "1735ee15-0027-4de1-b9e6-9dc86a145d7e" "released" by "nova.context.set_target_cell..get_or_set_cached_cell_and_set_connections" :: held 0.003s {{(pid=118614) inner /usr/local/lib/python3.8/dist-packages/oslo_concurrency/lockutils.py:400}}
Apr 03 18:59:38.675583 n-d-836253-3 devstack@n-api.service[118615]: DEBUG nova.api.openstack.wsgi [req-74953c5e-2a2b-42c3-80d3-7a6d196f9686 req-e18a9edf-7271-42e1-9dd0-50d0e854dc8c service nova] Action: 'create', calling method: >, body: {"events": [{"server_uuid": "b50baf60-2ee0-483c-9cbf-b442a1849dd7", "name": "network-vif-plugged", "status": "completed", "tag": "1161ff0e-c4f9-4d21-a815-f8ec2f36fdbb"}]} {{(pid=118615) _process_stack /opt/stack/nova/nova/api/openstack/wsgi.py:511}}
Apr 03 18:59:38.688680 n-d-836253-3 devstack@n-api.service[118615]: DEBUG oslo_concurrency.lockutils [req-74953c5e-2a2b-42c3-80d3-7a6d196f9686 req-e18a9edf-7271-42e1-9dd0-50d0e854dc8c service nova] Lock "1735ee15-0027-4de1-b9e6-9dc86a145d7e" acquired by "nova.context.set_target_cell..get_or_set_cached_cell_and_set_connections" :: waited 0.000s {{(pid=118615) inner /usr/local/lib/python3.8/dist-packages/oslo_concurrency/lockutils.py:386}}
Apr 03 18:59:38.690169 n-d-836253-3 devstack@n-api.service[118615]: DEBUG oslo_concurrency.lockutils [req-74953c5e-2a2b-42c3-80d3-7a6d196f9686 req-e18a9edf-7271-42e1-9dd0-50d0e854dc8c service nova] Lock "1735ee15-0027-4de1-b9e6-9dc86a145d7e" "released" by "nova.context.set_target_cell..get_or_set_cached_cell_and_set_connections" :: held 0.002s {{(pid=118615) inner /usr/local/lib/python3.8/dist-packages/oslo_concurrency/lockutils.py:400}}
Apr 03 18:59:38.707267 n-d-836253-3 devstack@n-api.service[118615]: INFO nova.api.openstack.compute.server_external_events [req-74953c5e-2a2b-42c3-80d3-7a6d196f9686 req-e18a9edf-7271-42e1-9dd0-50d0e854dc8c service nova] Creating event network-vif-plugged:1161ff0e-c4f9-4d21-a815-f8ec2f36fdbb for instance b50baf60-2ee0-483c-9cbf-b442a1849dd7 on n-h1-836253-3
Apr 03 18:59:38.715246 n-d-836253-3 devstack@n-api.service[118615]: INFO nova.api.openstack.requestlog [req-74953c5e-2a2b-42c3-80d3-7a6d196f9686 req-e18a9edf-7271-42e1-9dd0-50d0e854dc8c service nova] 10.222.0.26 "POST /compute/v2.1/os-server-external-events" status: 200 len: 183 microversion: 2.1 time: 0.426665
Apr 03 18:59:38.717863 n-d-836253-3 devstack@n-api.service[118615]: [pid: 118615|app: 0|req: 69/132] 10.222.0.26 () {64 vars in 1317 bytes} [Sun Apr 3 18:59:38 2022] POST /compute/v2.1/os-server-external-events => generated 183 bytes in 430 msecs (HTTP/1.1 200) 9 headers in 357 bytes (1 switches on core 0)
Apr 03 18:59:38.784970 n-d-836253-3 devstack@n-api.service[118614]: DEBUG nova.policy [None req-fb569a05-e4d6-4259-b5a0-cdd60e7b0af7 tempest-LiveMigrationTest-1387381010 tempest-LiveMigrationTest-1387381010-project] Policy check for os_compute_api:os-extended-server-attributes failed with credentials {'is_admin': False, 'user_id': 'b3362a6d27024d59bbb17483d4e8b8b7', 'user_domain_id': 'default', 'system_scope': None, 'domain_id': None, 'project_id': '98d2ed00f0dc431da89d81aa7c3d91c8', 'project_domain_id': 'default', 'roles': ['member', 'reader'], 'is_admin_project': True, 'service_user_id': None, 'service_user_domain_id': None, 'service_project_id': None, 'service_project_domain_id': None, 'service_roles': []} {{(pid=118614) authorize /opt/stack/nova/nova/policy.py:199}}
Apr 03 18:59:38.795115 n-d-836253-3 devstack@n-api.service[118614]: INFO nova.api.openstack.requestlog [None req-fb569a05-e4d6-4259-b5a0-cdd60e7b0af7 tempest-LiveMigrationTest-1387381010 tempest-LiveMigrationTest-1387381010-project] 10.222.0.26 "GET /compute/v2.1/servers/6c91ab34-4959-43bc-9b96-d9c626a8abd4" status: 200 len: 1311 microversion: 2.1 time: 0.346139
Apr 03 18:59:38.796470 n-d-836253-3 devstack@n-api.service[118615]: DEBUG nova.api.openstack.wsgi [None req-51310bee-6edf-4eef-bc01-bdd84ce6276b tempest-MigrationsAdminTest-1860815113 tempest-MigrationsAdminTest-1860815113-project] Calling method '>' {{(pid=118615) _process_stack /opt/stack/nova/nova/api/openstack/wsgi.py:513}}
Apr 03 18:59:38.797401 n-d-836253-3 devstack@n-api.service[118615]: DEBUG nova.compute.api [None req-51310bee-6edf-4eef-bc01-bdd84ce6276b tempest-MigrationsAdminTest-1860815113 tempest-MigrationsAdminTest-1860815113-project] [instance: 8f0d6c8e-dad0-4e4d-8fd0-e0ea19ec8a6e] Fetching instance by UUID {{(pid=118615) get /opt/stack/nova/nova/compute/api.py:2918}}
Apr 03 18:59:38.807670 n-d-836253-3 devstack@n-api.service[118614]: [pid: 118614|app: 0|req: 64/133] 10.222.0.26 () {58 vars in 1235 bytes} [Sun Apr 3 18:59:38 2022] GET /compute/v2.1/servers/6c91ab34-4959-43bc-9b96-d9c626a8abd4 => generated 1311 bytes in 356 msecs (HTTP/1.1 200) 9 headers in 358 bytes (2 switches on core 0)
Apr 03 18:59:38.829149 n-d-836253-3 devstack@n-api.service[118615]: DEBUG oslo_concurrency.lockutils [None req-51310bee-6edf-4eef-bc01-bdd84ce6276b tempest-MigrationsAdminTest-1860815113 tempest-MigrationsAdminTest-1860815113-project] Lock "1735ee15-0027-4de1-b9e6-9dc86a145d7e" acquired by "nova.context.set_target_cell..get_or_set_cached_cell_and_set_connections" :: waited 0.000s {{(pid=118615) inner /usr/local/lib/python3.8/dist-packages/oslo_concurrency/lockutils.py:386}}
Apr 03 18:59:38.831215 n-d-836253-3 devstack@n-api.service[118615]: DEBUG oslo_concurrency.lockutils [None req-51310bee-6edf-4eef-bc01-bdd84ce6276b tempest-MigrationsAdminTest-1860815113 tempest-MigrationsAdminTest-1860815113-project] Lock "1735ee15-0027-4de1-b9e6-9dc86a145d7e" "released" by "nova.context.set_target_cell..get_or_set_cached_cell_and_set_connections" :: held 0.008s {{(pid=118615) inner /usr/local/lib/python3.8/dist-packages/oslo_concurrency/lockutils.py:400}}
Apr 03 18:59:38.833265 n-d-836253-3 devstack@n-api.service[118615]: DEBUG oslo_concurrency.lockutils [None req-51310bee-6edf-4eef-bc01-bdd84ce6276b tempest-MigrationsAdminTest-1860815113 tempest-MigrationsAdminTest-1860815113-project] Lock "1735ee15-0027-4de1-b9e6-9dc86a145d7e" acquired by "nova.context.set_target_cell..get_or_set_cached_cell_and_set_connections" :: waited 0.000s {{(pid=118615) inner /usr/local/lib/python3.8/dist-packages/oslo_concurrency/lockutils.py:386}}
Apr 03 18:59:38.835366 n-d-836253-3 devstack@n-api.service[118615]: DEBUG oslo_concurrency.lockutils [None req-51310bee-6edf-4eef-bc01-bdd84ce6276b tempest-MigrationsAdminTest-1860815113 tempest-MigrationsAdminTest-1860815113-project] Lock "1735ee15-0027-4de1-b9e6-9dc86a145d7e" "released" by "nova.context.set_target_cell..get_or_set_cached_cell_and_set_connections" :: held 0.002s {{(pid=118615) inner /usr/local/lib/python3.8/dist-packages/oslo_concurrency/lockutils.py:400}}
Apr 03 18:59:38.903344 n-d-836253-3 devstack@n-api.service[118614]: DEBUG nova.api.openstack.wsgi [None req-1035b6f7-9964-4c40-80e7-7984931cf41f tempest-AggregatesAdminTestJSON-1775703258 tempest-AggregatesAdminTestJSON-1775703258-project] Calling method '>' {{(pid=118614) _process_stack /opt/stack/nova/nova/api/openstack/wsgi.py:513}}
Apr 03 18:59:38.904470 n-d-836253-3 devstack@n-api.service[118614]: DEBUG nova.compute.api [None req-1035b6f7-9964-4c40-80e7-7984931cf41f tempest-AggregatesAdminTestJSON-1775703258 tempest-AggregatesAdminTestJSON-1775703258-project] [instance: b50baf60-2ee0-483c-9cbf-b442a1849dd7] Fetching instance by UUID {{(pid=118614) get /opt/stack/nova/nova/compute/api.py:2918}}
Apr 03 18:59:38.932749 n-d-836253-3 devstack@n-api.service[118614]: DEBUG oslo_concurrency.lockutils [None req-1035b6f7-9964-4c40-80e7-7984931cf41f tempest-AggregatesAdminTestJSON-1775703258 tempest-AggregatesAdminTestJSON-1775703258-project] Lock "1735ee15-0027-4de1-b9e6-9dc86a145d7e" acquired by "nova.context.set_target_cell..get_or_set_cached_cell_and_set_connections" :: waited 0.000s {{(pid=118614) inner /usr/local/lib/python3.8/dist-packages/oslo_concurrency/lockutils.py:386}}
Apr 03 18:59:38.933820 n-d-836253-3 devstack@n-api.service[118614]: DEBUG oslo_concurrency.lockutils [None req-1035b6f7-9964-4c40-80e7-7984931cf41f tempest-AggregatesAdminTestJSON-1775703258 tempest-AggregatesAdminTestJSON-1775703258-project] Lock "1735ee15-0027-4de1-b9e6-9dc86a145d7e" "released" by "nova.context.set_target_cell..get_or_set_cached_cell_and_set_connections" :: held 0.008s {{(pid=118614) inner /usr/local/lib/python3.8/dist-packages/oslo_concurrency/lockutils.py:400}}
Apr 03 18:59:38.936116 n-d-836253-3 devstack@n-api.service[118614]: DEBUG oslo_concurrency.lockutils [None req-1035b6f7-9964-4c40-80e7-7984931cf41f tempest-AggregatesAdminTestJSON-1775703258 tempest-AggregatesAdminTestJSON-1775703258-project] Lock "1735ee15-0027-4de1-b9e6-9dc86a145d7e" acquired by "nova.context.set_target_cell..get_or_set_cached_cell_and_set_connections" :: waited 0.000s {{(pid=118614) inner /usr/local/lib/python3.8/dist-packages/oslo_concurrency/lockutils.py:386}}
Apr 03 18:59:38.937665 n-d-836253-3 devstack@n-api.service[118614]: DEBUG oslo_concurrency.lockutils [None req-1035b6f7-9964-4c40-80e7-7984931cf41f tempest-AggregatesAdminTestJSON-1775703258 tempest-AggregatesAdminTestJSON-1775703258-project] Lock "1735ee15-0027-4de1-b9e6-9dc86a145d7e" "released" by "nova.context.set_target_cell..get_or_set_cached_cell_and_set_connections" :: held 0.002s {{(pid=118614) inner /usr/local/lib/python3.8/dist-packages/oslo_concurrency/lockutils.py:400}}
Apr 03 18:59:39.131136 n-d-836253-3 devstack@n-api.service[118615]: DEBUG nova.policy [None req-51310bee-6edf-4eef-bc01-bdd84ce6276b tempest-MigrationsAdminTest-1860815113 tempest-MigrationsAdminTest-1860815113-project] Policy check for os_compute_api:os-extended-server-attributes failed with credentials {'is_admin': False, 'user_id': '107f227d5d9346708b8f3f48b4e984a4', 'user_domain_id': 'default', 'system_scope': None, 'domain_id': None, 'project_id': 'c6a4f6c48db848e08233e89f3216a15a', 'project_domain_id': 'default', 'roles': ['member', 'reader'], 'is_admin_project': True, 'service_user_id': None, 'service_user_domain_id': None, 'service_project_id': None, 'service_project_domain_id': None, 'service_roles': []} {{(pid=118615) authorize /opt/stack/nova/nova/policy.py:199}}
Apr 03 18:59:39.155808 n-d-836253-3 devstack@n-api.service[118615]: INFO nova.api.openstack.requestlog [None req-51310bee-6edf-4eef-bc01-bdd84ce6276b tempest-MigrationsAdminTest-1860815113 tempest-MigrationsAdminTest-1860815113-project] 10.222.0.26 "GET /compute/v2.1/servers/8f0d6c8e-dad0-4e4d-8fd0-e0ea19ec8a6e" status: 200 len: 1271 microversion: 2.1 time: 0.364686
Apr 03 18:59:39.163352 n-d-836253-3 devstack@n-api.service[118615]: [pid: 118615|app: 0|req: 70/134] 10.222.0.26 () {58 vars in 1235 bytes} [Sun Apr 3 18:59:38 2022] GET /compute/v2.1/servers/8f0d6c8e-dad0-4e4d-8fd0-e0ea19ec8a6e => generated 1271 bytes in 374 msecs (HTTP/1.1 200) 9 headers in 358 bytes (2 switches on core 0)
Apr 03 18:59:39.439702 n-d-836253-3 devstack@n-api.service[118614]: DEBUG nova.policy [None req-1035b6f7-9964-4c40-80e7-7984931cf41f tempest-AggregatesAdminTestJSON-1775703258 tempest-AggregatesAdminTestJSON-1775703258-project] Policy check for os_compute_api:os-extended-server-attributes failed with credentials {'is_admin': False, 'user_id': '137cb396e96a4702b62985fbdc1bad11', 'user_domain_id': 'default', 'system_scope': None, 'domain_id': None, 'project_id': '3bb520a6a9f749cea77190a2a8d46963', 'project_domain_id': 'default', 'roles': ['member', 'reader'], 'is_admin_project': True, 'service_user_id': None, 'service_user_domain_id': None, 'service_project_id': None, 'service_project_domain_id': None, 'service_roles': []} {{(pid=118614) authorize /opt/stack/nova/nova/policy.py:199}}
Apr 03 18:59:39.447354 n-d-836253-3 devstack@n-api.service[118614]: INFO nova.api.openstack.requestlog [None req-1035b6f7-9964-4c40-80e7-7984931cf41f tempest-AggregatesAdminTestJSON-1775703258 tempest-AggregatesAdminTestJSON-1775703258-project] 10.222.0.26 "GET /compute/v2.1/servers/b50baf60-2ee0-483c-9cbf-b442a1849dd7" status: 200 len: 1339 microversion: 2.1 time: 0.548868
Apr 03 18:59:39.456876 n-d-836253-3 devstack@n-api.service[118614]: [pid: 118614|app: 0|req: 65/135] 10.222.0.26 () {58 vars in 1235 bytes} [Sun Apr 3 18:59:38 2022] GET /compute/v2.1/servers/b50baf60-2ee0-483c-9cbf-b442a1849dd7 => generated 1339 bytes in 556 msecs (HTTP/1.1 200) 9 headers in 358 bytes (1 switches on core 0)
Apr 03 18:59:39.817015 n-d-836253-3 devstack@n-api.service[118615]: DEBUG nova.api.openstack.wsgi [None req-e7cd2c24-ab9b-4216-a189-6c6948d5d40c tempest-LiveMigrationTest-1387381010 tempest-LiveMigrationTest-1387381010-project] Calling method '>' {{(pid=118615) _process_stack /opt/stack/nova/nova/api/openstack/wsgi.py:513}}
Apr 03 18:59:39.817881 n-d-836253-3 devstack@n-api.service[118615]: DEBUG nova.compute.api [None req-e7cd2c24-ab9b-4216-a189-6c6948d5d40c tempest-LiveMigrationTest-1387381010 tempest-LiveMigrationTest-1387381010-project] [instance: 6c91ab34-4959-43bc-9b96-d9c626a8abd4] Fetching instance by UUID {{(pid=118615) get /opt/stack/nova/nova/compute/api.py:2918}}
Apr 03 18:59:39.835811 n-d-836253-3 devstack@n-api.service[118615]: DEBUG oslo_concurrency.lockutils [None req-e7cd2c24-ab9b-4216-a189-6c6948d5d40c tempest-LiveMigrationTest-1387381010 tempest-LiveMigrationTest-1387381010-project] Lock "1735ee15-0027-4de1-b9e6-9dc86a145d7e" acquired by "nova.context.set_target_cell..get_or_set_cached_cell_and_set_connections" :: waited 0.000s {{(pid=118615) inner /usr/local/lib/python3.8/dist-packages/oslo_concurrency/lockutils.py:386}}
Apr 03 18:59:39.837660 n-d-836253-3 devstack@n-api.service[118615]: DEBUG oslo_concurrency.lockutils [None req-e7cd2c24-ab9b-4216-a189-6c6948d5d40c tempest-LiveMigrationTest-1387381010 tempest-LiveMigrationTest-1387381010-project] Lock "1735ee15-0027-4de1-b9e6-9dc86a145d7e" "released" by "nova.context.set_target_cell..get_or_set_cached_cell_and_set_connections" :: held 0.001s {{(pid=118615) inner /usr/local/lib/python3.8/dist-packages/oslo_concurrency/lockutils.py:400}}
Apr 03 18:59:39.839564 n-d-836253-3 devstack@n-api.service[118615]: DEBUG oslo_concurrency.lockutils [None req-e7cd2c24-ab9b-4216-a189-6c6948d5d40c tempest-LiveMigrationTest-1387381010 tempest-LiveMigrationTest-1387381010-project] Lock "1735ee15-0027-4de1-b9e6-9dc86a145d7e" acquired by "nova.context.set_target_cell..get_or_set_cached_cell_and_set_connections" :: waited 0.000s {{(pid=118615) inner /usr/local/lib/python3.8/dist-packages/oslo_concurrency/lockutils.py:386}}
Apr 03 18:59:39.840174 n-d-836253-3 devstack@n-api.service[118615]: DEBUG oslo_concurrency.lockutils [None req-e7cd2c24-ab9b-4216-a189-6c6948d5d40c tempest-LiveMigrationTest-1387381010 tempest-LiveMigrationTest-1387381010-project] Lock "1735ee15-0027-4de1-b9e6-9dc86a145d7e" "released" by "nova.context.set_target_cell..get_or_set_cached_cell_and_set_connections" :: held 0.001s {{(pid=118615) inner /usr/local/lib/python3.8/dist-packages/oslo_concurrency/lockutils.py:400}}
Apr 03 18:59:40.175200 n-d-836253-3 devstack@n-api.service[118614]: DEBUG nova.api.openstack.wsgi [None req-a8da16c9-884e-48f0-8ad9-12e7eac5f8b0 tempest-MigrationsAdminTest-1860815113 tempest-MigrationsAdminTest-1860815113-project] Calling method '>' {{(pid=118614) _process_stack /opt/stack/nova/nova/api/openstack/wsgi.py:513}}
Apr 03 18:59:40.175827 n-d-836253-3 devstack@n-api.service[118614]: DEBUG nova.compute.api [None req-a8da16c9-884e-48f0-8ad9-12e7eac5f8b0 tempest-MigrationsAdminTest-1860815113 tempest-MigrationsAdminTest-1860815113-project] [instance: 8f0d6c8e-dad0-4e4d-8fd0-e0ea19ec8a6e] Fetching instance by UUID {{(pid=118614) get /opt/stack/nova/nova/compute/api.py:2918}}
Apr 03 18:59:40.185368 n-d-836253-3 devstack@n-api.service[118614]: DEBUG oslo_concurrency.lockutils [None req-a8da16c9-884e-48f0-8ad9-12e7eac5f8b0 tempest-MigrationsAdminTest-1860815113 tempest-MigrationsAdminTest-1860815113-project] Lock "1735ee15-0027-4de1-b9e6-9dc86a145d7e" acquired by "nova.context.set_target_cell..get_or_set_cached_cell_and_set_connections" :: waited 0.000s {{(pid=118614) inner /usr/local/lib/python3.8/dist-packages/oslo_concurrency/lockutils.py:386}}
Apr 03 18:59:40.185368 n-d-836253-3 devstack@n-api.service[118614]: DEBUG oslo_concurrency.lockutils [None req-a8da16c9-884e-48f0-8ad9-12e7eac5f8b0 tempest-MigrationsAdminTest-1860815113 tempest-MigrationsAdminTest-1860815113-project] Lock "1735ee15-0027-4de1-b9e6-9dc86a145d7e" "released" by "nova.context.set_target_cell..get_or_set_cached_cell_and_set_connections" :: held 0.001s {{(pid=118614) inner /usr/local/lib/python3.8/dist-packages/oslo_concurrency/lockutils.py:400}}
Apr 03 18:59:40.185684 n-d-836253-3 devstack@n-api.service[118614]: DEBUG oslo_concurrency.lockutils [None req-a8da16c9-884e-48f0-8ad9-12e7eac5f8b0 tempest-MigrationsAdminTest-1860815113 tempest-MigrationsAdminTest-1860815113-project] Lock "1735ee15-0027-4de1-b9e6-9dc86a145d7e" acquired by "nova.context.set_target_cell..get_or_set_cached_cell_and_set_connections" :: waited 0.000s {{(pid=118614) inner /usr/local/lib/python3.8/dist-packages/oslo_concurrency/lockutils.py:386}}
Apr 03 18:59:40.194122 n-d-836253-3 devstack@n-api.service[118614]: DEBUG oslo_concurrency.lockutils [None req-a8da16c9-884e-48f0-8ad9-12e7eac5f8b0 tempest-MigrationsAdminTest-1860815113 tempest-MigrationsAdminTest-1860815113-project] Lock "1735ee15-0027-4de1-b9e6-9dc86a145d7e" "released" by "nova.context.set_target_cell..get_or_set_cached_cell_and_set_connections" :: held 0.008s {{(pid=118614) inner /usr/local/lib/python3.8/dist-packages/oslo_concurrency/lockutils.py:400}}
Apr 03 18:59:40.456240 n-d-836253-3 devstack@n-api.service[118615]: DEBUG nova.policy [None req-e7cd2c24-ab9b-4216-a189-6c6948d5d40c tempest-LiveMigrationTest-1387381010 tempest-LiveMigrationTest-1387381010-project] Policy check for os_compute_api:os-extended-server-attributes failed with credentials {'is_admin': False, 'user_id': 'b3362a6d27024d59bbb17483d4e8b8b7', 'user_domain_id': 'default', 'system_scope': None, 'domain_id': None, 'project_id': '98d2ed00f0dc431da89d81aa7c3d91c8', 'project_domain_id': 'default', 'roles': ['member', 'reader'], 'is_admin_project': True, 'service_user_id': None, 'service_user_domain_id': None, 'service_project_id': None, 'service_project_domain_id': None, 'service_roles': []} {{(pid=118615) authorize /opt/stack/nova/nova/policy.py:199}}
Apr 03 18:59:40.472485 n-d-836253-3 devstack@n-api.service[118615]: INFO nova.api.openstack.requestlog [None req-e7cd2c24-ab9b-4216-a189-6c6948d5d40c tempest-LiveMigrationTest-1387381010 tempest-LiveMigrationTest-1387381010-project] 10.222.0.26 "GET /compute/v2.1/servers/6c91ab34-4959-43bc-9b96-d9c626a8abd4" status: 200 len: 1311 microversion: 2.1 time: 0.653655
Apr 03 18:59:40.474965 n-d-836253-3 devstack@n-api.service[118615]: [pid: 118615|app: 0|req: 71/136] 10.222.0.26 () {58 vars in 1235 bytes} [Sun Apr 3 18:59:39 2022] GET /compute/v2.1/servers/6c91ab34-4959-43bc-9b96-d9c626a8abd4 => generated 1311 bytes in 664 msecs (HTTP/1.1 200) 9 headers in 358 bytes (1 switches on core 0)
Apr 03 18:59:40.487335 n-d-836253-3 devstack@n-api.service[118615]: DEBUG nova.api.openstack.wsgi [None req-a1086121-3c83-444c-9707-2c3e32b08f3a tempest-AggregatesAdminTestJSON-1775703258 tempest-AggregatesAdminTestJSON-1775703258-project] Calling method '>' {{(pid=118615) _process_stack /opt/stack/nova/nova/api/openstack/wsgi.py:513}}
Apr 03 18:59:40.488389 n-d-836253-3 devstack@n-api.service[118615]: DEBUG nova.compute.api [None req-a1086121-3c83-444c-9707-2c3e32b08f3a tempest-AggregatesAdminTestJSON-1775703258 tempest-AggregatesAdminTestJSON-1775703258-project] [instance: b50baf60-2ee0-483c-9cbf-b442a1849dd7] Fetching instance by UUID {{(pid=118615) get /opt/stack/nova/nova/compute/api.py:2918}}
Apr 03 18:59:40.502011 n-d-836253-3 devstack@n-api.service[118615]: DEBUG oslo_concurrency.lockutils [None req-a1086121-3c83-444c-9707-2c3e32b08f3a tempest-AggregatesAdminTestJSON-1775703258 tempest-AggregatesAdminTestJSON-1775703258-project] Lock "1735ee15-0027-4de1-b9e6-9dc86a145d7e" acquired by "nova.context.set_target_cell..get_or_set_cached_cell_and_set_connections" :: waited 0.000s {{(pid=118615) inner /usr/local/lib/python3.8/dist-packages/oslo_concurrency/lockutils.py:386}}
Apr 03 18:59:40.503476 n-d-836253-3 devstack@n-api.service[118615]: DEBUG oslo_concurrency.lockutils [None req-a1086121-3c83-444c-9707-2c3e32b08f3a tempest-AggregatesAdminTestJSON-1775703258 tempest-AggregatesAdminTestJSON-1775703258-project] Lock "1735ee15-0027-4de1-b9e6-9dc86a145d7e" "released" by "nova.context.set_target_cell..get_or_set_cached_cell_and_set_connections" :: held 0.002s {{(pid=118615) inner /usr/local/lib/python3.8/dist-packages/oslo_concurrency/lockutils.py:400}}
Apr 03 18:59:40.506384 n-d-836253-3 devstack@n-api.service[118615]: DEBUG oslo_concurrency.lockutils [None req-a1086121-3c83-444c-9707-2c3e32b08f3a tempest-AggregatesAdminTestJSON-1775703258 tempest-AggregatesAdminTestJSON-1775703258-project] Lock "1735ee15-0027-4de1-b9e6-9dc86a145d7e" acquired by "nova.context.set_target_cell..get_or_set_cached_cell_and_set_connections" :: waited 0.000s {{(pid=118615) inner /usr/local/lib/python3.8/dist-packages/oslo_concurrency/lockutils.py:386}}
Apr 03 18:59:40.508997 n-d-836253-3 devstack@n-api.service[118615]: DEBUG oslo_concurrency.lockutils [None req-a1086121-3c83-444c-9707-2c3e32b08f3a tempest-AggregatesAdminTestJSON-1775703258 tempest-AggregatesAdminTestJSON-1775703258-project] Lock "1735ee15-0027-4de1-b9e6-9dc86a145d7e" "released" by "nova.context.set_target_cell..get_or_set_cached_cell_and_set_connections" :: held 0.003s {{(pid=118615) inner /usr/local/lib/python3.8/dist-packages/oslo_concurrency/lockutils.py:400}}
Apr 03 18:59:41.049984 n-d-836253-3 devstack@n-api.service[118614]: DEBUG nova.policy [None req-a8da16c9-884e-48f0-8ad9-12e7eac5f8b0 tempest-MigrationsAdminTest-1860815113 tempest-MigrationsAdminTest-1860815113-project] Policy check for os_compute_api:os-extended-server-attributes failed with credentials {'is_admin': False, 'user_id': '107f227d5d9346708b8f3f48b4e984a4', 'user_domain_id': 'default', 'system_scope': None, 'domain_id': None, 'project_id': 'c6a4f6c48db848e08233e89f3216a15a', 'project_domain_id': 'default', 'roles': ['member', 'reader'], 'is_admin_project': True, 'service_user_id': None, 'service_user_domain_id': None, 'service_project_id': None, 'service_project_domain_id': None, 'service_roles': []} {{(pid=118614) authorize /opt/stack/nova/nova/policy.py:199}}
Apr 03 18:59:41.057681 n-d-836253-3 devstack@n-api.service[118614]: INFO nova.api.openstack.requestlog [None req-a8da16c9-884e-48f0-8ad9-12e7eac5f8b0 tempest-MigrationsAdminTest-1860815113 tempest-MigrationsAdminTest-1860815113-project] 10.222.0.26 "GET /compute/v2.1/servers/8f0d6c8e-dad0-4e4d-8fd0-e0ea19ec8a6e" status: 200 len: 1313 microversion: 2.1 time: 0.886925
Apr 03 18:59:41.058263 n-d-836253-3 devstack@n-api.service[118614]: [pid: 118614|app: 0|req: 66/137] 10.222.0.26 () {58 vars in 1235 bytes} [Sun Apr 3 18:59:40 2022] GET /compute/v2.1/servers/8f0d6c8e-dad0-4e4d-8fd0-e0ea19ec8a6e => generated 1313 bytes in 888 msecs (HTTP/1.1 200) 9 headers in 358 bytes (2 switches on core 0)
Apr 03 18:59:41.137802 n-d-836253-3 devstack@n-api.service[118615]: DEBUG nova.policy [None req-a1086121-3c83-444c-9707-2c3e32b08f3a tempest-AggregatesAdminTestJSON-1775703258 tempest-AggregatesAdminTestJSON-1775703258-project] Policy check for os_compute_api:os-extended-server-attributes failed with credentials {'is_admin': False, 'user_id': '137cb396e96a4702b62985fbdc1bad11', 'user_domain_id': 'default', 'system_scope': None, 'domain_id': None, 'project_id': '3bb520a6a9f749cea77190a2a8d46963', 'project_domain_id': 'default', 'roles': ['member', 'reader'], 'is_admin_project': True, 'service_user_id': None, 'service_user_domain_id': None, 'service_project_id': None, 'service_project_domain_id': None, 'service_roles': []} {{(pid=118615) authorize /opt/stack/nova/nova/policy.py:199}}
Apr 03 18:59:41.146465 n-d-836253-3 devstack@n-api.service[118615]: INFO nova.api.openstack.requestlog [None req-a1086121-3c83-444c-9707-2c3e32b08f3a tempest-AggregatesAdminTestJSON-1775703258 tempest-AggregatesAdminTestJSON-1775703258-project] 10.222.0.26 "GET /compute/v2.1/servers/b50baf60-2ee0-483c-9cbf-b442a1849dd7" status: 200 len: 1339 microversion: 2.1 time: 0.668759
Apr 03 18:59:41.147053 n-d-836253-3 devstack@n-api.service[118615]: [pid: 118615|app: 0|req: 72/138] 10.222.0.26 () {58 vars in 1235 bytes} [Sun Apr 3 18:59:40 2022] GET /compute/v2.1/servers/b50baf60-2ee0-483c-9cbf-b442a1849dd7 => generated 1339 bytes in 671 msecs (HTTP/1.1 200) 9 headers in 358 bytes (1 switches on core 0)
Apr 03 18:59:41.417375 n-d-836253-3 devstack@n-api.service[118614]: DEBUG nova.api.openstack.wsgi [None req-51e1aa12-f10c-4a2c-afb7-a4631f926abe tempest-ServersOnMultiNodesTest-1647771284 tempest-ServersOnMultiNodesTest-1647771284-project] Action: 'create', calling method: >, body: {"server": {"name": "tempest-ServersOnMultiNodesTest-server-1293629286", "imageRef": "50b48b77-82b7-4c58-9020-34ed0618462c", "flavorRef": "452"}} {{(pid=118614) _process_stack /opt/stack/nova/nova/api/openstack/wsgi.py:511}}
Apr 03 18:59:41.492624 n-d-836253-3 devstack@n-api.service[118615]: DEBUG nova.api.openstack.wsgi [None req-28e40196-f3a6-4841-8bcd-7e93896e8897 tempest-LiveMigrationTest-1387381010 tempest-LiveMigrationTest-1387381010-project] Calling method '>' {{(pid=118615) _process_stack /opt/stack/nova/nova/api/openstack/wsgi.py:513}}
Apr 03 18:59:41.493850 n-d-836253-3 devstack@n-api.service[118615]: DEBUG nova.compute.api [None req-28e40196-f3a6-4841-8bcd-7e93896e8897 tempest-LiveMigrationTest-1387381010 tempest-LiveMigrationTest-1387381010-project] [instance: 6c91ab34-4959-43bc-9b96-d9c626a8abd4] Fetching instance by UUID {{(pid=118615) get /opt/stack/nova/nova/compute/api.py:2918}}
Apr 03 18:59:41.508796 n-d-836253-3 devstack@n-api.service[118615]: DEBUG oslo_concurrency.lockutils [None req-28e40196-f3a6-4841-8bcd-7e93896e8897 tempest-LiveMigrationTest-1387381010 tempest-LiveMigrationTest-1387381010-project] Lock "1735ee15-0027-4de1-b9e6-9dc86a145d7e" acquired by "nova.context.set_target_cell..get_or_set_cached_cell_and_set_connections" :: waited 0.000s {{(pid=118615) inner /usr/local/lib/python3.8/dist-packages/oslo_concurrency/lockutils.py:386}}
Apr 03 18:59:41.513985 n-d-836253-3 devstack@n-api.service[118614]: DEBUG nova.network.neutron [None req-51e1aa12-f10c-4a2c-afb7-a4631f926abe tempest-ServersOnMultiNodesTest-1647771284 tempest-ServersOnMultiNodesTest-1647771284-project] validate_networks() for None {{(pid=118614) validate_networks /opt/stack/nova/nova/network/neutron.py:2632}}
Apr 03 18:59:41.518918 n-d-836253-3 devstack@n-api.service[118615]: DEBUG oslo_concurrency.lockutils [None req-28e40196-f3a6-4841-8bcd-7e93896e8897 tempest-LiveMigrationTest-1387381010 tempest-LiveMigrationTest-1387381010-project] Lock "1735ee15-0027-4de1-b9e6-9dc86a145d7e" "released" by "nova.context.set_target_cell..get_or_set_cached_cell_and_set_connections" :: held 0.001s {{(pid=118615) inner /usr/local/lib/python3.8/dist-packages/oslo_concurrency/lockutils.py:400}}
