Apr 20 14:20:03.127754 n-d-836145-2 devstack@placement-api.service[103357]: DEBUG oslo_db.sqlalchemy.engines [-] MySQL server mode set to STRICT_TRANS_TABLES,STRICT_ALL_TABLES,NO_ZERO_IN_DATE,NO_ZERO_DATE,ERROR_FOR_DIVISION_BY_ZERO,TRADITIONAL,NO_ENGINE_SUBSTITUTION {{(pid=103357) _check_effective_sql_mode /usr/local/lib/python3.8/dist-packages/oslo_db/sqlalchemy/engines.py:314}}
Apr 20 14:20:03.139620 n-d-836145-2 devstack@placement-api.service[103358]: DEBUG placement.objects.trait [-] Synced traits from os_traits into API DB: {'HW_NIC_SRIOV_TRUSTED', 'COMPUTE_FIRMWARE_BIOS', 'HW_GPU_MAX_DISPLAY_HEADS_2', 'HW_GPU_API_OPENGL_V3_3', 'HW_CPU_X86_AVX2', 'HW_NIC_OFFLOAD_TXVLAN', 'HW_CPU_AARCH64_SHA2', 'COMPUTE_GRAPHICS_MODEL_BOCHS', 'COMPUTE_VOLUME_EXTEND', 'HW_NIC_DCB_ETS', 'COMPUTE_DEVICE_TAGGING', 'HW_GPU_API_DIRECT3D_V12_0', 'HW_NIC_DCB_QCN', 'COMPUTE_MIGRATE_AUTO_CONVERGE', 'HW_GPU_API_OPENGL_V1_4', 'HW_NIC_OFFLOAD_GRO', 'HW_CPU_X86_STIBP', 'HW_GPU_CUDA_COMPUTE_CAPABILITY_V1_0', 'COMPUTE_NET_VIF_MODEL_PCNET', 'MISC_SHARES_VIA_AGGREGATE', 'HW_CPU_X86_MMX', 'HW_GPU_API_DIRECT3D_V9_0L', 'HW_NIC_OFFLOAD_UCS', 'HW_GPU_RESOLUTION_W800H600', 'COMPUTE_TRUSTED_CERTS', 'HW_CPU_AARCH64_CRC32', 'COMPUTE_SECURITY_TPM_2_0', 'HW_GPU_API_OPENGL_V2_0', 'HW_CPU_X86_AMD_NO_SSB', 'HW_CPU_X86_AVX512VNNI', 'HW_CPU_X86_AMD_IBPB', 'COMPUTE_IMAGE_TYPE_QCOW2', 'HW_CPU_X86_AVX512VPCLMULQDQ', 'HW_NIC_ACCEL_SSL', 'HW_CPU_AARCH64_PMULL', 'HW_GPU_CUDA_SDK_V8_0', 'COMPUTE_NET_VIF_MODEL_E1000E', 'HW_GPU_API_OPENGL_V1_1', 'HW_GPU_RESOLUTION_W1680H1050', 'HW_CPU_X86_SSSE3', 'HW_CPU_X86_ASF', 'HW_NIC_SRIOV', 'HW_NIC_OFFLOAD_SCS', 'HW_GPU_CUDA_COMPUTE_CAPABILITY_V1_3', 'COMPUTE_STORAGE_BUS_FDC', 'HW_CPU_X86_AMD_SSBD', 'HW_GPU_API_DIRECT3D_V11_3', 'HW_CPU_X86_AVX512F', 'HW_CPU_AARCH64_ATOMICS', 'HW_CPU_AARCH64_SHA512', 'HW_GPU_CUDA_COMPUTE_CAPABILITY_V5_2', 'HW_CPU_X86_AVX512VBMI2', 'HW_GPU_CUDA_COMPUTE_CAPABILITY_V3_5', 'HW_GPU_CUDA_COMPUTE_CAPABILITY_V6_1', 'HW_CPU_X86_SSE4A', 'HW_GPU_API_DIRECT3D_V11_0', 'HW_CPU_AARCH64_SHA1', 'COMPUTE_VOLUME_ATTACH_WITH_TAG', 'HW_GPU_RESOLUTION_W1920H1080', 'HW_GPU_RESOLUTION_W2560H1600', 'HW_GPU_API_DIRECTX_V12', 'COMPUTE_ACCELERATORS', 'HW_CPU_X86_PDPE1GB', 'HW_GPU_API_DIRECT3D_V6_0', 'HW_GPU_API_OPENGL_V3_0', 'HW_NIC_OFFLOAD_VXLAN', 'HW_GPU_API_OPENGL_V4_3', 'HW_GPU_API_DIRECTX_V10', 'HW_GPU_MAX_DISPLAY_HEADS_8', 'HW_CPU_X86_AVX512CD', 'HW_GPU_RESOLUTION_W3840H2160', 'COMPUTE_RESCUE_BFV', 'HW_GPU_CUDA_COMPUTE_CAPABILITY_V7_2', 'HW_NIC_ACCEL_DEFLATE', 'STORAGE_DISK_SSD', 'COMPUTE_VOLUME_ATTACH', 'HW_GPU_API_DIRECT3D_V8_0', 'HW_GPU_API_OPENGL_V4_2', 'HW_GPU_MAX_DISPLAY_HEADS_1', 'HW_CPU_X86_INTEL_SPEC_CTRL', 'HW_NIC_DCB_PFC', 'HW_GPU_API_DIRECT3D_V8_1', 'COMPUTE_GRAPHICS_MODEL_VGA', 'HW_GPU_CUDA_SDK_V9_2', 'HW_CPU_X86_AVX512PF', 'HW_GPU_MAX_DISPLAY_HEADS_6', 'HW_GPU_API_OPENCL_V2_0', 'HW_NIC_OFFLOAD_RDMA', 'HW_NIC_OFFLOAD_GENEVE', 'COMPUTE_GRAPHICS_MODEL_VMVGA', 'HW_CPU_X86_AMD_SVM', 'HW_NIC_OFFLOAD_TCS', 'HW_GPU_API_OPENCL_V1_1', 'HW_CPU_AARCH64_ASIMDHP', 'HW_GPU_API_OPENGL_V4_4', 'HW_CPU_X86_SSE2', 'HW_GPU_RESOLUTION_W7680H4320', 'HW_CPU_AARCH64_DCPOP', 'HW_CPU_X86_BMI2', 'HW_NIC_PROGRAMMABLE_PIPELINE', 'HW_GPU_API_DIRECT3D_V11_2', 'HW_CPU_X86_TSX', 'HW_CPU_X86_ABM', 'HW_GPU_API_OPENGL_V1_5', 'HW_CPU_AARCH64_SM3', 'COMPUTE_IMAGE_TYPE_AMI', 'HW_CPU_X86_AVX512VBMI', 'HW_NIC_OFFLOAD_UFO', 'COMPUTE_NODE', 'HW_NIC_SRIOV_QOS_RX', 'HW_CPU_X86_AVX', 'COMPUTE_NET_VIF_MODEL_VIRTIO', 'HW_GPU_CUDA_COMPUTE_CAPABILITY_V2_1', 'HW_GPU_API_DXVA', 'HW_CPU_X86_MPX', 'HW_GPU_API_DIRECT3D_V9_0', 'HW_NIC_ACCEL_IPSEC', 'COMPUTE_STORAGE_BUS_USB', 'HW_GPU_MAX_DISPLAY_HEADS_4', 'COMPUTE_SOCKET_PCI_NUMA_AFFINITY', 'HW_GPU_CUDA_COMPUTE_CAPABILITY_V3_0', 'HW_NIC_OFFLOAD_L2CRC', 'HW_GPU_API_DIRECT3D_V9_0C', 'COMPUTE_VOLUME_MULTI_ATTACH', 'COMPUTE_NET_VIF_MODEL_SRIOV', 'COMPUTE_IMAGE_TYPE_VHD', 'HW_GPU_CUDA_COMPUTE_CAPABILITY_V1_2', 'HW_GPU_RESOLUTION_W1280H1024', 'HW_CPU_X86_TBM', 'HW_CPU_X86_SSE3', 'HW_CPU_AARCH64_JSCVT', 'COMPUTE_STORAGE_BUS_SCSI', 'HW_NIC_OFFLOAD_TSO', 'HW_CPU_AARCH64_ASIMDDP', 'COMPUTE_IMAGE_TYPE_VMDK', 'HW_GPU_API_OPENGL_V3_2', 'COMPUTE_STORAGE_BUS_XEN', 'HW_GPU_RESOLUTION_W320H240', 'HW_NIC_OFFLOAD_RXHASH', 'HW_CPU_AARCH64_SM4', 'HW_GPU_API_OPENGL_V3_1', 'HW_CPU_AARCH64_SHA3', 'HW_CPU_X86_INTEL_SSBD', 'HW_CPU_X86_SHA', 'COMPUTE_MIGRATE_POST_COPY', 'HW_GPU_API_OPENGL_V4_1', 'HW_GPU_API_OPENCL_V1_2', 'HW_CPU_AARCH64_ASIMDRDM', 'HW_CPU_X86_XOP', 'HW_GPU_CUDA_SDK_V6_5', 'COMPUTE_SAME_HOST_COLD_MIGRATE', 'HW_GPU_RESOLUTION_W1152H864', 'HW_GPU_RESOLUTION_W1360H768', 'HW_NIC_SRIOV_MULTIQUEUE', 'COMPUTE_EPHEMERAL_ENCRYPTION_LUKSV2', 'HW_GPU_API_OPENGL_V4_0', 'HW_NIC_OFFLOAD_LSO', 'HW_CPU_X86_SVM', 'HW_GPU_CUDA_COMPUTE_CAPABILITY_V7_0', 'HW_GPU_CUDA_SDK_V10_0', 'HW_NIC_OFFLOAD_RXVLAN', 'COMPUTE_NET_VIF_MODEL_NETFRONT', 'HW_CPU_X86_AVX512VPOPCNTDQ', 'HW_CPU_X86_AESNI', 'HW_NIC_OFFLOAD_SG', 'HW_CPU_HYPERTHREADING', 'HW_GPU_RESOLUTION_W1024H600', 'HW_CPU_X86_AVX512BW', 'HW_GPU_CUDA_SDK_V9_0', 'HW_CPU_X86_FMA3', 'HW_GPU_CUDA_SDK_V7_5', 'COMPUTE_GRAPHICS_MODEL_GOP', 'HW_GPU_CUDA_COMPUTE_CAPABILITY_V2_0', 'HW_GPU_API_OPENCL_V2_2', 'HW_GPU_RESOLUTION_W1600H1200', 'HW_GPU_RESOLUTION_W2560H1440', 'HW_GPU_API_OPENCL_V2_1', 'HW_CPU_AARCH64_AES', 'HW_CPU_X86_BMI', 'HW_GPU_CUDA_COMPUTE_CAPABILITY_V1_1', 'HW_CPU_X86_AVX512VL', 'COMPUTE_EPHEMERAL_ENCRYPTION', 'COMPUTE_GRAPHICS_MODEL_QXL', 'COMPUTE_STORAGE_BUS_VIRTIO', 'HW_GPU_API_OPENGL_V1_3', 'HW_NIC_OFFLOAD_GRE', 'HW_NUMA_ROOT', 'HW_CPU_X86_SSE41', 'COMPUTE_EPHEMERAL_ENCRYPTION_PLAIN', 'HW_GPU_RESOLUTION_W1600H900', 'COMPUTE_NET_ATTACH_INTERFACE', 'HW_CPU_AARCH64_ASIMD', 'HW_NIC_OFFLOAD_GSO', 'HW_CPU_PPC64LE_POWER8', 'HW_NIC_ACCEL_RSA', 'COMPUTE_NET_VIF_MODEL_E1000', 'HW_CPU_X86_SGX', 'COMPUTE_STORAGE_BUS_IDE', 'HW_CPU_AARCH64_LRCPC', 'HW_CPU_AARCH64_FCMA', 'HW_CPU_AARCH64_EVTSTRM', 'HW_NIC_OFFLOAD_FDF', 'HW_NIC_MULTIQUEUE', 'HW_GPU_API_OPENGL_V4_5', 'HW_GPU_API_OPENGL_V1_2', 'HW_CPU_X86_FMA4', 'HW_CPU_X86_AVX512VAES', 'COMPUTE_NET_VIF_MODEL_SPAPR_VLAN', 'HW_CPU_AARCH64_CPUID', 'COMPUTE_STORAGE_BUS_UML', 'HW_NIC_VMDQ', 'HW_CPU_PPC64LE_POWER9', 'HW_GPU_API_DIRECT3D_V10_1', 'HW_GPU_API_OPENGL_V2_1', 'HW_GPU_CUDA_SDK_V9_1', 'HW_GPU_RESOLUTION_W1440H900', 'HW_GPU_RESOLUTION_W1280H768', 'HW_GPU_RESOLUTION_W1024H768', 'COMPUTE_NET_VIF_MODEL_RTL8139', 'HW_GPU_RESOLUTION_W1280H800', 'HW_GPU_API_DIRECT3D_V10_0', 'HW_NIC_OFFLOAD_TXUDP', 'HW_CPU_X86_INTEL_VMX', 'HW_GPU_API_OPENCL_V1_0', 'HW_CPU_AARCH64_SVE', 'HW_NIC_OFFLOAD_SWITCHDEV', 'HW_CPU_X86_AMD_SEV', 'STORAGE_DISK_HDD', 'HW_NIC_ACCEL_DIFFIEH', 'COMPUTE_NET_ATTACH_INTERFACE_WITH_TAG', 'HW_CPU_AARCH64_FP', 'COMPUTE_STORAGE_BUS_LXC', 'HW_CPU_X86_INTEL_MD_CLEAR', 'COMPUTE_EPHEMERAL_ENCRYPTION_LUKS', 'HW_GPU_RESOLUTION_W1280H720', 'COMPUTE_FIRMWARE_UEFI', 'HW_CPU_X86_AMD_VIRT_SSBD', 'HW_GPU_CUDA_COMPUTE_CAPABILITY_V3_7', 'HW_CPU_X86_SSE42', 'HW_CPU_X86_AVX512GFNI', 'HW_GPU_API_DIRECT3D_V7_0', 'COMPUTE_SECURITY_TPM_1_2', 'COMPUTE_IMAGE_TYPE_ARI', 'HW_GPU_CUDA_COMPUTE_CAPABILITY_V5_3', 'COMPUTE_STORAGE_BUS_SATA', 'HW_CPU_X86_3DNOW', 'HW_CPU_X86_AVX512DQ', 'COMPUTE_IMAGE_TYPE_VDI', 'COMPUTE_GRAPHICS_MODEL_CIRRUS', 'HW_NIC_OFFLOAD_TX', 'COMPUTE_IMAGE_TYPE_AKI', 'COMPUTE_GRAPHICS_MODEL_XEN', 'HW_GPU_CUDA_COMPUTE_CAPABILITY_V5_0', 'COMPUTE_SECURITY_UEFI_SECURE_BOOT', 'HW_CPU_X86_AVX512ER', 'HW_GPU_API_DIRECT2D', 'HW_GPU_CUDA_COMPUTE_CAPABILITY_V3_2', 'HW_NIC_SRIOV_QOS_TX', 'HW_NIC_OFFLOAD_QINQ', 'COMPUTE_STATUS_DISABLED', 'HW_NIC_ACCEL_ECC', 'HW_GPU_API_DIRECT3D_V9_0B', 'HW_GPU_CUDA_COMPUTE_CAPABILITY_V7_1', 'COMPUTE_IMAGE_TYPE_ISO', 'HW_CPU_X86_F16C', 'COMPUTE_IMAGE_TYPE_RAW', 'HW_GPU_API_VULKAN', 'HW_CPU_X86_SSE', 'COMPUTE_NET_VIF_MODEL_VMXNET', 'HW_NIC_OFFLOAD_LRO', 'HW_GPU_RESOLUTION_W640H480', 'HW_CPU_X86_VMX', 'COMPUTE_NET_VIF_MODEL_NE2K_PCI', 'HW_GPU_CUDA_COMPUTE_CAPABILITY_V6_0', 'COMPUTE_IMAGE_TYPE_VHDX', 'HW_NIC_OFFLOAD_RX', 'HW_CPU_X86_CLMUL', 'HW_GPU_RESOLUTION_W1920H1200', 'HW_CPU_AMD_SEV', 'HW_GPU_RESOLUTION_W1366H768', 'HW_CPU_AARCH64_FPHP', 'HW_CPU_X86_AVX512BITALG', 'COMPUTE_GRAPHICS_MODEL_NONE', 'HW_GPU_API_DIRECT3D_V11_1', 'COMPUTE_IMAGE_TYPE_PLOOP', 'COMPUTE_NET_VIF_MODEL_LAN9118', 'HW_CPU_X86_AVX512IFMA', 'HW_CPU_X86_INTEL_PCID', 'COMPUTE_NET_VIF_MODEL_VMXNET3', 'HW_NIC_ACCEL_LZS', 'COMPUTE_GRAPHICS_MODEL_VIRTIO', 'HW_GPU_CUDA_COMPUTE_CAPABILITY_V6_2', 'HW_GPU_API_DIRECTX_V11', 'HW_NIC_ACCEL_TLS'} {{(pid=103358) _trait_sync /opt/stack/placement/placement/objects/trait.py:286}}
Apr 20 14:20:03.143763 n-d-836145-2 devstack@placement-api.service[103358]: DEBUG oslo_concurrency.lockutils [-] Releasing lock "trait_sync" {{(pid=103358) lock /usr/local/lib/python3.8/dist-packages/oslo_concurrency/lockutils.py:282}}
Apr 20 14:20:03.144226 n-d-836145-2 devstack@placement-api.service[103358]: DEBUG oslo_concurrency.lockutils [-] Acquired lock "resource_classes_sync" {{(pid=103358) lock /usr/local/lib/python3.8/dist-packages/oslo_concurrency/lockutils.py:266}}
Apr 20 14:20:03.223075 n-d-836145-2 devstack@placement-api.service[103358]: DEBUG placement.objects.resource_class [-] Found existing resource classes in db: [] {{(pid=103358) _resource_classes_sync /opt/stack/placement/placement/objects/resource_class.py:228}}
Apr 20 14:20:03.228070 n-d-836145-2 devstack@placement-api.service[103358]: DEBUG placement.objects.resource_class [-] Synced resource_classes from os_resource_classes: [{'name': 'VCPU', 'id': 0}, {'name': 'MEMORY_MB', 'id': 1}, {'name': 'DISK_GB', 'id': 2}, {'name': 'PCI_DEVICE', 'id': 3}, {'name': 'SRIOV_NET_VF', 'id': 4}, {'name': 'NUMA_SOCKET', 'id': 5}, {'name': 'NUMA_CORE', 'id': 6}, {'name': 'NUMA_THREAD', 'id': 7}, {'name': 'NUMA_MEMORY_MB', 'id': 8}, {'name': 'IPV4_ADDRESS', 'id': 9}, {'name': 'VGPU', 'id': 10}, {'name': 'VGPU_DISPLAY_HEAD', 'id': 11}, {'name': 'NET_BW_EGR_KILOBIT_PER_SEC', 'id': 12}, {'name': 'NET_BW_IGR_KILOBIT_PER_SEC', 'id': 13}, {'name': 'PCPU', 'id': 14}, {'name': 'MEM_ENCRYPTION_CONTEXT', 'id': 15}, {'name': 'FPGA', 'id': 16}, {'name': 'PGPU', 'id': 17}, {'name': 'NET_PACKET_RATE_KILOPACKET_PER_SEC', 'id': 18}, {'name': 'NET_PACKET_RATE_EGR_KILOPACKET_PER_SEC', 'id': 19}, {'name': 'NET_PACKET_RATE_IGR_KILOPACKET_PER_SEC', 'id': 20}] {{(pid=103358) _resource_classes_sync /opt/stack/placement/placement/objects/resource_class.py:245}}
Apr 20 14:20:03.230032 n-d-836145-2 devstack@placement-api.service[103357]: DEBUG oslo_concurrency.lockutils [-] Releasing lock "trait_sync" {{(pid=103357) lock /usr/local/lib/python3.8/dist-packages/oslo_concurrency/lockutils.py:282}}
Apr 20 14:20:03.230332 n-d-836145-2 devstack@placement-api.service[103357]: DEBUG oslo_concurrency.lockutils [-] Acquired lock "resource_classes_sync" {{(pid=103357) lock /usr/local/lib/python3.8/dist-packages/oslo_concurrency/lockutils.py:266}}
Apr 20 14:20:03.232601 n-d-836145-2 devstack@placement-api.service[103358]: DEBUG oslo_concurrency.lockutils [-] Releasing lock "resource_classes_sync" {{(pid=103358) lock /usr/local/lib/python3.8/dist-packages/oslo_concurrency/lockutils.py:282}}
Apr 20 14:20:03.232966 n-d-836145-2 devstack@placement-api.service[103358]: WSGI app 0 (mountpoint='') ready in 3 seconds on interpreter 0x5579e5c409c0 pid: 103358 (default app)
Apr 20 14:20:03.233919 n-d-836145-2 devstack@placement-api.service[103357]: DEBUG placement.objects.resource_class [-] Found existing resource classes in db: ['DISK_GB', 'FPGA', 'IPV4_ADDRESS', 'MEMORY_MB', 'MEM_ENCRYPTION_CONTEXT', 'NET_BW_EGR_KILOBIT_PER_SEC', 'NET_BW_IGR_KILOBIT_PER_SEC', 'NET_PACKET_RATE_EGR_KILOPACKET_PER_SEC', 'NET_PACKET_RATE_IGR_KILOPACKET_PER_SEC', 'NET_PACKET_RATE_KILOPACKET_PER_SEC', 'NUMA_CORE', 'NUMA_MEMORY_MB', 'NUMA_SOCKET', 'NUMA_THREAD', 'PCI_DEVICE', 'PCPU', 'PGPU', 'SRIOV_NET_VF', 'VCPU', 'VGPU', 'VGPU_DISPLAY_HEAD'] {{(pid=103357) _resource_classes_sync /opt/stack/placement/placement/objects/resource_class.py:228}}
Apr 20 14:20:03.234496 n-d-836145-2 devstack@placement-api.service[103358]: DEBUG placement.requestlog [None req-7325c460-75df-455d-8529-0a873344aaff None None] Starting request: 10.222.0.20 "GET /placement/" {{(pid=103358) __call__ /opt/stack/placement/placement/requestlog.py:55}}
Apr 20 14:20:03.234964 n-d-836145-2 devstack@placement-api.service[103357]: DEBUG oslo_concurrency.lockutils [-] Releasing lock "resource_classes_sync" {{(pid=103357) lock /usr/local/lib/python3.8/dist-packages/oslo_concurrency/lockutils.py:282}}
Apr 20 14:20:03.235130 n-d-836145-2 devstack@placement-api.service[103357]: WSGI app 0 (mountpoint='') ready in 3 seconds on interpreter 0x5579e5c409c0 pid: 103357 (default app)
Apr 20 14:20:03.249241 n-d-836145-2 devstack@placement-api.service[103358]: INFO placement.requestlog [None req-7325c460-75df-455d-8529-0a873344aaff None None] 10.222.0.20 "GET /placement/" status: 200 len: 136 microversion: 1.0
Apr 20 14:20:03.249592 n-d-836145-2 devstack@placement-api.service[103358]: [pid: 103358|app: 0|req: 1/1] 10.222.0.20 () {50 vars in 776 bytes} [Wed Apr 20 14:20:03 2022] GET /placement => generated 136 bytes in 16 msecs (HTTP/1.1 200) 6 headers in 224 bytes (1 switches on core 0)
Apr 20 14:21:02.386213 n-d-836145-2 devstack@placement-api.service[103357]: DEBUG placement.requestlog [None req-10600025-faa3-4d95-be1a-3730d4f3a54e None None] Starting request: 10.222.0.20 "GET /placement/" {{(pid=103357) __call__ /opt/stack/placement/placement/requestlog.py:55}}
Apr 20 14:21:02.401901 n-d-836145-2 devstack@placement-api.service[103357]: INFO placement.requestlog [None req-10600025-faa3-4d95-be1a-3730d4f3a54e None None] 10.222.0.20 "GET /placement/" status: 200 len: 136 microversion: 1.0
Apr 20 14:21:02.402074 n-d-836145-2 devstack@placement-api.service[103357]: [pid: 103357|app: 0|req: 1/2] 10.222.0.20 () {54 vars in 916 bytes} [Wed Apr 20 14:21:02 2022] GET /placement => generated 136 bytes in 17 msecs (HTTP/1.1 200) 6 headers in 224 bytes (1 switches on core 0)
Apr 20 14:21:06.692899 n-d-836145-2 devstack@placement-api.service[103358]: DEBUG placement.requestlog [None req-c4cce0c6-e951-4873-9ac7-502e16d3f3fd None None] Starting request: 10.222.0.20 "GET /placement/" {{(pid=103358) __call__ /opt/stack/placement/placement/requestlog.py:55}}
Apr 20 14:21:06.693940 n-d-836145-2 devstack@placement-api.service[103358]: INFO placement.requestlog [None req-c4cce0c6-e951-4873-9ac7-502e16d3f3fd None None] 10.222.0.20 "GET /placement/" status: 200 len: 136 microversion: 1.0
Apr 20 14:21:06.694255 n-d-836145-2 devstack@placement-api.service[103358]: [pid: 103358|app: 0|req: 2/3] 10.222.0.20 () {54 vars in 916 bytes} [Wed Apr 20 14:21:06 2022] GET /placement => generated 136 bytes in 2 msecs (HTTP/1.1 200) 6 headers in 224 bytes (1 switches on core 0)
Apr 20 14:21:08.340372 n-d-836145-2 devstack@placement-api.service[103357]: DEBUG placement.requestlog [None req-61373c0f-f803-4bc7-a39b-1622a9147b09 None None] Starting request: 10.222.0.20 "GET /placement/" {{(pid=103357) __call__ /opt/stack/placement/placement/requestlog.py:55}}
Apr 20 14:21:08.341346 n-d-836145-2 devstack@placement-api.service[103357]: INFO placement.requestlog [None req-61373c0f-f803-4bc7-a39b-1622a9147b09 None None] 10.222.0.20 "GET /placement/" status: 200 len: 136 microversion: 1.0
Apr 20 14:21:08.341759 n-d-836145-2 devstack@placement-api.service[103357]: [pid: 103357|app: 0|req: 2/4] 10.222.0.20 () {54 vars in 916 bytes} [Wed Apr 20 14:21:08 2022] GET /placement => generated 136 bytes in 1 msecs (HTTP/1.1 200) 6 headers in 224 bytes (1 switches on core 0)
Apr 20 14:22:20.848533 n-d-836145-2 devstack@placement-api.service[103358]: DEBUG placement.requestlog [None req-60f1cbdb-c007-4e60-b9f6-7176deb35cce None None] Starting request: 10.222.0.20 "GET /placement//" {{(pid=103358) __call__ /opt/stack/placement/placement/requestlog.py:55}}
Apr 20 14:22:20.849712 n-d-836145-2 devstack@placement-api.service[103358]: INFO placement.requestlog [None req-60f1cbdb-c007-4e60-b9f6-7176deb35cce None None] 10.222.0.20 "GET /placement//" status: 200 len: 136 microversion: 1.0
Apr 20 14:22:20.849996 n-d-836145-2 devstack@placement-api.service[103358]: [pid: 103358|app: 0|req: 3/5] 10.222.0.20 () {56 vars in 1106 bytes} [Wed Apr 20 14:22:20 2022] GET /placement/ => generated 136 bytes in 2 msecs (HTTP/1.1 200) 6 headers in 224 bytes (1 switches on core 0)
Apr 20 14:28:03.687953 n-d-836145-2 devstack@placement-api.service[103357]: DEBUG placement.requestlog [None req-8a6f939b-1569-4040-9c49-914deda168bd None None] Starting request: 10.222.0.43 "GET /placement/" {{(pid=103357) __call__ /opt/stack/placement/placement/requestlog.py:55}}
Apr 20 14:28:03.688918 n-d-836145-2 devstack@placement-api.service[103357]: INFO placement.requestlog [None req-8a6f939b-1569-4040-9c49-914deda168bd None None] 10.222.0.43 "GET /placement/" status: 200 len: 136 microversion: 1.0
Apr 20 14:28:03.689076 n-d-836145-2 devstack@placement-api.service[103357]: [pid: 103357|app: 0|req: 3/6] 10.222.0.43 () {54 vars in 913 bytes} [Wed Apr 20 14:28:03 2022] GET /placement => generated 136 bytes in 2 msecs (HTTP/1.1 200) 6 headers in 224 bytes (1 switches on core 0)
Apr 20 14:28:07.092796 n-d-836145-2 devstack@placement-api.service[103358]: DEBUG placement.requestlog [req-a35f9851-3ab8-4468-8c9c-acc713b4655c req-2b2ef3cd-dc6f-4c4a-ab4a-a2f619f5b2e1 None None] Starting request: 10.222.0.43 "GET /placement/resource_providers?in_tree=194ef15b-c73d-48fb-a411-2f635d28580c" {{(pid=103358) __call__ /opt/stack/placement/placement/requestlog.py:55}}
Apr 20 14:28:07.219354 n-d-836145-2 devstack@placement-api.service[103358]: INFO placement.requestlog [req-a35f9851-3ab8-4468-8c9c-acc713b4655c req-2b2ef3cd-dc6f-4c4a-ab4a-a2f619f5b2e1 service placement] 10.222.0.43 "GET /placement/resource_providers?in_tree=194ef15b-c73d-48fb-a411-2f635d28580c" status: 200 len: 26 microversion: 1.14
Apr 20 14:28:07.219586 n-d-836145-2 devstack@placement-api.service[103358]: [pid: 103358|app: 0|req: 4/7] 10.222.0.43 () {60 vars in 1376 bytes} [Wed Apr 20 14:28:07 2022] GET /placement/resource_providers?in_tree=194ef15b-c73d-48fb-a411-2f635d28580c => generated 26 bytes in 127 msecs (HTTP/1.1 200) 6 headers in 224 bytes (1 switches on core 0)
Apr 20 14:28:07.228205 n-d-836145-2 devstack@placement-api.service[103357]: DEBUG placement.requestlog [req-a35f9851-3ab8-4468-8c9c-acc713b4655c req-bcccec08-60bc-4a27-99d5-d7ae926b96f9 None None] Starting request: 10.222.0.43 "POST /placement/resource_providers" {{(pid=103357) __call__ /opt/stack/placement/placement/requestlog.py:55}}
Apr 20 14:28:07.265349 n-d-836145-2 devstack@placement-api.service[103358]: DEBUG placement.requestlog [None req-f0bfcc46-78c3-4b10-9d9b-b5e3348911d2 None None] Starting request: 10.222.0.45 "GET /placement/" {{(pid=103358) __call__ /opt/stack/placement/placement/requestlog.py:55}}
Apr 20 14:28:07.266632 n-d-836145-2 devstack@placement-api.service[103358]: INFO placement.requestlog [None req-f0bfcc46-78c3-4b10-9d9b-b5e3348911d2 None None] 10.222.0.45 "GET /placement/" status: 200 len: 136 microversion: 1.0
Apr 20 14:28:07.266812 n-d-836145-2 devstack@placement-api.service[103358]: [pid: 103358|app: 0|req: 5/8] 10.222.0.45 () {54 vars in 913 bytes} [Wed Apr 20 14:28:07 2022] GET /placement => generated 136 bytes in 2 msecs (HTTP/1.1 200) 6 headers in 224 bytes (2 switches on core 0)
Apr 20 14:28:07.267702 n-d-836145-2 devstack@placement-api.service[103357]: INFO placement.requestlog [req-a35f9851-3ab8-4468-8c9c-acc713b4655c req-bcccec08-60bc-4a27-99d5-d7ae926b96f9 service placement] 10.222.0.43 "POST /placement/resource_providers" status: 200 len: 836 microversion: 1.20
Apr 20 14:28:07.268280 n-d-836145-2 devstack@placement-api.service[103357]: [pid: 103357|app: 0|req: 4/9] 10.222.0.43 () {64 vars in 1340 bytes} [Wed Apr 20 14:28:07 2022] POST /placement/resource_providers => generated 836 bytes in 40 msecs (HTTP/1.1 200) 9 headers in 392 bytes (1 switches on core 0)
Apr 20 14:28:07.490005 n-d-836145-2 devstack@placement-api.service[103358]: DEBUG placement.requestlog [req-a35f9851-3ab8-4468-8c9c-acc713b4655c req-c49fa763-258d-4ab2-baa8-d9a1e46c3436 None None] Starting request: 10.222.0.43 "PUT /placement/resource_providers/194ef15b-c73d-48fb-a411-2f635d28580c/inventories" {{(pid=103358) __call__ /opt/stack/placement/placement/requestlog.py:55}}
Apr 20 14:28:07.528414 n-d-836145-2 devstack@placement-api.service[103358]: INFO placement.requestlog [req-a35f9851-3ab8-4468-8c9c-acc713b4655c req-c49fa763-258d-4ab2-baa8-d9a1e46c3436 service placement] 10.222.0.43 "PUT /placement/resource_providers/194ef15b-c73d-48fb-a411-2f635d28580c/inventories" status: 200 len: 397 microversion: 1.26
Apr 20 14:28:07.528702 n-d-836145-2 devstack@placement-api.service[103358]: [pid: 103358|app: 0|req: 6/10] 10.222.0.43 () {64 vars in 1487 bytes} [Wed Apr 20 14:28:07 2022] PUT /placement/resource_providers/194ef15b-c73d-48fb-a411-2f635d28580c/inventories => generated 397 bytes in 39 msecs (HTTP/1.1 200) 8 headers in 296 bytes (1 switches on core 0)
Apr 20 14:28:07.538899 n-d-836145-2 devstack@placement-api.service[103357]: DEBUG placement.requestlog [req-a35f9851-3ab8-4468-8c9c-acc713b4655c req-25861f46-0180-48d4-98f5-5a56fd68bc50 None None] Starting request: 10.222.0.43 "GET /placement/traits?name=in:COMPUTE_NET_ATTACH_INTERFACE,COMPUTE_DEVICE_TAGGING,COMPUTE_NODE,COMPUTE_IMAGE_TYPE_VHD,COMPUTE_IMAGE_TYPE_VHDX,COMPUTE_SECURITY_UEFI_SECURE_BOOT" {{(pid=103357) __call__ /opt/stack/placement/placement/requestlog.py:55}}
Apr 20 14:28:07.551590 n-d-836145-2 devstack@placement-api.service[103357]: INFO placement.requestlog [req-a35f9851-3ab8-4468-8c9c-acc713b4655c req-25861f46-0180-48d4-98f5-5a56fd68bc50 service placement] 10.222.0.43 "GET /placement/traits?name=in:COMPUTE_NET_ATTACH_INTERFACE,COMPUTE_DEVICE_TAGGING,COMPUTE_NODE,COMPUTE_IMAGE_TYPE_VHD,COMPUTE_IMAGE_TYPE_VHDX,COMPUTE_SECURITY_UEFI_SECURE_BOOT" status: 200 len: 176 microversion: 1.6
Apr 20 14:28:07.551793 n-d-836145-2 devstack@placement-api.service[103357]: [pid: 103357|app: 0|req: 5/11] 10.222.0.43 () {60 vars in 1557 bytes} [Wed Apr 20 14:28:07 2022] GET /placement/traits?name=in:COMPUTE_NET_ATTACH_INTERFACE,COMPUTE_DEVICE_TAGGING,COMPUTE_NODE,COMPUTE_IMAGE_TYPE_VHD,COMPUTE_IMAGE_TYPE_VHDX,COMPUTE_SECURITY_UEFI_SECURE_BOOT => generated 176 bytes in 13 msecs (HTTP/1.1 200) 6 headers in 224 bytes (2 switches on core 0)
Apr 20 14:28:07.560545 n-d-836145-2 devstack@placement-api.service[103358]: DEBUG placement.requestlog [req-a35f9851-3ab8-4468-8c9c-acc713b4655c req-4ac8e313-ab26-41a0-97da-7611022bef3e None None] Starting request: 10.222.0.43 "PUT /placement/resource_providers/194ef15b-c73d-48fb-a411-2f635d28580c/traits" {{(pid=103358) __call__ /opt/stack/placement/placement/requestlog.py:55}}
Apr 20 14:28:07.607578 n-d-836145-2 devstack@placement-api.service[103358]: INFO placement.requestlog [req-a35f9851-3ab8-4468-8c9c-acc713b4655c req-4ac8e313-ab26-41a0-97da-7611022bef3e service placement] 10.222.0.43 "PUT /placement/resource_providers/194ef15b-c73d-48fb-a411-2f635d28580c/traits" status: 200 len: 211 microversion: 1.6
Apr 20 14:28:07.607955 n-d-836145-2 devstack@placement-api.service[103358]: [pid: 103358|app: 0|req: 7/12] 10.222.0.43 () {64 vars in 1471 bytes} [Wed Apr 20 14:28:07 2022] PUT /placement/resource_providers/194ef15b-c73d-48fb-a411-2f635d28580c/traits => generated 211 bytes in 48 msecs (HTTP/1.1 200) 6 headers in 224 bytes (2 switches on core 0)
Apr 20 14:28:10.656700 n-d-836145-2 devstack@placement-api.service[103357]: DEBUG placement.requestlog [req-427ce48b-71dd-4ff9-8131-0622fbb2f023 req-14d165a7-fb36-4036-855d-c8f9ff0dbf61 None None] Starting request: 10.222.0.45 "GET /placement/resource_providers?in_tree=624ac5e1-b2a9-4fcf-98df-1686cdb0e143" {{(pid=103357) __call__ /opt/stack/placement/placement/requestlog.py:55}}
Apr 20 14:28:10.771426 n-d-836145-2 devstack@placement-api.service[103357]: INFO placement.requestlog [req-427ce48b-71dd-4ff9-8131-0622fbb2f023 req-14d165a7-fb36-4036-855d-c8f9ff0dbf61 service placement] 10.222.0.45 "GET /placement/resource_providers?in_tree=624ac5e1-b2a9-4fcf-98df-1686cdb0e143" status: 200 len: 26 microversion: 1.14
Apr 20 14:28:10.771594 n-d-836145-2 devstack@placement-api.service[103357]: [pid: 103357|app: 0|req: 6/13] 10.222.0.45 () {60 vars in 1376 bytes} [Wed Apr 20 14:28:10 2022] GET /placement/resource_providers?in_tree=624ac5e1-b2a9-4fcf-98df-1686cdb0e143 => generated 26 bytes in 115 msecs (HTTP/1.1 200) 6 headers in 224 bytes (2 switches on core 0)
Apr 20 14:28:10.779736 n-d-836145-2 devstack@placement-api.service[103358]: DEBUG placement.requestlog [req-427ce48b-71dd-4ff9-8131-0622fbb2f023 req-c5786e6e-c1a4-4538-a81e-2730468e34f5 None None] Starting request: 10.222.0.45 "POST /placement/resource_providers" {{(pid=103358) __call__ /opt/stack/placement/placement/requestlog.py:55}}
Apr 20 14:28:10.807396 n-d-836145-2 devstack@placement-api.service[103358]: INFO placement.requestlog [req-427ce48b-71dd-4ff9-8131-0622fbb2f023 req-c5786e6e-c1a4-4538-a81e-2730468e34f5 service placement] 10.222.0.45 "POST /placement/resource_providers" status: 200 len: 836 microversion: 1.20
Apr 20 14:28:10.807810 n-d-836145-2 devstack@placement-api.service[103358]: [pid: 103358|app: 0|req: 8/14] 10.222.0.45 () {64 vars in 1340 bytes} [Wed Apr 20 14:28:10 2022] POST /placement/resource_providers => generated 836 bytes in 29 msecs (HTTP/1.1 200) 9 headers in 392 bytes (1 switches on core 0)
Apr 20 14:28:11.051584 n-d-836145-2 devstack@placement-api.service[103357]: DEBUG placement.requestlog [req-427ce48b-71dd-4ff9-8131-0622fbb2f023 req-1611e259-7329-44cf-939f-0806f77adf3d None None] Starting request: 10.222.0.45 "PUT /placement/resource_providers/624ac5e1-b2a9-4fcf-98df-1686cdb0e143/inventories" {{(pid=103357) __call__ /opt/stack/placement/placement/requestlog.py:55}}
Apr 20 14:28:11.088366 n-d-836145-2 devstack@placement-api.service[103357]: INFO placement.requestlog [req-427ce48b-71dd-4ff9-8131-0622fbb2f023 req-1611e259-7329-44cf-939f-0806f77adf3d service placement] 10.222.0.45 "PUT /placement/resource_providers/624ac5e1-b2a9-4fcf-98df-1686cdb0e143/inventories" status: 200 len: 397 microversion: 1.26
Apr 20 14:28:11.088366 n-d-836145-2 devstack@placement-api.service[103357]: [pid: 103357|app: 0|req: 7/15] 10.222.0.45 () {64 vars in 1487 bytes} [Wed Apr 20 14:28:11 2022] PUT /placement/resource_providers/624ac5e1-b2a9-4fcf-98df-1686cdb0e143/inventories => generated 397 bytes in 37 msecs (HTTP/1.1 200) 8 headers in 296 bytes (1 switches on core 0)
Apr 20 14:28:11.111233 n-d-836145-2 devstack@placement-api.service[103358]: DEBUG placement.requestlog [req-427ce48b-71dd-4ff9-8131-0622fbb2f023 req-ac763335-5fa3-4200-a4d0-86af814055aa None None] Starting request: 10.222.0.45 "GET /placement/traits?name=in:COMPUTE_IMAGE_TYPE_VHD,COMPUTE_DEVICE_TAGGING,COMPUTE_SECURITY_UEFI_SECURE_BOOT,COMPUTE_NET_ATTACH_INTERFACE,COMPUTE_IMAGE_TYPE_VHDX,COMPUTE_NODE" {{(pid=103358) __call__ /opt/stack/placement/placement/requestlog.py:55}}
Apr 20 14:28:11.120833 n-d-836145-2 devstack@placement-api.service[103358]: INFO placement.requestlog [req-427ce48b-71dd-4ff9-8131-0622fbb2f023 req-ac763335-5fa3-4200-a4d0-86af814055aa service placement] 10.222.0.45 "GET /placement/traits?name=in:COMPUTE_IMAGE_TYPE_VHD,COMPUTE_DEVICE_TAGGING,COMPUTE_SECURITY_UEFI_SECURE_BOOT,COMPUTE_NET_ATTACH_INTERFACE,COMPUTE_IMAGE_TYPE_VHDX,COMPUTE_NODE" status: 200 len: 176 microversion: 1.6
Apr 20 14:28:11.121013 n-d-836145-2 devstack@placement-api.service[103358]: [pid: 103358|app: 0|req: 9/16] 10.222.0.45 () {60 vars in 1557 bytes} [Wed Apr 20 14:28:11 2022] GET /placement/traits?name=in:COMPUTE_IMAGE_TYPE_VHD,COMPUTE_DEVICE_TAGGING,COMPUTE_SECURITY_UEFI_SECURE_BOOT,COMPUTE_NET_ATTACH_INTERFACE,COMPUTE_IMAGE_TYPE_VHDX,COMPUTE_NODE => generated 176 bytes in 10 msecs (HTTP/1.1 200) 6 headers in 224 bytes (1 switches on core 0)
Apr 20 14:28:11.128754 n-d-836145-2 devstack@placement-api.service[103357]: DEBUG placement.requestlog [req-427ce48b-71dd-4ff9-8131-0622fbb2f023 req-9cd26240-7c45-411a-b9e9-689aebdff72d None None] Starting request: 10.222.0.45 "PUT /placement/resource_providers/624ac5e1-b2a9-4fcf-98df-1686cdb0e143/traits" {{(pid=103357) __call__ /opt/stack/placement/placement/requestlog.py:55}}
Apr 20 14:28:11.162558 n-d-836145-2 devstack@placement-api.service[103357]: INFO placement.requestlog [req-427ce48b-71dd-4ff9-8131-0622fbb2f023 req-9cd26240-7c45-411a-b9e9-689aebdff72d service placement] 10.222.0.45 "PUT /placement/resource_providers/624ac5e1-b2a9-4fcf-98df-1686cdb0e143/traits" status: 200 len: 211 microversion: 1.6
Apr 20 14:28:11.163071 n-d-836145-2 devstack@placement-api.service[103357]: [pid: 103357|app: 0|req: 8/17] 10.222.0.45 () {64 vars in 1471 bytes} [Wed Apr 20 14:28:11 2022] PUT /placement/resource_providers/624ac5e1-b2a9-4fcf-98df-1686cdb0e143/traits => generated 211 bytes in 34 msecs (HTTP/1.1 200) 6 headers in 224 bytes (1 switches on core 0)
Apr 20 14:29:03.907845 n-d-836145-2 devstack@placement-api.service[103358]: DEBUG placement.requestlog [req-e9d1b479-bc52-487a-a35f-fc21454c2212 req-0ffd83e6-360a-40be-bc04-8339e755b820 None None] Starting request: 10.222.0.43 "GET /placement/resource_providers/194ef15b-c73d-48fb-a411-2f635d28580c/allocations" {{(pid=103358) __call__ /opt/stack/placement/placement/requestlog.py:55}}
Apr 20 14:29:03.931788 n-d-836145-2 devstack@placement-api.service[103358]: INFO placement.requestlog [req-e9d1b479-bc52-487a-a35f-fc21454c2212 req-0ffd83e6-360a-40be-bc04-8339e755b820 service placement] 10.222.0.43 "GET /placement/resource_providers/194ef15b-c73d-48fb-a411-2f635d28580c/allocations" status: 200 len: 54 microversion: 1.0
Apr 20 14:29:03.931987 n-d-836145-2 devstack@placement-api.service[103358]: [pid: 103358|app: 0|req: 10/18] 10.222.0.43 () {58 vars in 1390 bytes} [Wed Apr 20 14:29:03 2022] GET /placement/resource_providers/194ef15b-c73d-48fb-a411-2f635d28580c/allocations => generated 54 bytes in 25 msecs (HTTP/1.1 200) 6 headers in 223 bytes (1 switches on core 0)
Apr 20 14:29:07.515625 n-d-836145-2 devstack@placement-api.service[103357]: DEBUG placement.requestlog [req-458af526-180d-4cb2-b342-fe78ba05615e req-75843094-4f72-4eca-9c8c-7fdbce1fc22d None None] Starting request: 10.222.0.45 "GET /placement/resource_providers/624ac5e1-b2a9-4fcf-98df-1686cdb0e143/allocations" {{(pid=103357) __call__ /opt/stack/placement/placement/requestlog.py:55}}
Apr 20 14:29:07.538084 n-d-836145-2 devstack@placement-api.service[103357]: INFO placement.requestlog [req-458af526-180d-4cb2-b342-fe78ba05615e req-75843094-4f72-4eca-9c8c-7fdbce1fc22d service placement] 10.222.0.45 "GET /placement/resource_providers/624ac5e1-b2a9-4fcf-98df-1686cdb0e143/allocations" status: 200 len: 54 microversion: 1.0
Apr 20 14:29:07.538496 n-d-836145-2 devstack@placement-api.service[103357]: [pid: 103357|app: 0|req: 9/19] 10.222.0.45 () {58 vars in 1390 bytes} [Wed Apr 20 14:29:07 2022] GET /placement/resource_providers/624ac5e1-b2a9-4fcf-98df-1686cdb0e143/allocations => generated 54 bytes in 23 msecs (HTTP/1.1 200) 6 headers in 223 bytes (1 switches on core 0)
Apr 20 14:29:47.934533 n-d-836145-2 devstack@placement-api.service[103358]: DEBUG placement.requestlog [None req-9a6ab3a7-3350-4a86-a2f4-b35b9ad6df9e None None] Starting request: 10.222.0.20 "GET /placement/" {{(pid=103358) __call__ /opt/stack/placement/placement/requestlog.py:55}}
Apr 20 14:29:47.935553 n-d-836145-2 devstack@placement-api.service[103358]: INFO placement.requestlog [None req-9a6ab3a7-3350-4a86-a2f4-b35b9ad6df9e None None] 10.222.0.20 "GET /placement/" status: 200 len: 136 microversion: 1.0
Apr 20 14:29:47.936022 n-d-836145-2 devstack@placement-api.service[103358]: [pid: 103358|app: 0|req: 11/20] 10.222.0.20 () {54 vars in 916 bytes} [Wed Apr 20 14:29:47 2022] GET /placement => generated 136 bytes in 2 msecs (HTTP/1.1 200) 6 headers in 224 bytes (1 switches on core 0)
Apr 20 14:30:05.801064 n-d-836145-2 devstack@placement-api.service[103357]: DEBUG placement.requestlog [req-f4bf1fcb-7a63-4e7c-916a-2125ee2ad355 req-7847f5f7-02c5-4f2b-baa2-c73ff0fae97f None None] Starting request: 10.222.0.43 "GET /placement/resource_providers/194ef15b-c73d-48fb-a411-2f635d28580c/allocations" {{(pid=103357) __call__ /opt/stack/placement/placement/requestlog.py:55}}
Apr 20 14:30:05.817202 n-d-836145-2 devstack@placement-api.service[103357]: INFO placement.requestlog [req-f4bf1fcb-7a63-4e7c-916a-2125ee2ad355 req-7847f5f7-02c5-4f2b-baa2-c73ff0fae97f service placement] 10.222.0.43 "GET /placement/resource_providers/194ef15b-c73d-48fb-a411-2f635d28580c/allocations" status: 200 len: 54 microversion: 1.0
Apr 20 14:30:05.817546 n-d-836145-2 devstack@placement-api.service[103357]: [pid: 103357|app: 0|req: 10/21] 10.222.0.43 () {58 vars in 1390 bytes} [Wed Apr 20 14:30:05 2022] GET /placement/resource_providers/194ef15b-c73d-48fb-a411-2f635d28580c/allocations => generated 54 bytes in 17 msecs (HTTP/1.1 200) 6 headers in 223 bytes (1 switches on core 0)
Apr 20 14:30:09.540140 n-d-836145-2 devstack@placement-api.service[103358]: DEBUG placement.requestlog [req-d45d0ddd-3bc1-4f3b-a199-ac938a135dca req-e0689062-b09a-4a53-acf8-a49326a68fca None None] Starting request: 10.222.0.45 "GET /placement/resource_providers/624ac5e1-b2a9-4fcf-98df-1686cdb0e143/allocations" {{(pid=103358) __call__ /opt/stack/placement/placement/requestlog.py:55}}
Apr 20 14:30:09.557214 n-d-836145-2 devstack@placement-api.service[103358]: INFO placement.requestlog [req-d45d0ddd-3bc1-4f3b-a199-ac938a135dca req-e0689062-b09a-4a53-acf8-a49326a68fca service placement] 10.222.0.45 "GET /placement/resource_providers/624ac5e1-b2a9-4fcf-98df-1686cdb0e143/allocations" status: 200 len: 54 microversion: 1.0
Apr 20 14:30:09.557757 n-d-836145-2 devstack@placement-api.service[103358]: [pid: 103358|app: 0|req: 12/22] 10.222.0.45 () {58 vars in 1390 bytes} [Wed Apr 20 14:30:09 2022] GET /placement/resource_providers/624ac5e1-b2a9-4fcf-98df-1686cdb0e143/allocations => generated 54 bytes in 18 msecs (HTTP/1.1 200) 6 headers in 223 bytes (1 switches on core 0)
Apr 20 14:30:39.244447 n-d-836145-2 devstack@placement-api.service[103357]: DEBUG placement.requestlog [None req-301168f4-8623-4271-928c-b8c8ce1a61d3 None None] Starting request: 10.222.0.20 "GET /placement/" {{(pid=103357) __call__ /opt/stack/placement/placement/requestlog.py:55}}
Apr 20 14:30:39.245665 n-d-836145-2 devstack@placement-api.service[103357]: INFO placement.requestlog [None req-301168f4-8623-4271-928c-b8c8ce1a61d3 None None] 10.222.0.20 "GET /placement/" status: 200 len: 136 microversion: 1.0
Apr 20 14:30:39.246353 n-d-836145-2 devstack@placement-api.service[103357]: [pid: 103357|app: 0|req: 11/23] 10.222.0.20 () {54 vars in 907 bytes} [Wed Apr 20 14:30:39 2022] GET /placement => generated 136 bytes in 2 msecs (HTTP/1.1 200) 6 headers in 224 bytes (1 switches on core 0)
Apr 20 14:30:39.277695 n-d-836145-2 devstack@placement-api.service[103358]: DEBUG placement.requestlog [req-d183db62-0e3d-4e0a-b2ca-31c0bcab6762 req-f3ce8e9d-44be-4d16-9556-66f08e010438 None None] Starting request: 10.222.0.20 "GET /placement/resource_providers?name=n-h2-836145-2" {{(pid=103358) __call__ /opt/stack/placement/placement/requestlog.py:55}}
Apr 20 14:30:39.538198 n-d-836145-2 devstack@placement-api.service[103358]: INFO placement.requestlog [req-d183db62-0e3d-4e0a-b2ca-31c0bcab6762 req-f3ce8e9d-44be-4d16-9556-66f08e010438 service placement] 10.222.0.20 "GET /placement/resource_providers?name=n-h2-836145-2" status: 200 len: 440 microversion: 1.0
Apr 20 14:30:39.540370 n-d-836145-2 devstack@placement-api.service[103358]: [pid: 103358|app: 0|req: 13/24] 10.222.0.20 () {58 vars in 1274 bytes} [Wed Apr 20 14:30:39 2022] GET /placement/resource_providers?name=n-h2-836145-2 => generated 440 bytes in 263 msecs (HTTP/1.1 200) 6 headers in 224 bytes (1 switches on core 0)
Apr 20 14:30:39.545818 n-d-836145-2 devstack@placement-api.service[103357]: DEBUG placement.requestlog [req-d183db62-0e3d-4e0a-b2ca-31c0bcab6762 req-8984025e-6e32-460b-bc04-38838026128a None None] Starting request: 10.222.0.20 "GET /placement/resource_providers/194ef15b-c73d-48fb-a411-2f635d28580c/aggregates" {{(pid=103357) __call__ /opt/stack/placement/placement/requestlog.py:55}}
Apr 20 14:30:39.573996 n-d-836145-2 devstack@placement-api.service[103357]: INFO placement.requestlog [req-d183db62-0e3d-4e0a-b2ca-31c0bcab6762 req-8984025e-6e32-460b-bc04-38838026128a service placement] 10.222.0.20 "GET /placement/resource_providers/194ef15b-c73d-48fb-a411-2f635d28580c/aggregates" status: 200 len: 53 microversion: 1.19
Apr 20 14:30:39.574219 n-d-836145-2 devstack@placement-api.service[103357]: [pid: 103357|app: 0|req: 12/25] 10.222.0.20 () {60 vars in 1425 bytes} [Wed Apr 20 14:30:39 2022] GET /placement/resource_providers/194ef15b-c73d-48fb-a411-2f635d28580c/aggregates => generated 53 bytes in 29 msecs (HTTP/1.1 200) 8 headers in 295 bytes (1 switches on core 0)
Apr 20 14:30:39.582156 n-d-836145-2 devstack@placement-api.service[103358]: DEBUG placement.requestlog [req-d183db62-0e3d-4e0a-b2ca-31c0bcab6762 req-442e9dad-70fb-4ae3-875e-ca150ef68ae4 None None] Starting request: 10.222.0.20 "PUT /placement/resource_providers/194ef15b-c73d-48fb-a411-2f635d28580c/aggregates" {{(pid=103358) __call__ /opt/stack/placement/placement/requestlog.py:55}}
Apr 20 14:30:39.607061 n-d-836145-2 devstack@placement-api.service[103358]: DEBUG placement.objects.resource_provider [req-d183db62-0e3d-4e0a-b2ca-31c0bcab6762 req-442e9dad-70fb-4ae3-875e-ca150ef68ae4 service placement] _ensure_aggregate() did not find aggregate fd15d8a8-5928-468d-b833-c768aec9cf04. Attempting to create it. {{(pid=103358) _ensure_aggregate /opt/stack/placement/placement/objects/resource_provider.py:320}}
Apr 20 14:30:39.613766 n-d-836145-2 devstack@placement-api.service[103358]: DEBUG placement.objects.resource_provider [req-d183db62-0e3d-4e0a-b2ca-31c0bcab6762 req-442e9dad-70fb-4ae3-875e-ca150ef68ae4 service placement] _ensure_aggregate() created new aggregate fd15d8a8-5928-468d-b833-c768aec9cf04 (id=1). {{(pid=103358) _ensure_aggregate /opt/stack/placement/placement/objects/resource_provider.py:326}}
Apr 20 14:30:39.626738 n-d-836145-2 devstack@placement-api.service[103358]: DEBUG placement.objects.resource_provider [req-d183db62-0e3d-4e0a-b2ca-31c0bcab6762 req-442e9dad-70fb-4ae3-875e-ca150ef68ae4 service placement] Setting aggregates for provider 194ef15b-c73d-48fb-a411-2f635d28580c. Successfully associated aggregate fd15d8a8-5928-468d-b833-c768aec9cf04. {{(pid=103358) _set_aggregates /opt/stack/placement/placement/objects/resource_provider.py:388}}
Apr 20 14:30:39.641251 n-d-836145-2 devstack@placement-api.service[103358]: INFO placement.requestlog [req-d183db62-0e3d-4e0a-b2ca-31c0bcab6762 req-442e9dad-70fb-4ae3-875e-ca150ef68ae4 service placement] 10.222.0.20 "PUT /placement/resource_providers/194ef15b-c73d-48fb-a411-2f635d28580c/aggregates" status: 200 len: 91 microversion: 1.19
Apr 20 14:30:39.642928 n-d-836145-2 devstack@placement-api.service[103358]: [pid: 103358|app: 0|req: 14/26] 10.222.0.20 () {64 vars in 1477 bytes} [Wed Apr 20 14:30:39 2022] PUT /placement/resource_providers/194ef15b-c73d-48fb-a411-2f635d28580c/aggregates => generated 91 bytes in 62 msecs (HTTP/1.1 200) 8 headers in 295 bytes (2 switches on core 0)
Apr 20 14:30:41.541039 n-d-836145-2 devstack@placement-api.service[103357]: DEBUG placement.requestlog [req-d606896a-7e4b-407b-81ac-e246c0b43fe1 req-fe419c23-b08f-4b6a-b302-506543e054eb None None] Starting request: 10.222.0.20 "GET /placement/allocation_candidates?limit=1000&member_of=in%3Afd15d8a8-5928-468d-b833-c768aec9cf04&resources=DISK_GB%3A1%2CMEMORY_MB%3A1024%2CVCPU%3A1&root_required=%21COMPUTE_STATUS_DISABLED" {{(pid=103357) __call__ /opt/stack/placement/placement/requestlog.py:55}}
Apr 20 14:30:41.782089 n-d-836145-2 devstack@placement-api.service[103357]: DEBUG placement.objects.research_context [req-d606896a-7e4b-407b-81ac-e246c0b43fe1 req-fe419c23-b08f-4b6a-b302-506543e054eb service placement] getting providers with 1 DISK_GB {{(pid=103357) __init__ /opt/stack/placement/placement/objects/research_context.py:126}}
Apr 20 14:30:41.807592 n-d-836145-2 devstack@placement-api.service[103357]: DEBUG placement.objects.research_context [req-d606896a-7e4b-407b-81ac-e246c0b43fe1 req-fe419c23-b08f-4b6a-b302-506543e054eb service placement] getting providers with 1024 MEMORY_MB {{(pid=103357) __init__ /opt/stack/placement/placement/objects/research_context.py:126}}
Apr 20 14:30:41.814865 n-d-836145-2 devstack@placement-api.service[103357]: DEBUG placement.objects.research_context [req-d606896a-7e4b-407b-81ac-e246c0b43fe1 req-fe419c23-b08f-4b6a-b302-506543e054eb service placement] getting providers with 1 VCPU {{(pid=103357) __init__ /opt/stack/placement/placement/objects/research_context.py:126}}
Apr 20 14:30:41.821446 n-d-836145-2 devstack@placement-api.service[103357]: DEBUG placement.objects.research_context [req-d606896a-7e4b-407b-81ac-e246c0b43fe1 req-fe419c23-b08f-4b6a-b302-506543e054eb service placement] found 1 providers after applying required aggregates filter ([{'fd15d8a8-5928-468d-b833-c768aec9cf04'}]) {{(pid=103357) get_provider_ids_for_traits_and_aggs /opt/stack/placement/placement/objects/research_context.py:1070}}
Apr 20 14:30:41.821735 n-d-836145-2 devstack@placement-api.service[103357]: DEBUG placement.objects.research_context [req-d606896a-7e4b-407b-81ac-e246c0b43fe1 req-fe419c23-b08f-4b6a-b302-506543e054eb service placement] found 2 providers with available 1 DISK_GB {{(pid=103357) get_provider_ids_matching /opt/stack/placement/placement/objects/research_context.py:549}}
Apr 20 14:30:41.822452 n-d-836145-2 devstack@placement-api.service[103357]: DEBUG placement.objects.research_context [req-d606896a-7e4b-407b-81ac-e246c0b43fe1 req-fe419c23-b08f-4b6a-b302-506543e054eb service placement] found 1 providers after applying initial aggregate and trait filters {{(pid=103357) get_provider_ids_matching /opt/stack/placement/placement/objects/research_context.py:561}}
Apr 20 14:30:41.822823 n-d-836145-2 devstack@placement-api.service[103357]: DEBUG placement.objects.research_context [req-d606896a-7e4b-407b-81ac-e246c0b43fe1 req-fe419c23-b08f-4b6a-b302-506543e054eb service placement] found 2 providers with available 1024 MEMORY_MB {{(pid=103357) get_provider_ids_matching /opt/stack/placement/placement/objects/research_context.py:549}}
Apr 20 14:30:41.823276 n-d-836145-2 devstack@placement-api.service[103357]: DEBUG placement.objects.research_context [req-d606896a-7e4b-407b-81ac-e246c0b43fe1 req-fe419c23-b08f-4b6a-b302-506543e054eb service placement] found 1 providers after filtering by previous result {{(pid=103357) get_provider_ids_matching /opt/stack/placement/placement/objects/research_context.py:580}}
Apr 20 14:30:41.823731 n-d-836145-2 devstack@placement-api.service[103357]: DEBUG placement.objects.research_context [req-d606896a-7e4b-407b-81ac-e246c0b43fe1 req-fe419c23-b08f-4b6a-b302-506543e054eb service placement] found 2 providers with available 1 VCPU {{(pid=103357) get_provider_ids_matching /opt/stack/placement/placement/objects/research_context.py:549}}
Apr 20 14:30:41.824157 n-d-836145-2 devstack@placement-api.service[103357]: DEBUG placement.objects.research_context [req-d606896a-7e4b-407b-81ac-e246c0b43fe1 req-fe419c23-b08f-4b6a-b302-506543e054eb service placement] found 1 providers after filtering by previous result {{(pid=103357) get_provider_ids_matching /opt/stack/placement/placement/objects/research_context.py:580}}
Apr 20 14:30:41.842502 n-d-836145-2 devstack@placement-api.service[103357]: DEBUG placement.objects.allocation_candidate [req-d606896a-7e4b-407b-81ac-e246c0b43fe1 req-fe419c23-b08f-4b6a-b302-506543e054eb service placement] RequestGroup(use_same_provider=False, resources={DISK_GB:1, MEMORY_MB:1024, VCPU:1}, traits=[], aggregates=[[fd15d8a8-5928-468d-b833-c768aec9cf04]]) (suffix '') returned 1 matches {{(pid=103357) _get_by_requests /opt/stack/placement/placement/objects/allocation_candidate.py:145}}
Apr 20 14:30:41.843116 n-d-836145-2 devstack@placement-api.service[103357]: DEBUG placement.objects.allocation_candidate [req-d606896a-7e4b-407b-81ac-e246c0b43fe1 req-fe419c23-b08f-4b6a-b302-506543e054eb service placement] Merging candidates yields 1 allocation requests and 1 provider summaries {{(pid=103357) _merge_candidates /opt/stack/placement/placement/objects/allocation_candidate.py:783}}
Apr 20 14:30:41.846026 n-d-836145-2 devstack@placement-api.service[103357]: INFO placement.requestlog [req-d606896a-7e4b-407b-81ac-e246c0b43fe1 req-fe419c23-b08f-4b6a-b302-506543e054eb service placement] 10.222.0.20 "GET /placement/allocation_candidates?limit=1000&member_of=in%3Afd15d8a8-5928-468d-b833-c768aec9cf04&resources=DISK_GB%3A1%2CMEMORY_MB%3A1024%2CVCPU%3A1&root_required=%21COMPUTE_STATUS_DISABLED" status: 200 len: 676 microversion: 1.36
Apr 20 14:30:41.863887 n-d-836145-2 devstack@placement-api.service[103357]: [pid: 103357|app: 0|req: 13/27] 10.222.0.20 () {60 vars in 1610 bytes} [Wed Apr 20 14:30:41 2022] GET /placement/allocation_candidates?limit=1000&member_of=in%3Afd15d8a8-5928-468d-b833-c768aec9cf04&resources=DISK_GB%3A1%2CMEMORY_MB%3A1024%2CVCPU%3A1&root_required=%21COMPUTE_STATUS_DISABLED => generated 676 bytes in 323 msecs (HTTP/1.1 200) 8 headers in 296 bytes (1 switches on core 0)
Apr 20 14:30:42.025995 n-d-836145-2 devstack@placement-api.service[103358]: DEBUG placement.requestlog [req-d606896a-7e4b-407b-81ac-e246c0b43fe1 req-a92d0d10-55c6-4b2d-b735-f42f6d0abf2a None None] Starting request: 10.222.0.20 "GET /placement/allocations/b07e6f8d-4a92-48bb-bc10-8683cf45baa2" {{(pid=103358) __call__ /opt/stack/placement/placement/requestlog.py:55}}
Apr 20 14:30:42.102758 n-d-836145-2 devstack@placement-api.service[103358]: INFO placement.requestlog [req-d606896a-7e4b-407b-81ac-e246c0b43fe1 req-a92d0d10-55c6-4b2d-b735-f42f6d0abf2a service placement] 10.222.0.20 "GET /placement/allocations/b07e6f8d-4a92-48bb-bc10-8683cf45baa2" status: 200 len: 19 microversion: 1.28
Apr 20 14:30:42.103447 n-d-836145-2 devstack@placement-api.service[103358]: [pid: 103358|app: 0|req: 15/28] 10.222.0.20 () {60 vars in 1380 bytes} [Wed Apr 20 14:30:42 2022] GET /placement/allocations/b07e6f8d-4a92-48bb-bc10-8683cf45baa2 => generated 19 bytes in 78 msecs (HTTP/1.1 200) 8 headers in 295 bytes (1 switches on core 0)
Apr 20 14:30:42.111533 n-d-836145-2 devstack@placement-api.service[103357]: DEBUG placement.requestlog [req-d606896a-7e4b-407b-81ac-e246c0b43fe1 req-242128b3-65ce-42de-b9ac-d89f4c478edd None None] Starting request: 10.222.0.20 "PUT /placement/allocations/b07e6f8d-4a92-48bb-bc10-8683cf45baa2" {{(pid=103357) __call__ /opt/stack/placement/placement/requestlog.py:55}}
Apr 20 14:30:42.273833 n-d-836145-2 devstack@placement-api.service[103357]: DEBUG placement.handlers.allocation [req-d606896a-7e4b-407b-81ac-e246c0b43fe1 req-242128b3-65ce-42de-b9ac-d89f4c478edd service placement] Successfully wrote allocations [, , ] {{(pid=103357) _update_consumers_and_create_allocations /opt/stack/placement/placement/handlers/allocation.py:462}}
Apr 20 14:30:42.279695 n-d-836145-2 devstack@placement-api.service[103357]: INFO placement.requestlog [req-d606896a-7e4b-407b-81ac-e246c0b43fe1 req-242128b3-65ce-42de-b9ac-d89f4c478edd service placement] 10.222.0.20 "PUT /placement/allocations/b07e6f8d-4a92-48bb-bc10-8683cf45baa2" status: 204 len: 0 microversion: 1.36
Apr 20 14:30:42.280676 n-d-836145-2 devstack@placement-api.service[103357]: [pid: 103357|app: 0|req: 14/29] 10.222.0.20 () {64 vars in 1433 bytes} [Wed Apr 20 14:30:42 2022] PUT /placement/allocations/b07e6f8d-4a92-48bb-bc10-8683cf45baa2 => generated 0 bytes in 169 msecs (HTTP/1.1 204) 5 headers in 199 bytes (1 switches on core 0)
Apr 20 14:30:43.680338 n-d-836145-2 devstack@placement-api.service[103358]: DEBUG placement.requestlog [req-d606896a-7e4b-407b-81ac-e246c0b43fe1 req-d47f3f07-fb75-42f3-98f7-32a33942ed7a None None] Starting request: 10.222.0.43 "GET /placement/allocations/b07e6f8d-4a92-48bb-bc10-8683cf45baa2" {{(pid=103358) __call__ /opt/stack/placement/placement/requestlog.py:55}}
Apr 20 14:30:43.711451 n-d-836145-2 devstack@placement-api.service[103358]: INFO placement.requestlog [req-d606896a-7e4b-407b-81ac-e246c0b43fe1 req-d47f3f07-fb75-42f3-98f7-32a33942ed7a service placement] 10.222.0.43 "GET /placement/allocations/b07e6f8d-4a92-48bb-bc10-8683cf45baa2" status: 200 len: 258 microversion: 1.28
Apr 20 14:30:43.713090 n-d-836145-2 devstack@placement-api.service[103358]: [pid: 103358|app: 0|req: 16/30] 10.222.0.43 () {60 vars in 1377 bytes} [Wed Apr 20 14:30:43 2022] GET /placement/allocations/b07e6f8d-4a92-48bb-bc10-8683cf45baa2 => generated 258 bytes in 33 msecs (HTTP/1.1 200) 8 headers in 296 bytes (1 switches on core 0)
Apr 20 14:31:05.371750 n-d-836145-2 devstack@placement-api.service[103357]: DEBUG placement.requestlog [req-267cdfda-b3ee-4f2f-9102-cffeafc16229 req-11f86f72-b3a7-413a-8c81-5a545fa583e6 None None] Starting request: 10.222.0.20 "GET /placement/allocation_candidates?limit=1000&resources=DISK_GB%3A1%2CMEMORY_MB%3A1024%2CVCPU%3A1&root_required=%21COMPUTE_STATUS_DISABLED" {{(pid=103357) __call__ /opt/stack/placement/placement/requestlog.py:55}}
Apr 20 14:31:05.406425 n-d-836145-2 devstack@placement-api.service[103357]: DEBUG placement.objects.research_context [req-267cdfda-b3ee-4f2f-9102-cffeafc16229 req-11f86f72-b3a7-413a-8c81-5a545fa583e6 service placement] getting providers with 1 DISK_GB {{(pid=103357) __init__ /opt/stack/placement/placement/objects/research_context.py:126}}
Apr 20 14:31:05.412856 n-d-836145-2 devstack@placement-api.service[103357]: DEBUG placement.objects.research_context [req-267cdfda-b3ee-4f2f-9102-cffeafc16229 req-11f86f72-b3a7-413a-8c81-5a545fa583e6 service placement] getting providers with 1024 MEMORY_MB {{(pid=103357) __init__ /opt/stack/placement/placement/objects/research_context.py:126}}
