Apr 01 04:50:42.210347 n-d-836113-1 devstack@placement-api.service[111167]: DEBUG placement.objects.allocation_candidate [req-90ecea1c-9659-4a0f-a686-95619d2e7c82 req-f68b8b10-19b6-44ab-baf5-509c5f7fed90 service placement] RequestGroup(use_same_provider=False, resources={DISK_GB:1, MEMORY_MB:1024, VCPU:1}, traits=(), aggregates=[]) (suffix '') returned 2 matches {{(pid=111167) _get_by_requests /opt/stack/placement/placement/objects/allocation_candidate.py:156}}
Apr 01 04:50:42.210720 n-d-836113-1 devstack@placement-api.service[111167]: DEBUG placement.objects.allocation_candidate [req-90ecea1c-9659-4a0f-a686-95619d2e7c82 req-f68b8b10-19b6-44ab-baf5-509c5f7fed90 service placement] Merging candidates yields 2 allocation requests and 2 provider summaries {{(pid=111167) _merge_candidates /opt/stack/placement/placement/objects/allocation_candidate.py:809}}
Apr 01 04:50:42.213098 n-d-836113-1 devstack@placement-api.service[111167]: INFO placement.requestlog [req-90ecea1c-9659-4a0f-a686-95619d2e7c82 req-f68b8b10-19b6-44ab-baf5-509c5f7fed90 service placement] 10.222.0.23 "GET /placement/allocation_candidates?limit=1000&resources=DISK_GB%3A1%2CMEMORY_MB%3A1024%2CVCPU%3A1&root_required=%21COMPUTE_STATUS_DISABLED" status: 200 len: 1309 microversion: 1.36
Apr 01 04:50:42.213698 n-d-836113-1 devstack@placement-api.service[111167]: [pid: 111167|app: 0|req: 57/119] 10.222.0.23 () {60 vars in 1506 bytes} [Fri Apr 1 04:50:42 2022] GET /placement/allocation_candidates?limit=1000&resources=DISK_GB%3A1%2CMEMORY_MB%3A1024%2CVCPU%3A1&root_required=%21COMPUTE_STATUS_DISABLED => generated 1309 bytes in 94 msecs (HTTP/1.1 200) 8 headers in 297 bytes (1 switches on core 0)
Apr 01 04:50:42.282294 n-d-836113-1 devstack@placement-api.service[111166]: DEBUG placement.requestlog [req-90ecea1c-9659-4a0f-a686-95619d2e7c82 req-e276dc83-6338-4ee3-a63d-bb54852abc53 None None] Starting request: 10.222.0.23 "GET /placement/allocations/b9b7e59c-017a-4d56-be7a-7f3c9a93753c" {{(pid=111166) __call__ /opt/stack/placement/placement/requestlog.py:55}}
Apr 01 04:50:42.301207 n-d-836113-1 devstack@placement-api.service[111166]: INFO placement.requestlog [req-90ecea1c-9659-4a0f-a686-95619d2e7c82 req-e276dc83-6338-4ee3-a63d-bb54852abc53 service placement] 10.222.0.23 "GET /placement/allocations/b9b7e59c-017a-4d56-be7a-7f3c9a93753c" status: 200 len: 19 microversion: 1.28
Apr 01 04:50:42.307419 n-d-836113-1 devstack@placement-api.service[111166]: [pid: 111166|app: 0|req: 63/120] 10.222.0.23 () {60 vars in 1380 bytes} [Fri Apr 1 04:50:42 2022] GET /placement/allocations/b9b7e59c-017a-4d56-be7a-7f3c9a93753c => generated 19 bytes in 25 msecs (HTTP/1.1 200) 8 headers in 295 bytes (1 switches on core 0)
Apr 01 04:50:42.312368 n-d-836113-1 devstack@placement-api.service[111167]: DEBUG placement.requestlog [req-90ecea1c-9659-4a0f-a686-95619d2e7c82 req-0e34a7a3-dd22-4b35-87cb-95ed86b7c4a9 None None] Starting request: 10.222.0.23 "PUT /placement/allocations/b9b7e59c-017a-4d56-be7a-7f3c9a93753c" {{(pid=111167) __call__ /opt/stack/placement/placement/requestlog.py:55}}
Apr 01 04:50:42.415434 n-d-836113-1 devstack@placement-api.service[111167]: DEBUG placement.handlers.allocation [req-90ecea1c-9659-4a0f-a686-95619d2e7c82 req-0e34a7a3-dd22-4b35-87cb-95ed86b7c4a9 service placement] Successfully wrote allocations [, , ] {{(pid=111167) _update_consumers_and_create_allocations /opt/stack/placement/placement/handlers/allocation.py:462}}
Apr 01 04:50:42.421560 n-d-836113-1 devstack@placement-api.service[111167]: INFO placement.requestlog [req-90ecea1c-9659-4a0f-a686-95619d2e7c82 req-0e34a7a3-dd22-4b35-87cb-95ed86b7c4a9 service placement] 10.222.0.23 "PUT /placement/allocations/b9b7e59c-017a-4d56-be7a-7f3c9a93753c" status: 204 len: 0 microversion: 1.36
Apr 01 04:50:42.423283 n-d-836113-1 devstack@placement-api.service[111167]: [pid: 111167|app: 0|req: 58/121] 10.222.0.23 () {64 vars in 1433 bytes} [Fri Apr 1 04:50:42 2022] PUT /placement/allocations/b9b7e59c-017a-4d56-be7a-7f3c9a93753c => generated 0 bytes in 111 msecs (HTTP/1.1 204) 5 headers in 199 bytes (1 switches on core 0)
Apr 01 04:50:42.794177 n-d-836113-1 devstack@placement-api.service[111166]: DEBUG placement.requestlog [req-90ecea1c-9659-4a0f-a686-95619d2e7c82 req-b475a597-6223-42a0-8145-97cf7ba76489 None None] Starting request: 10.222.0.18 "GET /placement/allocations/b9b7e59c-017a-4d56-be7a-7f3c9a93753c" {{(pid=111166) __call__ /opt/stack/placement/placement/requestlog.py:55}}
Apr 01 04:50:42.811460 n-d-836113-1 devstack@placement-api.service[111166]: INFO placement.requestlog [req-90ecea1c-9659-4a0f-a686-95619d2e7c82 req-b475a597-6223-42a0-8145-97cf7ba76489 service placement] 10.222.0.18 "GET /placement/allocations/b9b7e59c-017a-4d56-be7a-7f3c9a93753c" status: 200 len: 258 microversion: 1.28
Apr 01 04:50:42.811959 n-d-836113-1 devstack@placement-api.service[111166]: [pid: 111166|app: 0|req: 64/122] 10.222.0.18 () {60 vars in 1377 bytes} [Fri Apr 1 04:50:42 2022] GET /placement/allocations/b9b7e59c-017a-4d56-be7a-7f3c9a93753c => generated 258 bytes in 18 msecs (HTTP/1.1 200) 8 headers in 296 bytes (1 switches on core 0)
Apr 01 04:50:48.834915 n-d-836113-1 devstack@placement-api.service[111167]: DEBUG placement.requestlog [req-6785ad07-0455-4f83-87c9-3cd9e6ffe9d6 req-9129c49a-9c6e-43d9-85df-a864dd405698 None None] Starting request: 10.222.0.24 "GET /placement/resource_providers/77008387-99d3-430f-ae82-ecca5badfa41/allocations" {{(pid=111167) __call__ /opt/stack/placement/placement/requestlog.py:55}}
Apr 01 04:50:48.866189 n-d-836113-1 devstack@placement-api.service[111167]: INFO placement.requestlog [req-6785ad07-0455-4f83-87c9-3cd9e6ffe9d6 req-9129c49a-9c6e-43d9-85df-a864dd405698 service placement] 10.222.0.24 "GET /placement/resource_providers/77008387-99d3-430f-ae82-ecca5badfa41/allocations" status: 200 len: 558 microversion: 1.0
Apr 01 04:50:48.868568 n-d-836113-1 devstack@placement-api.service[111167]: [pid: 111167|app: 0|req: 59/123] 10.222.0.24 () {58 vars in 1390 bytes} [Fri Apr 1 04:50:48 2022] GET /placement/resource_providers/77008387-99d3-430f-ae82-ecca5badfa41/allocations => generated 558 bytes in 34 msecs (HTTP/1.1 200) 6 headers in 224 bytes (1 switches on core 0)
Apr 01 04:50:49.272095 n-d-836113-1 devstack@placement-api.service[111166]: DEBUG placement.requestlog [req-6785ad07-0455-4f83-87c9-3cd9e6ffe9d6 req-8c32d699-0003-47ed-b3e7-7120712606f7 None None] Starting request: 10.222.0.24 "GET /placement/allocations/bfc38ccd-c883-44f3-ab88-09e54394f00c" {{(pid=111166) __call__ /opt/stack/placement/placement/requestlog.py:55}}
Apr 01 04:50:49.299413 n-d-836113-1 devstack@placement-api.service[111166]: INFO placement.requestlog [req-6785ad07-0455-4f83-87c9-3cd9e6ffe9d6 req-8c32d699-0003-47ed-b3e7-7120712606f7 service placement] 10.222.0.24 "GET /placement/allocations/bfc38ccd-c883-44f3-ab88-09e54394f00c" status: 200 len: 259 microversion: 1.28
Apr 01 04:50:49.300333 n-d-836113-1 devstack@placement-api.service[111166]: [pid: 111166|app: 0|req: 65/124] 10.222.0.24 () {60 vars in 1377 bytes} [Fri Apr 1 04:50:49 2022] GET /placement/allocations/bfc38ccd-c883-44f3-ab88-09e54394f00c => generated 259 bytes in 28 msecs (HTTP/1.1 200) 8 headers in 296 bytes (1 switches on core 0)
Apr 01 04:50:49.310432 n-d-836113-1 devstack@placement-api.service[111167]: DEBUG placement.requestlog [req-6785ad07-0455-4f83-87c9-3cd9e6ffe9d6 req-6c050629-ed68-4edf-8b02-7cdd23caa17b None None] Starting request: 10.222.0.24 "PUT /placement/allocations/bfc38ccd-c883-44f3-ab88-09e54394f00c" {{(pid=111167) __call__ /opt/stack/placement/placement/requestlog.py:55}}
Apr 01 04:50:49.384979 n-d-836113-1 devstack@placement-api.service[111167]: DEBUG placement.handlers.allocation [req-6785ad07-0455-4f83-87c9-3cd9e6ffe9d6 req-6c050629-ed68-4edf-8b02-7cdd23caa17b service placement] Successfully wrote allocations [, , ] {{(pid=111167) _update_consumers_and_create_allocations /opt/stack/placement/placement/handlers/allocation.py:462}}
Apr 01 04:50:49.395560 n-d-836113-1 devstack@placement-api.service[111167]: INFO placement.requestlog [req-6785ad07-0455-4f83-87c9-3cd9e6ffe9d6 req-6c050629-ed68-4edf-8b02-7cdd23caa17b service placement] 10.222.0.24 "PUT /placement/allocations/bfc38ccd-c883-44f3-ab88-09e54394f00c" status: 204 len: 0 microversion: 1.28
Apr 01 04:50:49.396441 n-d-836113-1 devstack@placement-api.service[111167]: [pid: 111167|app: 0|req: 60/125] 10.222.0.24 () {64 vars in 1430 bytes} [Fri Apr 1 04:50:49 2022] PUT /placement/allocations/bfc38ccd-c883-44f3-ab88-09e54394f00c => generated 0 bytes in 87 msecs (HTTP/1.1 204) 5 headers in 199 bytes (1 switches on core 0)
Apr 01 04:50:49.721259 n-d-836113-1 devstack@placement-api.service[111166]: DEBUG placement.requestlog [req-e3bdd914-0be4-4c53-8e43-aab05cd8fb87 req-30c9da1b-41fd-44ed-b812-ea54754ac3c9 None None] Starting request: 10.222.0.24 "DELETE /placement/allocations/7410dc70-cff3-4959-b95b-66ba973f8f3e" {{(pid=111166) __call__ /opt/stack/placement/placement/requestlog.py:55}}
Apr 01 04:50:49.754422 n-d-836113-1 devstack@placement-api.service[111166]: DEBUG placement.handlers.allocation [req-e3bdd914-0be4-4c53-8e43-aab05cd8fb87 req-30c9da1b-41fd-44ed-b812-ea54754ac3c9 service placement] Successfully deleted allocations [, , ] {{(pid=111166) delete_allocations /opt/stack/placement/placement/handlers/allocation.py:627}}
Apr 01 04:50:49.755355 n-d-836113-1 devstack@placement-api.service[111166]: INFO placement.requestlog [req-e3bdd914-0be4-4c53-8e43-aab05cd8fb87 req-30c9da1b-41fd-44ed-b812-ea54754ac3c9 service placement] 10.222.0.24 "DELETE /placement/allocations/7410dc70-cff3-4959-b95b-66ba973f8f3e" status: 204 len: 0 microversion: 1.0
Apr 01 04:50:49.756523 n-d-836113-1 devstack@placement-api.service[111166]: [pid: 111166|app: 0|req: 66/126] 10.222.0.24 () {60 vars in 1355 bytes} [Fri Apr 1 04:50:49 2022] DELETE /placement/allocations/7410dc70-cff3-4959-b95b-66ba973f8f3e => generated 0 bytes in 35 msecs (HTTP/1.1 204) 5 headers in 198 bytes (1 switches on core 0)
Apr 01 04:50:50.962084 n-d-836113-1 devstack@placement-api.service[111167]: DEBUG placement.requestlog [req-cb7447e6-f9af-422e-ae27-0cd945f02c9e req-2639d82b-2fef-4d6e-a80e-d15f65b767ab None None] Starting request: 10.222.0.23 "GET /placement/allocation_candidates?limit=1000&resources=DISK_GB%3A1%2CMEMORY_MB%3A1024%2CVCPU%3A1&root_required=%21COMPUTE_STATUS_DISABLED" {{(pid=111167) __call__ /opt/stack/placement/placement/requestlog.py:55}}
Apr 01 04:50:51.023940 n-d-836113-1 devstack@placement-api.service[111167]: DEBUG placement.objects.research_context [req-cb7447e6-f9af-422e-ae27-0cd945f02c9e req-2639d82b-2fef-4d6e-a80e-d15f65b767ab service placement] getting providers with 1 DISK_GB {{(pid=111167) __init__ /opt/stack/placement/placement/objects/research_context.py:136}}
Apr 01 04:50:51.033640 n-d-836113-1 devstack@placement-api.service[111167]: DEBUG placement.objects.research_context [req-cb7447e6-f9af-422e-ae27-0cd945f02c9e req-2639d82b-2fef-4d6e-a80e-d15f65b767ab service placement] getting providers with 1024 MEMORY_MB {{(pid=111167) __init__ /opt/stack/placement/placement/objects/research_context.py:136}}
Apr 01 04:50:51.041067 n-d-836113-1 devstack@placement-api.service[111167]: DEBUG placement.objects.research_context [req-cb7447e6-f9af-422e-ae27-0cd945f02c9e req-2639d82b-2fef-4d6e-a80e-d15f65b767ab service placement] getting providers with 1 VCPU {{(pid=111167) __init__ /opt/stack/placement/placement/objects/research_context.py:136}}
Apr 01 04:50:51.056107 n-d-836113-1 devstack@placement-api.service[111167]: DEBUG placement.objects.research_context [req-cb7447e6-f9af-422e-ae27-0cd945f02c9e req-2639d82b-2fef-4d6e-a80e-d15f65b767ab service placement] found 2 providers with available 1 DISK_GB {{(pid=111167) get_provider_ids_matching /opt/stack/placement/placement/objects/research_context.py:559}}
Apr 01 04:50:51.056107 n-d-836113-1 devstack@placement-api.service[111167]: DEBUG placement.objects.research_context [req-cb7447e6-f9af-422e-ae27-0cd945f02c9e req-2639d82b-2fef-4d6e-a80e-d15f65b767ab service placement] found 2 providers with available 1024 MEMORY_MB {{(pid=111167) get_provider_ids_matching /opt/stack/placement/placement/objects/research_context.py:559}}
Apr 01 04:50:51.056107 n-d-836113-1 devstack@placement-api.service[111167]: DEBUG placement.objects.research_context [req-cb7447e6-f9af-422e-ae27-0cd945f02c9e req-2639d82b-2fef-4d6e-a80e-d15f65b767ab service placement] found 2 providers after filtering by previous result {{(pid=111167) get_provider_ids_matching /opt/stack/placement/placement/objects/research_context.py:590}}
Apr 01 04:50:51.056107 n-d-836113-1 devstack@placement-api.service[111167]: DEBUG placement.objects.research_context [req-cb7447e6-f9af-422e-ae27-0cd945f02c9e req-2639d82b-2fef-4d6e-a80e-d15f65b767ab service placement] found 2 providers with available 1 VCPU {{(pid=111167) get_provider_ids_matching /opt/stack/placement/placement/objects/research_context.py:559}}
Apr 01 04:50:51.056107 n-d-836113-1 devstack@placement-api.service[111167]: DEBUG placement.objects.research_context [req-cb7447e6-f9af-422e-ae27-0cd945f02c9e req-2639d82b-2fef-4d6e-a80e-d15f65b767ab service placement] found 2 providers after filtering by previous result {{(pid=111167) get_provider_ids_matching /opt/stack/placement/placement/objects/research_context.py:590}}
Apr 01 04:50:51.086163 n-d-836113-1 devstack@placement-api.service[111167]: DEBUG placement.objects.allocation_candidate [req-cb7447e6-f9af-422e-ae27-0cd945f02c9e req-2639d82b-2fef-4d6e-a80e-d15f65b767ab service placement] RequestGroup(use_same_provider=False, resources={DISK_GB:1, MEMORY_MB:1024, VCPU:1}, traits=(), aggregates=[]) (suffix '') returned 2 matches {{(pid=111167) _get_by_requests /opt/stack/placement/placement/objects/allocation_candidate.py:156}}
Apr 01 04:50:51.088145 n-d-836113-1 devstack@placement-api.service[111167]: DEBUG placement.objects.allocation_candidate [req-cb7447e6-f9af-422e-ae27-0cd945f02c9e req-2639d82b-2fef-4d6e-a80e-d15f65b767ab service placement] Merging candidates yields 2 allocation requests and 2 provider summaries {{(pid=111167) _merge_candidates /opt/stack/placement/placement/objects/allocation_candidate.py:809}}
Apr 01 04:50:51.094283 n-d-836113-1 devstack@placement-api.service[111167]: INFO placement.requestlog [req-cb7447e6-f9af-422e-ae27-0cd945f02c9e req-2639d82b-2fef-4d6e-a80e-d15f65b767ab service placement] 10.222.0.23 "GET /placement/allocation_candidates?limit=1000&resources=DISK_GB%3A1%2CMEMORY_MB%3A1024%2CVCPU%3A1&root_required=%21COMPUTE_STATUS_DISABLED" status: 200 len: 1309 microversion: 1.36
Apr 01 04:50:51.096464 n-d-836113-1 devstack@placement-api.service[111167]: [pid: 111167|app: 0|req: 61/127] 10.222.0.23 () {60 vars in 1506 bytes} [Fri Apr 1 04:50:50 2022] GET /placement/allocation_candidates?limit=1000&resources=DISK_GB%3A1%2CMEMORY_MB%3A1024%2CVCPU%3A1&root_required=%21COMPUTE_STATUS_DISABLED => generated 1309 bytes in 134 msecs (HTTP/1.1 200) 8 headers in 297 bytes (1 switches on core 0)
Apr 01 04:50:51.213388 n-d-836113-1 devstack@placement-api.service[111166]: DEBUG placement.requestlog [req-cb7447e6-f9af-422e-ae27-0cd945f02c9e req-e0a58286-b55e-4a18-ac75-dfbafa2e7554 None None] Starting request: 10.222.0.23 "GET /placement/allocations/5e82d73e-27a2-4707-a97d-4d7812bd5e93" {{(pid=111166) __call__ /opt/stack/placement/placement/requestlog.py:55}}
Apr 01 04:50:51.227418 n-d-836113-1 devstack@placement-api.service[111166]: INFO placement.requestlog [req-cb7447e6-f9af-422e-ae27-0cd945f02c9e req-e0a58286-b55e-4a18-ac75-dfbafa2e7554 service placement] 10.222.0.23 "GET /placement/allocations/5e82d73e-27a2-4707-a97d-4d7812bd5e93" status: 200 len: 19 microversion: 1.28
Apr 01 04:50:51.236114 n-d-836113-1 devstack@placement-api.service[111166]: [pid: 111166|app: 0|req: 67/128] 10.222.0.23 () {60 vars in 1380 bytes} [Fri Apr 1 04:50:51 2022] GET /placement/allocations/5e82d73e-27a2-4707-a97d-4d7812bd5e93 => generated 19 bytes in 27 msecs (HTTP/1.1 200) 8 headers in 295 bytes (1 switches on core 0)
Apr 01 04:50:51.240865 n-d-836113-1 devstack@placement-api.service[111167]: DEBUG placement.requestlog [req-cb7447e6-f9af-422e-ae27-0cd945f02c9e req-b4729436-6640-4f1e-a36e-891cf6a41826 None None] Starting request: 10.222.0.23 "PUT /placement/allocations/5e82d73e-27a2-4707-a97d-4d7812bd5e93" {{(pid=111167) __call__ /opt/stack/placement/placement/requestlog.py:55}}
Apr 01 04:50:51.300928 n-d-836113-1 devstack@placement-api.service[111167]: DEBUG placement.handlers.allocation [req-cb7447e6-f9af-422e-ae27-0cd945f02c9e req-b4729436-6640-4f1e-a36e-891cf6a41826 service placement] Successfully wrote allocations [, , ] {{(pid=111167) _update_consumers_and_create_allocations /opt/stack/placement/placement/handlers/allocation.py:462}}
Apr 01 04:50:51.310558 n-d-836113-1 devstack@placement-api.service[111167]: INFO placement.requestlog [req-cb7447e6-f9af-422e-ae27-0cd945f02c9e req-b4729436-6640-4f1e-a36e-891cf6a41826 service placement] 10.222.0.23 "PUT /placement/allocations/5e82d73e-27a2-4707-a97d-4d7812bd5e93" status: 204 len: 0 microversion: 1.36
Apr 01 04:50:51.312285 n-d-836113-1 devstack@placement-api.service[111167]: [pid: 111167|app: 0|req: 62/129] 10.222.0.23 () {64 vars in 1433 bytes} [Fri Apr 1 04:50:51 2022] PUT /placement/allocations/5e82d73e-27a2-4707-a97d-4d7812bd5e93 => generated 0 bytes in 72 msecs (HTTP/1.1 204) 5 headers in 199 bytes (1 switches on core 0)
Apr 01 04:50:51.684434 n-d-836113-1 devstack@placement-api.service[111166]: DEBUG placement.requestlog [req-cb7447e6-f9af-422e-ae27-0cd945f02c9e req-72a2dcdb-01b1-4538-a8f9-f35df6fd95be None None] Starting request: 10.222.0.24 "GET /placement/allocations/5e82d73e-27a2-4707-a97d-4d7812bd5e93" {{(pid=111166) __call__ /opt/stack/placement/placement/requestlog.py:55}}
Apr 01 04:50:51.687057 n-d-836113-1 devstack@placement-api.service[111167]: DEBUG placement.requestlog [req-957d02fe-7df5-4ae9-b440-c4d3e304b62a req-3b4adbea-f159-4e8a-9db7-202de60c545c None None] Starting request: 10.222.0.23 "GET /placement/allocation_candidates?limit=1000&resources=DISK_GB%3A1%2CMEMORY_MB%3A1024%2CVCPU%3A1&root_required=%21COMPUTE_STATUS_DISABLED" {{(pid=111167) __call__ /opt/stack/placement/placement/requestlog.py:55}}
Apr 01 04:50:51.725051 n-d-836113-1 devstack@placement-api.service[111166]: INFO placement.requestlog [req-cb7447e6-f9af-422e-ae27-0cd945f02c9e req-72a2dcdb-01b1-4538-a8f9-f35df6fd95be service placement] 10.222.0.24 "GET /placement/allocations/5e82d73e-27a2-4707-a97d-4d7812bd5e93" status: 200 len: 259 microversion: 1.28
Apr 01 04:50:51.726504 n-d-836113-1 devstack@placement-api.service[111166]: [pid: 111166|app: 0|req: 68/130] 10.222.0.24 () {60 vars in 1377 bytes} [Fri Apr 1 04:50:51 2022] GET /placement/allocations/5e82d73e-27a2-4707-a97d-4d7812bd5e93 => generated 259 bytes in 43 msecs (HTTP/1.1 200) 8 headers in 296 bytes (1 switches on core 0)
Apr 01 04:50:51.747700 n-d-836113-1 devstack@placement-api.service[111167]: DEBUG placement.objects.research_context [req-957d02fe-7df5-4ae9-b440-c4d3e304b62a req-3b4adbea-f159-4e8a-9db7-202de60c545c service placement] getting providers with 1 DISK_GB {{(pid=111167) __init__ /opt/stack/placement/placement/objects/research_context.py:136}}
Apr 01 04:50:51.754620 n-d-836113-1 devstack@placement-api.service[111167]: DEBUG placement.objects.research_context [req-957d02fe-7df5-4ae9-b440-c4d3e304b62a req-3b4adbea-f159-4e8a-9db7-202de60c545c service placement] getting providers with 1024 MEMORY_MB {{(pid=111167) __init__ /opt/stack/placement/placement/objects/research_context.py:136}}
Apr 01 04:50:51.761399 n-d-836113-1 devstack@placement-api.service[111167]: DEBUG placement.objects.research_context [req-957d02fe-7df5-4ae9-b440-c4d3e304b62a req-3b4adbea-f159-4e8a-9db7-202de60c545c service placement] getting providers with 1 VCPU {{(pid=111167) __init__ /opt/stack/placement/placement/objects/research_context.py:136}}
Apr 01 04:50:51.771277 n-d-836113-1 devstack@placement-api.service[111167]: DEBUG placement.objects.research_context [req-957d02fe-7df5-4ae9-b440-c4d3e304b62a req-3b4adbea-f159-4e8a-9db7-202de60c545c service placement] found 2 providers with available 1 DISK_GB {{(pid=111167) get_provider_ids_matching /opt/stack/placement/placement/objects/research_context.py:559}}
Apr 01 04:50:51.771964 n-d-836113-1 devstack@placement-api.service[111167]: DEBUG placement.objects.research_context [req-957d02fe-7df5-4ae9-b440-c4d3e304b62a req-3b4adbea-f159-4e8a-9db7-202de60c545c service placement] found 2 providers with available 1024 MEMORY_MB {{(pid=111167) get_provider_ids_matching /opt/stack/placement/placement/objects/research_context.py:559}}
Apr 01 04:50:51.772445 n-d-836113-1 devstack@placement-api.service[111167]: DEBUG placement.objects.research_context [req-957d02fe-7df5-4ae9-b440-c4d3e304b62a req-3b4adbea-f159-4e8a-9db7-202de60c545c service placement] found 2 providers after filtering by previous result {{(pid=111167) get_provider_ids_matching /opt/stack/placement/placement/objects/research_context.py:590}}
Apr 01 04:50:51.773001 n-d-836113-1 devstack@placement-api.service[111167]: DEBUG placement.objects.research_context [req-957d02fe-7df5-4ae9-b440-c4d3e304b62a req-3b4adbea-f159-4e8a-9db7-202de60c545c service placement] found 2 providers with available 1 VCPU {{(pid=111167) get_provider_ids_matching /opt/stack/placement/placement/objects/research_context.py:559}}
Apr 01 04:50:51.773471 n-d-836113-1 devstack@placement-api.service[111167]: DEBUG placement.objects.research_context [req-957d02fe-7df5-4ae9-b440-c4d3e304b62a req-3b4adbea-f159-4e8a-9db7-202de60c545c service placement] found 2 providers after filtering by previous result {{(pid=111167) get_provider_ids_matching /opt/stack/placement/placement/objects/research_context.py:590}}
Apr 01 04:50:51.786594 n-d-836113-1 devstack@placement-api.service[111167]: DEBUG placement.objects.allocation_candidate [req-957d02fe-7df5-4ae9-b440-c4d3e304b62a req-3b4adbea-f159-4e8a-9db7-202de60c545c service placement] RequestGroup(use_same_provider=False, resources={DISK_GB:1, MEMORY_MB:1024, VCPU:1}, traits=(), aggregates=[]) (suffix '') returned 2 matches {{(pid=111167) _get_by_requests /opt/stack/placement/placement/objects/allocation_candidate.py:156}}
Apr 01 04:50:51.787349 n-d-836113-1 devstack@placement-api.service[111167]: DEBUG placement.objects.allocation_candidate [req-957d02fe-7df5-4ae9-b440-c4d3e304b62a req-3b4adbea-f159-4e8a-9db7-202de60c545c service placement] Merging candidates yields 2 allocation requests and 2 provider summaries {{(pid=111167) _merge_candidates /opt/stack/placement/placement/objects/allocation_candidate.py:809}}
Apr 01 04:50:51.790746 n-d-836113-1 devstack@placement-api.service[111167]: INFO placement.requestlog [req-957d02fe-7df5-4ae9-b440-c4d3e304b62a req-3b4adbea-f159-4e8a-9db7-202de60c545c service placement] 10.222.0.23 "GET /placement/allocation_candidates?limit=1000&resources=DISK_GB%3A1%2CMEMORY_MB%3A1024%2CVCPU%3A1&root_required=%21COMPUTE_STATUS_DISABLED" status: 200 len: 1309 microversion: 1.36
Apr 01 04:50:51.791812 n-d-836113-1 devstack@placement-api.service[111167]: [pid: 111167|app: 0|req: 63/131] 10.222.0.23 () {60 vars in 1506 bytes} [Fri Apr 1 04:50:51 2022] GET /placement/allocation_candidates?limit=1000&resources=DISK_GB%3A1%2CMEMORY_MB%3A1024%2CVCPU%3A1&root_required=%21COMPUTE_STATUS_DISABLED => generated 1309 bytes in 105 msecs (HTTP/1.1 200) 8 headers in 297 bytes (1 switches on core 0)
Apr 01 04:50:51.900392 n-d-836113-1 devstack@placement-api.service[111166]: DEBUG placement.requestlog [req-957d02fe-7df5-4ae9-b440-c4d3e304b62a req-2de20f30-38ad-46c8-9e6c-9dfc220b2900 None None] Starting request: 10.222.0.23 "GET /placement/allocations/8b1d9e24-93de-4f8d-a63d-2a7f81716896" {{(pid=111166) __call__ /opt/stack/placement/placement/requestlog.py:55}}
Apr 01 04:50:51.912345 n-d-836113-1 devstack@placement-api.service[111166]: INFO placement.requestlog [req-957d02fe-7df5-4ae9-b440-c4d3e304b62a req-2de20f30-38ad-46c8-9e6c-9dfc220b2900 service placement] 10.222.0.23 "GET /placement/allocations/8b1d9e24-93de-4f8d-a63d-2a7f81716896" status: 200 len: 19 microversion: 1.28
Apr 01 04:50:51.913067 n-d-836113-1 devstack@placement-api.service[111166]: [pid: 111166|app: 0|req: 69/132] 10.222.0.23 () {60 vars in 1380 bytes} [Fri Apr 1 04:50:51 2022] GET /placement/allocations/8b1d9e24-93de-4f8d-a63d-2a7f81716896 => generated 19 bytes in 13 msecs (HTTP/1.1 200) 8 headers in 295 bytes (1 switches on core 0)
Apr 01 04:50:51.919364 n-d-836113-1 devstack@placement-api.service[111167]: DEBUG placement.requestlog [req-957d02fe-7df5-4ae9-b440-c4d3e304b62a req-36ac1866-2e1a-41f0-9466-c73dbe02b642 None None] Starting request: 10.222.0.23 "PUT /placement/allocations/8b1d9e24-93de-4f8d-a63d-2a7f81716896" {{(pid=111167) __call__ /opt/stack/placement/placement/requestlog.py:55}}
Apr 01 04:50:51.986863 n-d-836113-1 devstack@placement-api.service[111167]: DEBUG placement.handlers.allocation [req-957d02fe-7df5-4ae9-b440-c4d3e304b62a req-36ac1866-2e1a-41f0-9466-c73dbe02b642 service placement] Successfully wrote allocations [, , ] {{(pid=111167) _update_consumers_and_create_allocations /opt/stack/placement/placement/handlers/allocation.py:462}}
Apr 01 04:50:51.996741 n-d-836113-1 devstack@placement-api.service[111167]: INFO placement.requestlog [req-957d02fe-7df5-4ae9-b440-c4d3e304b62a req-36ac1866-2e1a-41f0-9466-c73dbe02b642 service placement] 10.222.0.23 "PUT /placement/allocations/8b1d9e24-93de-4f8d-a63d-2a7f81716896" status: 204 len: 0 microversion: 1.36
Apr 01 04:50:52.003866 n-d-836113-1 devstack@placement-api.service[111167]: [pid: 111167|app: 0|req: 64/133] 10.222.0.23 () {64 vars in 1433 bytes} [Fri Apr 1 04:50:51 2022] PUT /placement/allocations/8b1d9e24-93de-4f8d-a63d-2a7f81716896 => generated 0 bytes in 78 msecs (HTTP/1.1 204) 5 headers in 199 bytes (1 switches on core 0)
Apr 01 04:50:52.455701 n-d-836113-1 devstack@placement-api.service[111166]: DEBUG placement.requestlog [req-957d02fe-7df5-4ae9-b440-c4d3e304b62a req-4465275e-c580-4320-ba6f-7593ccb367e9 None None] Starting request: 10.222.0.24 "GET /placement/allocations/8b1d9e24-93de-4f8d-a63d-2a7f81716896" {{(pid=111166) __call__ /opt/stack/placement/placement/requestlog.py:55}}
Apr 01 04:50:52.478665 n-d-836113-1 devstack@placement-api.service[111166]: INFO placement.requestlog [req-957d02fe-7df5-4ae9-b440-c4d3e304b62a req-4465275e-c580-4320-ba6f-7593ccb367e9 service placement] 10.222.0.24 "GET /placement/allocations/8b1d9e24-93de-4f8d-a63d-2a7f81716896" status: 200 len: 259 microversion: 1.28
Apr 01 04:50:52.479575 n-d-836113-1 devstack@placement-api.service[111166]: [pid: 111166|app: 0|req: 70/134] 10.222.0.24 () {60 vars in 1377 bytes} [Fri Apr 1 04:50:52 2022] GET /placement/allocations/8b1d9e24-93de-4f8d-a63d-2a7f81716896 => generated 259 bytes in 24 msecs (HTTP/1.1 200) 8 headers in 296 bytes (2 switches on core 0)
Apr 01 04:50:54.678374 n-d-836113-1 devstack@placement-api.service[111167]: DEBUG placement.requestlog [req-147cc066-b0df-4864-a2f7-bc6849fd96b5 req-e66464df-ebba-48bb-aa31-4512040b820a None None] Starting request: 10.222.0.18 "DELETE /placement/allocations/4d0045bb-88b1-47b1-866d-12942065585c" {{(pid=111167) __call__ /opt/stack/placement/placement/requestlog.py:55}}
Apr 01 04:50:54.710009 n-d-836113-1 devstack@placement-api.service[111167]: DEBUG placement.handlers.allocation [req-147cc066-b0df-4864-a2f7-bc6849fd96b5 req-e66464df-ebba-48bb-aa31-4512040b820a service placement] Successfully deleted allocations [, , ] {{(pid=111167) delete_allocations /opt/stack/placement/placement/handlers/allocation.py:627}}
Apr 01 04:50:54.710529 n-d-836113-1 devstack@placement-api.service[111167]: INFO placement.requestlog [req-147cc066-b0df-4864-a2f7-bc6849fd96b5 req-e66464df-ebba-48bb-aa31-4512040b820a service placement] 10.222.0.18 "DELETE /placement/allocations/4d0045bb-88b1-47b1-866d-12942065585c" status: 204 len: 0 microversion: 1.0
Apr 01 04:50:54.711522 n-d-836113-1 devstack@placement-api.service[111167]: [pid: 111167|app: 0|req: 65/135] 10.222.0.18 () {60 vars in 1355 bytes} [Fri Apr 1 04:50:54 2022] DELETE /placement/allocations/4d0045bb-88b1-47b1-866d-12942065585c => generated 0 bytes in 34 msecs (HTTP/1.1 204) 5 headers in 198 bytes (1 switches on core 0)
Apr 01 04:50:55.527048 n-d-836113-1 devstack@placement-api.service[111166]: DEBUG placement.requestlog [req-a3555343-bbe4-402a-960b-c7870cea07be req-2bc60707-0077-4e7d-aa33-ec5cf869092b None None] Starting request: 10.222.0.24 "GET /placement/allocations/a9d6be0b-9fb4-4bf6-8709-3bec48d5dc6c" {{(pid=111166) __call__ /opt/stack/placement/placement/requestlog.py:55}}
Apr 01 04:50:55.545363 n-d-836113-1 devstack@placement-api.service[111166]: INFO placement.requestlog [req-a3555343-bbe4-402a-960b-c7870cea07be req-2bc60707-0077-4e7d-aa33-ec5cf869092b service placement] 10.222.0.24 "GET /placement/allocations/a9d6be0b-9fb4-4bf6-8709-3bec48d5dc6c" status: 200 len: 259 microversion: 1.28
Apr 01 04:50:55.546653 n-d-836113-1 devstack@placement-api.service[111166]: [pid: 111166|app: 0|req: 71/136] 10.222.0.24 () {60 vars in 1377 bytes} [Fri Apr 1 04:50:55 2022] GET /placement/allocations/a9d6be0b-9fb4-4bf6-8709-3bec48d5dc6c => generated 259 bytes in 20 msecs (HTTP/1.1 200) 8 headers in 296 bytes (1 switches on core 0)
Apr 01 04:50:56.725134 n-d-836113-1 devstack@placement-api.service[111167]: DEBUG placement.requestlog [req-cd438e92-ab0a-4df0-aee0-d03f83a9a384 req-f020296f-68cf-4694-8c3a-03dd928ff28e None None] Starting request: 10.222.0.24 "GET /placement/allocations/36608e96-f154-4a63-80f7-18c1d42211e6" {{(pid=111167) __call__ /opt/stack/placement/placement/requestlog.py:55}}
Apr 01 04:50:56.740955 n-d-836113-1 devstack@placement-api.service[111167]: INFO placement.requestlog [req-cd438e92-ab0a-4df0-aee0-d03f83a9a384 req-f020296f-68cf-4694-8c3a-03dd928ff28e service placement] 10.222.0.24 "GET /placement/allocations/36608e96-f154-4a63-80f7-18c1d42211e6" status: 200 len: 259 microversion: 1.28
Apr 01 04:50:56.741392 n-d-836113-1 devstack@placement-api.service[111167]: [pid: 111167|app: 0|req: 66/137] 10.222.0.24 () {60 vars in 1377 bytes} [Fri Apr 1 04:50:56 2022] GET /placement/allocations/36608e96-f154-4a63-80f7-18c1d42211e6 => generated 259 bytes in 17 msecs (HTTP/1.1 200) 8 headers in 296 bytes (1 switches on core 0)
Apr 01 04:50:57.520173 n-d-836113-1 devstack@placement-api.service[111166]: DEBUG placement.requestlog [None req-0f0f9fb7-b926-48fe-8395-0de546f9c19b None None] Starting request: 10.222.0.23 "GET /placement/" {{(pid=111166) __call__ /opt/stack/placement/placement/requestlog.py:55}}
Apr 01 04:50:57.521187 n-d-836113-1 devstack@placement-api.service[111166]: INFO placement.requestlog [None req-0f0f9fb7-b926-48fe-8395-0de546f9c19b None None] 10.222.0.23 "GET /placement/" status: 200 len: 136 microversion: 1.0
Apr 01 04:50:57.521511 n-d-836113-1 devstack@placement-api.service[111166]: [pid: 111166|app: 0|req: 72/138] 10.222.0.23 () {54 vars in 907 bytes} [Fri Apr 1 04:50:57 2022] GET /placement => generated 136 bytes in 2 msecs (HTTP/1.1 200) 6 headers in 224 bytes (1 switches on core 0)
Apr 01 04:50:57.531987 n-d-836113-1 devstack@placement-api.service[111167]: DEBUG placement.requestlog [req-66c0a915-5bc7-480e-a12b-f77cf3a27b61 req-c55565aa-e232-4d30-b6dc-3804fb865dac None None] Starting request: 10.222.0.23 "GET /placement/resource_providers/a43e2b8d-9d7a-4754-b75f-e4ce2c70b3ee/traits" {{(pid=111167) __call__ /opt/stack/placement/placement/requestlog.py:55}}
Apr 01 04:50:57.614318 n-d-836113-1 devstack@placement-api.service[111167]: INFO placement.requestlog [req-66c0a915-5bc7-480e-a12b-f77cf3a27b61 req-c55565aa-e232-4d30-b6dc-3804fb865dac service placement] 10.222.0.23 "GET /placement/resource_providers/a43e2b8d-9d7a-4754-b75f-e4ce2c70b3ee/traits" status: 200 len: 211 microversion: 1.6
Apr 01 04:50:57.614747 n-d-836113-1 devstack@placement-api.service[111167]: [pid: 111167|app: 0|req: 67/139] 10.222.0.23 () {60 vars in 1412 bytes} [Fri Apr 1 04:50:57 2022] GET /placement/resource_providers/a43e2b8d-9d7a-4754-b75f-e4ce2c70b3ee/traits => generated 211 bytes in 83 msecs (HTTP/1.1 200) 6 headers in 224 bytes (1 switches on core 0)
Apr 01 04:50:58.078589 n-d-836113-1 devstack@placement-api.service[111166]: DEBUG placement.requestlog [None req-78cdc283-c0a1-4fa6-b3f3-05e36c28d95b None None] Starting request: 10.222.0.23 "GET /placement/" {{(pid=111166) __call__ /opt/stack/placement/placement/requestlog.py:55}}
Apr 01 04:50:58.079810 n-d-836113-1 devstack@placement-api.service[111166]: INFO placement.requestlog [None req-78cdc283-c0a1-4fa6-b3f3-05e36c28d95b None None] 10.222.0.23 "GET /placement/" status: 200 len: 136 microversion: 1.0
Apr 01 04:50:58.080290 n-d-836113-1 devstack@placement-api.service[111166]: [pid: 111166|app: 0|req: 73/140] 10.222.0.23 () {54 vars in 916 bytes} [Fri Apr 1 04:50:58 2022] GET /placement => generated 136 bytes in 2 msecs (HTTP/1.1 200) 6 headers in 224 bytes (1 switches on core 0)
Apr 01 04:50:58.089075 n-d-836113-1 devstack@placement-api.service[111167]: DEBUG placement.requestlog [req-66c0a915-5bc7-480e-a12b-f77cf3a27b61 req-996237e4-6d59-4118-b5d8-585776be6341 None None] Starting request: 10.222.0.23 "GET /placement/allocations/b9b7e59c-017a-4d56-be7a-7f3c9a93753c" {{(pid=111167) __call__ /opt/stack/placement/placement/requestlog.py:55}}
Apr 01 04:50:58.166950 n-d-836113-1 devstack@placement-api.service[111167]: INFO placement.requestlog [req-66c0a915-5bc7-480e-a12b-f77cf3a27b61 req-996237e4-6d59-4118-b5d8-585776be6341 service placement] 10.222.0.23 "GET /placement/allocations/b9b7e59c-017a-4d56-be7a-7f3c9a93753c" status: 200 len: 258 microversion: 1.28
Apr 01 04:50:58.167644 n-d-836113-1 devstack@placement-api.service[111167]: [pid: 111167|app: 0|req: 68/141] 10.222.0.23 () {60 vars in 1380 bytes} [Fri Apr 1 04:50:58 2022] GET /placement/allocations/b9b7e59c-017a-4d56-be7a-7f3c9a93753c => generated 258 bytes in 79 msecs (HTTP/1.1 200) 8 headers in 296 bytes (1 switches on core 0)
Apr 01 04:50:58.174886 n-d-836113-1 devstack@placement-api.service[111166]: DEBUG placement.requestlog [req-66c0a915-5bc7-480e-a12b-f77cf3a27b61 req-195e0786-3e26-4774-a310-364148d5e948 None None] Starting request: 10.222.0.23 "GET /placement/allocations/b9b7e59c-017a-4d56-be7a-7f3c9a93753c" {{(pid=111166) __call__ /opt/stack/placement/placement/requestlog.py:55}}
Apr 01 04:50:58.198946 n-d-836113-1 devstack@placement-api.service[111166]: INFO placement.requestlog [req-66c0a915-5bc7-480e-a12b-f77cf3a27b61 req-195e0786-3e26-4774-a310-364148d5e948 service placement] 10.222.0.23 "GET /placement/allocations/b9b7e59c-017a-4d56-be7a-7f3c9a93753c" status: 200 len: 258 microversion: 1.28
Apr 01 04:50:58.199414 n-d-836113-1 devstack@placement-api.service[111166]: [pid: 111166|app: 0|req: 74/142] 10.222.0.23 () {60 vars in 1380 bytes} [Fri Apr 1 04:50:58 2022] GET /placement/allocations/b9b7e59c-017a-4d56-be7a-7f3c9a93753c => generated 258 bytes in 25 msecs (HTTP/1.1 200) 8 headers in 296 bytes (1 switches on core 0)
Apr 01 04:50:58.205352 n-d-836113-1 devstack@placement-api.service[111167]: DEBUG placement.requestlog [req-66c0a915-5bc7-480e-a12b-f77cf3a27b61 req-e428f32b-d65c-4baf-a960-32ef034be66b None None] Starting request: 10.222.0.23 "GET /placement/allocations/f5234460-e764-4ac2-8940-c4a9658e1006" {{(pid=111167) __call__ /opt/stack/placement/placement/requestlog.py:55}}
Apr 01 04:50:58.223451 n-d-836113-1 devstack@placement-api.service[111167]: INFO placement.requestlog [req-66c0a915-5bc7-480e-a12b-f77cf3a27b61 req-e428f32b-d65c-4baf-a960-32ef034be66b service placement] 10.222.0.23 "GET /placement/allocations/f5234460-e764-4ac2-8940-c4a9658e1006" status: 200 len: 19 microversion: 1.28
Apr 01 04:50:58.223858 n-d-836113-1 devstack@placement-api.service[111167]: [pid: 111167|app: 0|req: 69/143] 10.222.0.23 () {60 vars in 1380 bytes} [Fri Apr 1 04:50:58 2022] GET /placement/allocations/f5234460-e764-4ac2-8940-c4a9658e1006 => generated 19 bytes in 19 msecs (HTTP/1.1 200) 8 headers in 295 bytes (1 switches on core 0)
Apr 01 04:50:58.230578 n-d-836113-1 devstack@placement-api.service[111166]: DEBUG placement.requestlog [req-66c0a915-5bc7-480e-a12b-f77cf3a27b61 req-105a6f9c-2051-486f-818d-9741b2b4eacf None None] Starting request: 10.222.0.23 "POST /placement/allocations" {{(pid=111166) __call__ /opt/stack/placement/placement/requestlog.py:55}}
Apr 01 04:50:58.325677 n-d-836113-1 devstack@placement-api.service[111166]: DEBUG placement.handlers.allocation [req-66c0a915-5bc7-480e-a12b-f77cf3a27b61 req-105a6f9c-2051-486f-818d-9741b2b4eacf service placement] Successfully wrote allocations [, , , , , ] {{(pid=111166) _update_consumers_and_create_allocations /opt/stack/placement/placement/handlers/allocation.py:572}}
Apr 01 04:50:58.331884 n-d-836113-1 devstack@placement-api.service[111166]: INFO placement.requestlog [req-66c0a915-5bc7-480e-a12b-f77cf3a27b61 req-105a6f9c-2051-486f-818d-9741b2b4eacf service placement] 10.222.0.23 "POST /placement/allocations" status: 204 len: 0 microversion: 1.28
Apr 01 04:50:58.332621 n-d-836113-1 devstack@placement-api.service[111166]: [pid: 111166|app: 0|req: 75/144] 10.222.0.23 () {64 vars in 1323 bytes} [Fri Apr 1 04:50:58 2022] POST /placement/allocations => generated 0 bytes in 102 msecs (HTTP/1.1 204) 5 headers in 199 bytes (1 switches on core 0)
Apr 01 04:50:58.611721 n-d-836113-1 devstack@placement-api.service[111167]: DEBUG placement.requestlog [req-66c0a915-5bc7-480e-a12b-f77cf3a27b61 req-b299e421-8dae-4b5c-ab71-0d967c4d3089 None None] Starting request: 10.222.0.23 "GET /placement/allocation_candidates?limit=1000&resources=DISK_GB%3A1%2CMEMORY_MB%3A1024%2CVCPU%3A1&root_required=%21COMPUTE_STATUS_DISABLED" {{(pid=111167) __call__ /opt/stack/placement/placement/requestlog.py:55}}
Apr 01 04:50:58.648653 n-d-836113-1 devstack@placement-api.service[111167]: DEBUG placement.objects.research_context [req-66c0a915-5bc7-480e-a12b-f77cf3a27b61 req-b299e421-8dae-4b5c-ab71-0d967c4d3089 service placement] getting providers with 1 DISK_GB {{(pid=111167) __init__ /opt/stack/placement/placement/objects/research_context.py:136}}
Apr 01 04:50:58.656356 n-d-836113-1 devstack@placement-api.service[111167]: DEBUG placement.objects.research_context [req-66c0a915-5bc7-480e-a12b-f77cf3a27b61 req-b299e421-8dae-4b5c-ab71-0d967c4d3089 service placement] getting providers with 1024 MEMORY_MB {{(pid=111167) __init__ /opt/stack/placement/placement/objects/research_context.py:136}}
Apr 01 04:50:58.662580 n-d-836113-1 devstack@placement-api.service[111167]: DEBUG placement.objects.research_context [req-66c0a915-5bc7-480e-a12b-f77cf3a27b61 req-b299e421-8dae-4b5c-ab71-0d967c4d3089 service placement] getting providers with 1 VCPU {{(pid=111167) __init__ /opt/stack/placement/placement/objects/research_context.py:136}}
Apr 01 04:50:58.668934 n-d-836113-1 devstack@placement-api.service[111167]: DEBUG placement.objects.research_context [req-66c0a915-5bc7-480e-a12b-f77cf3a27b61 req-b299e421-8dae-4b5c-ab71-0d967c4d3089 service placement] found 2 providers with available 1 DISK_GB {{(pid=111167) get_provider_ids_matching /opt/stack/placement/placement/objects/research_context.py:559}}
Apr 01 04:50:58.669362 n-d-836113-1 devstack@placement-api.service[111167]: DEBUG placement.objects.research_context [req-66c0a915-5bc7-480e-a12b-f77cf3a27b61 req-b299e421-8dae-4b5c-ab71-0d967c4d3089 service placement] found 2 providers with available 1024 MEMORY_MB {{(pid=111167) get_provider_ids_matching /opt/stack/placement/placement/objects/research_context.py:559}}
Apr 01 04:50:58.670279 n-d-836113-1 devstack@placement-api.service[111167]: DEBUG placement.objects.research_context [req-66c0a915-5bc7-480e-a12b-f77cf3a27b61 req-b299e421-8dae-4b5c-ab71-0d967c4d3089 service placement] found 2 providers after filtering by previous result {{(pid=111167) get_provider_ids_matching /opt/stack/placement/placement/objects/research_context.py:590}}
Apr 01 04:50:58.670607 n-d-836113-1 devstack@placement-api.service[111167]: DEBUG placement.objects.research_context [req-66c0a915-5bc7-480e-a12b-f77cf3a27b61 req-b299e421-8dae-4b5c-ab71-0d967c4d3089 service placement] found 2 providers with available 1 VCPU {{(pid=111167) get_provider_ids_matching /opt/stack/placement/placement/objects/research_context.py:559}}
Apr 01 04:50:58.670937 n-d-836113-1 devstack@placement-api.service[111167]: DEBUG placement.objects.research_context [req-66c0a915-5bc7-480e-a12b-f77cf3a27b61 req-b299e421-8dae-4b5c-ab71-0d967c4d3089 service placement] found 2 providers after filtering by previous result {{(pid=111167) get_provider_ids_matching /opt/stack/placement/placement/objects/research_context.py:590}}
Apr 01 04:50:58.684320 n-d-836113-1 devstack@placement-api.service[111167]: DEBUG placement.objects.allocation_candidate [req-66c0a915-5bc7-480e-a12b-f77cf3a27b61 req-b299e421-8dae-4b5c-ab71-0d967c4d3089 service placement] RequestGroup(use_same_provider=False, resources={DISK_GB:1, MEMORY_MB:1024, VCPU:1}, traits=(), aggregates=[]) (suffix '') returned 2 matches {{(pid=111167) _get_by_requests /opt/stack/placement/placement/objects/allocation_candidate.py:156}}
Apr 01 04:50:58.684695 n-d-836113-1 devstack@placement-api.service[111167]: DEBUG placement.objects.allocation_candidate [req-66c0a915-5bc7-480e-a12b-f77cf3a27b61 req-b299e421-8dae-4b5c-ab71-0d967c4d3089 service placement] Merging candidates yields 2 allocation requests and 2 provider summaries {{(pid=111167) _merge_candidates /opt/stack/placement/placement/objects/allocation_candidate.py:809}}
Apr 01 04:50:58.686322 n-d-836113-1 devstack@placement-api.service[111167]: INFO placement.requestlog [req-66c0a915-5bc7-480e-a12b-f77cf3a27b61 req-b299e421-8dae-4b5c-ab71-0d967c4d3089 service placement] 10.222.0.23 "GET /placement/allocation_candidates?limit=1000&resources=DISK_GB%3A1%2CMEMORY_MB%3A1024%2CVCPU%3A1&root_required=%21COMPUTE_STATUS_DISABLED" status: 200 len: 1309 microversion: 1.36
Apr 01 04:50:58.686879 n-d-836113-1 devstack@placement-api.service[111167]: [pid: 111167|app: 0|req: 70/145] 10.222.0.23 () {60 vars in 1506 bytes} [Fri Apr 1 04:50:58 2022] GET /placement/allocation_candidates?limit=1000&resources=DISK_GB%3A1%2CMEMORY_MB%3A1024%2CVCPU%3A1&root_required=%21COMPUTE_STATUS_DISABLED => generated 1309 bytes in 75 msecs (HTTP/1.1 200) 8 headers in 297 bytes (1 switches on core 0)
Apr 01 04:50:58.744949 n-d-836113-1 devstack@placement-api.service[111166]: DEBUG placement.requestlog [req-66c0a915-5bc7-480e-a12b-f77cf3a27b61 req-f6aa7dff-3c6b-43b8-9f54-c3ecd7e5a486 None None] Starting request: 10.222.0.23 "GET /placement/allocations/b9b7e59c-017a-4d56-be7a-7f3c9a93753c" {{(pid=111166) __call__ /opt/stack/placement/placement/requestlog.py:55}}
Apr 01 04:50:58.758169 n-d-836113-1 devstack@placement-api.service[111166]: INFO placement.requestlog [req-66c0a915-5bc7-480e-a12b-f77cf3a27b61 req-f6aa7dff-3c6b-43b8-9f54-c3ecd7e5a486 service placement] 10.222.0.23 "GET /placement/allocations/b9b7e59c-017a-4d56-be7a-7f3c9a93753c" status: 200 len: 19 microversion: 1.28
Apr 01 04:50:58.758834 n-d-836113-1 devstack@placement-api.service[111166]: [pid: 111166|app: 0|req: 76/146] 10.222.0.23 () {60 vars in 1380 bytes} [Fri Apr 1 04:50:58 2022] GET /placement/allocations/b9b7e59c-017a-4d56-be7a-7f3c9a93753c => generated 19 bytes in 14 msecs (HTTP/1.1 200) 8 headers in 295 bytes (1 switches on core 0)
Apr 01 04:50:58.766714 n-d-836113-1 devstack@placement-api.service[111167]: DEBUG placement.requestlog [req-66c0a915-5bc7-480e-a12b-f77cf3a27b61 req-666a4ba9-4910-47e2-974c-f0283b03c8a9 None None] Starting request: 10.222.0.23 "PUT /placement/allocations/b9b7e59c-017a-4d56-be7a-7f3c9a93753c" {{(pid=111167) __call__ /opt/stack/placement/placement/requestlog.py:55}}
Apr 01 04:50:58.834977 n-d-836113-1 devstack@placement-api.service[111167]: DEBUG placement.handlers.allocation [req-66c0a915-5bc7-480e-a12b-f77cf3a27b61 req-666a4ba9-4910-47e2-974c-f0283b03c8a9 service placement] Successfully wrote allocations [, , ] {{(pid=111167) _update_consumers_and_create_allocations /opt/stack/placement/placement/handlers/allocation.py:462}}
Apr 01 04:50:58.840955 n-d-836113-1 devstack@placement-api.service[111167]: INFO placement.requestlog [req-66c0a915-5bc7-480e-a12b-f77cf3a27b61 req-666a4ba9-4910-47e2-974c-f0283b03c8a9 service placement] 10.222.0.23 "PUT /placement/allocations/b9b7e59c-017a-4d56-be7a-7f3c9a93753c" status: 204 len: 0 microversion: 1.36
Apr 01 04:50:58.841452 n-d-836113-1 devstack@placement-api.service[111167]: [pid: 111167|app: 0|req: 71/147] 10.222.0.23 () {64 vars in 1433 bytes} [Fri Apr 1 04:50:58 2022] PUT /placement/allocations/b9b7e59c-017a-4d56-be7a-7f3c9a93753c => generated 0 bytes in 75 msecs (HTTP/1.1 204) 5 headers in 199 bytes (1 switches on core 0)
Apr 01 04:50:59.091392 n-d-836113-1 devstack@placement-api.service[111166]: DEBUG placement.requestlog [req-66c0a915-5bc7-480e-a12b-f77cf3a27b61 req-a524f830-66ff-4e2c-9b5a-08b8046ab70b None None] Starting request: 10.222.0.24 "GET /placement/allocations/b9b7e59c-017a-4d56-be7a-7f3c9a93753c" {{(pid=111166) __call__ /opt/stack/placement/placement/requestlog.py:55}}
Apr 01 04:50:59.108864 n-d-836113-1 devstack@placement-api.service[111166]: INFO placement.requestlog [req-66c0a915-5bc7-480e-a12b-f77cf3a27b61 req-a524f830-66ff-4e2c-9b5a-08b8046ab70b service placement] 10.222.0.24 "GET /placement/allocations/b9b7e59c-017a-4d56-be7a-7f3c9a93753c" status: 200 len: 259 microversion: 1.28
Apr 01 04:50:59.109403 n-d-836113-1 devstack@placement-api.service[111166]: [pid: 111166|app: 0|req: 77/148] 10.222.0.24 () {60 vars in 1377 bytes} [Fri Apr 1 04:50:59 2022] GET /placement/allocations/b9b7e59c-017a-4d56-be7a-7f3c9a93753c => generated 259 bytes in 18 msecs (HTTP/1.1 200) 8 headers in 296 bytes (2 switches on core 0)
Apr 01 04:51:00.167823 n-d-836113-1 devstack@placement-api.service[111167]: DEBUG placement.requestlog [req-eb91a3e8-f269-475f-9d51-d5be57344257 req-b6561483-99f5-4cb0-ae72-148ec8c713dc None None] Starting request: 10.222.0.18 "DELETE /placement/allocations/1c94f52c-9f9c-4e57-8206-94ec4f0eee07" {{(pid=111167) __call__ /opt/stack/placement/placement/requestlog.py:55}}
Apr 01 04:51:00.226148 n-d-836113-1 devstack@placement-api.service[111167]: DEBUG placement.handlers.allocation [req-eb91a3e8-f269-475f-9d51-d5be57344257 req-b6561483-99f5-4cb0-ae72-148ec8c713dc service placement] Successfully deleted allocations [, , ] {{(pid=111167) delete_allocations /opt/stack/placement/placement/handlers/allocation.py:627}}
Apr 01 04:51:00.227455 n-d-836113-1 devstack@placement-api.service[111167]: INFO placement.requestlog [req-eb91a3e8-f269-475f-9d51-d5be57344257 req-b6561483-99f5-4cb0-ae72-148ec8c713dc service placement] 10.222.0.18 "DELETE /placement/allocations/1c94f52c-9f9c-4e57-8206-94ec4f0eee07" status: 204 len: 0 microversion: 1.0
Apr 01 04:51:00.228072 n-d-836113-1 devstack@placement-api.service[111167]: [pid: 111167|app: 0|req: 72/149] 10.222.0.18 () {60 vars in 1355 bytes} [Fri Apr 1 04:51:00 2022] DELETE /placement/allocations/1c94f52c-9f9c-4e57-8206-94ec4f0eee07 => generated 0 bytes in 60 msecs (HTTP/1.1 204) 5 headers in 198 bytes (1 switches on core 0)
Apr 01 04:51:04.911630 n-d-836113-1 devstack@placement-api.service[111166]: DEBUG placement.requestlog [req-fe940cff-e720-4e8f-8ecf-3cf50b7920ed req-ef1247a1-565d-4ade-be8f-46fcd3238a39 None None] Starting request: 10.222.0.23 "GET /placement/allocation_candidates?limit=1000&resources=DISK_GB%3A2%2CMEMORY_MB%3A1024%2CVCPU%3A1&root_required=%21COMPUTE_STATUS_DISABLED" {{(pid=111166) __call__ /opt/stack/placement/placement/requestlog.py:55}}
Apr 01 04:51:04.948892 n-d-836113-1 devstack@placement-api.service[111166]: DEBUG placement.objects.research_context [req-fe940cff-e720-4e8f-8ecf-3cf50b7920ed req-ef1247a1-565d-4ade-be8f-46fcd3238a39 service placement] getting providers with 2 DISK_GB {{(pid=111166) __init__ /opt/stack/placement/placement/objects/research_context.py:136}}
Apr 01 04:51:04.956110 n-d-836113-1 devstack@placement-api.service[111166]: DEBUG placement.objects.research_context [req-fe940cff-e720-4e8f-8ecf-3cf50b7920ed req-ef1247a1-565d-4ade-be8f-46fcd3238a39 service placement] getting providers with 1024 MEMORY_MB {{(pid=111166) __init__ /opt/stack/placement/placement/objects/research_context.py:136}}
Apr 01 04:51:04.962672 n-d-836113-1 devstack@placement-api.service[111166]: DEBUG placement.objects.research_context [req-fe940cff-e720-4e8f-8ecf-3cf50b7920ed req-ef1247a1-565d-4ade-be8f-46fcd3238a39 service placement] getting providers with 1 VCPU {{(pid=111166) __init__ /opt/stack/placement/placement/objects/research_context.py:136}}
Apr 01 04:51:04.970856 n-d-836113-1 devstack@placement-api.service[111166]: DEBUG placement.objects.research_context [req-fe940cff-e720-4e8f-8ecf-3cf50b7920ed req-ef1247a1-565d-4ade-be8f-46fcd3238a39 service placement] found 2 providers with available 2 DISK_GB {{(pid=111166) get_provider_ids_matching /opt/stack/placement/placement/objects/research_context.py:559}}
Apr 01 04:51:04.971234 n-d-836113-1 devstack@placement-api.service[111166]: DEBUG placement.objects.research_context [req-fe940cff-e720-4e8f-8ecf-3cf50b7920ed req-ef1247a1-565d-4ade-be8f-46fcd3238a39 service placement] found 2 providers with available 1024 MEMORY_MB {{(pid=111166) get_provider_ids_matching /opt/stack/placement/placement/objects/research_context.py:559}}
Apr 01 04:51:04.972178 n-d-836113-1 devstack@placement-api.service[111166]: DEBUG placement.objects.research_context [req-fe940cff-e720-4e8f-8ecf-3cf50b7920ed req-ef1247a1-565d-4ade-be8f-46fcd3238a39 service placement] found 2 providers after filtering by previous result {{(pid=111166) get_provider_ids_matching /opt/stack/placement/placement/objects/research_context.py:590}}
