May 27 09:51:17.506648 n-d-836064-2 devstack@placement-api.service[111637]: DEBUG placement.requestlog [req-df124e51-9a3e-4f56-9dc6-2c55929ee952 req-369090f2-1531-49ac-b26c-f518a3eb2476 None None] Starting request: 10.222.0.55 "DELETE /placement/allocations/1e0b6704-d9d9-47aa-abd3-e200e27514a7" {{(pid=111637) __call__ /opt/stack/placement/placement/requestlog.py:55}}
May 27 09:51:17.579989 n-d-836064-2 devstack@placement-api.service[111637]: DEBUG placement.handlers.allocation [req-df124e51-9a3e-4f56-9dc6-2c55929ee952 req-369090f2-1531-49ac-b26c-f518a3eb2476 service placement] Successfully deleted allocations [, , ] {{(pid=111637) delete_allocations /opt/stack/placement/placement/handlers/allocation.py:627}}
May 27 09:51:17.581656 n-d-836064-2 devstack@placement-api.service[111637]: INFO placement.requestlog [req-df124e51-9a3e-4f56-9dc6-2c55929ee952 req-369090f2-1531-49ac-b26c-f518a3eb2476 service placement] 10.222.0.55 "DELETE /placement/allocations/1e0b6704-d9d9-47aa-abd3-e200e27514a7" status: 204 len: 0 microversion: 1.0
May 27 09:51:17.582227 n-d-836064-2 devstack@placement-api.service[111637]: [pid: 111637|app: 0|req: 166/334] 10.222.0.55 () {60 vars in 1355 bytes} [Fri May 27 09:51:17 2022] DELETE /placement/allocations/1e0b6704-d9d9-47aa-abd3-e200e27514a7 => generated 0 bytes in 76 msecs (HTTP/1.1 204) 5 headers in 198 bytes (1 switches on core 0)
May 27 09:51:20.216767 n-d-836064-2 devstack@placement-api.service[111636]: DEBUG placement.requestlog [req-f6a6b930-68f6-4b73-bae7-d541004574ff req-70caa468-b4be-4173-b760-9ecc4472abab None None] Starting request: 10.222.0.13 "GET /placement/allocation_candidates?limit=1000&resources=DISK_GB%3A1%2CMEMORY_MB%3A1024%2CVCPU%3A1&root_required=%21COMPUTE_STATUS_DISABLED" {{(pid=111636) __call__ /opt/stack/placement/placement/requestlog.py:55}}
May 27 09:51:20.302331 n-d-836064-2 devstack@placement-api.service[111636]: DEBUG placement.objects.research_context [req-f6a6b930-68f6-4b73-bae7-d541004574ff req-70caa468-b4be-4173-b760-9ecc4472abab service placement] getting providers with 1 DISK_GB {{(pid=111636) __init__ /opt/stack/placement/placement/objects/research_context.py:136}}
May 27 09:51:20.315429 n-d-836064-2 devstack@placement-api.service[111636]: DEBUG placement.objects.research_context [req-f6a6b930-68f6-4b73-bae7-d541004574ff req-70caa468-b4be-4173-b760-9ecc4472abab service placement] getting providers with 1024 MEMORY_MB {{(pid=111636) __init__ /opt/stack/placement/placement/objects/research_context.py:136}}
May 27 09:51:20.331869 n-d-836064-2 devstack@placement-api.service[111636]: DEBUG placement.objects.research_context [req-f6a6b930-68f6-4b73-bae7-d541004574ff req-70caa468-b4be-4173-b760-9ecc4472abab service placement] getting providers with 1 VCPU {{(pid=111636) __init__ /opt/stack/placement/placement/objects/research_context.py:136}}
May 27 09:51:20.349914 n-d-836064-2 devstack@placement-api.service[111636]: DEBUG placement.objects.research_context [req-f6a6b930-68f6-4b73-bae7-d541004574ff req-70caa468-b4be-4173-b760-9ecc4472abab service placement] found 2 providers with available 1 DISK_GB {{(pid=111636) get_provider_ids_matching /opt/stack/placement/placement/objects/research_context.py:563}}
May 27 09:51:20.350712 n-d-836064-2 devstack@placement-api.service[111636]: DEBUG placement.objects.research_context [req-f6a6b930-68f6-4b73-bae7-d541004574ff req-70caa468-b4be-4173-b760-9ecc4472abab service placement] found 2 providers with available 1024 MEMORY_MB {{(pid=111636) get_provider_ids_matching /opt/stack/placement/placement/objects/research_context.py:563}}
May 27 09:51:20.351222 n-d-836064-2 devstack@placement-api.service[111636]: DEBUG placement.objects.research_context [req-f6a6b930-68f6-4b73-bae7-d541004574ff req-70caa468-b4be-4173-b760-9ecc4472abab service placement] found 2 providers after filtering by previous result {{(pid=111636) get_provider_ids_matching /opt/stack/placement/placement/objects/research_context.py:594}}
May 27 09:51:20.352125 n-d-836064-2 devstack@placement-api.service[111636]: DEBUG placement.objects.research_context [req-f6a6b930-68f6-4b73-bae7-d541004574ff req-70caa468-b4be-4173-b760-9ecc4472abab service placement] found 2 providers with available 1 VCPU {{(pid=111636) get_provider_ids_matching /opt/stack/placement/placement/objects/research_context.py:563}}
May 27 09:51:20.352638 n-d-836064-2 devstack@placement-api.service[111636]: DEBUG placement.objects.research_context [req-f6a6b930-68f6-4b73-bae7-d541004574ff req-70caa468-b4be-4173-b760-9ecc4472abab service placement] found 2 providers after filtering by previous result {{(pid=111636) get_provider_ids_matching /opt/stack/placement/placement/objects/research_context.py:594}}
May 27 09:51:20.388856 n-d-836064-2 devstack@placement-api.service[111636]: DEBUG placement.objects.allocation_candidate [req-f6a6b930-68f6-4b73-bae7-d541004574ff req-70caa468-b4be-4173-b760-9ecc4472abab service placement] RequestGroup(use_same_provider=False, resources={DISK_GB:1, MEMORY_MB:1024, VCPU:1}, traits=(), aggregates=[]) (suffix '') returned 2 matches {{(pid=111636) _get_by_requests /opt/stack/placement/placement/objects/allocation_candidate.py:156}}
May 27 09:51:20.389549 n-d-836064-2 devstack@placement-api.service[111636]: DEBUG placement.objects.allocation_candidate [req-f6a6b930-68f6-4b73-bae7-d541004574ff req-70caa468-b4be-4173-b760-9ecc4472abab service placement] Merging candidates yields 2 allocation requests and 2 provider summaries {{(pid=111636) _merge_candidates /opt/stack/placement/placement/objects/allocation_candidate.py:809}}
May 27 09:51:20.394449 n-d-836064-2 devstack@placement-api.service[111636]: INFO placement.requestlog [req-f6a6b930-68f6-4b73-bae7-d541004574ff req-70caa468-b4be-4173-b760-9ecc4472abab service placement] 10.222.0.13 "GET /placement/allocation_candidates?limit=1000&resources=DISK_GB%3A1%2CMEMORY_MB%3A1024%2CVCPU%3A1&root_required=%21COMPUTE_STATUS_DISABLED" status: 200 len: 1309 microversion: 1.36
May 27 09:51:20.395642 n-d-836064-2 devstack@placement-api.service[111636]: [pid: 111636|app: 0|req: 169/335] 10.222.0.13 () {60 vars in 1506 bytes} [Fri May 27 09:51:20 2022] GET /placement/allocation_candidates?limit=1000&resources=DISK_GB%3A1%2CMEMORY_MB%3A1024%2CVCPU%3A1&root_required=%21COMPUTE_STATUS_DISABLED => generated 1309 bytes in 179 msecs (HTTP/1.1 200) 8 headers in 297 bytes (1 switches on core 0)
May 27 09:51:20.540241 n-d-836064-2 devstack@placement-api.service[111637]: DEBUG placement.requestlog [req-f6a6b930-68f6-4b73-bae7-d541004574ff req-373434fa-9c75-4230-b47f-ffd82907fb5d None None] Starting request: 10.222.0.13 "GET /placement/allocations/dd221958-6661-4014-bd66-e8e0de20c637" {{(pid=111637) __call__ /opt/stack/placement/placement/requestlog.py:55}}
May 27 09:51:20.556487 n-d-836064-2 devstack@placement-api.service[111637]: INFO placement.requestlog [req-f6a6b930-68f6-4b73-bae7-d541004574ff req-373434fa-9c75-4230-b47f-ffd82907fb5d service placement] 10.222.0.13 "GET /placement/allocations/dd221958-6661-4014-bd66-e8e0de20c637" status: 200 len: 19 microversion: 1.28
May 27 09:51:20.562480 n-d-836064-2 devstack@placement-api.service[111637]: [pid: 111637|app: 0|req: 167/336] 10.222.0.13 () {60 vars in 1380 bytes} [Fri May 27 09:51:20 2022] GET /placement/allocations/dd221958-6661-4014-bd66-e8e0de20c637 => generated 19 bytes in 23 msecs (HTTP/1.1 200) 8 headers in 295 bytes (1 switches on core 0)
May 27 09:51:20.563414 n-d-836064-2 devstack@placement-api.service[111636]: DEBUG placement.requestlog [req-f6a6b930-68f6-4b73-bae7-d541004574ff req-851052cd-0121-4ca7-92c7-b6ccb49ee491 None None] Starting request: 10.222.0.13 "PUT /placement/allocations/dd221958-6661-4014-bd66-e8e0de20c637" {{(pid=111636) __call__ /opt/stack/placement/placement/requestlog.py:55}}
May 27 09:51:20.710629 n-d-836064-2 devstack@placement-api.service[111636]: DEBUG placement.handlers.allocation [req-f6a6b930-68f6-4b73-bae7-d541004574ff req-851052cd-0121-4ca7-92c7-b6ccb49ee491 service placement] Successfully wrote allocations [, , ] {{(pid=111636) _update_consumers_and_create_allocations /opt/stack/placement/placement/handlers/allocation.py:462}}
May 27 09:51:20.729021 n-d-836064-2 devstack@placement-api.service[111636]: INFO placement.requestlog [req-f6a6b930-68f6-4b73-bae7-d541004574ff req-851052cd-0121-4ca7-92c7-b6ccb49ee491 service placement] 10.222.0.13 "PUT /placement/allocations/dd221958-6661-4014-bd66-e8e0de20c637" status: 204 len: 0 microversion: 1.36
May 27 09:51:20.729471 n-d-836064-2 devstack@placement-api.service[111636]: [pid: 111636|app: 0|req: 170/337] 10.222.0.13 () {64 vars in 1433 bytes} [Fri May 27 09:51:20 2022] PUT /placement/allocations/dd221958-6661-4014-bd66-e8e0de20c637 => generated 0 bytes in 166 msecs (HTTP/1.1 204) 5 headers in 199 bytes (2 switches on core 0)
May 27 09:51:21.310398 n-d-836064-2 devstack@placement-api.service[111637]: DEBUG placement.requestlog [req-f6a6b930-68f6-4b73-bae7-d541004574ff req-1a2179bf-8126-421b-bf81-a29491681b5a None None] Starting request: 10.222.0.55 "GET /placement/allocations/dd221958-6661-4014-bd66-e8e0de20c637" {{(pid=111637) __call__ /opt/stack/placement/placement/requestlog.py:55}}
May 27 09:51:21.362417 n-d-836064-2 devstack@placement-api.service[111637]: INFO placement.requestlog [req-f6a6b930-68f6-4b73-bae7-d541004574ff req-1a2179bf-8126-421b-bf81-a29491681b5a service placement] 10.222.0.55 "GET /placement/allocations/dd221958-6661-4014-bd66-e8e0de20c637" status: 200 len: 259 microversion: 1.28
May 27 09:51:21.363110 n-d-836064-2 devstack@placement-api.service[111637]: [pid: 111637|app: 0|req: 168/338] 10.222.0.55 () {60 vars in 1377 bytes} [Fri May 27 09:51:21 2022] GET /placement/allocations/dd221958-6661-4014-bd66-e8e0de20c637 => generated 259 bytes in 53 msecs (HTTP/1.1 200) 8 headers in 296 bytes (1 switches on core 0)
May 27 09:51:22.850671 n-d-836064-2 devstack@placement-api.service[111636]: DEBUG placement.requestlog [None req-18e407ce-02ee-443b-ac6d-d2dd2cd08b88 None None] Starting request: 10.222.0.13 "GET /placement/resource_providers/0204ab78-6d92-462e-8bd0-9e7effadbd70/aggregates" {{(pid=111636) __call__ /opt/stack/placement/placement/requestlog.py:55}}
May 27 09:51:22.872083 n-d-836064-2 devstack@placement-api.service[111636]: INFO placement.requestlog [None req-18e407ce-02ee-443b-ac6d-d2dd2cd08b88 service placement] 10.222.0.13 "GET /placement/resource_providers/0204ab78-6d92-462e-8bd0-9e7effadbd70/aggregates" status: 404 len: 235 microversion: 1.1
May 27 09:51:22.873015 n-d-836064-2 devstack@placement-api.service[111636]: [pid: 111636|app: 0|req: 171/339] 10.222.0.13 () {58 vars in 1362 bytes} [Fri May 27 09:51:22 2022] GET /placement/resource_providers/0204ab78-6d92-462e-8bd0-9e7effadbd70/aggregates => generated 235 bytes in 23 msecs (HTTP/1.1 404) 5 headers in 202 bytes (1 switches on core 0)
May 27 09:51:23.002687 n-d-836064-2 devstack@placement-api.service[111637]: DEBUG placement.requestlog [None req-6db7da24-3c98-4f62-bb9f-4a1418a4f66a None None] Starting request: 10.222.0.13 "DELETE /placement/resource_providers/0204ab78-6d92-462e-8bd0-9e7effadbd70" {{(pid=111637) __call__ /opt/stack/placement/placement/requestlog.py:55}}
May 27 09:51:23.020278 n-d-836064-2 devstack@placement-api.service[111637]: DEBUG placement.wsgi_wrapper [None req-6db7da24-3c98-4f62-bb9f-4a1418a4f66a service placement] Placement API returning an error response: No resource provider with uuid 0204ab78-6d92-462e-8bd0-9e7effadbd70 found for delete {{(pid=111637) call_func /opt/stack/placement/placement/wsgi_wrapper.py:31}}
May 27 09:51:23.021318 n-d-836064-2 devstack@placement-api.service[111637]: INFO placement.requestlog [None req-6db7da24-3c98-4f62-bb9f-4a1418a4f66a service placement] 10.222.0.13 "DELETE /placement/resource_providers/0204ab78-6d92-462e-8bd0-9e7effadbd70" status: 404 len: 246 microversion: 1.1
May 27 09:51:23.022445 n-d-836064-2 devstack@placement-api.service[111637]: [pid: 111637|app: 0|req: 169/340] 10.222.0.13 () {60 vars in 1351 bytes} [Fri May 27 09:51:23 2022] DELETE /placement/resource_providers/0204ab78-6d92-462e-8bd0-9e7effadbd70 => generated 246 bytes in 20 msecs (HTTP/1.1 404) 6 headers in 231 bytes (1 switches on core 0)
May 27 09:51:30.185299 n-d-836064-2 devstack@placement-api.service[111636]: DEBUG placement.requestlog [req-19ec2483-0190-4a14-b26d-263588ef0c34 req-6f663cca-7734-4a8b-bfaf-c109df74bf85 None None] Starting request: 10.222.0.66 "DELETE /placement/allocations/2e43902a-b3e6-4c8a-a7db-495be1913470" {{(pid=111636) __call__ /opt/stack/placement/placement/requestlog.py:55}}
May 27 09:51:30.214078 n-d-836064-2 devstack@placement-api.service[111636]: DEBUG dbcounter [-] [111636] Writing DB stats placement:SELECT=77,placement:DELETE=4,placement:UPDATE=4,placement:INSERT=6 {{(pid=111636) stat_writer /usr/local/lib/python3.8/dist-packages/dbcounter.py:114}}
May 27 09:51:30.251445 n-d-836064-2 devstack@placement-api.service[111636]: DEBUG placement.handlers.allocation [req-19ec2483-0190-4a14-b26d-263588ef0c34 req-6f663cca-7734-4a8b-bfaf-c109df74bf85 service placement] Successfully deleted allocations [, , ] {{(pid=111636) delete_allocations /opt/stack/placement/placement/handlers/allocation.py:627}}
May 27 09:51:30.252549 n-d-836064-2 devstack@placement-api.service[111636]: INFO placement.requestlog [req-19ec2483-0190-4a14-b26d-263588ef0c34 req-6f663cca-7734-4a8b-bfaf-c109df74bf85 service placement] 10.222.0.66 "DELETE /placement/allocations/2e43902a-b3e6-4c8a-a7db-495be1913470" status: 204 len: 0 microversion: 1.0
May 27 09:51:30.253740 n-d-836064-2 devstack@placement-api.service[111636]: [pid: 111636|app: 0|req: 172/341] 10.222.0.66 () {60 vars in 1355 bytes} [Fri May 27 09:51:30 2022] DELETE /placement/allocations/2e43902a-b3e6-4c8a-a7db-495be1913470 => generated 0 bytes in 68 msecs (HTTP/1.1 204) 5 headers in 198 bytes (1 switches on core 0)
May 27 09:51:33.013724 n-d-836064-2 devstack@placement-api.service[111637]: DEBUG dbcounter [-] [111637] Writing DB stats placement:SELECT=20,placement:DELETE=4,placement:INSERT=3,placement:UPDATE=2 {{(pid=111637) stat_writer /usr/local/lib/python3.8/dist-packages/dbcounter.py:114}}
May 27 09:51:38.649001 n-d-836064-2 devstack@placement-api.service[111637]: DEBUG placement.requestlog [req-787555a4-d1d7-4931-8b6a-edf720c046df req-6afbcb78-c5cb-4329-99e0-45ea78bf0747 None None] Starting request: 10.222.0.13 "GET /placement/allocation_candidates?limit=1000&resources=DISK_GB%3A1%2CMEMORY_MB%3A1024%2CVCPU%3A1&root_required=%21COMPUTE_STATUS_DISABLED" {{(pid=111637) __call__ /opt/stack/placement/placement/requestlog.py:55}}
May 27 09:51:39.095257 n-d-836064-2 devstack@placement-api.service[111637]: DEBUG placement.objects.research_context [req-787555a4-d1d7-4931-8b6a-edf720c046df req-6afbcb78-c5cb-4329-99e0-45ea78bf0747 service placement] getting providers with 1 DISK_GB {{(pid=111637) __init__ /opt/stack/placement/placement/objects/research_context.py:136}}
May 27 09:51:39.103150 n-d-836064-2 devstack@placement-api.service[111637]: DEBUG placement.objects.research_context [req-787555a4-d1d7-4931-8b6a-edf720c046df req-6afbcb78-c5cb-4329-99e0-45ea78bf0747 service placement] getting providers with 1024 MEMORY_MB {{(pid=111637) __init__ /opt/stack/placement/placement/objects/research_context.py:136}}
May 27 09:51:39.118295 n-d-836064-2 devstack@placement-api.service[111637]: DEBUG placement.objects.research_context [req-787555a4-d1d7-4931-8b6a-edf720c046df req-6afbcb78-c5cb-4329-99e0-45ea78bf0747 service placement] getting providers with 1 VCPU {{(pid=111637) __init__ /opt/stack/placement/placement/objects/research_context.py:136}}
May 27 09:51:39.130608 n-d-836064-2 devstack@placement-api.service[111637]: DEBUG placement.objects.research_context [req-787555a4-d1d7-4931-8b6a-edf720c046df req-6afbcb78-c5cb-4329-99e0-45ea78bf0747 service placement] found 2 providers with available 1 DISK_GB {{(pid=111637) get_provider_ids_matching /opt/stack/placement/placement/objects/research_context.py:563}}
May 27 09:51:39.131160 n-d-836064-2 devstack@placement-api.service[111637]: DEBUG placement.objects.research_context [req-787555a4-d1d7-4931-8b6a-edf720c046df req-6afbcb78-c5cb-4329-99e0-45ea78bf0747 service placement] found 2 providers with available 1024 MEMORY_MB {{(pid=111637) get_provider_ids_matching /opt/stack/placement/placement/objects/research_context.py:563}}
May 27 09:51:39.131602 n-d-836064-2 devstack@placement-api.service[111637]: DEBUG placement.objects.research_context [req-787555a4-d1d7-4931-8b6a-edf720c046df req-6afbcb78-c5cb-4329-99e0-45ea78bf0747 service placement] found 2 providers after filtering by previous result {{(pid=111637) get_provider_ids_matching /opt/stack/placement/placement/objects/research_context.py:594}}
May 27 09:51:39.132025 n-d-836064-2 devstack@placement-api.service[111637]: DEBUG placement.objects.research_context [req-787555a4-d1d7-4931-8b6a-edf720c046df req-6afbcb78-c5cb-4329-99e0-45ea78bf0747 service placement] found 2 providers with available 1 VCPU {{(pid=111637) get_provider_ids_matching /opt/stack/placement/placement/objects/research_context.py:563}}
May 27 09:51:39.132719 n-d-836064-2 devstack@placement-api.service[111637]: DEBUG placement.objects.research_context [req-787555a4-d1d7-4931-8b6a-edf720c046df req-6afbcb78-c5cb-4329-99e0-45ea78bf0747 service placement] found 2 providers after filtering by previous result {{(pid=111637) get_provider_ids_matching /opt/stack/placement/placement/objects/research_context.py:594}}
May 27 09:51:39.163447 n-d-836064-2 devstack@placement-api.service[111637]: DEBUG placement.objects.allocation_candidate [req-787555a4-d1d7-4931-8b6a-edf720c046df req-6afbcb78-c5cb-4329-99e0-45ea78bf0747 service placement] RequestGroup(use_same_provider=False, resources={DISK_GB:1, MEMORY_MB:1024, VCPU:1}, traits=(), aggregates=[]) (suffix '') returned 2 matches {{(pid=111637) _get_by_requests /opt/stack/placement/placement/objects/allocation_candidate.py:156}}
May 27 09:51:39.164077 n-d-836064-2 devstack@placement-api.service[111637]: DEBUG placement.objects.allocation_candidate [req-787555a4-d1d7-4931-8b6a-edf720c046df req-6afbcb78-c5cb-4329-99e0-45ea78bf0747 service placement] Merging candidates yields 2 allocation requests and 2 provider summaries {{(pid=111637) _merge_candidates /opt/stack/placement/placement/objects/allocation_candidate.py:809}}
May 27 09:51:39.170717 n-d-836064-2 devstack@placement-api.service[111637]: INFO placement.requestlog [req-787555a4-d1d7-4931-8b6a-edf720c046df req-6afbcb78-c5cb-4329-99e0-45ea78bf0747 service placement] 10.222.0.13 "GET /placement/allocation_candidates?limit=1000&resources=DISK_GB%3A1%2CMEMORY_MB%3A1024%2CVCPU%3A1&root_required=%21COMPUTE_STATUS_DISABLED" status: 200 len: 1309 microversion: 1.36
May 27 09:51:39.171864 n-d-836064-2 devstack@placement-api.service[111637]: [pid: 111637|app: 0|req: 170/342] 10.222.0.13 () {60 vars in 1506 bytes} [Fri May 27 09:51:38 2022] GET /placement/allocation_candidates?limit=1000&resources=DISK_GB%3A1%2CMEMORY_MB%3A1024%2CVCPU%3A1&root_required=%21COMPUTE_STATUS_DISABLED => generated 1309 bytes in 524 msecs (HTTP/1.1 200) 8 headers in 297 bytes (1 switches on core 0)
May 27 09:51:39.263095 n-d-836064-2 devstack@placement-api.service[111636]: DEBUG placement.requestlog [req-787555a4-d1d7-4931-8b6a-edf720c046df req-4cdf752d-bc57-49ca-8b0b-b6cea88092c3 None None] Starting request: 10.222.0.13 "GET /placement/allocations/6a9a25ce-dfbe-4617-afc0-4207bf7bf2b7" {{(pid=111636) __call__ /opt/stack/placement/placement/requestlog.py:55}}
May 27 09:51:39.276878 n-d-836064-2 devstack@placement-api.service[111636]: INFO placement.requestlog [req-787555a4-d1d7-4931-8b6a-edf720c046df req-4cdf752d-bc57-49ca-8b0b-b6cea88092c3 service placement] 10.222.0.13 "GET /placement/allocations/6a9a25ce-dfbe-4617-afc0-4207bf7bf2b7" status: 200 len: 19 microversion: 1.28
May 27 09:51:39.283805 n-d-836064-2 devstack@placement-api.service[111636]: [pid: 111636|app: 0|req: 173/343] 10.222.0.13 () {60 vars in 1380 bytes} [Fri May 27 09:51:39 2022] GET /placement/allocations/6a9a25ce-dfbe-4617-afc0-4207bf7bf2b7 => generated 19 bytes in 19 msecs (HTTP/1.1 200) 8 headers in 295 bytes (1 switches on core 0)
May 27 09:51:39.285093 n-d-836064-2 devstack@placement-api.service[111637]: DEBUG placement.requestlog [req-787555a4-d1d7-4931-8b6a-edf720c046df req-c4b9e45f-3052-4a7d-9e5d-33f91a28d434 None None] Starting request: 10.222.0.13 "PUT /placement/allocations/6a9a25ce-dfbe-4617-afc0-4207bf7bf2b7" {{(pid=111637) __call__ /opt/stack/placement/placement/requestlog.py:55}}
May 27 09:51:39.442229 n-d-836064-2 devstack@placement-api.service[111637]: DEBUG placement.handlers.allocation [req-787555a4-d1d7-4931-8b6a-edf720c046df req-c4b9e45f-3052-4a7d-9e5d-33f91a28d434 service placement] Successfully wrote allocations [, , ] {{(pid=111637) _update_consumers_and_create_allocations /opt/stack/placement/placement/handlers/allocation.py:462}}
May 27 09:51:39.451050 n-d-836064-2 devstack@placement-api.service[111637]: INFO placement.requestlog [req-787555a4-d1d7-4931-8b6a-edf720c046df req-c4b9e45f-3052-4a7d-9e5d-33f91a28d434 service placement] 10.222.0.13 "PUT /placement/allocations/6a9a25ce-dfbe-4617-afc0-4207bf7bf2b7" status: 204 len: 0 microversion: 1.36
May 27 09:51:39.452128 n-d-836064-2 devstack@placement-api.service[111637]: [pid: 111637|app: 0|req: 171/344] 10.222.0.13 () {64 vars in 1433 bytes} [Fri May 27 09:51:39 2022] PUT /placement/allocations/6a9a25ce-dfbe-4617-afc0-4207bf7bf2b7 => generated 0 bytes in 167 msecs (HTTP/1.1 204) 5 headers in 199 bytes (1 switches on core 0)
May 27 09:51:40.041636 n-d-836064-2 devstack@placement-api.service[111636]: DEBUG placement.requestlog [req-787555a4-d1d7-4931-8b6a-edf720c046df req-c39e3e16-7393-41fb-a422-dc286a0974eb None None] Starting request: 10.222.0.55 "GET /placement/allocations/6a9a25ce-dfbe-4617-afc0-4207bf7bf2b7" {{(pid=111636) __call__ /opt/stack/placement/placement/requestlog.py:55}}
May 27 09:51:40.071921 n-d-836064-2 devstack@placement-api.service[111636]: INFO placement.requestlog [req-787555a4-d1d7-4931-8b6a-edf720c046df req-c39e3e16-7393-41fb-a422-dc286a0974eb service placement] 10.222.0.55 "GET /placement/allocations/6a9a25ce-dfbe-4617-afc0-4207bf7bf2b7" status: 200 len: 259 microversion: 1.28
May 27 09:51:40.073037 n-d-836064-2 devstack@placement-api.service[111636]: [pid: 111636|app: 0|req: 174/345] 10.222.0.55 () {60 vars in 1377 bytes} [Fri May 27 09:51:40 2022] GET /placement/allocations/6a9a25ce-dfbe-4617-afc0-4207bf7bf2b7 => generated 259 bytes in 32 msecs (HTTP/1.1 200) 8 headers in 296 bytes (1 switches on core 0)
May 27 09:51:40.310614 n-d-836064-2 devstack@placement-api.service[111637]: DEBUG placement.requestlog [req-c5da75f8-7a33-4f59-932b-3f227e20c7a9 req-66ce829f-34a2-4b52-8c45-408cb7638ca6 None None] Starting request: 10.222.0.66 "DELETE /placement/allocations/9239babf-de0b-4c61-bd0c-a091bc7edd3f" {{(pid=111637) __call__ /opt/stack/placement/placement/requestlog.py:55}}
May 27 09:51:40.375936 n-d-836064-2 devstack@placement-api.service[111637]: DEBUG placement.handlers.allocation [req-c5da75f8-7a33-4f59-932b-3f227e20c7a9 req-66ce829f-34a2-4b52-8c45-408cb7638ca6 service placement] Successfully deleted allocations [, , ] {{(pid=111637) delete_allocations /opt/stack/placement/placement/handlers/allocation.py:627}}
May 27 09:51:40.378685 n-d-836064-2 devstack@placement-api.service[111637]: INFO placement.requestlog [req-c5da75f8-7a33-4f59-932b-3f227e20c7a9 req-66ce829f-34a2-4b52-8c45-408cb7638ca6 service placement] 10.222.0.66 "DELETE /placement/allocations/9239babf-de0b-4c61-bd0c-a091bc7edd3f" status: 204 len: 0 microversion: 1.0
May 27 09:51:40.379725 n-d-836064-2 devstack@placement-api.service[111637]: [pid: 111637|app: 0|req: 172/346] 10.222.0.66 () {60 vars in 1355 bytes} [Fri May 27 09:51:40 2022] DELETE /placement/allocations/9239babf-de0b-4c61-bd0c-a091bc7edd3f => generated 0 bytes in 70 msecs (HTTP/1.1 204) 5 headers in 198 bytes (1 switches on core 0)
May 27 09:51:42.950534 n-d-836064-2 devstack@placement-api.service[111636]: DEBUG placement.requestlog [req-f0866db0-f62e-411e-bbe3-11bf1939d20e req-c17cd9e9-f63f-4ee7-897b-454a76352e2d None None] Starting request: 10.222.0.55 "DELETE /placement/allocations/dd221958-6661-4014-bd66-e8e0de20c637" {{(pid=111636) __call__ /opt/stack/placement/placement/requestlog.py:55}}
May 27 09:51:43.015354 n-d-836064-2 devstack@placement-api.service[111636]: DEBUG placement.handlers.allocation [req-f0866db0-f62e-411e-bbe3-11bf1939d20e req-c17cd9e9-f63f-4ee7-897b-454a76352e2d service placement] Successfully deleted allocations [, , ] {{(pid=111636) delete_allocations /opt/stack/placement/placement/handlers/allocation.py:627}}
May 27 09:51:43.016024 n-d-836064-2 devstack@placement-api.service[111636]: INFO placement.requestlog [req-f0866db0-f62e-411e-bbe3-11bf1939d20e req-c17cd9e9-f63f-4ee7-897b-454a76352e2d service placement] 10.222.0.55 "DELETE /placement/allocations/dd221958-6661-4014-bd66-e8e0de20c637" status: 204 len: 0 microversion: 1.0
May 27 09:51:43.016862 n-d-836064-2 devstack@placement-api.service[111636]: [pid: 111636|app: 0|req: 175/347] 10.222.0.55 () {60 vars in 1355 bytes} [Fri May 27 09:51:42 2022] DELETE /placement/allocations/dd221958-6661-4014-bd66-e8e0de20c637 => generated 0 bytes in 66 msecs (HTTP/1.1 204) 5 headers in 198 bytes (1 switches on core 0)
May 27 09:51:45.189946 n-d-836064-2 devstack@placement-api.service[111637]: DEBUG placement.requestlog [req-843e3e3e-004b-442b-abc8-4d800caa5e34 req-228862af-a2a0-40bc-b463-b07830ad673e None None] Starting request: 10.222.0.55 "DELETE /placement/allocations/0f0d5575-7a33-45f4-8e4e-e387146e0df9" {{(pid=111637) __call__ /opt/stack/placement/placement/requestlog.py:55}}
May 27 09:51:45.263124 n-d-836064-2 devstack@placement-api.service[111637]: DEBUG placement.handlers.allocation [req-843e3e3e-004b-442b-abc8-4d800caa5e34 req-228862af-a2a0-40bc-b463-b07830ad673e service placement] Successfully deleted allocations [, , ] {{(pid=111637) delete_allocations /opt/stack/placement/placement/handlers/allocation.py:627}}
May 27 09:51:45.264412 n-d-836064-2 devstack@placement-api.service[111637]: INFO placement.requestlog [req-843e3e3e-004b-442b-abc8-4d800caa5e34 req-228862af-a2a0-40bc-b463-b07830ad673e service placement] 10.222.0.55 "DELETE /placement/allocations/0f0d5575-7a33-45f4-8e4e-e387146e0df9" status: 204 len: 0 microversion: 1.0
May 27 09:51:45.265513 n-d-836064-2 devstack@placement-api.service[111637]: [pid: 111637|app: 0|req: 173/348] 10.222.0.55 () {60 vars in 1355 bytes} [Fri May 27 09:51:45 2022] DELETE /placement/allocations/0f0d5575-7a33-45f4-8e4e-e387146e0df9 => generated 0 bytes in 77 msecs (HTTP/1.1 204) 5 headers in 198 bytes (1 switches on core 0)
May 27 09:51:53.006500 n-d-836064-2 devstack@placement-api.service[111636]: DEBUG dbcounter [-] [111636] Writing DB stats placement:SELECT=19,placement:DELETE=4 {{(pid=111636) stat_writer /usr/local/lib/python3.8/dist-packages/dbcounter.py:114}}
May 27 09:51:54.394651 n-d-836064-2 devstack@placement-api.service[111636]: DEBUG placement.requestlog [req-0cf80554-45e0-4ec8-96e6-adbe87ef16e1 req-a9f4d0a6-e377-48be-9338-c45ea6b97a4a None None] Starting request: 10.222.0.66 "DELETE /placement/allocations/7bbe4f52-ba09-47ba-af0a-d9d7d8518f43" {{(pid=111636) __call__ /opt/stack/placement/placement/requestlog.py:55}}
May 27 09:51:54.501644 n-d-836064-2 devstack@placement-api.service[111636]: DEBUG placement.handlers.allocation [req-0cf80554-45e0-4ec8-96e6-adbe87ef16e1 req-a9f4d0a6-e377-48be-9338-c45ea6b97a4a service placement] Successfully deleted allocations [, , ] {{(pid=111636) delete_allocations /opt/stack/placement/placement/handlers/allocation.py:627}}
May 27 09:51:54.502146 n-d-836064-2 devstack@placement-api.service[111636]: INFO placement.requestlog [req-0cf80554-45e0-4ec8-96e6-adbe87ef16e1 req-a9f4d0a6-e377-48be-9338-c45ea6b97a4a service placement] 10.222.0.66 "DELETE /placement/allocations/7bbe4f52-ba09-47ba-af0a-d9d7d8518f43" status: 204 len: 0 microversion: 1.0
May 27 09:51:54.502720 n-d-836064-2 devstack@placement-api.service[111636]: [pid: 111636|app: 0|req: 176/349] 10.222.0.66 () {60 vars in 1355 bytes} [Fri May 27 09:51:54 2022] DELETE /placement/allocations/7bbe4f52-ba09-47ba-af0a-d9d7d8518f43 => generated 0 bytes in 108 msecs (HTTP/1.1 204) 5 headers in 198 bytes (1 switches on core 0)
May 27 09:51:55.249868 n-d-836064-2 devstack@placement-api.service[111637]: DEBUG dbcounter [-] [111637] Writing DB stats placement:SELECT=41,placement:INSERT=6,placement:DELETE=6,placement:UPDATE=2 {{(pid=111637) stat_writer /usr/local/lib/python3.8/dist-packages/dbcounter.py:114}}
May 27 09:52:01.091391 n-d-836064-2 devstack@placement-api.service[111637]: DEBUG placement.requestlog [req-ce43bd0c-3822-46e4-a212-be8965ee473e req-c8bb8a6c-bebf-41aa-b5d4-a115e9202a34 None None] Starting request: 10.222.0.55 "DELETE /placement/allocations/6a9a25ce-dfbe-4617-afc0-4207bf7bf2b7" {{(pid=111637) __call__ /opt/stack/placement/placement/requestlog.py:55}}
May 27 09:52:01.140296 n-d-836064-2 devstack@placement-api.service[111637]: DEBUG placement.handlers.allocation [req-ce43bd0c-3822-46e4-a212-be8965ee473e req-c8bb8a6c-bebf-41aa-b5d4-a115e9202a34 service placement] Successfully deleted allocations [, , ] {{(pid=111637) delete_allocations /opt/stack/placement/placement/handlers/allocation.py:627}}
May 27 09:52:01.140938 n-d-836064-2 devstack@placement-api.service[111637]: INFO placement.requestlog [req-ce43bd0c-3822-46e4-a212-be8965ee473e req-c8bb8a6c-bebf-41aa-b5d4-a115e9202a34 service placement] 10.222.0.55 "DELETE /placement/allocations/6a9a25ce-dfbe-4617-afc0-4207bf7bf2b7" status: 204 len: 0 microversion: 1.0
May 27 09:52:01.141486 n-d-836064-2 devstack@placement-api.service[111637]: [pid: 111637|app: 0|req: 174/350] 10.222.0.55 () {60 vars in 1355 bytes} [Fri May 27 09:52:01 2022] DELETE /placement/allocations/6a9a25ce-dfbe-4617-afc0-4207bf7bf2b7 => generated 0 bytes in 51 msecs (HTTP/1.1 204) 5 headers in 198 bytes (1 switches on core 0)
May 27 09:52:02.564671 n-d-836064-2 devstack@placement-api.service[111636]: DEBUG placement.requestlog [req-f9e2485c-a5a3-4e81-bfdb-0e012d64bd3d req-5591a4c5-78df-47b6-9832-92057410e8b7 None None] Starting request: 10.222.0.13 "GET /placement/allocation_candidates?limit=1000&resources=DISK_GB%3A1%2CMEMORY_MB%3A1024%2CVCPU%3A1&root_required=%21COMPUTE_STATUS_DISABLED" {{(pid=111636) __call__ /opt/stack/placement/placement/requestlog.py:55}}
May 27 09:52:02.602828 n-d-836064-2 devstack@placement-api.service[111636]: DEBUG placement.objects.research_context [req-f9e2485c-a5a3-4e81-bfdb-0e012d64bd3d req-5591a4c5-78df-47b6-9832-92057410e8b7 service placement] getting providers with 1 DISK_GB {{(pid=111636) __init__ /opt/stack/placement/placement/objects/research_context.py:136}}
May 27 09:52:02.611977 n-d-836064-2 devstack@placement-api.service[111636]: DEBUG placement.objects.research_context [req-f9e2485c-a5a3-4e81-bfdb-0e012d64bd3d req-5591a4c5-78df-47b6-9832-92057410e8b7 service placement] getting providers with 1024 MEMORY_MB {{(pid=111636) __init__ /opt/stack/placement/placement/objects/research_context.py:136}}
May 27 09:52:02.635104 n-d-836064-2 devstack@placement-api.service[111636]: DEBUG placement.objects.research_context [req-f9e2485c-a5a3-4e81-bfdb-0e012d64bd3d req-5591a4c5-78df-47b6-9832-92057410e8b7 service placement] getting providers with 1 VCPU {{(pid=111636) __init__ /opt/stack/placement/placement/objects/research_context.py:136}}
May 27 09:52:02.646558 n-d-836064-2 devstack@placement-api.service[111636]: DEBUG placement.objects.research_context [req-f9e2485c-a5a3-4e81-bfdb-0e012d64bd3d req-5591a4c5-78df-47b6-9832-92057410e8b7 service placement] found 2 providers with available 1 DISK_GB {{(pid=111636) get_provider_ids_matching /opt/stack/placement/placement/objects/research_context.py:563}}
May 27 09:52:02.647090 n-d-836064-2 devstack@placement-api.service[111636]: DEBUG placement.objects.research_context [req-f9e2485c-a5a3-4e81-bfdb-0e012d64bd3d req-5591a4c5-78df-47b6-9832-92057410e8b7 service placement] found 2 providers with available 1024 MEMORY_MB {{(pid=111636) get_provider_ids_matching /opt/stack/placement/placement/objects/research_context.py:563}}
May 27 09:52:02.647528 n-d-836064-2 devstack@placement-api.service[111636]: DEBUG placement.objects.research_context [req-f9e2485c-a5a3-4e81-bfdb-0e012d64bd3d req-5591a4c5-78df-47b6-9832-92057410e8b7 service placement] found 2 providers after filtering by previous result {{(pid=111636) get_provider_ids_matching /opt/stack/placement/placement/objects/research_context.py:594}}
May 27 09:52:02.649213 n-d-836064-2 devstack@placement-api.service[111636]: DEBUG placement.objects.research_context [req-f9e2485c-a5a3-4e81-bfdb-0e012d64bd3d req-5591a4c5-78df-47b6-9832-92057410e8b7 service placement] found 2 providers with available 1 VCPU {{(pid=111636) get_provider_ids_matching /opt/stack/placement/placement/objects/research_context.py:563}}
May 27 09:52:02.649523 n-d-836064-2 devstack@placement-api.service[111636]: DEBUG placement.objects.research_context [req-f9e2485c-a5a3-4e81-bfdb-0e012d64bd3d req-5591a4c5-78df-47b6-9832-92057410e8b7 service placement] found 2 providers after filtering by previous result {{(pid=111636) get_provider_ids_matching /opt/stack/placement/placement/objects/research_context.py:594}}
May 27 09:52:02.664090 n-d-836064-2 devstack@placement-api.service[111636]: DEBUG placement.objects.allocation_candidate [req-f9e2485c-a5a3-4e81-bfdb-0e012d64bd3d req-5591a4c5-78df-47b6-9832-92057410e8b7 service placement] RequestGroup(use_same_provider=False, resources={DISK_GB:1, MEMORY_MB:1024, VCPU:1}, traits=(), aggregates=[]) (suffix '') returned 2 matches {{(pid=111636) _get_by_requests /opt/stack/placement/placement/objects/allocation_candidate.py:156}}
May 27 09:52:02.664471 n-d-836064-2 devstack@placement-api.service[111636]: DEBUG placement.objects.allocation_candidate [req-f9e2485c-a5a3-4e81-bfdb-0e012d64bd3d req-5591a4c5-78df-47b6-9832-92057410e8b7 service placement] Merging candidates yields 2 allocation requests and 2 provider summaries {{(pid=111636) _merge_candidates /opt/stack/placement/placement/objects/allocation_candidate.py:809}}
May 27 09:52:02.666702 n-d-836064-2 devstack@placement-api.service[111636]: INFO placement.requestlog [req-f9e2485c-a5a3-4e81-bfdb-0e012d64bd3d req-5591a4c5-78df-47b6-9832-92057410e8b7 service placement] 10.222.0.13 "GET /placement/allocation_candidates?limit=1000&resources=DISK_GB%3A1%2CMEMORY_MB%3A1024%2CVCPU%3A1&root_required=%21COMPUTE_STATUS_DISABLED" status: 200 len: 1309 microversion: 1.36
May 27 09:52:02.672258 n-d-836064-2 devstack@placement-api.service[111636]: [pid: 111636|app: 0|req: 177/351] 10.222.0.13 () {60 vars in 1506 bytes} [Fri May 27 09:52:02 2022] GET /placement/allocation_candidates?limit=1000&resources=DISK_GB%3A1%2CMEMORY_MB%3A1024%2CVCPU%3A1&root_required=%21COMPUTE_STATUS_DISABLED => generated 1309 bytes in 108 msecs (HTTP/1.1 200) 8 headers in 297 bytes (2 switches on core 0)
May 27 09:52:02.711986 n-d-836064-2 devstack@placement-api.service[111637]: DEBUG placement.requestlog [req-4f7ff9dc-687b-4152-ad2c-3981da480820 req-be70f89e-db4d-4ec2-8fab-694b1c0b539d None None] Starting request: 10.222.0.13 "GET /placement/allocation_candidates?limit=1000&resources=DISK_GB%3A1%2CMEMORY_MB%3A1024%2CVCPU%3A1&root_required=%21COMPUTE_STATUS_DISABLED" {{(pid=111637) __call__ /opt/stack/placement/placement/requestlog.py:55}}
May 27 09:52:02.803664 n-d-836064-2 devstack@placement-api.service[111637]: DEBUG placement.objects.research_context [req-4f7ff9dc-687b-4152-ad2c-3981da480820 req-be70f89e-db4d-4ec2-8fab-694b1c0b539d service placement] getting providers with 1 DISK_GB {{(pid=111637) __init__ /opt/stack/placement/placement/objects/research_context.py:136}}
May 27 09:52:02.812545 n-d-836064-2 devstack@placement-api.service[111636]: DEBUG placement.requestlog [req-f9e2485c-a5a3-4e81-bfdb-0e012d64bd3d req-cf28b569-3631-4903-8651-472e6fe8728a None None] Starting request: 10.222.0.13 "GET /placement/allocations/25acc39c-c0fe-4d4d-afa1-bc75ac03599d" {{(pid=111636) __call__ /opt/stack/placement/placement/requestlog.py:55}}
May 27 09:52:02.825391 n-d-836064-2 devstack@placement-api.service[111637]: DEBUG placement.objects.research_context [req-4f7ff9dc-687b-4152-ad2c-3981da480820 req-be70f89e-db4d-4ec2-8fab-694b1c0b539d service placement] getting providers with 1024 MEMORY_MB {{(pid=111637) __init__ /opt/stack/placement/placement/objects/research_context.py:136}}
May 27 09:52:02.839990 n-d-836064-2 devstack@placement-api.service[111636]: INFO placement.requestlog [req-f9e2485c-a5a3-4e81-bfdb-0e012d64bd3d req-cf28b569-3631-4903-8651-472e6fe8728a service placement] 10.222.0.13 "GET /placement/allocations/25acc39c-c0fe-4d4d-afa1-bc75ac03599d" status: 200 len: 19 microversion: 1.28
May 27 09:52:02.843901 n-d-836064-2 devstack@placement-api.service[111637]: DEBUG placement.objects.research_context [req-4f7ff9dc-687b-4152-ad2c-3981da480820 req-be70f89e-db4d-4ec2-8fab-694b1c0b539d service placement] getting providers with 1 VCPU {{(pid=111637) __init__ /opt/stack/placement/placement/objects/research_context.py:136}}
May 27 09:52:02.850242 n-d-836064-2 devstack@placement-api.service[111636]: [pid: 111636|app: 0|req: 178/352] 10.222.0.13 () {60 vars in 1380 bytes} [Fri May 27 09:52:02 2022] GET /placement/allocations/25acc39c-c0fe-4d4d-afa1-bc75ac03599d => generated 19 bytes in 37 msecs (HTTP/1.1 200) 8 headers in 295 bytes (2 switches on core 0)
May 27 09:52:02.851783 n-d-836064-2 devstack@placement-api.service[111636]: DEBUG placement.requestlog [req-f9e2485c-a5a3-4e81-bfdb-0e012d64bd3d req-65f89502-53ce-4a0d-a995-ddcadb877691 None None] Starting request: 10.222.0.13 "PUT /placement/allocations/25acc39c-c0fe-4d4d-afa1-bc75ac03599d" {{(pid=111636) __call__ /opt/stack/placement/placement/requestlog.py:55}}
May 27 09:52:02.869292 n-d-836064-2 devstack@placement-api.service[111637]: DEBUG placement.objects.research_context [req-4f7ff9dc-687b-4152-ad2c-3981da480820 req-be70f89e-db4d-4ec2-8fab-694b1c0b539d service placement] found 2 providers with available 1 DISK_GB {{(pid=111637) get_provider_ids_matching /opt/stack/placement/placement/objects/research_context.py:563}}
May 27 09:52:02.874574 n-d-836064-2 devstack@placement-api.service[111637]: DEBUG placement.objects.research_context [req-4f7ff9dc-687b-4152-ad2c-3981da480820 req-be70f89e-db4d-4ec2-8fab-694b1c0b539d service placement] found 2 providers with available 1024 MEMORY_MB {{(pid=111637) get_provider_ids_matching /opt/stack/placement/placement/objects/research_context.py:563}}
May 27 09:52:02.874996 n-d-836064-2 devstack@placement-api.service[111637]: DEBUG placement.objects.research_context [req-4f7ff9dc-687b-4152-ad2c-3981da480820 req-be70f89e-db4d-4ec2-8fab-694b1c0b539d service placement] found 2 providers after filtering by previous result {{(pid=111637) get_provider_ids_matching /opt/stack/placement/placement/objects/research_context.py:594}}
May 27 09:52:02.875562 n-d-836064-2 devstack@placement-api.service[111637]: DEBUG placement.objects.research_context [req-4f7ff9dc-687b-4152-ad2c-3981da480820 req-be70f89e-db4d-4ec2-8fab-694b1c0b539d service placement] found 2 providers with available 1 VCPU {{(pid=111637) get_provider_ids_matching /opt/stack/placement/placement/objects/research_context.py:563}}
May 27 09:52:02.877872 n-d-836064-2 devstack@placement-api.service[111637]: DEBUG placement.objects.research_context [req-4f7ff9dc-687b-4152-ad2c-3981da480820 req-be70f89e-db4d-4ec2-8fab-694b1c0b539d service placement] found 2 providers after filtering by previous result {{(pid=111637) get_provider_ids_matching /opt/stack/placement/placement/objects/research_context.py:594}}
May 27 09:52:02.926288 n-d-836064-2 devstack@placement-api.service[111637]: DEBUG placement.objects.allocation_candidate [req-4f7ff9dc-687b-4152-ad2c-3981da480820 req-be70f89e-db4d-4ec2-8fab-694b1c0b539d service placement] RequestGroup(use_same_provider=False, resources={DISK_GB:1, MEMORY_MB:1024, VCPU:1}, traits=(), aggregates=[]) (suffix '') returned 2 matches {{(pid=111637) _get_by_requests /opt/stack/placement/placement/objects/allocation_candidate.py:156}}
May 27 09:52:02.927900 n-d-836064-2 devstack@placement-api.service[111637]: DEBUG placement.objects.allocation_candidate [req-4f7ff9dc-687b-4152-ad2c-3981da480820 req-be70f89e-db4d-4ec2-8fab-694b1c0b539d service placement] Merging candidates yields 2 allocation requests and 2 provider summaries {{(pid=111637) _merge_candidates /opt/stack/placement/placement/objects/allocation_candidate.py:809}}
May 27 09:52:02.947303 n-d-836064-2 devstack@placement-api.service[111637]: INFO placement.requestlog [req-4f7ff9dc-687b-4152-ad2c-3981da480820 req-be70f89e-db4d-4ec2-8fab-694b1c0b539d service placement] 10.222.0.13 "GET /placement/allocation_candidates?limit=1000&resources=DISK_GB%3A1%2CMEMORY_MB%3A1024%2CVCPU%3A1&root_required=%21COMPUTE_STATUS_DISABLED" status: 200 len: 1309 microversion: 1.36
May 27 09:52:02.949749 n-d-836064-2 devstack@placement-api.service[111637]: [pid: 111637|app: 0|req: 175/353] 10.222.0.13 () {60 vars in 1506 bytes} [Fri May 27 09:52:02 2022] GET /placement/allocation_candidates?limit=1000&resources=DISK_GB%3A1%2CMEMORY_MB%3A1024%2CVCPU%3A1&root_required=%21COMPUTE_STATUS_DISABLED => generated 1309 bytes in 238 msecs (HTTP/1.1 200) 8 headers in 297 bytes (1 switches on core 0)
May 27 09:52:03.021192 n-d-836064-2 devstack@placement-api.service[111636]: DEBUG placement.handlers.allocation [req-f9e2485c-a5a3-4e81-bfdb-0e012d64bd3d req-65f89502-53ce-4a0d-a995-ddcadb877691 service placement] Successfully wrote allocations [, , ] {{(pid=111636) _update_consumers_and_create_allocations /opt/stack/placement/placement/handlers/allocation.py:462}}
May 27 09:52:03.028963 n-d-836064-2 devstack@placement-api.service[111636]: INFO placement.requestlog [req-f9e2485c-a5a3-4e81-bfdb-0e012d64bd3d req-65f89502-53ce-4a0d-a995-ddcadb877691 service placement] 10.222.0.13 "PUT /placement/allocations/25acc39c-c0fe-4d4d-afa1-bc75ac03599d" status: 204 len: 0 microversion: 1.36
May 27 09:52:03.029807 n-d-836064-2 devstack@placement-api.service[111636]: [pid: 111636|app: 0|req: 179/354] 10.222.0.13 () {64 vars in 1433 bytes} [Fri May 27 09:52:02 2022] PUT /placement/allocations/25acc39c-c0fe-4d4d-afa1-bc75ac03599d => generated 0 bytes in 179 msecs (HTTP/1.1 204) 5 headers in 199 bytes (1 switches on core 0)
May 27 09:52:03.058226 n-d-836064-2 devstack@placement-api.service[111637]: DEBUG placement.requestlog [req-4f7ff9dc-687b-4152-ad2c-3981da480820 req-c387b2ad-f0c9-412f-9a9f-155380cad473 None None] Starting request: 10.222.0.13 "GET /placement/allocations/ebdc1900-4054-4299-8f1b-4e5ae4e3416a" {{(pid=111637) __call__ /opt/stack/placement/placement/requestlog.py:55}}
May 27 09:52:03.073126 n-d-836064-2 devstack@placement-api.service[111637]: INFO placement.requestlog [req-4f7ff9dc-687b-4152-ad2c-3981da480820 req-c387b2ad-f0c9-412f-9a9f-155380cad473 service placement] 10.222.0.13 "GET /placement/allocations/ebdc1900-4054-4299-8f1b-4e5ae4e3416a" status: 200 len: 19 microversion: 1.28
May 27 09:52:03.074336 n-d-836064-2 devstack@placement-api.service[111637]: [pid: 111637|app: 0|req: 176/355] 10.222.0.13 () {60 vars in 1380 bytes} [Fri May 27 09:52:03 2022] GET /placement/allocations/ebdc1900-4054-4299-8f1b-4e5ae4e3416a => generated 19 bytes in 16 msecs (HTTP/1.1 200) 8 headers in 295 bytes (1 switches on core 0)
May 27 09:52:03.081243 n-d-836064-2 devstack@placement-api.service[111636]: DEBUG placement.requestlog [req-4f7ff9dc-687b-4152-ad2c-3981da480820 req-5b4a991d-2640-4f77-b383-ce1a914c0577 None None] Starting request: 10.222.0.13 "PUT /placement/allocations/ebdc1900-4054-4299-8f1b-4e5ae4e3416a" {{(pid=111636) __call__ /opt/stack/placement/placement/requestlog.py:55}}
May 27 09:52:03.155901 n-d-836064-2 devstack@placement-api.service[111636]: DEBUG placement.handlers.allocation [req-4f7ff9dc-687b-4152-ad2c-3981da480820 req-5b4a991d-2640-4f77-b383-ce1a914c0577 service placement] Successfully wrote allocations [, , ] {{(pid=111636) _update_consumers_and_create_allocations /opt/stack/placement/placement/handlers/allocation.py:462}}
May 27 09:52:03.163378 n-d-836064-2 devstack@placement-api.service[111636]: INFO placement.requestlog [req-4f7ff9dc-687b-4152-ad2c-3981da480820 req-5b4a991d-2640-4f77-b383-ce1a914c0577 service placement] 10.222.0.13 "PUT /placement/allocations/ebdc1900-4054-4299-8f1b-4e5ae4e3416a" status: 204 len: 0 microversion: 1.36
May 27 09:52:03.174039 n-d-836064-2 devstack@placement-api.service[111636]: [pid: 111636|app: 0|req: 180/356] 10.222.0.13 () {64 vars in 1433 bytes} [Fri May 27 09:52:03 2022] PUT /placement/allocations/ebdc1900-4054-4299-8f1b-4e5ae4e3416a => generated 0 bytes in 84 msecs (HTTP/1.1 204) 5 headers in 199 bytes (1 switches on core 0)
May 27 09:52:03.539816 n-d-836064-2 devstack@placement-api.service[111637]: DEBUG placement.requestlog [req-f9e2485c-a5a3-4e81-bfdb-0e012d64bd3d req-4e6a172f-744e-4bb6-88dd-b80392b721da None None] Starting request: 10.222.0.55 "GET /placement/allocations/25acc39c-c0fe-4d4d-afa1-bc75ac03599d" {{(pid=111637) __call__ /opt/stack/placement/placement/requestlog.py:55}}
May 27 09:52:03.573961 n-d-836064-2 devstack@placement-api.service[111637]: INFO placement.requestlog [req-f9e2485c-a5a3-4e81-bfdb-0e012d64bd3d req-4e6a172f-744e-4bb6-88dd-b80392b721da service placement] 10.222.0.55 "GET /placement/allocations/25acc39c-c0fe-4d4d-afa1-bc75ac03599d" status: 200 len: 259 microversion: 1.28
May 27 09:52:03.574358 n-d-836064-2 devstack@placement-api.service[111637]: [pid: 111637|app: 0|req: 177/357] 10.222.0.55 () {60 vars in 1377 bytes} [Fri May 27 09:52:03 2022] GET /placement/allocations/25acc39c-c0fe-4d4d-afa1-bc75ac03599d => generated 259 bytes in 35 msecs (HTTP/1.1 200) 8 headers in 296 bytes (1 switches on core 0)
May 27 09:52:03.868751 n-d-836064-2 devstack@placement-api.service[111636]: DEBUG placement.requestlog [req-4f7ff9dc-687b-4152-ad2c-3981da480820 req-3f32a002-b7ad-4a9f-9fde-f2e8d4e5204d None None] Starting request: 10.222.0.55 "GET /placement/allocations/ebdc1900-4054-4299-8f1b-4e5ae4e3416a" {{(pid=111636) __call__ /opt/stack/placement/placement/requestlog.py:55}}
May 27 09:52:03.887544 n-d-836064-2 devstack@placement-api.service[111637]: DEBUG placement.requestlog [req-66d7b1fe-4a4f-41f6-9382-7585d532e119 req-6fcc1928-dd1a-41f9-816e-1f64a4e76d20 None None] Starting request: 10.222.0.13 "GET /placement/allocation_candidates?limit=1000&resources=DISK_GB%3A1%2CMEMORY_MB%3A1024%2CVCPU%3A1&root_required=%21COMPUTE_STATUS_DISABLED" {{(pid=111637) __call__ /opt/stack/placement/placement/requestlog.py:55}}
May 27 09:52:03.912330 n-d-836064-2 devstack@placement-api.service[111636]: INFO placement.requestlog [req-4f7ff9dc-687b-4152-ad2c-3981da480820 req-3f32a002-b7ad-4a9f-9fde-f2e8d4e5204d service placement] 10.222.0.55 "GET /placement/allocations/ebdc1900-4054-4299-8f1b-4e5ae4e3416a" status: 200 len: 259 microversion: 1.28
May 27 09:52:03.912637 n-d-836064-2 devstack@placement-api.service[111636]: [pid: 111636|app: 0|req: 181/358] 10.222.0.55 () {60 vars in 1377 bytes} [Fri May 27 09:52:03 2022] GET /placement/allocations/ebdc1900-4054-4299-8f1b-4e5ae4e3416a => generated 259 bytes in 44 msecs (HTTP/1.1 200) 8 headers in 296 bytes (1 switches on core 0)
May 27 09:52:03.933092 n-d-836064-2 devstack@placement-api.service[111637]: DEBUG placement.objects.research_context [req-66d7b1fe-4a4f-41f6-9382-7585d532e119 req-6fcc1928-dd1a-41f9-816e-1f64a4e76d20 service placement] getting providers with 1 DISK_GB {{(pid=111637) __init__ /opt/stack/placement/placement/objects/research_context.py:136}}
May 27 09:52:03.940364 n-d-836064-2 devstack@placement-api.service[111637]: DEBUG placement.objects.research_context [req-66d7b1fe-4a4f-41f6-9382-7585d532e119 req-6fcc1928-dd1a-41f9-816e-1f64a4e76d20 service placement] getting providers with 1024 MEMORY_MB {{(pid=111637) __init__ /opt/stack/placement/placement/objects/research_context.py:136}}
May 27 09:52:03.951936 n-d-836064-2 devstack@placement-api.service[111637]: DEBUG placement.objects.research_context [req-66d7b1fe-4a4f-41f6-9382-7585d532e119 req-6fcc1928-dd1a-41f9-816e-1f64a4e76d20 service placement] getting providers with 1 VCPU {{(pid=111637) __init__ /opt/stack/placement/placement/objects/research_context.py:136}}
May 27 09:52:03.964783 n-d-836064-2 devstack@placement-api.service[111637]: DEBUG placement.objects.research_context [req-66d7b1fe-4a4f-41f6-9382-7585d532e119 req-6fcc1928-dd1a-41f9-816e-1f64a4e76d20 service placement] found 2 providers with available 1 DISK_GB {{(pid=111637) get_provider_ids_matching /opt/stack/placement/placement/objects/research_context.py:563}}
May 27 09:52:03.965104 n-d-836064-2 devstack@placement-api.service[111637]: DEBUG placement.objects.research_context [req-66d7b1fe-4a4f-41f6-9382-7585d532e119 req-6fcc1928-dd1a-41f9-816e-1f64a4e76d20 service placement] found 2 providers with available 1024 MEMORY_MB {{(pid=111637) get_provider_ids_matching /opt/stack/placement/placement/objects/research_context.py:563}}
May 27 09:52:03.965691 n-d-836064-2 devstack@placement-api.service[111637]: DEBUG placement.objects.research_context [req-66d7b1fe-4a4f-41f6-9382-7585d532e119 req-6fcc1928-dd1a-41f9-816e-1f64a4e76d20 service placement] found 2 providers after filtering by previous result {{(pid=111637) get_provider_ids_matching /opt/stack/placement/placement/objects/research_context.py:594}}
May 27 09:52:03.966130 n-d-836064-2 devstack@placement-api.service[111637]: DEBUG placement.objects.research_context [req-66d7b1fe-4a4f-41f6-9382-7585d532e119 req-6fcc1928-dd1a-41f9-816e-1f64a4e76d20 service placement] found 2 providers with available 1 VCPU {{(pid=111637) get_provider_ids_matching /opt/stack/placement/placement/objects/research_context.py:563}}
