Mar 31 19:11:42.171852 n-d-836064-1 devstack@placement-api.service[105091]: INFO placement.requestlog [req-9fb50c73-1706-4deb-8da6-e16b59dc654a req-323a5657-9a0d-4969-b7c0-ca2cc666808b service placement] 10.222.0.64 "GET /placement/resource_providers/27723989-4da9-4f6b-bf03-619c8b72a438/allocations" status: 200 len: 659 microversion: 1.0
Mar 31 19:11:42.172996 n-d-836064-1 devstack@placement-api.service[105091]: [pid: 105091|app: 0|req: 157/311] 10.222.0.64 () {58 vars in 1390 bytes} [Thu Mar 31 19:11:42 2022] GET /placement/resource_providers/27723989-4da9-4f6b-bf03-619c8b72a438/allocations => generated 659 bytes in 56 msecs (HTTP/1.1 200) 6 headers in 224 bytes (1 switches on core 0)
Mar 31 19:11:43.241720 n-d-836064-1 devstack@placement-api.service[105092]: DEBUG placement.requestlog [req-d9f51fc8-d680-4a37-b9c1-4039cf0517b6 req-01ffd78e-1433-4043-aeef-86f90dc344e0 None None] Starting request: 10.222.0.75 "GET /placement/allocation_candidates?limit=1000&resources=DISK_GB%3A1%2CMEMORY_MB%3A1024%2CVCPU%3A1&root_required=%21COMPUTE_STATUS_DISABLED" {{(pid=105092) __call__ /opt/stack/placement/placement/requestlog.py:55}}
Mar 31 19:11:43.344096 n-d-836064-1 devstack@placement-api.service[105092]: DEBUG placement.objects.research_context [req-d9f51fc8-d680-4a37-b9c1-4039cf0517b6 req-01ffd78e-1433-4043-aeef-86f90dc344e0 service placement] getting providers with 1 DISK_GB {{(pid=105092) __init__ /opt/stack/placement/placement/objects/research_context.py:136}}
Mar 31 19:11:43.357421 n-d-836064-1 devstack@placement-api.service[105092]: DEBUG placement.objects.research_context [req-d9f51fc8-d680-4a37-b9c1-4039cf0517b6 req-01ffd78e-1433-4043-aeef-86f90dc344e0 service placement] getting providers with 1024 MEMORY_MB {{(pid=105092) __init__ /opt/stack/placement/placement/objects/research_context.py:136}}
Mar 31 19:11:43.389530 n-d-836064-1 devstack@placement-api.service[105092]: DEBUG placement.objects.research_context [req-d9f51fc8-d680-4a37-b9c1-4039cf0517b6 req-01ffd78e-1433-4043-aeef-86f90dc344e0 service placement] getting providers with 1 VCPU {{(pid=105092) __init__ /opt/stack/placement/placement/objects/research_context.py:136}}
Mar 31 19:11:43.401095 n-d-836064-1 devstack@placement-api.service[105092]: DEBUG placement.objects.research_context [req-d9f51fc8-d680-4a37-b9c1-4039cf0517b6 req-01ffd78e-1433-4043-aeef-86f90dc344e0 service placement] found 2 providers with available 1 DISK_GB {{(pid=105092) get_provider_ids_matching /opt/stack/placement/placement/objects/research_context.py:559}}
Mar 31 19:11:43.401378 n-d-836064-1 devstack@placement-api.service[105092]: DEBUG placement.objects.research_context [req-d9f51fc8-d680-4a37-b9c1-4039cf0517b6 req-01ffd78e-1433-4043-aeef-86f90dc344e0 service placement] found 2 providers with available 1024 MEMORY_MB {{(pid=105092) get_provider_ids_matching /opt/stack/placement/placement/objects/research_context.py:559}}
Mar 31 19:11:43.401658 n-d-836064-1 devstack@placement-api.service[105092]: DEBUG placement.objects.research_context [req-d9f51fc8-d680-4a37-b9c1-4039cf0517b6 req-01ffd78e-1433-4043-aeef-86f90dc344e0 service placement] found 2 providers after filtering by previous result {{(pid=105092) get_provider_ids_matching /opt/stack/placement/placement/objects/research_context.py:590}}
Mar 31 19:11:43.401919 n-d-836064-1 devstack@placement-api.service[105092]: DEBUG placement.objects.research_context [req-d9f51fc8-d680-4a37-b9c1-4039cf0517b6 req-01ffd78e-1433-4043-aeef-86f90dc344e0 service placement] found 2 providers with available 1 VCPU {{(pid=105092) get_provider_ids_matching /opt/stack/placement/placement/objects/research_context.py:559}}
Mar 31 19:11:43.402186 n-d-836064-1 devstack@placement-api.service[105092]: DEBUG placement.objects.research_context [req-d9f51fc8-d680-4a37-b9c1-4039cf0517b6 req-01ffd78e-1433-4043-aeef-86f90dc344e0 service placement] found 2 providers after filtering by previous result {{(pid=105092) get_provider_ids_matching /opt/stack/placement/placement/objects/research_context.py:590}}
Mar 31 19:11:43.444527 n-d-836064-1 devstack@placement-api.service[105092]: DEBUG placement.objects.allocation_candidate [req-d9f51fc8-d680-4a37-b9c1-4039cf0517b6 req-01ffd78e-1433-4043-aeef-86f90dc344e0 service placement] RequestGroup(use_same_provider=False, resources={DISK_GB:1, MEMORY_MB:1024, VCPU:1}, traits=(), aggregates=[]) (suffix '') returned 2 matches {{(pid=105092) _get_by_requests /opt/stack/placement/placement/objects/allocation_candidate.py:156}}
Mar 31 19:11:43.458851 n-d-836064-1 devstack@placement-api.service[105092]: DEBUG placement.objects.allocation_candidate [req-d9f51fc8-d680-4a37-b9c1-4039cf0517b6 req-01ffd78e-1433-4043-aeef-86f90dc344e0 service placement] Merging candidates yields 2 allocation requests and 2 provider summaries {{(pid=105092) _merge_candidates /opt/stack/placement/placement/objects/allocation_candidate.py:809}}
Mar 31 19:11:43.458851 n-d-836064-1 devstack@placement-api.service[105092]: INFO placement.requestlog [req-d9f51fc8-d680-4a37-b9c1-4039cf0517b6 req-01ffd78e-1433-4043-aeef-86f90dc344e0 service placement] 10.222.0.75 "GET /placement/allocation_candidates?limit=1000&resources=DISK_GB%3A1%2CMEMORY_MB%3A1024%2CVCPU%3A1&root_required=%21COMPUTE_STATUS_DISABLED" status: 200 len: 1309 microversion: 1.36
Mar 31 19:11:43.459389 n-d-836064-1 devstack@placement-api.service[105092]: [pid: 105092|app: 0|req: 155/312] 10.222.0.75 () {60 vars in 1506 bytes} [Thu Mar 31 19:11:43 2022] GET /placement/allocation_candidates?limit=1000&resources=DISK_GB%3A1%2CMEMORY_MB%3A1024%2CVCPU%3A1&root_required=%21COMPUTE_STATUS_DISABLED => generated 1309 bytes in 218 msecs (HTTP/1.1 200) 8 headers in 297 bytes (1 switches on core 0)
Mar 31 19:11:43.665560 n-d-836064-1 devstack@placement-api.service[105091]: DEBUG placement.requestlog [req-d9f51fc8-d680-4a37-b9c1-4039cf0517b6 req-d356487e-07bd-442b-aa13-f161dfb58cfa None None] Starting request: 10.222.0.75 "GET /placement/allocations/51efc240-bb96-4ec6-995f-0397751a941f" {{(pid=105091) __call__ /opt/stack/placement/placement/requestlog.py:55}}
Mar 31 19:11:43.682419 n-d-836064-1 devstack@placement-api.service[105091]: INFO placement.requestlog [req-d9f51fc8-d680-4a37-b9c1-4039cf0517b6 req-d356487e-07bd-442b-aa13-f161dfb58cfa service placement] 10.222.0.75 "GET /placement/allocations/51efc240-bb96-4ec6-995f-0397751a941f" status: 200 len: 19 microversion: 1.28
Mar 31 19:11:43.683628 n-d-836064-1 devstack@placement-api.service[105091]: [pid: 105091|app: 0|req: 158/313] 10.222.0.75 () {60 vars in 1380 bytes} [Thu Mar 31 19:11:43 2022] GET /placement/allocations/51efc240-bb96-4ec6-995f-0397751a941f => generated 19 bytes in 18 msecs (HTTP/1.1 200) 8 headers in 295 bytes (1 switches on core 0)
Mar 31 19:11:43.692770 n-d-836064-1 devstack@placement-api.service[105092]: DEBUG placement.requestlog [req-d9f51fc8-d680-4a37-b9c1-4039cf0517b6 req-c6643fb9-6429-4bd1-898e-33574e4d9520 None None] Starting request: 10.222.0.75 "PUT /placement/allocations/51efc240-bb96-4ec6-995f-0397751a941f" {{(pid=105092) __call__ /opt/stack/placement/placement/requestlog.py:55}}
Mar 31 19:11:43.963772 n-d-836064-1 devstack@placement-api.service[105092]: DEBUG placement.handlers.allocation [req-d9f51fc8-d680-4a37-b9c1-4039cf0517b6 req-c6643fb9-6429-4bd1-898e-33574e4d9520 service placement] Successfully wrote allocations [, , ] {{(pid=105092) _update_consumers_and_create_allocations /opt/stack/placement/placement/handlers/allocation.py:462}}
Mar 31 19:11:44.095939 n-d-836064-1 devstack@placement-api.service[105092]: INFO placement.requestlog [req-d9f51fc8-d680-4a37-b9c1-4039cf0517b6 req-c6643fb9-6429-4bd1-898e-33574e4d9520 service placement] 10.222.0.75 "PUT /placement/allocations/51efc240-bb96-4ec6-995f-0397751a941f" status: 204 len: 0 microversion: 1.36
Mar 31 19:11:44.097287 n-d-836064-1 devstack@placement-api.service[105092]: [pid: 105092|app: 0|req: 156/314] 10.222.0.75 () {64 vars in 1433 bytes} [Thu Mar 31 19:11:43 2022] PUT /placement/allocations/51efc240-bb96-4ec6-995f-0397751a941f => generated 0 bytes in 405 msecs (HTTP/1.1 204) 5 headers in 199 bytes (1 switches on core 0)
Mar 31 19:11:45.725992 n-d-836064-1 devstack@placement-api.service[105091]: DEBUG placement.requestlog [req-d9f51fc8-d680-4a37-b9c1-4039cf0517b6 req-08726431-91b9-444f-8ab6-df40122968b5 None None] Starting request: 10.222.0.70 "GET /placement/allocations/51efc240-bb96-4ec6-995f-0397751a941f" {{(pid=105091) __call__ /opt/stack/placement/placement/requestlog.py:55}}
Mar 31 19:11:45.756994 n-d-836064-1 devstack@placement-api.service[105091]: INFO placement.requestlog [req-d9f51fc8-d680-4a37-b9c1-4039cf0517b6 req-08726431-91b9-444f-8ab6-df40122968b5 service placement] 10.222.0.70 "GET /placement/allocations/51efc240-bb96-4ec6-995f-0397751a941f" status: 200 len: 259 microversion: 1.28
Mar 31 19:11:45.758110 n-d-836064-1 devstack@placement-api.service[105091]: [pid: 105091|app: 0|req: 159/315] 10.222.0.70 () {60 vars in 1377 bytes} [Thu Mar 31 19:11:45 2022] GET /placement/allocations/51efc240-bb96-4ec6-995f-0397751a941f => generated 259 bytes in 32 msecs (HTTP/1.1 200) 8 headers in 296 bytes (1 switches on core 0)
Mar 31 19:11:47.720118 n-d-836064-1 devstack@placement-api.service[105092]: DEBUG placement.requestlog [req-f9abcda3-471d-401a-8e1a-7a280427a52c req-a98c1397-7c0b-4dfe-9025-f66bd08bc11e None None] Starting request: 10.222.0.75 "GET /placement/allocation_candidates?limit=1000&resources=DISK_GB%3A1%2CMEMORY_MB%3A1024%2CVCPU%3A1&root_required=%21COMPUTE_STATUS_DISABLED" {{(pid=105092) __call__ /opt/stack/placement/placement/requestlog.py:55}}
Mar 31 19:11:47.798124 n-d-836064-1 devstack@placement-api.service[105092]: DEBUG placement.objects.research_context [req-f9abcda3-471d-401a-8e1a-7a280427a52c req-a98c1397-7c0b-4dfe-9025-f66bd08bc11e service placement] getting providers with 1 DISK_GB {{(pid=105092) __init__ /opt/stack/placement/placement/objects/research_context.py:136}}
Mar 31 19:11:47.825508 n-d-836064-1 devstack@placement-api.service[105092]: DEBUG placement.objects.research_context [req-f9abcda3-471d-401a-8e1a-7a280427a52c req-a98c1397-7c0b-4dfe-9025-f66bd08bc11e service placement] getting providers with 1024 MEMORY_MB {{(pid=105092) __init__ /opt/stack/placement/placement/objects/research_context.py:136}}
Mar 31 19:11:47.837819 n-d-836064-1 devstack@placement-api.service[105092]: DEBUG placement.objects.research_context [req-f9abcda3-471d-401a-8e1a-7a280427a52c req-a98c1397-7c0b-4dfe-9025-f66bd08bc11e service placement] getting providers with 1 VCPU {{(pid=105092) __init__ /opt/stack/placement/placement/objects/research_context.py:136}}
Mar 31 19:11:47.876491 n-d-836064-1 devstack@placement-api.service[105092]: DEBUG placement.objects.research_context [req-f9abcda3-471d-401a-8e1a-7a280427a52c req-a98c1397-7c0b-4dfe-9025-f66bd08bc11e service placement] found 2 providers with available 1 DISK_GB {{(pid=105092) get_provider_ids_matching /opt/stack/placement/placement/objects/research_context.py:559}}
Mar 31 19:11:47.882450 n-d-836064-1 devstack@placement-api.service[105092]: DEBUG placement.objects.research_context [req-f9abcda3-471d-401a-8e1a-7a280427a52c req-a98c1397-7c0b-4dfe-9025-f66bd08bc11e service placement] found 2 providers with available 1024 MEMORY_MB {{(pid=105092) get_provider_ids_matching /opt/stack/placement/placement/objects/research_context.py:559}}
Mar 31 19:11:47.882450 n-d-836064-1 devstack@placement-api.service[105092]: DEBUG placement.objects.research_context [req-f9abcda3-471d-401a-8e1a-7a280427a52c req-a98c1397-7c0b-4dfe-9025-f66bd08bc11e service placement] found 2 providers after filtering by previous result {{(pid=105092) get_provider_ids_matching /opt/stack/placement/placement/objects/research_context.py:590}}
Mar 31 19:11:47.882450 n-d-836064-1 devstack@placement-api.service[105092]: DEBUG placement.objects.research_context [req-f9abcda3-471d-401a-8e1a-7a280427a52c req-a98c1397-7c0b-4dfe-9025-f66bd08bc11e service placement] found 2 providers with available 1 VCPU {{(pid=105092) get_provider_ids_matching /opt/stack/placement/placement/objects/research_context.py:559}}
Mar 31 19:11:47.882450 n-d-836064-1 devstack@placement-api.service[105092]: DEBUG placement.objects.research_context [req-f9abcda3-471d-401a-8e1a-7a280427a52c req-a98c1397-7c0b-4dfe-9025-f66bd08bc11e service placement] found 2 providers after filtering by previous result {{(pid=105092) get_provider_ids_matching /opt/stack/placement/placement/objects/research_context.py:590}}
Mar 31 19:11:47.907354 n-d-836064-1 devstack@placement-api.service[105092]: DEBUG placement.objects.allocation_candidate [req-f9abcda3-471d-401a-8e1a-7a280427a52c req-a98c1397-7c0b-4dfe-9025-f66bd08bc11e service placement] RequestGroup(use_same_provider=False, resources={DISK_GB:1, MEMORY_MB:1024, VCPU:1}, traits=(), aggregates=[]) (suffix '') returned 2 matches {{(pid=105092) _get_by_requests /opt/stack/placement/placement/objects/allocation_candidate.py:156}}
Mar 31 19:11:47.907987 n-d-836064-1 devstack@placement-api.service[105092]: DEBUG placement.objects.allocation_candidate [req-f9abcda3-471d-401a-8e1a-7a280427a52c req-a98c1397-7c0b-4dfe-9025-f66bd08bc11e service placement] Merging candidates yields 2 allocation requests and 2 provider summaries {{(pid=105092) _merge_candidates /opt/stack/placement/placement/objects/allocation_candidate.py:809}}
Mar 31 19:11:47.910380 n-d-836064-1 devstack@placement-api.service[105092]: INFO placement.requestlog [req-f9abcda3-471d-401a-8e1a-7a280427a52c req-a98c1397-7c0b-4dfe-9025-f66bd08bc11e service placement] 10.222.0.75 "GET /placement/allocation_candidates?limit=1000&resources=DISK_GB%3A1%2CMEMORY_MB%3A1024%2CVCPU%3A1&root_required=%21COMPUTE_STATUS_DISABLED" status: 200 len: 1309 microversion: 1.36
Mar 31 19:11:47.910918 n-d-836064-1 devstack@placement-api.service[105092]: [pid: 105092|app: 0|req: 157/316] 10.222.0.75 () {60 vars in 1506 bytes} [Thu Mar 31 19:11:47 2022] GET /placement/allocation_candidates?limit=1000&resources=DISK_GB%3A1%2CMEMORY_MB%3A1024%2CVCPU%3A1&root_required=%21COMPUTE_STATUS_DISABLED => generated 1309 bytes in 191 msecs (HTTP/1.1 200) 8 headers in 297 bytes (1 switches on core 0)
Mar 31 19:11:48.036810 n-d-836064-1 devstack@placement-api.service[105091]: DEBUG placement.requestlog [req-f9abcda3-471d-401a-8e1a-7a280427a52c req-aa198d14-6274-40ef-a45f-af00a0a03b74 None None] Starting request: 10.222.0.75 "GET /placement/allocations/a779e43f-ff6c-4dfc-8137-c1745e65a7f0" {{(pid=105091) __call__ /opt/stack/placement/placement/requestlog.py:55}}
Mar 31 19:11:48.049090 n-d-836064-1 devstack@placement-api.service[105091]: INFO placement.requestlog [req-f9abcda3-471d-401a-8e1a-7a280427a52c req-aa198d14-6274-40ef-a45f-af00a0a03b74 service placement] 10.222.0.75 "GET /placement/allocations/a779e43f-ff6c-4dfc-8137-c1745e65a7f0" status: 200 len: 19 microversion: 1.28
Mar 31 19:11:48.053135 n-d-836064-1 devstack@placement-api.service[105091]: [pid: 105091|app: 0|req: 160/317] 10.222.0.75 () {60 vars in 1380 bytes} [Thu Mar 31 19:11:48 2022] GET /placement/allocations/a779e43f-ff6c-4dfc-8137-c1745e65a7f0 => generated 19 bytes in 16 msecs (HTTP/1.1 200) 8 headers in 295 bytes (1 switches on core 0)
Mar 31 19:11:48.056808 n-d-836064-1 devstack@placement-api.service[105092]: DEBUG placement.requestlog [req-f9abcda3-471d-401a-8e1a-7a280427a52c req-4bfe0854-ea1f-495a-8c96-f9c27ebd9cf7 None None] Starting request: 10.222.0.75 "PUT /placement/allocations/a779e43f-ff6c-4dfc-8137-c1745e65a7f0" {{(pid=105092) __call__ /opt/stack/placement/placement/requestlog.py:55}}
Mar 31 19:11:48.229374 n-d-836064-1 devstack@placement-api.service[105092]: DEBUG placement.handlers.allocation [req-f9abcda3-471d-401a-8e1a-7a280427a52c req-4bfe0854-ea1f-495a-8c96-f9c27ebd9cf7 service placement] Successfully wrote allocations [, , ] {{(pid=105092) _update_consumers_and_create_allocations /opt/stack/placement/placement/handlers/allocation.py:462}}
Mar 31 19:11:48.295471 n-d-836064-1 devstack@placement-api.service[105092]: INFO placement.requestlog [req-f9abcda3-471d-401a-8e1a-7a280427a52c req-4bfe0854-ea1f-495a-8c96-f9c27ebd9cf7 service placement] 10.222.0.75 "PUT /placement/allocations/a779e43f-ff6c-4dfc-8137-c1745e65a7f0" status: 204 len: 0 microversion: 1.36
Mar 31 19:11:48.295866 n-d-836064-1 devstack@placement-api.service[105092]: [pid: 105092|app: 0|req: 158/318] 10.222.0.75 () {64 vars in 1433 bytes} [Thu Mar 31 19:11:48 2022] PUT /placement/allocations/a779e43f-ff6c-4dfc-8137-c1745e65a7f0 => generated 0 bytes in 239 msecs (HTTP/1.1 204) 5 headers in 199 bytes (1 switches on core 0)
Mar 31 19:11:49.649927 n-d-836064-1 devstack@placement-api.service[105091]: DEBUG placement.requestlog [req-f9abcda3-471d-401a-8e1a-7a280427a52c req-d784123d-9a98-4b96-a96f-c69969d09bd1 None None] Starting request: 10.222.0.64 "GET /placement/allocations/a779e43f-ff6c-4dfc-8137-c1745e65a7f0" {{(pid=105091) __call__ /opt/stack/placement/placement/requestlog.py:55}}
Mar 31 19:11:49.686344 n-d-836064-1 devstack@placement-api.service[105091]: INFO placement.requestlog [req-f9abcda3-471d-401a-8e1a-7a280427a52c req-d784123d-9a98-4b96-a96f-c69969d09bd1 service placement] 10.222.0.64 "GET /placement/allocations/a779e43f-ff6c-4dfc-8137-c1745e65a7f0" status: 200 len: 259 microversion: 1.28
Mar 31 19:11:49.686844 n-d-836064-1 devstack@placement-api.service[105091]: [pid: 105091|app: 0|req: 161/319] 10.222.0.64 () {60 vars in 1377 bytes} [Thu Mar 31 19:11:49 2022] GET /placement/allocations/a779e43f-ff6c-4dfc-8137-c1745e65a7f0 => generated 259 bytes in 37 msecs (HTTP/1.1 200) 8 headers in 296 bytes (1 switches on core 0)
Mar 31 19:12:00.363036 n-d-836064-1 devstack@placement-api.service[105092]: DEBUG placement.requestlog [req-9857348c-3a2f-4f5b-998a-7d1115dc5c15 req-90ef27b6-fd5f-4653-ad92-d0dc9b97462c None None] Starting request: 10.222.0.70 "GET /placement/resource_providers/3d7ea1be-1ea1-460d-b338-64636ef2fc52/allocations" {{(pid=105092) __call__ /opt/stack/placement/placement/requestlog.py:55}}
Mar 31 19:12:00.402823 n-d-836064-1 devstack@placement-api.service[105092]: INFO placement.requestlog [req-9857348c-3a2f-4f5b-998a-7d1115dc5c15 req-90ef27b6-fd5f-4653-ad92-d0dc9b97462c service placement] 10.222.0.70 "GET /placement/resource_providers/3d7ea1be-1ea1-460d-b338-64636ef2fc52/allocations" status: 200 len: 557 microversion: 1.0
Mar 31 19:12:00.405435 n-d-836064-1 devstack@placement-api.service[105092]: [pid: 105092|app: 0|req: 159/320] 10.222.0.70 () {58 vars in 1390 bytes} [Thu Mar 31 19:12:00 2022] GET /placement/resource_providers/3d7ea1be-1ea1-460d-b338-64636ef2fc52/allocations => generated 557 bytes in 43 msecs (HTTP/1.1 200) 6 headers in 224 bytes (1 switches on core 0)
Mar 31 19:12:01.115258 n-d-836064-1 devstack@placement-api.service[105091]: DEBUG placement.requestlog [req-9857348c-3a2f-4f5b-998a-7d1115dc5c15 req-44c390a6-2add-4368-a482-beffe10a301d None None] Starting request: 10.222.0.70 "GET /placement/allocations/a71ec628-1710-4b74-bc93-5f3e798605f0" {{(pid=105091) __call__ /opt/stack/placement/placement/requestlog.py:55}}
Mar 31 19:12:01.174796 n-d-836064-1 devstack@placement-api.service[105091]: INFO placement.requestlog [req-9857348c-3a2f-4f5b-998a-7d1115dc5c15 req-44c390a6-2add-4368-a482-beffe10a301d service placement] 10.222.0.70 "GET /placement/allocations/a71ec628-1710-4b74-bc93-5f3e798605f0" status: 200 len: 259 microversion: 1.28
Mar 31 19:12:01.183263 n-d-836064-1 devstack@placement-api.service[105091]: [pid: 105091|app: 0|req: 162/321] 10.222.0.70 () {60 vars in 1377 bytes} [Thu Mar 31 19:12:01 2022] GET /placement/allocations/a71ec628-1710-4b74-bc93-5f3e798605f0 => generated 259 bytes in 68 msecs (HTTP/1.1 200) 8 headers in 296 bytes (1 switches on core 0)
Mar 31 19:12:01.191232 n-d-836064-1 devstack@placement-api.service[105092]: DEBUG placement.requestlog [req-9857348c-3a2f-4f5b-998a-7d1115dc5c15 req-1f0697bc-a3aa-4f0d-97fd-64b38a1a4596 None None] Starting request: 10.222.0.70 "PUT /placement/allocations/a71ec628-1710-4b74-bc93-5f3e798605f0" {{(pid=105092) __call__ /opt/stack/placement/placement/requestlog.py:55}}
Mar 31 19:12:01.324491 n-d-836064-1 devstack@placement-api.service[105092]: DEBUG placement.handlers.allocation [req-9857348c-3a2f-4f5b-998a-7d1115dc5c15 req-1f0697bc-a3aa-4f0d-97fd-64b38a1a4596 service placement] Successfully wrote allocations [, , ] {{(pid=105092) _update_consumers_and_create_allocations /opt/stack/placement/placement/handlers/allocation.py:462}}
Mar 31 19:12:01.426443 n-d-836064-1 devstack@placement-api.service[105092]: INFO placement.requestlog [req-9857348c-3a2f-4f5b-998a-7d1115dc5c15 req-1f0697bc-a3aa-4f0d-97fd-64b38a1a4596 service placement] 10.222.0.70 "PUT /placement/allocations/a71ec628-1710-4b74-bc93-5f3e798605f0" status: 204 len: 0 microversion: 1.28
Mar 31 19:12:01.428667 n-d-836064-1 devstack@placement-api.service[105092]: [pid: 105092|app: 0|req: 160/322] 10.222.0.70 () {64 vars in 1430 bytes} [Thu Mar 31 19:12:01 2022] PUT /placement/allocations/a71ec628-1710-4b74-bc93-5f3e798605f0 => generated 0 bytes in 238 msecs (HTTP/1.1 204) 5 headers in 199 bytes (1 switches on core 0)
Mar 31 19:12:03.840249 n-d-836064-1 devstack@placement-api.service[105091]: DEBUG placement.requestlog [req-d6ab5acf-6758-4a53-b8d7-7a2a608cf162 req-7bfa5238-c4ca-4f43-8a81-ad7486927d0a None None] Starting request: 10.222.0.75 "GET /placement/allocation_candidates?limit=1000&resources=DISK_GB%3A1%2CMEMORY_MB%3A1024%2CVCPU%3A1&root_required=%21COMPUTE_STATUS_DISABLED" {{(pid=105091) __call__ /opt/stack/placement/placement/requestlog.py:55}}
Mar 31 19:12:03.994296 n-d-836064-1 devstack@placement-api.service[105091]: DEBUG placement.objects.research_context [req-d6ab5acf-6758-4a53-b8d7-7a2a608cf162 req-7bfa5238-c4ca-4f43-8a81-ad7486927d0a service placement] getting providers with 1 DISK_GB {{(pid=105091) __init__ /opt/stack/placement/placement/objects/research_context.py:136}}
Mar 31 19:12:04.013851 n-d-836064-1 devstack@placement-api.service[105091]: DEBUG placement.objects.research_context [req-d6ab5acf-6758-4a53-b8d7-7a2a608cf162 req-7bfa5238-c4ca-4f43-8a81-ad7486927d0a service placement] getting providers with 1024 MEMORY_MB {{(pid=105091) __init__ /opt/stack/placement/placement/objects/research_context.py:136}}
Mar 31 19:12:04.043613 n-d-836064-1 devstack@placement-api.service[105091]: DEBUG placement.objects.research_context [req-d6ab5acf-6758-4a53-b8d7-7a2a608cf162 req-7bfa5238-c4ca-4f43-8a81-ad7486927d0a service placement] getting providers with 1 VCPU {{(pid=105091) __init__ /opt/stack/placement/placement/objects/research_context.py:136}}
Mar 31 19:12:04.064547 n-d-836064-1 devstack@placement-api.service[105091]: DEBUG placement.objects.research_context [req-d6ab5acf-6758-4a53-b8d7-7a2a608cf162 req-7bfa5238-c4ca-4f43-8a81-ad7486927d0a service placement] found 2 providers with available 1 DISK_GB {{(pid=105091) get_provider_ids_matching /opt/stack/placement/placement/objects/research_context.py:559}}
Mar 31 19:12:04.069224 n-d-836064-1 devstack@placement-api.service[105091]: DEBUG placement.objects.research_context [req-d6ab5acf-6758-4a53-b8d7-7a2a608cf162 req-7bfa5238-c4ca-4f43-8a81-ad7486927d0a service placement] found 2 providers with available 1024 MEMORY_MB {{(pid=105091) get_provider_ids_matching /opt/stack/placement/placement/objects/research_context.py:559}}
Mar 31 19:12:04.069224 n-d-836064-1 devstack@placement-api.service[105091]: DEBUG placement.objects.research_context [req-d6ab5acf-6758-4a53-b8d7-7a2a608cf162 req-7bfa5238-c4ca-4f43-8a81-ad7486927d0a service placement] found 2 providers after filtering by previous result {{(pid=105091) get_provider_ids_matching /opt/stack/placement/placement/objects/research_context.py:590}}
Mar 31 19:12:04.069224 n-d-836064-1 devstack@placement-api.service[105091]: DEBUG placement.objects.research_context [req-d6ab5acf-6758-4a53-b8d7-7a2a608cf162 req-7bfa5238-c4ca-4f43-8a81-ad7486927d0a service placement] found 2 providers with available 1 VCPU {{(pid=105091) get_provider_ids_matching /opt/stack/placement/placement/objects/research_context.py:559}}
Mar 31 19:12:04.069224 n-d-836064-1 devstack@placement-api.service[105091]: DEBUG placement.objects.research_context [req-d6ab5acf-6758-4a53-b8d7-7a2a608cf162 req-7bfa5238-c4ca-4f43-8a81-ad7486927d0a service placement] found 2 providers after filtering by previous result {{(pid=105091) get_provider_ids_matching /opt/stack/placement/placement/objects/research_context.py:590}}
Mar 31 19:12:04.129304 n-d-836064-1 devstack@placement-api.service[105091]: DEBUG placement.objects.allocation_candidate [req-d6ab5acf-6758-4a53-b8d7-7a2a608cf162 req-7bfa5238-c4ca-4f43-8a81-ad7486927d0a service placement] RequestGroup(use_same_provider=False, resources={DISK_GB:1, MEMORY_MB:1024, VCPU:1}, traits=(), aggregates=[]) (suffix '') returned 2 matches {{(pid=105091) _get_by_requests /opt/stack/placement/placement/objects/allocation_candidate.py:156}}
Mar 31 19:12:04.129684 n-d-836064-1 devstack@placement-api.service[105091]: DEBUG placement.objects.allocation_candidate [req-d6ab5acf-6758-4a53-b8d7-7a2a608cf162 req-7bfa5238-c4ca-4f43-8a81-ad7486927d0a service placement] Merging candidates yields 2 allocation requests and 2 provider summaries {{(pid=105091) _merge_candidates /opt/stack/placement/placement/objects/allocation_candidate.py:809}}
Mar 31 19:12:04.152388 n-d-836064-1 devstack@placement-api.service[105091]: INFO placement.requestlog [req-d6ab5acf-6758-4a53-b8d7-7a2a608cf162 req-7bfa5238-c4ca-4f43-8a81-ad7486927d0a service placement] 10.222.0.75 "GET /placement/allocation_candidates?limit=1000&resources=DISK_GB%3A1%2CMEMORY_MB%3A1024%2CVCPU%3A1&root_required=%21COMPUTE_STATUS_DISABLED" status: 200 len: 1309 microversion: 1.36
Mar 31 19:12:04.160893 n-d-836064-1 devstack@placement-api.service[105091]: [pid: 105091|app: 0|req: 163/323] 10.222.0.75 () {60 vars in 1506 bytes} [Thu Mar 31 19:12:03 2022] GET /placement/allocation_candidates?limit=1000&resources=DISK_GB%3A1%2CMEMORY_MB%3A1024%2CVCPU%3A1&root_required=%21COMPUTE_STATUS_DISABLED => generated 1309 bytes in 321 msecs (HTTP/1.1 200) 8 headers in 297 bytes (1 switches on core 0)
Mar 31 19:12:04.364868 n-d-836064-1 devstack@placement-api.service[105092]: DEBUG placement.requestlog [req-d6ab5acf-6758-4a53-b8d7-7a2a608cf162 req-601806cc-6d82-40fc-b568-ce3c4c99a619 None None] Starting request: 10.222.0.75 "GET /placement/allocations/a011391c-e7db-4c43-a40f-f71828da57b1" {{(pid=105092) __call__ /opt/stack/placement/placement/requestlog.py:55}}
Mar 31 19:12:04.400298 n-d-836064-1 devstack@placement-api.service[105092]: INFO placement.requestlog [req-d6ab5acf-6758-4a53-b8d7-7a2a608cf162 req-601806cc-6d82-40fc-b568-ce3c4c99a619 service placement] 10.222.0.75 "GET /placement/allocations/a011391c-e7db-4c43-a40f-f71828da57b1" status: 200 len: 19 microversion: 1.28
Mar 31 19:12:04.407817 n-d-836064-1 devstack@placement-api.service[105091]: DEBUG placement.requestlog [req-d6ab5acf-6758-4a53-b8d7-7a2a608cf162 req-c3c0647b-6ed2-4738-a7d8-febc4ec7194f None None] Starting request: 10.222.0.75 "PUT /placement/allocations/a011391c-e7db-4c43-a40f-f71828da57b1" {{(pid=105091) __call__ /opt/stack/placement/placement/requestlog.py:55}}
Mar 31 19:12:04.413813 n-d-836064-1 devstack@placement-api.service[105092]: [pid: 105092|app: 0|req: 161/324] 10.222.0.75 () {60 vars in 1380 bytes} [Thu Mar 31 19:12:04 2022] GET /placement/allocations/a011391c-e7db-4c43-a40f-f71828da57b1 => generated 19 bytes in 47 msecs (HTTP/1.1 200) 8 headers in 295 bytes (1 switches on core 0)
Mar 31 19:12:04.777435 n-d-836064-1 devstack@placement-api.service[105091]: DEBUG placement.handlers.allocation [req-d6ab5acf-6758-4a53-b8d7-7a2a608cf162 req-c3c0647b-6ed2-4738-a7d8-febc4ec7194f service placement] Successfully wrote allocations [, , ] {{(pid=105091) _update_consumers_and_create_allocations /opt/stack/placement/placement/handlers/allocation.py:462}}
Mar 31 19:12:04.848951 n-d-836064-1 devstack@placement-api.service[105091]: INFO placement.requestlog [req-d6ab5acf-6758-4a53-b8d7-7a2a608cf162 req-c3c0647b-6ed2-4738-a7d8-febc4ec7194f service placement] 10.222.0.75 "PUT /placement/allocations/a011391c-e7db-4c43-a40f-f71828da57b1" status: 204 len: 0 microversion: 1.36
Mar 31 19:12:04.853382 n-d-836064-1 devstack@placement-api.service[105091]: [pid: 105091|app: 0|req: 164/325] 10.222.0.75 () {64 vars in 1433 bytes} [Thu Mar 31 19:12:04 2022] PUT /placement/allocations/a011391c-e7db-4c43-a40f-f71828da57b1 => generated 0 bytes in 443 msecs (HTTP/1.1 204) 5 headers in 199 bytes (1 switches on core 0)
Mar 31 19:12:06.841700 n-d-836064-1 devstack@placement-api.service[105092]: DEBUG placement.requestlog [req-d6ab5acf-6758-4a53-b8d7-7a2a608cf162 req-c5a4d290-20db-4670-a0c4-e0fc619a67c1 None None] Starting request: 10.222.0.70 "GET /placement/allocations/a011391c-e7db-4c43-a40f-f71828da57b1" {{(pid=105092) __call__ /opt/stack/placement/placement/requestlog.py:55}}
Mar 31 19:12:06.907417 n-d-836064-1 devstack@placement-api.service[105092]: INFO placement.requestlog [req-d6ab5acf-6758-4a53-b8d7-7a2a608cf162 req-c5a4d290-20db-4670-a0c4-e0fc619a67c1 service placement] 10.222.0.70 "GET /placement/allocations/a011391c-e7db-4c43-a40f-f71828da57b1" status: 200 len: 259 microversion: 1.28
Mar 31 19:12:06.914108 n-d-836064-1 devstack@placement-api.service[105092]: [pid: 105092|app: 0|req: 162/326] 10.222.0.70 () {60 vars in 1377 bytes} [Thu Mar 31 19:12:06 2022] GET /placement/allocations/a011391c-e7db-4c43-a40f-f71828da57b1 => generated 259 bytes in 72 msecs (HTTP/1.1 200) 8 headers in 296 bytes (1 switches on core 0)
Mar 31 19:12:15.954213 n-d-836064-1 devstack@placement-api.service[105091]: DEBUG placement.requestlog [req-22e17554-b9d7-4e3a-8917-017c6c9675f2 req-6d0306a6-578d-40d7-bb09-c1df76005063 None None] Starting request: 10.222.0.75 "GET /placement/allocation_candidates?limit=1000&resources=MEMORY_MB%3A1024%2CVCPU%3A1&root_required=%21COMPUTE_STATUS_DISABLED" {{(pid=105091) __call__ /opt/stack/placement/placement/requestlog.py:55}}
Mar 31 19:12:16.472493 n-d-836064-1 devstack@placement-api.service[105091]: DEBUG placement.objects.research_context [req-22e17554-b9d7-4e3a-8917-017c6c9675f2 req-6d0306a6-578d-40d7-bb09-c1df76005063 service placement] getting providers with 1024 MEMORY_MB {{(pid=105091) __init__ /opt/stack/placement/placement/objects/research_context.py:136}}
Mar 31 19:12:16.503843 n-d-836064-1 devstack@placement-api.service[105091]: DEBUG placement.objects.research_context [req-22e17554-b9d7-4e3a-8917-017c6c9675f2 req-6d0306a6-578d-40d7-bb09-c1df76005063 service placement] getting providers with 1 VCPU {{(pid=105091) __init__ /opt/stack/placement/placement/objects/research_context.py:136}}
Mar 31 19:12:16.516627 n-d-836064-1 devstack@placement-api.service[105091]: DEBUG placement.objects.research_context [req-22e17554-b9d7-4e3a-8917-017c6c9675f2 req-6d0306a6-578d-40d7-bb09-c1df76005063 service placement] found 2 providers with available 1024 MEMORY_MB {{(pid=105091) get_provider_ids_matching /opt/stack/placement/placement/objects/research_context.py:559}}
Mar 31 19:12:16.528375 n-d-836064-1 devstack@placement-api.service[105091]: DEBUG placement.objects.research_context [req-22e17554-b9d7-4e3a-8917-017c6c9675f2 req-6d0306a6-578d-40d7-bb09-c1df76005063 service placement] found 2 providers with available 1 VCPU {{(pid=105091) get_provider_ids_matching /opt/stack/placement/placement/objects/research_context.py:559}}
Mar 31 19:12:16.532237 n-d-836064-1 devstack@placement-api.service[105091]: DEBUG placement.objects.research_context [req-22e17554-b9d7-4e3a-8917-017c6c9675f2 req-6d0306a6-578d-40d7-bb09-c1df76005063 service placement] found 2 providers after filtering by previous result {{(pid=105091) get_provider_ids_matching /opt/stack/placement/placement/objects/research_context.py:590}}
Mar 31 19:12:16.555885 n-d-836064-1 devstack@placement-api.service[105091]: DEBUG placement.objects.allocation_candidate [req-22e17554-b9d7-4e3a-8917-017c6c9675f2 req-6d0306a6-578d-40d7-bb09-c1df76005063 service placement] RequestGroup(use_same_provider=False, resources={MEMORY_MB:1024, VCPU:1}, traits=(), aggregates=[]) (suffix '') returned 2 matches {{(pid=105091) _get_by_requests /opt/stack/placement/placement/objects/allocation_candidate.py:156}}
Mar 31 19:12:16.556421 n-d-836064-1 devstack@placement-api.service[105091]: DEBUG placement.objects.allocation_candidate [req-22e17554-b9d7-4e3a-8917-017c6c9675f2 req-6d0306a6-578d-40d7-bb09-c1df76005063 service placement] Merging candidates yields 2 allocation requests and 2 provider summaries {{(pid=105091) _merge_candidates /opt/stack/placement/placement/objects/allocation_candidate.py:809}}
Mar 31 19:12:16.558246 n-d-836064-1 devstack@placement-api.service[105091]: INFO placement.requestlog [req-22e17554-b9d7-4e3a-8917-017c6c9675f2 req-6d0306a6-578d-40d7-bb09-c1df76005063 service placement] 10.222.0.75 "GET /placement/allocation_candidates?limit=1000&resources=MEMORY_MB%3A1024%2CVCPU%3A1&root_required=%21COMPUTE_STATUS_DISABLED" status: 200 len: 1281 microversion: 1.36
Mar 31 19:12:16.559225 n-d-836064-1 devstack@placement-api.service[105091]: [pid: 105091|app: 0|req: 165/327] 10.222.0.75 () {60 vars in 1478 bytes} [Thu Mar 31 19:12:15 2022] GET /placement/allocation_candidates?limit=1000&resources=MEMORY_MB%3A1024%2CVCPU%3A1&root_required=%21COMPUTE_STATUS_DISABLED => generated 1281 bytes in 605 msecs (HTTP/1.1 200) 8 headers in 297 bytes (1 switches on core 0)
Mar 31 19:12:16.703861 n-d-836064-1 devstack@placement-api.service[105092]: DEBUG placement.requestlog [req-22e17554-b9d7-4e3a-8917-017c6c9675f2 req-3ea7bfb7-f3d1-4827-9763-016ae69a77e6 None None] Starting request: 10.222.0.75 "GET /placement/allocations/99f8a7f1-4850-453d-970d-f8b7dfaaedd8" {{(pid=105092) __call__ /opt/stack/placement/placement/requestlog.py:55}}
Mar 31 19:12:16.729644 n-d-836064-1 devstack@placement-api.service[105092]: INFO placement.requestlog [req-22e17554-b9d7-4e3a-8917-017c6c9675f2 req-3ea7bfb7-f3d1-4827-9763-016ae69a77e6 service placement] 10.222.0.75 "GET /placement/allocations/99f8a7f1-4850-453d-970d-f8b7dfaaedd8" status: 200 len: 19 microversion: 1.28
Mar 31 19:12:16.730367 n-d-836064-1 devstack@placement-api.service[105092]: [pid: 105092|app: 0|req: 163/328] 10.222.0.75 () {60 vars in 1380 bytes} [Thu Mar 31 19:12:16 2022] GET /placement/allocations/99f8a7f1-4850-453d-970d-f8b7dfaaedd8 => generated 19 bytes in 27 msecs (HTTP/1.1 200) 8 headers in 295 bytes (1 switches on core 0)
Mar 31 19:12:16.736713 n-d-836064-1 devstack@placement-api.service[105091]: DEBUG placement.requestlog [req-22e17554-b9d7-4e3a-8917-017c6c9675f2 req-4ddf1d7f-c299-4c93-a40d-7f654c2e09ce None None] Starting request: 10.222.0.75 "PUT /placement/allocations/99f8a7f1-4850-453d-970d-f8b7dfaaedd8" {{(pid=105091) __call__ /opt/stack/placement/placement/requestlog.py:55}}
Mar 31 19:12:16.950031 n-d-836064-1 devstack@placement-api.service[105091]: DEBUG placement.handlers.allocation [req-22e17554-b9d7-4e3a-8917-017c6c9675f2 req-4ddf1d7f-c299-4c93-a40d-7f654c2e09ce service placement] Successfully wrote allocations [, ] {{(pid=105091) _update_consumers_and_create_allocations /opt/stack/placement/placement/handlers/allocation.py:462}}
Mar 31 19:12:17.071375 n-d-836064-1 devstack@placement-api.service[105091]: INFO placement.requestlog [req-22e17554-b9d7-4e3a-8917-017c6c9675f2 req-4ddf1d7f-c299-4c93-a40d-7f654c2e09ce service placement] 10.222.0.75 "PUT /placement/allocations/99f8a7f1-4850-453d-970d-f8b7dfaaedd8" status: 204 len: 0 microversion: 1.36
Mar 31 19:12:17.072707 n-d-836064-1 devstack@placement-api.service[105091]: [pid: 105091|app: 0|req: 166/329] 10.222.0.75 () {64 vars in 1433 bytes} [Thu Mar 31 19:12:16 2022] PUT /placement/allocations/99f8a7f1-4850-453d-970d-f8b7dfaaedd8 => generated 0 bytes in 336 msecs (HTTP/1.1 204) 5 headers in 199 bytes (1 switches on core 0)
Mar 31 19:12:18.331232 n-d-836064-1 devstack@placement-api.service[105092]: DEBUG placement.requestlog [req-22e17554-b9d7-4e3a-8917-017c6c9675f2 req-5ddf9a72-9d99-455b-aa3e-1ccb7606d9e4 None None] Starting request: 10.222.0.64 "GET /placement/allocations/99f8a7f1-4850-453d-970d-f8b7dfaaedd8" {{(pid=105092) __call__ /opt/stack/placement/placement/requestlog.py:55}}
Mar 31 19:12:18.384003 n-d-836064-1 devstack@placement-api.service[105092]: INFO placement.requestlog [req-22e17554-b9d7-4e3a-8917-017c6c9675f2 req-5ddf9a72-9d99-455b-aa3e-1ccb7606d9e4 service placement] 10.222.0.64 "GET /placement/allocations/99f8a7f1-4850-453d-970d-f8b7dfaaedd8" status: 200 len: 245 microversion: 1.28
Mar 31 19:12:18.388670 n-d-836064-1 devstack@placement-api.service[105092]: [pid: 105092|app: 0|req: 164/330] 10.222.0.64 () {60 vars in 1377 bytes} [Thu Mar 31 19:12:18 2022] GET /placement/allocations/99f8a7f1-4850-453d-970d-f8b7dfaaedd8 => generated 245 bytes in 57 msecs (HTTP/1.1 200) 8 headers in 296 bytes (1 switches on core 0)
Mar 31 19:12:22.434506 n-d-836064-1 devstack@placement-api.service[105091]: DEBUG placement.requestlog [None req-48a50fb8-68d2-446a-b6c3-ca0861465155 None None] Starting request: 10.222.0.75 "GET /placement/" {{(pid=105091) __call__ /opt/stack/placement/placement/requestlog.py:55}}
Mar 31 19:12:22.436239 n-d-836064-1 devstack@placement-api.service[105091]: INFO placement.requestlog [None req-48a50fb8-68d2-446a-b6c3-ca0861465155 None None] 10.222.0.75 "GET /placement/" status: 200 len: 136 microversion: 1.0
Mar 31 19:12:22.437040 n-d-836064-1 devstack@placement-api.service[105091]: [pid: 105091|app: 0|req: 167/331] 10.222.0.75 () {54 vars in 916 bytes} [Thu Mar 31 19:12:22 2022] GET /placement => generated 136 bytes in 3 msecs (HTTP/1.1 200) 6 headers in 224 bytes (2 switches on core 0)
Mar 31 19:12:22.448616 n-d-836064-1 devstack@placement-api.service[105092]: DEBUG placement.requestlog [req-40f58f98-f27f-42ce-aaf5-05f09bedba39 req-99d27327-a5b5-4de1-89e6-adc8a331f9bf None None] Starting request: 10.222.0.75 "GET /placement/allocations/a779e43f-ff6c-4dfc-8137-c1745e65a7f0" {{(pid=105092) __call__ /opt/stack/placement/placement/requestlog.py:55}}
Mar 31 19:12:22.627517 n-d-836064-1 devstack@placement-api.service[105092]: INFO placement.requestlog [req-40f58f98-f27f-42ce-aaf5-05f09bedba39 req-99d27327-a5b5-4de1-89e6-adc8a331f9bf service placement] 10.222.0.75 "GET /placement/allocations/a779e43f-ff6c-4dfc-8137-c1745e65a7f0" status: 200 len: 259 microversion: 1.28
Mar 31 19:12:22.628427 n-d-836064-1 devstack@placement-api.service[105092]: [pid: 105092|app: 0|req: 165/332] 10.222.0.75 () {60 vars in 1380 bytes} [Thu Mar 31 19:12:22 2022] GET /placement/allocations/a779e43f-ff6c-4dfc-8137-c1745e65a7f0 => generated 259 bytes in 180 msecs (HTTP/1.1 200) 8 headers in 296 bytes (1 switches on core 0)
Mar 31 19:12:22.634374 n-d-836064-1 devstack@placement-api.service[105091]: DEBUG placement.requestlog [req-40f58f98-f27f-42ce-aaf5-05f09bedba39 req-ec587821-87f9-4764-bb2c-25590028730c None None] Starting request: 10.222.0.75 "GET /placement/allocations/a779e43f-ff6c-4dfc-8137-c1745e65a7f0" {{(pid=105091) __call__ /opt/stack/placement/placement/requestlog.py:55}}
Mar 31 19:12:22.679285 n-d-836064-1 devstack@placement-api.service[105091]: INFO placement.requestlog [req-40f58f98-f27f-42ce-aaf5-05f09bedba39 req-ec587821-87f9-4764-bb2c-25590028730c service placement] 10.222.0.75 "GET /placement/allocations/a779e43f-ff6c-4dfc-8137-c1745e65a7f0" status: 200 len: 259 microversion: 1.28
Mar 31 19:12:22.679671 n-d-836064-1 devstack@placement-api.service[105091]: [pid: 105091|app: 0|req: 168/333] 10.222.0.75 () {60 vars in 1380 bytes} [Thu Mar 31 19:12:22 2022] GET /placement/allocations/a779e43f-ff6c-4dfc-8137-c1745e65a7f0 => generated 259 bytes in 46 msecs (HTTP/1.1 200) 8 headers in 296 bytes (1 switches on core 0)
Mar 31 19:12:22.686919 n-d-836064-1 devstack@placement-api.service[105092]: DEBUG placement.requestlog [req-40f58f98-f27f-42ce-aaf5-05f09bedba39 req-7e53abbf-494b-4ba2-aadd-1c6ab06ac74b None None] Starting request: 10.222.0.75 "GET /placement/allocations/a8084e4c-d10a-44fe-907c-f47da36ef3fd" {{(pid=105092) __call__ /opt/stack/placement/placement/requestlog.py:55}}
Mar 31 19:12:22.703276 n-d-836064-1 devstack@placement-api.service[105092]: INFO placement.requestlog [req-40f58f98-f27f-42ce-aaf5-05f09bedba39 req-7e53abbf-494b-4ba2-aadd-1c6ab06ac74b service placement] 10.222.0.75 "GET /placement/allocations/a8084e4c-d10a-44fe-907c-f47da36ef3fd" status: 200 len: 19 microversion: 1.28
Mar 31 19:12:22.717743 n-d-836064-1 devstack@placement-api.service[105091]: DEBUG placement.requestlog [req-40f58f98-f27f-42ce-aaf5-05f09bedba39 req-49d48a5d-04a8-48b0-ba3a-1b35830beb77 None None] Starting request: 10.222.0.75 "POST /placement/allocations" {{(pid=105091) __call__ /opt/stack/placement/placement/requestlog.py:55}}
Mar 31 19:12:22.727706 n-d-836064-1 devstack@placement-api.service[105092]: [pid: 105092|app: 0|req: 166/334] 10.222.0.75 () {60 vars in 1380 bytes} [Thu Mar 31 19:12:22 2022] GET /placement/allocations/a8084e4c-d10a-44fe-907c-f47da36ef3fd => generated 19 bytes in 38 msecs (HTTP/1.1 200) 8 headers in 295 bytes (1 switches on core 0)
Mar 31 19:12:22.898042 n-d-836064-1 devstack@placement-api.service[105091]: DEBUG placement.handlers.allocation [req-40f58f98-f27f-42ce-aaf5-05f09bedba39 req-49d48a5d-04a8-48b0-ba3a-1b35830beb77 service placement] Successfully wrote allocations [, , , , , ] {{(pid=105091) _update_consumers_and_create_allocations /opt/stack/placement/placement/handlers/allocation.py:572}}
Mar 31 19:12:22.974348 n-d-836064-1 devstack@placement-api.service[105091]: INFO placement.requestlog [req-40f58f98-f27f-42ce-aaf5-05f09bedba39 req-49d48a5d-04a8-48b0-ba3a-1b35830beb77 service placement] 10.222.0.75 "POST /placement/allocations" status: 204 len: 0 microversion: 1.28
Mar 31 19:12:22.988129 n-d-836064-1 devstack@placement-api.service[105091]: [pid: 105091|app: 0|req: 169/335] 10.222.0.75 () {64 vars in 1323 bytes} [Thu Mar 31 19:12:22 2022] POST /placement/allocations => generated 0 bytes in 263 msecs (HTTP/1.1 204) 5 headers in 199 bytes (1 switches on core 0)
Mar 31 19:12:23.343895 n-d-836064-1 devstack@placement-api.service[105092]: DEBUG placement.requestlog [req-40f58f98-f27f-42ce-aaf5-05f09bedba39 req-b3388e9d-ff7e-4922-8e9a-9f21aa7fc603 None None] Starting request: 10.222.0.75 "GET /placement/allocation_candidates?limit=1000&resources=DISK_GB%3A1%2CMEMORY_MB%3A512%2CVCPU%3A1&root_required=%21COMPUTE_STATUS_DISABLED" {{(pid=105092) __call__ /opt/stack/placement/placement/requestlog.py:55}}
Mar 31 19:12:23.414190 n-d-836064-1 devstack@placement-api.service[105092]: DEBUG placement.objects.research_context [req-40f58f98-f27f-42ce-aaf5-05f09bedba39 req-b3388e9d-ff7e-4922-8e9a-9f21aa7fc603 service placement] getting providers with 1 DISK_GB {{(pid=105092) __init__ /opt/stack/placement/placement/objects/research_context.py:136}}
Mar 31 19:12:23.431665 n-d-836064-1 devstack@placement-api.service[105092]: DEBUG placement.objects.research_context [req-40f58f98-f27f-42ce-aaf5-05f09bedba39 req-b3388e9d-ff7e-4922-8e9a-9f21aa7fc603 service placement] getting providers with 512 MEMORY_MB {{(pid=105092) __init__ /opt/stack/placement/placement/objects/research_context.py:136}}
Mar 31 19:12:23.440408 n-d-836064-1 devstack@placement-api.service[105092]: DEBUG placement.objects.research_context [req-40f58f98-f27f-42ce-aaf5-05f09bedba39 req-b3388e9d-ff7e-4922-8e9a-9f21aa7fc603 service placement] getting providers with 1 VCPU {{(pid=105092) __init__ /opt/stack/placement/placement/objects/research_context.py:136}}
Mar 31 19:12:23.465553 n-d-836064-1 devstack@placement-api.service[105092]: DEBUG placement.objects.research_context [req-40f58f98-f27f-42ce-aaf5-05f09bedba39 req-b3388e9d-ff7e-4922-8e9a-9f21aa7fc603 service placement] found 2 providers with available 1 DISK_GB {{(pid=105092) get_provider_ids_matching /opt/stack/placement/placement/objects/research_context.py:559}}
Mar 31 19:12:23.466600 n-d-836064-1 devstack@placement-api.service[105092]: DEBUG placement.objects.research_context [req-40f58f98-f27f-42ce-aaf5-05f09bedba39 req-b3388e9d-ff7e-4922-8e9a-9f21aa7fc603 service placement] found 2 providers with available 512 MEMORY_MB {{(pid=105092) get_provider_ids_matching /opt/stack/placement/placement/objects/research_context.py:559}}
Mar 31 19:12:23.467033 n-d-836064-1 devstack@placement-api.service[105092]: DEBUG placement.objects.research_context [req-40f58f98-f27f-42ce-aaf5-05f09bedba39 req-b3388e9d-ff7e-4922-8e9a-9f21aa7fc603 service placement] found 2 providers after filtering by previous result {{(pid=105092) get_provider_ids_matching /opt/stack/placement/placement/objects/research_context.py:590}}
Mar 31 19:12:23.468977 n-d-836064-1 devstack@placement-api.service[105092]: DEBUG placement.objects.research_context [req-40f58f98-f27f-42ce-aaf5-05f09bedba39 req-b3388e9d-ff7e-4922-8e9a-9f21aa7fc603 service placement] found 2 providers with available 1 VCPU {{(pid=105092) get_provider_ids_matching /opt/stack/placement/placement/objects/research_context.py:559}}
Mar 31 19:12:23.469435 n-d-836064-1 devstack@placement-api.service[105092]: DEBUG placement.objects.research_context [req-40f58f98-f27f-42ce-aaf5-05f09bedba39 req-b3388e9d-ff7e-4922-8e9a-9f21aa7fc603 service placement] found 2 providers after filtering by previous result {{(pid=105092) get_provider_ids_matching /opt/stack/placement/placement/objects/research_context.py:590}}
Mar 31 19:12:23.493793 n-d-836064-1 devstack@placement-api.service[105092]: DEBUG placement.objects.allocation_candidate [req-40f58f98-f27f-42ce-aaf5-05f09bedba39 req-b3388e9d-ff7e-4922-8e9a-9f21aa7fc603 service placement] RequestGroup(use_same_provider=False, resources={DISK_GB:1, MEMORY_MB:512, VCPU:1}, traits=(), aggregates=[]) (suffix '') returned 2 matches {{(pid=105092) _get_by_requests /opt/stack/placement/placement/objects/allocation_candidate.py:156}}
Mar 31 19:12:23.494424 n-d-836064-1 devstack@placement-api.service[105092]: DEBUG placement.objects.allocation_candidate [req-40f58f98-f27f-42ce-aaf5-05f09bedba39 req-b3388e9d-ff7e-4922-8e9a-9f21aa7fc603 service placement] Merging candidates yields 2 allocation requests and 2 provider summaries {{(pid=105092) _merge_candidates /opt/stack/placement/placement/objects/allocation_candidate.py:809}}
Mar 31 19:12:23.500468 n-d-836064-1 devstack@placement-api.service[105092]: INFO placement.requestlog [req-40f58f98-f27f-42ce-aaf5-05f09bedba39 req-b3388e9d-ff7e-4922-8e9a-9f21aa7fc603 service placement] 10.222.0.75 "GET /placement/allocation_candidates?limit=1000&resources=DISK_GB%3A1%2CMEMORY_MB%3A512%2CVCPU%3A1&root_required=%21COMPUTE_STATUS_DISABLED" status: 200 len: 1307 microversion: 1.36
Mar 31 19:12:23.502661 n-d-836064-1 devstack@placement-api.service[105092]: [pid: 105092|app: 0|req: 167/336] 10.222.0.75 () {60 vars in 1504 bytes} [Thu Mar 31 19:12:23 2022] GET /placement/allocation_candidates?limit=1000&resources=DISK_GB%3A1%2CMEMORY_MB%3A512%2CVCPU%3A1&root_required=%21COMPUTE_STATUS_DISABLED => generated 1307 bytes in 159 msecs (HTTP/1.1 200) 8 headers in 297 bytes (1 switches on core 0)
Mar 31 19:12:23.657782 n-d-836064-1 devstack@placement-api.service[105091]: DEBUG placement.requestlog [req-40f58f98-f27f-42ce-aaf5-05f09bedba39 req-1aa9d53a-6268-4d1c-8404-af16538050ca None None] Starting request: 10.222.0.75 "GET /placement/allocations/a779e43f-ff6c-4dfc-8137-c1745e65a7f0" {{(pid=105091) __call__ /opt/stack/placement/placement/requestlog.py:55}}
Mar 31 19:12:23.695257 n-d-836064-1 devstack@placement-api.service[105091]: INFO placement.requestlog [req-40f58f98-f27f-42ce-aaf5-05f09bedba39 req-1aa9d53a-6268-4d1c-8404-af16538050ca service placement] 10.222.0.75 "GET /placement/allocations/a779e43f-ff6c-4dfc-8137-c1745e65a7f0" status: 200 len: 19 microversion: 1.28
Mar 31 19:12:23.697366 n-d-836064-1 devstack@placement-api.service[105091]: [pid: 105091|app: 0|req: 170/337] 10.222.0.75 () {60 vars in 1380 bytes} [Thu Mar 31 19:12:23 2022] GET /placement/allocations/a779e43f-ff6c-4dfc-8137-c1745e65a7f0 => generated 19 bytes in 40 msecs (HTTP/1.1 200) 8 headers in 295 bytes (1 switches on core 0)
Mar 31 19:12:23.703592 n-d-836064-1 devstack@placement-api.service[105092]: DEBUG placement.requestlog [req-40f58f98-f27f-42ce-aaf5-05f09bedba39 req-8665e8fa-7167-4361-8769-96d185d963b5 None None] Starting request: 10.222.0.75 "PUT /placement/allocations/a779e43f-ff6c-4dfc-8137-c1745e65a7f0" {{(pid=105092) __call__ /opt/stack/placement/placement/requestlog.py:55}}
Mar 31 19:12:23.932930 n-d-836064-1 devstack@placement-api.service[105092]: DEBUG placement.handlers.allocation [req-40f58f98-f27f-42ce-aaf5-05f09bedba39 req-8665e8fa-7167-4361-8769-96d185d963b5 service placement] Successfully wrote allocations [, , ] {{(pid=105092) _update_consumers_and_create_allocations /opt/stack/placement/placement/handlers/allocation.py:462}}
Mar 31 19:12:24.037819 n-d-836064-1 devstack@placement-api.service[105092]: INFO placement.requestlog [req-40f58f98-f27f-42ce-aaf5-05f09bedba39 req-8665e8fa-7167-4361-8769-96d185d963b5 service placement] 10.222.0.75 "PUT /placement/allocations/a779e43f-ff6c-4dfc-8137-c1745e65a7f0" status: 204 len: 0 microversion: 1.36
Mar 31 19:12:24.039130 n-d-836064-1 devstack@placement-api.service[105092]: [pid: 105092|app: 0|req: 168/338] 10.222.0.75 () {64 vars in 1433 bytes} [Thu Mar 31 19:12:23 2022] PUT /placement/allocations/a779e43f-ff6c-4dfc-8137-c1745e65a7f0 => generated 0 bytes in 336 msecs (HTTP/1.1 204) 5 headers in 199 bytes (1 switches on core 0)
Mar 31 19:12:24.654703 n-d-836064-1 devstack@placement-api.service[105091]: DEBUG placement.requestlog [req-40f58f98-f27f-42ce-aaf5-05f09bedba39 req-dd96ab7f-d673-4419-ab98-ce770c3a50e6 None None] Starting request: 10.222.0.70 "GET /placement/allocations/a779e43f-ff6c-4dfc-8137-c1745e65a7f0" {{(pid=105091) __call__ /opt/stack/placement/placement/requestlog.py:55}}
