May 25 18:07:55.708875 n-d-836016-4 devstack@placement-api.service[88813]: INFO placement.requestlog [None req-995801d6-ef90-4184-916b-eda8eddb3bac service placement] 10.222.0.57 "DELETE /placement/resource_providers/841b4a66-462c-41ec-a738-21ff02d32f10" status: 404 len: 246 microversion: 1.1
May 25 18:07:55.709542 n-d-836016-4 devstack@placement-api.service[88813]: [pid: 88813|app: 0|req: 445/886] 10.222.0.57 () {60 vars in 1351 bytes} [Wed May 25 18:07:55 2022] DELETE /placement/resource_providers/841b4a66-462c-41ec-a738-21ff02d32f10 => generated 246 bytes in 22 msecs (HTTP/1.1 404) 6 headers in 231 bytes (1 switches on core 0)
May 25 18:07:56.455194 n-d-836016-4 devstack@placement-api.service[88814]: DEBUG placement.requestlog [None req-914ed390-7a34-444d-95c0-1300659bd5c9 None None] Starting request: 10.222.0.57 "GET /placement/resource_providers/81b9da46-4392-40e4-b76b-d42f7c78ee42/aggregates" {{(pid=88814) __call__ /opt/stack/placement/placement/requestlog.py:55}}
May 25 18:07:56.475470 n-d-836016-4 devstack@placement-api.service[88814]: INFO placement.requestlog [None req-914ed390-7a34-444d-95c0-1300659bd5c9 service placement] 10.222.0.57 "GET /placement/resource_providers/81b9da46-4392-40e4-b76b-d42f7c78ee42/aggregates" status: 404 len: 235 microversion: 1.1
May 25 18:07:56.476448 n-d-836016-4 devstack@placement-api.service[88814]: [pid: 88814|app: 0|req: 442/887] 10.222.0.57 () {58 vars in 1362 bytes} [Wed May 25 18:07:56 2022] GET /placement/resource_providers/81b9da46-4392-40e4-b76b-d42f7c78ee42/aggregates => generated 235 bytes in 22 msecs (HTTP/1.1 404) 5 headers in 202 bytes (1 switches on core 0)
May 25 18:07:56.526785 n-d-836016-4 devstack@placement-api.service[88813]: DEBUG placement.requestlog [None req-97ccab20-fc2e-4b96-9bc8-470387bb8b98 None None] Starting request: 10.222.0.57 "DELETE /placement/resource_providers/81b9da46-4392-40e4-b76b-d42f7c78ee42" {{(pid=88813) __call__ /opt/stack/placement/placement/requestlog.py:55}}
May 25 18:07:56.551698 n-d-836016-4 devstack@placement-api.service[88813]: DEBUG placement.wsgi_wrapper [None req-97ccab20-fc2e-4b96-9bc8-470387bb8b98 service placement] Placement API returning an error response: No resource provider with uuid 81b9da46-4392-40e4-b76b-d42f7c78ee42 found for delete {{(pid=88813) call_func /opt/stack/placement/placement/wsgi_wrapper.py:31}}
May 25 18:07:56.552628 n-d-836016-4 devstack@placement-api.service[88813]: INFO placement.requestlog [None req-97ccab20-fc2e-4b96-9bc8-470387bb8b98 service placement] 10.222.0.57 "DELETE /placement/resource_providers/81b9da46-4392-40e4-b76b-d42f7c78ee42" status: 404 len: 246 microversion: 1.1
May 25 18:07:56.552952 n-d-836016-4 devstack@placement-api.service[88813]: [pid: 88813|app: 0|req: 446/888] 10.222.0.57 () {60 vars in 1351 bytes} [Wed May 25 18:07:56 2022] DELETE /placement/resource_providers/81b9da46-4392-40e4-b76b-d42f7c78ee42 => generated 246 bytes in 27 msecs (HTTP/1.1 404) 6 headers in 231 bytes (1 switches on core 0)
May 25 18:07:58.572027 n-d-836016-4 devstack@placement-api.service[88814]: DEBUG placement.requestlog [None req-5b00ae6f-1cda-4b2a-9b8f-2d0fed0f4def None None] Starting request: 10.222.0.57 "GET /placement/resource_providers/89739165-a5a5-4221-b97a-205fbfb2c19e/aggregates" {{(pid=88814) __call__ /opt/stack/placement/placement/requestlog.py:55}}
May 25 18:07:58.589623 n-d-836016-4 devstack@placement-api.service[88814]: INFO placement.requestlog [None req-5b00ae6f-1cda-4b2a-9b8f-2d0fed0f4def service placement] 10.222.0.57 "GET /placement/resource_providers/89739165-a5a5-4221-b97a-205fbfb2c19e/aggregates" status: 404 len: 235 microversion: 1.1
May 25 18:07:58.590109 n-d-836016-4 devstack@placement-api.service[88814]: [pid: 88814|app: 0|req: 443/889] 10.222.0.57 () {58 vars in 1362 bytes} [Wed May 25 18:07:58 2022] GET /placement/resource_providers/89739165-a5a5-4221-b97a-205fbfb2c19e/aggregates => generated 235 bytes in 18 msecs (HTTP/1.1 404) 5 headers in 202 bytes (1 switches on core 0)
May 25 18:07:58.729304 n-d-836016-4 devstack@placement-api.service[88813]: DEBUG placement.requestlog [None req-939eaf17-efca-4747-a827-213217acac2e None None] Starting request: 10.222.0.57 "DELETE /placement/resource_providers/89739165-a5a5-4221-b97a-205fbfb2c19e" {{(pid=88813) __call__ /opt/stack/placement/placement/requestlog.py:55}}
May 25 18:07:58.747499 n-d-836016-4 devstack@placement-api.service[88813]: DEBUG placement.wsgi_wrapper [None req-939eaf17-efca-4747-a827-213217acac2e service placement] Placement API returning an error response: No resource provider with uuid 89739165-a5a5-4221-b97a-205fbfb2c19e found for delete {{(pid=88813) call_func /opt/stack/placement/placement/wsgi_wrapper.py:31}}
May 25 18:07:58.749217 n-d-836016-4 devstack@placement-api.service[88813]: INFO placement.requestlog [None req-939eaf17-efca-4747-a827-213217acac2e service placement] 10.222.0.57 "DELETE /placement/resource_providers/89739165-a5a5-4221-b97a-205fbfb2c19e" status: 404 len: 246 microversion: 1.1
May 25 18:07:58.753867 n-d-836016-4 devstack@placement-api.service[88813]: [pid: 88813|app: 0|req: 447/890] 10.222.0.57 () {60 vars in 1351 bytes} [Wed May 25 18:07:58 2022] DELETE /placement/resource_providers/89739165-a5a5-4221-b97a-205fbfb2c19e => generated 246 bytes in 25 msecs (HTTP/1.1 404) 6 headers in 231 bytes (1 switches on core 0)
May 25 18:08:03.730382 n-d-836016-4 devstack@placement-api.service[88814]: DEBUG placement.requestlog [req-1608c802-32a3-410c-8337-6b62462e534c req-adcb5319-4034-44a8-b142-8ce95193d6e8 None None] Starting request: 10.222.0.16 "GET /placement/allocations/58e89f9f-9ffa-499e-b1ba-068b2921b1d6" {{(pid=88814) __call__ /opt/stack/placement/placement/requestlog.py:55}}
May 25 18:08:03.761132 n-d-836016-4 devstack@placement-api.service[88814]: INFO placement.requestlog [req-1608c802-32a3-410c-8337-6b62462e534c req-adcb5319-4034-44a8-b142-8ce95193d6e8 service placement] 10.222.0.16 "GET /placement/allocations/58e89f9f-9ffa-499e-b1ba-068b2921b1d6" status: 200 len: 260 microversion: 1.28
May 25 18:08:03.761740 n-d-836016-4 devstack@placement-api.service[88814]: [pid: 88814|app: 0|req: 444/891] 10.222.0.16 () {60 vars in 1377 bytes} [Wed May 25 18:08:03 2022] GET /placement/allocations/58e89f9f-9ffa-499e-b1ba-068b2921b1d6 => generated 260 bytes in 31 msecs (HTTP/1.1 200) 8 headers in 296 bytes (1 switches on core 0)
May 25 18:08:03.769630 n-d-836016-4 devstack@placement-api.service[88813]: DEBUG placement.requestlog [req-1608c802-32a3-410c-8337-6b62462e534c req-e75e75eb-06aa-4925-93f5-71bfe009981b None None] Starting request: 10.222.0.16 "PUT /placement/allocations/58e89f9f-9ffa-499e-b1ba-068b2921b1d6" {{(pid=88813) __call__ /opt/stack/placement/placement/requestlog.py:55}}
May 25 18:08:03.887659 n-d-836016-4 devstack@placement-api.service[88813]: DEBUG placement.handlers.allocation [req-1608c802-32a3-410c-8337-6b62462e534c req-e75e75eb-06aa-4925-93f5-71bfe009981b service placement] Successfully wrote allocations [, , ] {{(pid=88813) _create_allocations /opt/stack/placement/placement/handlers/allocation.py:435}}
May 25 18:08:03.888506 n-d-836016-4 devstack@placement-api.service[88813]: INFO placement.requestlog [req-1608c802-32a3-410c-8337-6b62462e534c req-e75e75eb-06aa-4925-93f5-71bfe009981b service placement] 10.222.0.16 "PUT /placement/allocations/58e89f9f-9ffa-499e-b1ba-068b2921b1d6" status: 204 len: 0 microversion: 1.28
May 25 18:08:03.889343 n-d-836016-4 devstack@placement-api.service[88813]: [pid: 88813|app: 0|req: 448/892] 10.222.0.16 () {64 vars in 1430 bytes} [Wed May 25 18:08:03 2022] PUT /placement/allocations/58e89f9f-9ffa-499e-b1ba-068b2921b1d6 => generated 0 bytes in 120 msecs (HTTP/1.1 204) 5 headers in 199 bytes (1 switches on core 0)
May 25 18:08:06.577382 n-d-836016-4 devstack@placement-api.service[88814]: DEBUG placement.requestlog [req-cf6ee229-c9e3-47a8-91fd-cd2f20886848 req-6ac9d68f-f6e2-4db3-b1fb-cb9da81b4132 None None] Starting request: 10.222.0.16 "GET /placement/allocations/e699d79f-1550-4a50-a669-1055db333a49" {{(pid=88814) __call__ /opt/stack/placement/placement/requestlog.py:55}}
May 25 18:08:06.611721 n-d-836016-4 devstack@placement-api.service[88814]: INFO placement.requestlog [req-cf6ee229-c9e3-47a8-91fd-cd2f20886848 req-6ac9d68f-f6e2-4db3-b1fb-cb9da81b4132 service placement] 10.222.0.16 "GET /placement/allocations/e699d79f-1550-4a50-a669-1055db333a49" status: 200 len: 260 microversion: 1.28
May 25 18:08:06.614307 n-d-836016-4 devstack@placement-api.service[88814]: [pid: 88814|app: 0|req: 445/893] 10.222.0.16 () {60 vars in 1377 bytes} [Wed May 25 18:08:06 2022] GET /placement/allocations/e699d79f-1550-4a50-a669-1055db333a49 => generated 260 bytes in 38 msecs (HTTP/1.1 200) 8 headers in 296 bytes (1 switches on core 0)
May 25 18:08:06.619438 n-d-836016-4 devstack@placement-api.service[88813]: DEBUG placement.requestlog [req-cf6ee229-c9e3-47a8-91fd-cd2f20886848 req-307e8fc8-d9ea-44cf-8c62-f92a8b3e6695 None None] Starting request: 10.222.0.16 "PUT /placement/allocations/e699d79f-1550-4a50-a669-1055db333a49" {{(pid=88813) __call__ /opt/stack/placement/placement/requestlog.py:55}}
May 25 18:08:06.693496 n-d-836016-4 devstack@placement-api.service[88813]: DEBUG placement.handlers.allocation [req-cf6ee229-c9e3-47a8-91fd-cd2f20886848 req-307e8fc8-d9ea-44cf-8c62-f92a8b3e6695 service placement] Successfully wrote allocations [, , ] {{(pid=88813) _create_allocations /opt/stack/placement/placement/handlers/allocation.py:435}}
May 25 18:08:06.694610 n-d-836016-4 devstack@placement-api.service[88813]: INFO placement.requestlog [req-cf6ee229-c9e3-47a8-91fd-cd2f20886848 req-307e8fc8-d9ea-44cf-8c62-f92a8b3e6695 service placement] 10.222.0.16 "PUT /placement/allocations/e699d79f-1550-4a50-a669-1055db333a49" status: 204 len: 0 microversion: 1.28
May 25 18:08:06.695499 n-d-836016-4 devstack@placement-api.service[88813]: [pid: 88813|app: 0|req: 449/894] 10.222.0.16 () {64 vars in 1430 bytes} [Wed May 25 18:08:06 2022] PUT /placement/allocations/e699d79f-1550-4a50-a669-1055db333a49 => generated 0 bytes in 76 msecs (HTTP/1.1 204) 5 headers in 199 bytes (1 switches on core 0)
May 25 18:08:07.067786 n-d-836016-4 devstack@placement-api.service[88814]: DEBUG placement.requestlog [None req-27047f56-4e19-4434-abee-ceab615bc576 None None] Starting request: 10.222.0.57 "GET /placement/resource_providers/f825f4b8-8915-440e-b796-6b5723f01d9c/aggregates" {{(pid=88814) __call__ /opt/stack/placement/placement/requestlog.py:55}}
May 25 18:08:07.080115 n-d-836016-4 devstack@placement-api.service[88814]: INFO placement.requestlog [None req-27047f56-4e19-4434-abee-ceab615bc576 service placement] 10.222.0.57 "GET /placement/resource_providers/f825f4b8-8915-440e-b796-6b5723f01d9c/aggregates" status: 404 len: 235 microversion: 1.1
May 25 18:08:07.081381 n-d-836016-4 devstack@placement-api.service[88814]: [pid: 88814|app: 0|req: 446/895] 10.222.0.57 () {58 vars in 1362 bytes} [Wed May 25 18:08:07 2022] GET /placement/resource_providers/f825f4b8-8915-440e-b796-6b5723f01d9c/aggregates => generated 235 bytes in 14 msecs (HTTP/1.1 404) 5 headers in 202 bytes (1 switches on core 0)
May 25 18:08:07.351214 n-d-836016-4 devstack@placement-api.service[88813]: DEBUG placement.requestlog [None req-2fc5e630-02a0-4251-92a8-f00f73b37e95 None None] Starting request: 10.222.0.57 "DELETE /placement/resource_providers/f825f4b8-8915-440e-b796-6b5723f01d9c" {{(pid=88813) __call__ /opt/stack/placement/placement/requestlog.py:55}}
May 25 18:08:07.378116 n-d-836016-4 devstack@placement-api.service[88813]: DEBUG placement.wsgi_wrapper [None req-2fc5e630-02a0-4251-92a8-f00f73b37e95 service placement] Placement API returning an error response: No resource provider with uuid f825f4b8-8915-440e-b796-6b5723f01d9c found for delete {{(pid=88813) call_func /opt/stack/placement/placement/wsgi_wrapper.py:31}}
May 25 18:08:07.382493 n-d-836016-4 devstack@placement-api.service[88813]: INFO placement.requestlog [None req-2fc5e630-02a0-4251-92a8-f00f73b37e95 service placement] 10.222.0.57 "DELETE /placement/resource_providers/f825f4b8-8915-440e-b796-6b5723f01d9c" status: 404 len: 246 microversion: 1.1
May 25 18:08:07.383618 n-d-836016-4 devstack@placement-api.service[88813]: [pid: 88813|app: 0|req: 450/896] 10.222.0.57 () {60 vars in 1351 bytes} [Wed May 25 18:08:07 2022] DELETE /placement/resource_providers/f825f4b8-8915-440e-b796-6b5723f01d9c => generated 246 bytes in 32 msecs (HTTP/1.1 404) 6 headers in 231 bytes (1 switches on core 0)
May 25 18:08:09.391542 n-d-836016-4 devstack@placement-api.service[88814]: DEBUG placement.requestlog [None req-7feba67c-7be4-4a77-b121-9b867cbaa053 None None] Starting request: 10.222.0.57 "GET /placement/resource_providers/fe193b7b-c8f9-490f-a114-ab3ec4c9760f/aggregates" {{(pid=88814) __call__ /opt/stack/placement/placement/requestlog.py:55}}
May 25 18:08:09.412606 n-d-836016-4 devstack@placement-api.service[88814]: INFO placement.requestlog [None req-7feba67c-7be4-4a77-b121-9b867cbaa053 service placement] 10.222.0.57 "GET /placement/resource_providers/fe193b7b-c8f9-490f-a114-ab3ec4c9760f/aggregates" status: 404 len: 235 microversion: 1.1
May 25 18:08:09.413508 n-d-836016-4 devstack@placement-api.service[88814]: [pid: 88814|app: 0|req: 447/897] 10.222.0.57 () {58 vars in 1362 bytes} [Wed May 25 18:08:09 2022] GET /placement/resource_providers/fe193b7b-c8f9-490f-a114-ab3ec4c9760f/aggregates => generated 235 bytes in 22 msecs (HTTP/1.1 404) 5 headers in 202 bytes (1 switches on core 0)
May 25 18:08:09.419135 n-d-836016-4 devstack@placement-api.service[88813]: DEBUG placement.requestlog [None req-4f2e3897-58a9-421e-8bc1-464d43d8f5ed None None] Starting request: 10.222.0.57 "DELETE /placement/resource_providers/fe193b7b-c8f9-490f-a114-ab3ec4c9760f" {{(pid=88813) __call__ /opt/stack/placement/placement/requestlog.py:55}}
May 25 18:08:09.429918 n-d-836016-4 devstack@placement-api.service[88813]: DEBUG placement.wsgi_wrapper [None req-4f2e3897-58a9-421e-8bc1-464d43d8f5ed service placement] Placement API returning an error response: No resource provider with uuid fe193b7b-c8f9-490f-a114-ab3ec4c9760f found for delete {{(pid=88813) call_func /opt/stack/placement/placement/wsgi_wrapper.py:31}}
May 25 18:08:09.430802 n-d-836016-4 devstack@placement-api.service[88813]: INFO placement.requestlog [None req-4f2e3897-58a9-421e-8bc1-464d43d8f5ed service placement] 10.222.0.57 "DELETE /placement/resource_providers/fe193b7b-c8f9-490f-a114-ab3ec4c9760f" status: 404 len: 246 microversion: 1.1
May 25 18:08:09.431366 n-d-836016-4 devstack@placement-api.service[88813]: [pid: 88813|app: 0|req: 451/898] 10.222.0.57 () {60 vars in 1351 bytes} [Wed May 25 18:08:09 2022] DELETE /placement/resource_providers/fe193b7b-c8f9-490f-a114-ab3ec4c9760f => generated 246 bytes in 12 msecs (HTTP/1.1 404) 6 headers in 231 bytes (1 switches on core 0)
May 25 18:08:12.483961 n-d-836016-4 devstack@placement-api.service[88814]: DEBUG placement.requestlog [req-239d3b3b-ce25-442d-bc68-c6e8544b8bcb req-7261bcf3-5674-4dce-bcc7-77f5e9894ced None None] Starting request: 10.222.0.47 "GET /placement/allocations/7d797300-12b8-4c5a-89b8-b9f342a98e57" {{(pid=88814) __call__ /opt/stack/placement/placement/requestlog.py:55}}
May 25 18:08:12.504768 n-d-836016-4 devstack@placement-api.service[88814]: INFO placement.requestlog [req-239d3b3b-ce25-442d-bc68-c6e8544b8bcb req-7261bcf3-5674-4dce-bcc7-77f5e9894ced service placement] 10.222.0.47 "GET /placement/allocations/7d797300-12b8-4c5a-89b8-b9f342a98e57" status: 200 len: 259 microversion: 1.28
May 25 18:08:12.505423 n-d-836016-4 devstack@placement-api.service[88814]: [pid: 88814|app: 0|req: 448/899] 10.222.0.47 () {60 vars in 1377 bytes} [Wed May 25 18:08:12 2022] GET /placement/allocations/7d797300-12b8-4c5a-89b8-b9f342a98e57 => generated 259 bytes in 22 msecs (HTTP/1.1 200) 8 headers in 296 bytes (1 switches on core 0)
May 25 18:08:12.513150 n-d-836016-4 devstack@placement-api.service[88813]: DEBUG placement.requestlog [req-239d3b3b-ce25-442d-bc68-c6e8544b8bcb req-4f76b961-cd44-4524-af8e-d5b1a6bfca84 None None] Starting request: 10.222.0.47 "PUT /placement/allocations/7d797300-12b8-4c5a-89b8-b9f342a98e57" {{(pid=88813) __call__ /opt/stack/placement/placement/requestlog.py:55}}
May 25 18:08:12.652853 n-d-836016-4 devstack@placement-api.service[88813]: DEBUG placement.handlers.allocation [req-239d3b3b-ce25-442d-bc68-c6e8544b8bcb req-4f76b961-cd44-4524-af8e-d5b1a6bfca84 service placement] Successfully wrote allocations [, , ] {{(pid=88813) _create_allocations /opt/stack/placement/placement/handlers/allocation.py:435}}
May 25 18:08:12.655399 n-d-836016-4 devstack@placement-api.service[88813]: INFO placement.requestlog [req-239d3b3b-ce25-442d-bc68-c6e8544b8bcb req-4f76b961-cd44-4524-af8e-d5b1a6bfca84 service placement] 10.222.0.47 "PUT /placement/allocations/7d797300-12b8-4c5a-89b8-b9f342a98e57" status: 204 len: 0 microversion: 1.28
May 25 18:08:12.656180 n-d-836016-4 devstack@placement-api.service[88813]: [pid: 88813|app: 0|req: 452/900] 10.222.0.47 () {64 vars in 1430 bytes} [Wed May 25 18:08:12 2022] PUT /placement/allocations/7d797300-12b8-4c5a-89b8-b9f342a98e57 => generated 0 bytes in 143 msecs (HTTP/1.1 204) 5 headers in 199 bytes (2 switches on core 0)
May 25 18:08:16.950215 n-d-836016-4 devstack@placement-api.service[88814]: DEBUG placement.requestlog [req-d66ec699-d3ec-45b7-80e6-44ed3ae92e98 req-4caaee4f-f398-404f-8804-698f8d2fbfa6 None None] Starting request: 10.222.0.57 "GET /placement/allocation_candidates?limit=1000&resources=DISK_GB%3A1%2CMEMORY_MB%3A1024%2CVCPU%3A1&root_required=%21COMPUTE_STATUS_DISABLED" {{(pid=88814) __call__ /opt/stack/placement/placement/requestlog.py:55}}
May 25 18:08:17.004677 n-d-836016-4 devstack@placement-api.service[88814]: DEBUG placement.objects.research_context [req-d66ec699-d3ec-45b7-80e6-44ed3ae92e98 req-4caaee4f-f398-404f-8804-698f8d2fbfa6 service placement] getting providers with 1 DISK_GB {{(pid=88814) __init__ /opt/stack/placement/placement/objects/research_context.py:126}}
May 25 18:08:17.030033 n-d-836016-4 devstack@placement-api.service[88814]: DEBUG placement.objects.research_context [req-d66ec699-d3ec-45b7-80e6-44ed3ae92e98 req-4caaee4f-f398-404f-8804-698f8d2fbfa6 service placement] getting providers with 1024 MEMORY_MB {{(pid=88814) __init__ /opt/stack/placement/placement/objects/research_context.py:126}}
May 25 18:08:17.049747 n-d-836016-4 devstack@placement-api.service[88814]: DEBUG placement.objects.research_context [req-d66ec699-d3ec-45b7-80e6-44ed3ae92e98 req-4caaee4f-f398-404f-8804-698f8d2fbfa6 service placement] getting providers with 1 VCPU {{(pid=88814) __init__ /opt/stack/placement/placement/objects/research_context.py:126}}
May 25 18:08:17.070120 n-d-836016-4 devstack@placement-api.service[88814]: DEBUG placement.objects.research_context [req-d66ec699-d3ec-45b7-80e6-44ed3ae92e98 req-4caaee4f-f398-404f-8804-698f8d2fbfa6 service placement] found 2 providers with available 1 DISK_GB {{(pid=88814) get_provider_ids_matching /opt/stack/placement/placement/objects/research_context.py:549}}
May 25 18:08:17.070393 n-d-836016-4 devstack@placement-api.service[88814]: DEBUG placement.objects.research_context [req-d66ec699-d3ec-45b7-80e6-44ed3ae92e98 req-4caaee4f-f398-404f-8804-698f8d2fbfa6 service placement] found 2 providers with available 1024 MEMORY_MB {{(pid=88814) get_provider_ids_matching /opt/stack/placement/placement/objects/research_context.py:549}}
May 25 18:08:17.074844 n-d-836016-4 devstack@placement-api.service[88814]: DEBUG placement.objects.research_context [req-d66ec699-d3ec-45b7-80e6-44ed3ae92e98 req-4caaee4f-f398-404f-8804-698f8d2fbfa6 service placement] found 2 providers after filtering by previous result {{(pid=88814) get_provider_ids_matching /opt/stack/placement/placement/objects/research_context.py:580}}
May 25 18:08:17.075363 n-d-836016-4 devstack@placement-api.service[88814]: DEBUG placement.objects.research_context [req-d66ec699-d3ec-45b7-80e6-44ed3ae92e98 req-4caaee4f-f398-404f-8804-698f8d2fbfa6 service placement] found 2 providers with available 1 VCPU {{(pid=88814) get_provider_ids_matching /opt/stack/placement/placement/objects/research_context.py:549}}
May 25 18:08:17.076364 n-d-836016-4 devstack@placement-api.service[88814]: DEBUG placement.objects.research_context [req-d66ec699-d3ec-45b7-80e6-44ed3ae92e98 req-4caaee4f-f398-404f-8804-698f8d2fbfa6 service placement] found 2 providers after filtering by previous result {{(pid=88814) get_provider_ids_matching /opt/stack/placement/placement/objects/research_context.py:580}}
May 25 18:08:17.104189 n-d-836016-4 devstack@placement-api.service[88814]: DEBUG placement.objects.allocation_candidate [req-d66ec699-d3ec-45b7-80e6-44ed3ae92e98 req-4caaee4f-f398-404f-8804-698f8d2fbfa6 service placement] RequestGroup(use_same_provider=False, resources={DISK_GB:1, MEMORY_MB:1024, VCPU:1}, traits=[], aggregates=[]) (suffix '') returned 2 matches {{(pid=88814) _get_by_requests /opt/stack/placement/placement/objects/allocation_candidate.py:145}}
May 25 18:08:17.104773 n-d-836016-4 devstack@placement-api.service[88814]: DEBUG placement.objects.allocation_candidate [req-d66ec699-d3ec-45b7-80e6-44ed3ae92e98 req-4caaee4f-f398-404f-8804-698f8d2fbfa6 service placement] Merging candidates yields 2 allocation requests and 2 provider summaries {{(pid=88814) _merge_candidates /opt/stack/placement/placement/objects/allocation_candidate.py:783}}
May 25 18:08:17.106459 n-d-836016-4 devstack@placement-api.service[88814]: INFO placement.requestlog [req-d66ec699-d3ec-45b7-80e6-44ed3ae92e98 req-4caaee4f-f398-404f-8804-698f8d2fbfa6 service placement] 10.222.0.57 "GET /placement/allocation_candidates?limit=1000&resources=DISK_GB%3A1%2CMEMORY_MB%3A1024%2CVCPU%3A1&root_required=%21COMPUTE_STATUS_DISABLED" status: 200 len: 1309 microversion: 1.35
May 25 18:08:17.107707 n-d-836016-4 devstack@placement-api.service[88814]: [pid: 88814|app: 0|req: 449/901] 10.222.0.57 () {60 vars in 1506 bytes} [Wed May 25 18:08:16 2022] GET /placement/allocation_candidates?limit=1000&resources=DISK_GB%3A1%2CMEMORY_MB%3A1024%2CVCPU%3A1&root_required=%21COMPUTE_STATUS_DISABLED => generated 1309 bytes in 158 msecs (HTTP/1.1 200) 8 headers in 297 bytes (1 switches on core 0)
May 25 18:08:17.253904 n-d-836016-4 devstack@placement-api.service[88813]: DEBUG placement.requestlog [req-d66ec699-d3ec-45b7-80e6-44ed3ae92e98 req-37373000-0eba-4bc5-a57c-16df181186cb None None] Starting request: 10.222.0.57 "GET /placement/allocations/f274ddc5-3230-4567-9695-fe7df909ccf2" {{(pid=88813) __call__ /opt/stack/placement/placement/requestlog.py:55}}
May 25 18:08:17.269517 n-d-836016-4 devstack@placement-api.service[88813]: INFO placement.requestlog [req-d66ec699-d3ec-45b7-80e6-44ed3ae92e98 req-37373000-0eba-4bc5-a57c-16df181186cb service placement] 10.222.0.57 "GET /placement/allocations/f274ddc5-3230-4567-9695-fe7df909ccf2" status: 200 len: 19 microversion: 1.28
May 25 18:08:17.273509 n-d-836016-4 devstack@placement-api.service[88813]: [pid: 88813|app: 0|req: 453/902] 10.222.0.57 () {60 vars in 1380 bytes} [Wed May 25 18:08:17 2022] GET /placement/allocations/f274ddc5-3230-4567-9695-fe7df909ccf2 => generated 19 bytes in 19 msecs (HTTP/1.1 200) 8 headers in 295 bytes (1 switches on core 0)
May 25 18:08:17.275872 n-d-836016-4 devstack@placement-api.service[88814]: DEBUG placement.requestlog [req-d66ec699-d3ec-45b7-80e6-44ed3ae92e98 req-91dcbfbc-fe29-4feb-bb1c-9e22dc20e092 None None] Starting request: 10.222.0.57 "PUT /placement/allocations/f274ddc5-3230-4567-9695-fe7df909ccf2" {{(pid=88814) __call__ /opt/stack/placement/placement/requestlog.py:55}}
May 25 18:08:17.310461 n-d-836016-4 devstack@placement-api.service[88813]: DEBUG placement.requestlog [req-c7514c9c-9217-456f-9f3c-5a81e061973e req-74d5a81b-7201-4126-8a05-ae227df58966 None None] Starting request: 10.222.0.57 "GET /placement/allocation_candidates?limit=1000&resources=DISK_GB%3A1%2CMEMORY_MB%3A1024%2CVCPU%3A1&root_required=%21COMPUTE_STATUS_DISABLED" {{(pid=88813) __call__ /opt/stack/placement/placement/requestlog.py:55}}
May 25 18:08:17.363607 n-d-836016-4 devstack@placement-api.service[88813]: DEBUG placement.objects.research_context [req-c7514c9c-9217-456f-9f3c-5a81e061973e req-74d5a81b-7201-4126-8a05-ae227df58966 service placement] getting providers with 1 DISK_GB {{(pid=88813) __init__ /opt/stack/placement/placement/objects/research_context.py:126}}
May 25 18:08:17.370768 n-d-836016-4 devstack@placement-api.service[88813]: DEBUG placement.objects.research_context [req-c7514c9c-9217-456f-9f3c-5a81e061973e req-74d5a81b-7201-4126-8a05-ae227df58966 service placement] getting providers with 1024 MEMORY_MB {{(pid=88813) __init__ /opt/stack/placement/placement/objects/research_context.py:126}}
May 25 18:08:17.379511 n-d-836016-4 devstack@placement-api.service[88813]: DEBUG placement.objects.research_context [req-c7514c9c-9217-456f-9f3c-5a81e061973e req-74d5a81b-7201-4126-8a05-ae227df58966 service placement] getting providers with 1 VCPU {{(pid=88813) __init__ /opt/stack/placement/placement/objects/research_context.py:126}}
May 25 18:08:17.386650 n-d-836016-4 devstack@placement-api.service[88813]: DEBUG placement.objects.research_context [req-c7514c9c-9217-456f-9f3c-5a81e061973e req-74d5a81b-7201-4126-8a05-ae227df58966 service placement] found 2 providers with available 1 DISK_GB {{(pid=88813) get_provider_ids_matching /opt/stack/placement/placement/objects/research_context.py:549}}
May 25 18:08:17.387446 n-d-836016-4 devstack@placement-api.service[88813]: DEBUG placement.objects.research_context [req-c7514c9c-9217-456f-9f3c-5a81e061973e req-74d5a81b-7201-4126-8a05-ae227df58966 service placement] found 2 providers with available 1024 MEMORY_MB {{(pid=88813) get_provider_ids_matching /opt/stack/placement/placement/objects/research_context.py:549}}
May 25 18:08:17.387884 n-d-836016-4 devstack@placement-api.service[88814]: DEBUG placement.handlers.allocation [req-d66ec699-d3ec-45b7-80e6-44ed3ae92e98 req-91dcbfbc-fe29-4feb-bb1c-9e22dc20e092 service placement] Successfully wrote allocations [, , ] {{(pid=88814) _create_allocations /opt/stack/placement/placement/handlers/allocation.py:435}}
May 25 18:08:17.388725 n-d-836016-4 devstack@placement-api.service[88813]: DEBUG placement.objects.research_context [req-c7514c9c-9217-456f-9f3c-5a81e061973e req-74d5a81b-7201-4126-8a05-ae227df58966 service placement] found 2 providers after filtering by previous result {{(pid=88813) get_provider_ids_matching /opt/stack/placement/placement/objects/research_context.py:580}}
May 25 18:08:17.389335 n-d-836016-4 devstack@placement-api.service[88813]: DEBUG placement.objects.research_context [req-c7514c9c-9217-456f-9f3c-5a81e061973e req-74d5a81b-7201-4126-8a05-ae227df58966 service placement] found 2 providers with available 1 VCPU {{(pid=88813) get_provider_ids_matching /opt/stack/placement/placement/objects/research_context.py:549}}
May 25 18:08:17.389844 n-d-836016-4 devstack@placement-api.service[88813]: DEBUG placement.objects.research_context [req-c7514c9c-9217-456f-9f3c-5a81e061973e req-74d5a81b-7201-4126-8a05-ae227df58966 service placement] found 2 providers after filtering by previous result {{(pid=88813) get_provider_ids_matching /opt/stack/placement/placement/objects/research_context.py:580}}
May 25 18:08:17.392297 n-d-836016-4 devstack@placement-api.service[88814]: INFO placement.requestlog [req-d66ec699-d3ec-45b7-80e6-44ed3ae92e98 req-91dcbfbc-fe29-4feb-bb1c-9e22dc20e092 service placement] 10.222.0.57 "PUT /placement/allocations/f274ddc5-3230-4567-9695-fe7df909ccf2" status: 204 len: 0 microversion: 1.35
May 25 18:08:17.392860 n-d-836016-4 devstack@placement-api.service[88814]: [pid: 88814|app: 0|req: 450/903] 10.222.0.57 () {64 vars in 1433 bytes} [Wed May 25 18:08:17 2022] PUT /placement/allocations/f274ddc5-3230-4567-9695-fe7df909ccf2 => generated 0 bytes in 117 msecs (HTTP/1.1 204) 5 headers in 199 bytes (2 switches on core 0)
May 25 18:08:17.430302 n-d-836016-4 devstack@placement-api.service[88813]: DEBUG placement.objects.allocation_candidate [req-c7514c9c-9217-456f-9f3c-5a81e061973e req-74d5a81b-7201-4126-8a05-ae227df58966 service placement] RequestGroup(use_same_provider=False, resources={DISK_GB:1, MEMORY_MB:1024, VCPU:1}, traits=[], aggregates=[]) (suffix '') returned 2 matches {{(pid=88813) _get_by_requests /opt/stack/placement/placement/objects/allocation_candidate.py:145}}
May 25 18:08:17.432436 n-d-836016-4 devstack@placement-api.service[88813]: DEBUG placement.objects.allocation_candidate [req-c7514c9c-9217-456f-9f3c-5a81e061973e req-74d5a81b-7201-4126-8a05-ae227df58966 service placement] Merging candidates yields 2 allocation requests and 2 provider summaries {{(pid=88813) _merge_candidates /opt/stack/placement/placement/objects/allocation_candidate.py:783}}
May 25 18:08:17.439772 n-d-836016-4 devstack@placement-api.service[88813]: INFO placement.requestlog [req-c7514c9c-9217-456f-9f3c-5a81e061973e req-74d5a81b-7201-4126-8a05-ae227df58966 service placement] 10.222.0.57 "GET /placement/allocation_candidates?limit=1000&resources=DISK_GB%3A1%2CMEMORY_MB%3A1024%2CVCPU%3A1&root_required=%21COMPUTE_STATUS_DISABLED" status: 200 len: 1309 microversion: 1.35
May 25 18:08:17.442256 n-d-836016-4 devstack@placement-api.service[88813]: [pid: 88813|app: 0|req: 454/904] 10.222.0.57 () {60 vars in 1506 bytes} [Wed May 25 18:08:17 2022] GET /placement/allocation_candidates?limit=1000&resources=DISK_GB%3A1%2CMEMORY_MB%3A1024%2CVCPU%3A1&root_required=%21COMPUTE_STATUS_DISABLED => generated 1309 bytes in 132 msecs (HTTP/1.1 200) 8 headers in 297 bytes (1 switches on core 0)
May 25 18:08:17.541723 n-d-836016-4 devstack@placement-api.service[88814]: DEBUG placement.requestlog [req-c7514c9c-9217-456f-9f3c-5a81e061973e req-61068790-90df-4dbc-b1c1-0babe4a6be11 None None] Starting request: 10.222.0.57 "GET /placement/allocations/318a5c21-1939-4ae3-9a5b-f09c34b7d90a" {{(pid=88814) __call__ /opt/stack/placement/placement/requestlog.py:55}}
May 25 18:08:17.556321 n-d-836016-4 devstack@placement-api.service[88814]: INFO placement.requestlog [req-c7514c9c-9217-456f-9f3c-5a81e061973e req-61068790-90df-4dbc-b1c1-0babe4a6be11 service placement] 10.222.0.57 "GET /placement/allocations/318a5c21-1939-4ae3-9a5b-f09c34b7d90a" status: 200 len: 19 microversion: 1.28
May 25 18:08:17.557446 n-d-836016-4 devstack@placement-api.service[88814]: [pid: 88814|app: 0|req: 451/905] 10.222.0.57 () {60 vars in 1380 bytes} [Wed May 25 18:08:17 2022] GET /placement/allocations/318a5c21-1939-4ae3-9a5b-f09c34b7d90a => generated 19 bytes in 16 msecs (HTTP/1.1 200) 8 headers in 295 bytes (1 switches on core 0)
May 25 18:08:17.562304 n-d-836016-4 devstack@placement-api.service[88813]: DEBUG placement.requestlog [req-c7514c9c-9217-456f-9f3c-5a81e061973e req-ebe60e3a-774f-4dcb-96ca-c20b5fb9fde8 None None] Starting request: 10.222.0.57 "PUT /placement/allocations/318a5c21-1939-4ae3-9a5b-f09c34b7d90a" {{(pid=88813) __call__ /opt/stack/placement/placement/requestlog.py:55}}
May 25 18:08:17.741602 n-d-836016-4 devstack@placement-api.service[88813]: DEBUG placement.handlers.allocation [req-c7514c9c-9217-456f-9f3c-5a81e061973e req-ebe60e3a-774f-4dcb-96ca-c20b5fb9fde8 service placement] Successfully wrote allocations [, , ] {{(pid=88813) _create_allocations /opt/stack/placement/placement/handlers/allocation.py:435}}
May 25 18:08:17.742532 n-d-836016-4 devstack@placement-api.service[88813]: INFO placement.requestlog [req-c7514c9c-9217-456f-9f3c-5a81e061973e req-ebe60e3a-774f-4dcb-96ca-c20b5fb9fde8 service placement] 10.222.0.57 "PUT /placement/allocations/318a5c21-1939-4ae3-9a5b-f09c34b7d90a" status: 204 len: 0 microversion: 1.35
May 25 18:08:17.743634 n-d-836016-4 devstack@placement-api.service[88813]: [pid: 88813|app: 0|req: 455/906] 10.222.0.57 () {64 vars in 1433 bytes} [Wed May 25 18:08:17 2022] PUT /placement/allocations/318a5c21-1939-4ae3-9a5b-f09c34b7d90a => generated 0 bytes in 181 msecs (HTTP/1.1 204) 5 headers in 199 bytes (1 switches on core 0)
May 25 18:08:18.375045 n-d-836016-4 devstack@placement-api.service[88814]: DEBUG placement.requestlog [req-d66ec699-d3ec-45b7-80e6-44ed3ae92e98 req-2cf10afd-68dc-499c-b5f6-72a443baca79 None None] Starting request: 10.222.0.47 "GET /placement/allocations/f274ddc5-3230-4567-9695-fe7df909ccf2" {{(pid=88814) __call__ /opt/stack/placement/placement/requestlog.py:55}}
May 25 18:08:18.375581 n-d-836016-4 devstack@placement-api.service[88813]: DEBUG placement.requestlog [req-c7514c9c-9217-456f-9f3c-5a81e061973e req-4e58a0be-5e2f-4805-b27b-266307501e5c None None] Starting request: 10.222.0.47 "GET /placement/allocations/318a5c21-1939-4ae3-9a5b-f09c34b7d90a" {{(pid=88813) __call__ /opt/stack/placement/placement/requestlog.py:55}}
May 25 18:08:18.397895 n-d-836016-4 devstack@placement-api.service[88814]: INFO placement.requestlog [req-d66ec699-d3ec-45b7-80e6-44ed3ae92e98 req-2cf10afd-68dc-499c-b5f6-72a443baca79 service placement] 10.222.0.47 "GET /placement/allocations/f274ddc5-3230-4567-9695-fe7df909ccf2" status: 200 len: 259 microversion: 1.28
May 25 18:08:18.398373 n-d-836016-4 devstack@placement-api.service[88814]: [pid: 88814|app: 0|req: 452/907] 10.222.0.47 () {60 vars in 1377 bytes} [Wed May 25 18:08:18 2022] GET /placement/allocations/f274ddc5-3230-4567-9695-fe7df909ccf2 => generated 259 bytes in 24 msecs (HTTP/1.1 200) 8 headers in 296 bytes (1 switches on core 0)
May 25 18:08:18.407046 n-d-836016-4 devstack@placement-api.service[88813]: INFO placement.requestlog [req-c7514c9c-9217-456f-9f3c-5a81e061973e req-4e58a0be-5e2f-4805-b27b-266307501e5c service placement] 10.222.0.47 "GET /placement/allocations/318a5c21-1939-4ae3-9a5b-f09c34b7d90a" status: 200 len: 259 microversion: 1.28
May 25 18:08:18.407900 n-d-836016-4 devstack@placement-api.service[88813]: [pid: 88813|app: 0|req: 456/908] 10.222.0.47 () {60 vars in 1377 bytes} [Wed May 25 18:08:18 2022] GET /placement/allocations/318a5c21-1939-4ae3-9a5b-f09c34b7d90a => generated 259 bytes in 33 msecs (HTTP/1.1 200) 8 headers in 296 bytes (2 switches on core 0)
May 25 18:08:20.372365 n-d-836016-4 devstack@placement-api.service[88814]: DEBUG placement.requestlog [None req-b731bede-d108-471b-aa12-9561eb1e0d8c None None] Starting request: 10.222.0.57 "GET /placement/resource_providers/06c402f6-7d1f-4b2a-879c-b13b9fc60907/aggregates" {{(pid=88814) __call__ /opt/stack/placement/placement/requestlog.py:55}}
May 25 18:08:20.391776 n-d-836016-4 devstack@placement-api.service[88814]: INFO placement.requestlog [None req-b731bede-d108-471b-aa12-9561eb1e0d8c service placement] 10.222.0.57 "GET /placement/resource_providers/06c402f6-7d1f-4b2a-879c-b13b9fc60907/aggregates" status: 404 len: 235 microversion: 1.1
May 25 18:08:20.394729 n-d-836016-4 devstack@placement-api.service[88814]: [pid: 88814|app: 0|req: 453/909] 10.222.0.57 () {58 vars in 1362 bytes} [Wed May 25 18:08:20 2022] GET /placement/resource_providers/06c402f6-7d1f-4b2a-879c-b13b9fc60907/aggregates => generated 235 bytes in 23 msecs (HTTP/1.1 404) 5 headers in 202 bytes (1 switches on core 0)
May 25 18:08:20.442769 n-d-836016-4 devstack@placement-api.service[88813]: DEBUG placement.requestlog [None req-64c0eeb0-ce42-4874-85e6-6a32bcd8756c None None] Starting request: 10.222.0.57 "DELETE /placement/resource_providers/06c402f6-7d1f-4b2a-879c-b13b9fc60907" {{(pid=88813) __call__ /opt/stack/placement/placement/requestlog.py:55}}
May 25 18:08:20.457781 n-d-836016-4 devstack@placement-api.service[88813]: DEBUG placement.wsgi_wrapper [None req-64c0eeb0-ce42-4874-85e6-6a32bcd8756c service placement] Placement API returning an error response: No resource provider with uuid 06c402f6-7d1f-4b2a-879c-b13b9fc60907 found for delete {{(pid=88813) call_func /opt/stack/placement/placement/wsgi_wrapper.py:31}}
May 25 18:08:20.458557 n-d-836016-4 devstack@placement-api.service[88813]: INFO placement.requestlog [None req-64c0eeb0-ce42-4874-85e6-6a32bcd8756c service placement] 10.222.0.57 "DELETE /placement/resource_providers/06c402f6-7d1f-4b2a-879c-b13b9fc60907" status: 404 len: 246 microversion: 1.1
May 25 18:08:20.459073 n-d-836016-4 devstack@placement-api.service[88813]: [pid: 88813|app: 0|req: 457/910] 10.222.0.57 () {60 vars in 1351 bytes} [Wed May 25 18:08:20 2022] DELETE /placement/resource_providers/06c402f6-7d1f-4b2a-879c-b13b9fc60907 => generated 246 bytes in 16 msecs (HTTP/1.1 404) 6 headers in 231 bytes (1 switches on core 0)
May 25 18:08:24.255774 n-d-836016-4 devstack@placement-api.service[88814]: DEBUG placement.requestlog [req-3b2fa18e-d584-4d5a-9765-7d201a1423c2 req-0978b61b-ff0e-42c4-ba8b-6436583baf3f None None] Starting request: 10.222.0.16 "GET /placement/resource_providers/127f9ebf-1b91-4d4f-9984-8d069291992e/allocations" {{(pid=88814) __call__ /opt/stack/placement/placement/requestlog.py:55}}
May 25 18:08:24.320725 n-d-836016-4 devstack@placement-api.service[88814]: INFO placement.requestlog [req-3b2fa18e-d584-4d5a-9765-7d201a1423c2 req-0978b61b-ff0e-42c4-ba8b-6436583baf3f service placement] 10.222.0.16 "GET /placement/resource_providers/127f9ebf-1b91-4d4f-9984-8d069291992e/allocations" status: 200 len: 256 microversion: 1.0
May 25 18:08:24.321873 n-d-836016-4 devstack@placement-api.service[88814]: [pid: 88814|app: 0|req: 454/911] 10.222.0.16 () {58 vars in 1390 bytes} [Wed May 25 18:08:24 2022] GET /placement/resource_providers/127f9ebf-1b91-4d4f-9984-8d069291992e/allocations => generated 256 bytes in 66 msecs (HTTP/1.1 200) 6 headers in 224 bytes (1 switches on core 0)
May 25 18:08:35.854018 n-d-836016-4 devstack@placement-api.service[88813]: DEBUG placement.requestlog [req-ad80ede6-ac92-4a5f-a78e-e25d8fa6f4e4 req-33a45b0f-0877-4eb8-b770-3e4127e8f560 None None] Starting request: 10.222.0.47 "GET /placement/resource_providers/c77ea0c5-e7f2-4652-b638-09609e112541/allocations" {{(pid=88813) __call__ /opt/stack/placement/placement/requestlog.py:55}}
May 25 18:08:35.898824 n-d-836016-4 devstack@placement-api.service[88813]: INFO placement.requestlog [req-ad80ede6-ac92-4a5f-a78e-e25d8fa6f4e4 req-33a45b0f-0877-4eb8-b770-3e4127e8f560 service placement] 10.222.0.47 "GET /placement/resource_providers/c77ea0c5-e7f2-4652-b638-09609e112541/allocations" status: 200 len: 356 microversion: 1.0
May 25 18:08:35.899830 n-d-836016-4 devstack@placement-api.service[88813]: [pid: 88813|app: 0|req: 458/912] 10.222.0.47 () {58 vars in 1390 bytes} [Wed May 25 18:08:35 2022] GET /placement/resource_providers/c77ea0c5-e7f2-4652-b638-09609e112541/allocations => generated 356 bytes in 46 msecs (HTTP/1.1 200) 6 headers in 224 bytes (1 switches on core 0)
May 25 18:08:37.822009 n-d-836016-4 devstack@placement-api.service[88814]: DEBUG placement.requestlog [req-f8673fb1-aba2-4cb6-bb21-a9e9775a4b87 req-ac74e28c-ece1-4e84-af0b-d4bd6ff37dca None None] Starting request: 10.222.0.57 "GET /placement/allocation_candidates?limit=1000&resources=DISK_GB%3A1%2CMEMORY_MB%3A1024%2CVCPU%3A1&root_required=%21COMPUTE_STATUS_DISABLED" {{(pid=88814) __call__ /opt/stack/placement/placement/requestlog.py:55}}
May 25 18:08:37.896787 n-d-836016-4 devstack@placement-api.service[88814]: DEBUG placement.objects.research_context [req-f8673fb1-aba2-4cb6-bb21-a9e9775a4b87 req-ac74e28c-ece1-4e84-af0b-d4bd6ff37dca service placement] getting providers with 1 DISK_GB {{(pid=88814) __init__ /opt/stack/placement/placement/objects/research_context.py:126}}
May 25 18:08:37.912013 n-d-836016-4 devstack@placement-api.service[88814]: DEBUG placement.objects.research_context [req-f8673fb1-aba2-4cb6-bb21-a9e9775a4b87 req-ac74e28c-ece1-4e84-af0b-d4bd6ff37dca service placement] getting providers with 1024 MEMORY_MB {{(pid=88814) __init__ /opt/stack/placement/placement/objects/research_context.py:126}}
May 25 18:08:37.928537 n-d-836016-4 devstack@placement-api.service[88814]: DEBUG placement.objects.research_context [req-f8673fb1-aba2-4cb6-bb21-a9e9775a4b87 req-ac74e28c-ece1-4e84-af0b-d4bd6ff37dca service placement] getting providers with 1 VCPU {{(pid=88814) __init__ /opt/stack/placement/placement/objects/research_context.py:126}}
May 25 18:08:37.939633 n-d-836016-4 devstack@placement-api.service[88814]: DEBUG placement.objects.research_context [req-f8673fb1-aba2-4cb6-bb21-a9e9775a4b87 req-ac74e28c-ece1-4e84-af0b-d4bd6ff37dca service placement] found 2 providers with available 1 DISK_GB {{(pid=88814) get_provider_ids_matching /opt/stack/placement/placement/objects/research_context.py:549}}
May 25 18:08:37.940163 n-d-836016-4 devstack@placement-api.service[88814]: DEBUG placement.objects.research_context [req-f8673fb1-aba2-4cb6-bb21-a9e9775a4b87 req-ac74e28c-ece1-4e84-af0b-d4bd6ff37dca service placement] found 2 providers with available 1024 MEMORY_MB {{(pid=88814) get_provider_ids_matching /opt/stack/placement/placement/objects/research_context.py:549}}
May 25 18:08:37.940593 n-d-836016-4 devstack@placement-api.service[88814]: DEBUG placement.objects.research_context [req-f8673fb1-aba2-4cb6-bb21-a9e9775a4b87 req-ac74e28c-ece1-4e84-af0b-d4bd6ff37dca service placement] found 2 providers after filtering by previous result {{(pid=88814) get_provider_ids_matching /opt/stack/placement/placement/objects/research_context.py:580}}
May 25 18:08:37.941135 n-d-836016-4 devstack@placement-api.service[88814]: DEBUG placement.objects.research_context [req-f8673fb1-aba2-4cb6-bb21-a9e9775a4b87 req-ac74e28c-ece1-4e84-af0b-d4bd6ff37dca service placement] found 2 providers with available 1 VCPU {{(pid=88814) get_provider_ids_matching /opt/stack/placement/placement/objects/research_context.py:549}}
May 25 18:08:37.941553 n-d-836016-4 devstack@placement-api.service[88814]: DEBUG placement.objects.research_context [req-f8673fb1-aba2-4cb6-bb21-a9e9775a4b87 req-ac74e28c-ece1-4e84-af0b-d4bd6ff37dca service placement] found 2 providers after filtering by previous result {{(pid=88814) get_provider_ids_matching /opt/stack/placement/placement/objects/research_context.py:580}}
May 25 18:08:37.963086 n-d-836016-4 devstack@placement-api.service[88814]: DEBUG placement.objects.allocation_candidate [req-f8673fb1-aba2-4cb6-bb21-a9e9775a4b87 req-ac74e28c-ece1-4e84-af0b-d4bd6ff37dca service placement] RequestGroup(use_same_provider=False, resources={DISK_GB:1, MEMORY_MB:1024, VCPU:1}, traits=[], aggregates=[]) (suffix '') returned 2 matches {{(pid=88814) _get_by_requests /opt/stack/placement/placement/objects/allocation_candidate.py:145}}
May 25 18:08:37.964056 n-d-836016-4 devstack@placement-api.service[88814]: DEBUG placement.objects.allocation_candidate [req-f8673fb1-aba2-4cb6-bb21-a9e9775a4b87 req-ac74e28c-ece1-4e84-af0b-d4bd6ff37dca service placement] Merging candidates yields 2 allocation requests and 2 provider summaries {{(pid=88814) _merge_candidates /opt/stack/placement/placement/objects/allocation_candidate.py:783}}
May 25 18:08:37.978952 n-d-836016-4 devstack@placement-api.service[88814]: INFO placement.requestlog [req-f8673fb1-aba2-4cb6-bb21-a9e9775a4b87 req-ac74e28c-ece1-4e84-af0b-d4bd6ff37dca service placement] 10.222.0.57 "GET /placement/allocation_candidates?limit=1000&resources=DISK_GB%3A1%2CMEMORY_MB%3A1024%2CVCPU%3A1&root_required=%21COMPUTE_STATUS_DISABLED" status: 200 len: 1309 microversion: 1.35
May 25 18:08:37.982129 n-d-836016-4 devstack@placement-api.service[88814]: [pid: 88814|app: 0|req: 455/913] 10.222.0.57 () {60 vars in 1506 bytes} [Wed May 25 18:08:37 2022] GET /placement/allocation_candidates?limit=1000&resources=DISK_GB%3A1%2CMEMORY_MB%3A1024%2CVCPU%3A1&root_required=%21COMPUTE_STATUS_DISABLED => generated 1309 bytes in 161 msecs (HTTP/1.1 200) 8 headers in 297 bytes (1 switches on core 0)
May 25 18:08:38.120865 n-d-836016-4 devstack@placement-api.service[88813]: DEBUG placement.requestlog [req-f8673fb1-aba2-4cb6-bb21-a9e9775a4b87 req-5c3cf81a-5858-41cc-985b-cb4e1e0fabb9 None None] Starting request: 10.222.0.57 "GET /placement/allocations/305ed47a-aa09-4a4a-a28f-29cb4e9d3c2a" {{(pid=88813) __call__ /opt/stack/placement/placement/requestlog.py:55}}
May 25 18:08:38.134180 n-d-836016-4 devstack@placement-api.service[88813]: INFO placement.requestlog [req-f8673fb1-aba2-4cb6-bb21-a9e9775a4b87 req-5c3cf81a-5858-41cc-985b-cb4e1e0fabb9 service placement] 10.222.0.57 "GET /placement/allocations/305ed47a-aa09-4a4a-a28f-29cb4e9d3c2a" status: 200 len: 19 microversion: 1.28
May 25 18:08:38.141686 n-d-836016-4 devstack@placement-api.service[88813]: [pid: 88813|app: 0|req: 459/914] 10.222.0.57 () {60 vars in 1380 bytes} [Wed May 25 18:08:38 2022] GET /placement/allocations/305ed47a-aa09-4a4a-a28f-29cb4e9d3c2a => generated 19 bytes in 21 msecs (HTTP/1.1 200) 8 headers in 295 bytes (1 switches on core 0)
May 25 18:08:38.145080 n-d-836016-4 devstack@placement-api.service[88814]: DEBUG placement.requestlog [req-f8673fb1-aba2-4cb6-bb21-a9e9775a4b87 req-886e3c10-b08e-4ff2-91cd-036cf6146017 None None] Starting request: 10.222.0.57 "PUT /placement/allocations/305ed47a-aa09-4a4a-a28f-29cb4e9d3c2a" {{(pid=88814) __call__ /opt/stack/placement/placement/requestlog.py:55}}
May 25 18:08:38.227789 n-d-836016-4 devstack@placement-api.service[88814]: DEBUG placement.handlers.allocation [req-f8673fb1-aba2-4cb6-bb21-a9e9775a4b87 req-886e3c10-b08e-4ff2-91cd-036cf6146017 service placement] Successfully wrote allocations [, , ] {{(pid=88814) _create_allocations /opt/stack/placement/placement/handlers/allocation.py:435}}
May 25 18:08:38.228744 n-d-836016-4 devstack@placement-api.service[88814]: INFO placement.requestlog [req-f8673fb1-aba2-4cb6-bb21-a9e9775a4b87 req-886e3c10-b08e-4ff2-91cd-036cf6146017 service placement] 10.222.0.57 "PUT /placement/allocations/305ed47a-aa09-4a4a-a28f-29cb4e9d3c2a" status: 204 len: 0 microversion: 1.35
May 25 18:08:38.238009 n-d-836016-4 devstack@placement-api.service[88814]: [pid: 88814|app: 0|req: 456/915] 10.222.0.57 () {64 vars in 1433 bytes} [Wed May 25 18:08:38 2022] PUT /placement/allocations/305ed47a-aa09-4a4a-a28f-29cb4e9d3c2a => generated 0 bytes in 84 msecs (HTTP/1.1 204) 5 headers in 199 bytes (1 switches on core 0)
May 25 18:08:38.826476 n-d-836016-4 devstack@placement-api.service[88813]: DEBUG placement.requestlog [req-f8673fb1-aba2-4cb6-bb21-a9e9775a4b87 req-50e5bf40-21e6-4235-ae56-697e9684f15d None None] Starting request: 10.222.0.16 "GET /placement/allocations/305ed47a-aa09-4a4a-a28f-29cb4e9d3c2a" {{(pid=88813) __call__ /opt/stack/placement/placement/requestlog.py:55}}
May 25 18:08:38.888976 n-d-836016-4 devstack@placement-api.service[88813]: INFO placement.requestlog [req-f8673fb1-aba2-4cb6-bb21-a9e9775a4b87 req-50e5bf40-21e6-4235-ae56-697e9684f15d service placement] 10.222.0.16 "GET /placement/allocations/305ed47a-aa09-4a4a-a28f-29cb4e9d3c2a" status: 200 len: 260 microversion: 1.28
May 25 18:08:38.889214 n-d-836016-4 devstack@placement-api.service[88813]: [pid: 88813|app: 0|req: 460/916] 10.222.0.16 () {60 vars in 1377 bytes} [Wed May 25 18:08:38 2022] GET /placement/allocations/305ed47a-aa09-4a4a-a28f-29cb4e9d3c2a => generated 260 bytes in 63 msecs (HTTP/1.1 200) 8 headers in 296 bytes (1 switches on core 0)
May 25 18:08:43.424251 n-d-836016-4 devstack@placement-api.service[88814]: DEBUG placement.requestlog [req-fa477ac6-1323-4414-bb30-0aceaa080234 req-6fb95f23-cd15-454e-bcc4-f961aada38e5 None None] Starting request: 10.222.0.47 "GET /placement/allocations/cb236d9d-3356-4de0-bb32-a90c33d9ff2c" {{(pid=88814) __call__ /opt/stack/placement/placement/requestlog.py:55}}
May 25 18:08:43.567191 n-d-836016-4 devstack@placement-api.service[88814]: INFO placement.requestlog [req-fa477ac6-1323-4414-bb30-0aceaa080234 req-6fb95f23-cd15-454e-bcc4-f961aada38e5 service placement] 10.222.0.47 "GET /placement/allocations/cb236d9d-3356-4de0-bb32-a90c33d9ff2c" status: 200 len: 259 microversion: 1.28
May 25 18:08:43.575093 n-d-836016-4 devstack@placement-api.service[88813]: DEBUG placement.requestlog [req-fa477ac6-1323-4414-bb30-0aceaa080234 req-d1558780-becf-4706-a348-e3e4025a97e2 None None] Starting request: 10.222.0.47 "PUT /placement/allocations/cb236d9d-3356-4de0-bb32-a90c33d9ff2c" {{(pid=88813) __call__ /opt/stack/placement/placement/requestlog.py:55}}
May 25 18:08:43.582730 n-d-836016-4 devstack@placement-api.service[88814]: [pid: 88814|app: 0|req: 457/917] 10.222.0.47 () {60 vars in 1377 bytes} [Wed May 25 18:08:43 2022] GET /placement/allocations/cb236d9d-3356-4de0-bb32-a90c33d9ff2c => generated 259 bytes in 159 msecs (HTTP/1.1 200) 8 headers in 296 bytes (1 switches on core 0)
May 25 18:08:43.636802 n-d-836016-4 devstack@placement-api.service[88813]: DEBUG placement.handlers.allocation [req-fa477ac6-1323-4414-bb30-0aceaa080234 req-d1558780-becf-4706-a348-e3e4025a97e2 service placement] Successfully wrote allocations [, , ] {{(pid=88813) _create_allocations /opt/stack/placement/placement/handlers/allocation.py:435}}
May 25 18:08:43.637689 n-d-836016-4 devstack@placement-api.service[88813]: INFO placement.requestlog [req-fa477ac6-1323-4414-bb30-0aceaa080234 req-d1558780-becf-4706-a348-e3e4025a97e2 service placement] 10.222.0.47 "PUT /placement/allocations/cb236d9d-3356-4de0-bb32-a90c33d9ff2c" status: 204 len: 0 microversion: 1.28
May 25 18:08:43.639049 n-d-836016-4 devstack@placement-api.service[88813]: [pid: 88813|app: 0|req: 461/918] 10.222.0.47 () {64 vars in 1430 bytes} [Wed May 25 18:08:43 2022] PUT /placement/allocations/cb236d9d-3356-4de0-bb32-a90c33d9ff2c => generated 0 bytes in 64 msecs (HTTP/1.1 204) 5 headers in 199 bytes (2 switches on core 0)
May 25 18:08:45.906056 n-d-836016-4 devstack@placement-api.service[88814]: DEBUG placement.requestlog [req-3ee62b4c-70b3-44b7-9f2f-fcf9ac0a05c0 req-37b5c1e5-f5db-4256-97e7-f7b65671a163 None None] Starting request: 10.222.0.57 "GET /placement/allocation_candidates?limit=1000&resources=DISK_GB%3A1%2CMEMORY_MB%3A1024%2CVCPU%3A1&root_required=%21COMPUTE_STATUS_DISABLED" {{(pid=88814) __call__ /opt/stack/placement/placement/requestlog.py:55}}
