May 18 18:01:20.380742 n-d-836015-8 devstack@n-api.service[118040]: /usr/local/lib/python3.8/dist-packages/oslo_policy/policy.py:1075: UserWarning: Policy os_compute_api:os-instance-usage-audit-log:list failed scope check. The token used to make the request was project scoped but the policy requires ['system'] scope. This behavior may change in the future where using the intended scope is required
May 18 18:01:20.380742 n-d-836015-8 devstack@n-api.service[118040]: warnings.warn(msg)
May 18 18:01:20.392918 n-d-836015-8 devstack@n-api.service[118040]: INFO nova.api.openstack.requestlog [None req-84846212-8e06-43f2-a908-dbd9c47771e0 tempest-InstanceUsageAuditLogTestJSON-966824346 tempest-InstanceUsageAuditLogTestJSON-966824346-project-admin] 10.222.0.86 "GET /compute/v2.1/os-instance_usage_audit_log" status: 200 len: 319 microversion: 2.1 time: 0.016984
May 18 18:01:20.393489 n-d-836015-8 devstack@n-api.service[118040]: [pid: 118040|app: 0|req: 159/280] 10.222.0.86 () {58 vars in 1184 bytes} [Wed May 18 18:01:20 2022] GET /compute/v2.1/os-instance_usage_audit_log => generated 319 bytes in 18 msecs (HTTP/1.1 200) 9 headers in 357 bytes (1 switches on core 0)
May 18 18:01:20.398701 n-d-836015-8 devstack@n-api.service[118040]: DEBUG nova.api.openstack.wsgi [None req-0a01b781-c4a3-42d2-97f9-3e6744f5a15e tempest-DeleteServersAdminTestJSON-5550889 tempest-DeleteServersAdminTestJSON-5550889-project] Calling method '>' {{(pid=118040) _process_stack /opt/stack/nova/nova/api/openstack/wsgi.py:513}}
May 18 18:01:20.399678 n-d-836015-8 devstack@n-api.service[118040]: DEBUG nova.compute.api [None req-0a01b781-c4a3-42d2-97f9-3e6744f5a15e tempest-DeleteServersAdminTestJSON-5550889 tempest-DeleteServersAdminTestJSON-5550889-project] [instance: b3c37d88-caae-4f99-931a-b0c0a2f5f453] Fetching instance by UUID {{(pid=118040) get /opt/stack/nova/nova/compute/api.py:2865}}
May 18 18:01:20.418558 n-d-836015-8 devstack@n-api.service[118040]: DEBUG oslo_concurrency.lockutils [None req-0a01b781-c4a3-42d2-97f9-3e6744f5a15e tempest-DeleteServersAdminTestJSON-5550889 tempest-DeleteServersAdminTestJSON-5550889-project] Lock "979c47f3-f5ca-4262-b0f8-e21c891d4d5e" acquired by "nova.context.set_target_cell..get_or_set_cached_cell_and_set_connections" :: waited 0.000s {{(pid=118040) inner /usr/local/lib/python3.8/dist-packages/oslo_concurrency/lockutils.py:355}}
May 18 18:01:20.419065 n-d-836015-8 devstack@n-api.service[118040]: DEBUG oslo_concurrency.lockutils [None req-0a01b781-c4a3-42d2-97f9-3e6744f5a15e tempest-DeleteServersAdminTestJSON-5550889 tempest-DeleteServersAdminTestJSON-5550889-project] Lock "979c47f3-f5ca-4262-b0f8-e21c891d4d5e" released by "nova.context.set_target_cell..get_or_set_cached_cell_and_set_connections" :: held 0.001s {{(pid=118040) inner /usr/local/lib/python3.8/dist-packages/oslo_concurrency/lockutils.py:367}}
May 18 18:01:20.420145 n-d-836015-8 devstack@n-api.service[118040]: DEBUG oslo_concurrency.lockutils [None req-0a01b781-c4a3-42d2-97f9-3e6744f5a15e tempest-DeleteServersAdminTestJSON-5550889 tempest-DeleteServersAdminTestJSON-5550889-project] Lock "979c47f3-f5ca-4262-b0f8-e21c891d4d5e" acquired by "nova.context.set_target_cell..get_or_set_cached_cell_and_set_connections" :: waited 0.000s {{(pid=118040) inner /usr/local/lib/python3.8/dist-packages/oslo_concurrency/lockutils.py:355}}
May 18 18:01:20.420592 n-d-836015-8 devstack@n-api.service[118040]: DEBUG oslo_concurrency.lockutils [None req-0a01b781-c4a3-42d2-97f9-3e6744f5a15e tempest-DeleteServersAdminTestJSON-5550889 tempest-DeleteServersAdminTestJSON-5550889-project] Lock "979c47f3-f5ca-4262-b0f8-e21c891d4d5e" released by "nova.context.set_target_cell..get_or_set_cached_cell_and_set_connections" :: held 0.001s {{(pid=118040) inner /usr/local/lib/python3.8/dist-packages/oslo_concurrency/lockutils.py:367}}
May 18 18:01:20.435115 n-d-836015-8 devstack@n-api.service[118040]: INFO nova.api.openstack.wsgi [None req-0a01b781-c4a3-42d2-97f9-3e6744f5a15e tempest-DeleteServersAdminTestJSON-5550889 tempest-DeleteServersAdminTestJSON-5550889-project] HTTP exception thrown: Instance b3c37d88-caae-4f99-931a-b0c0a2f5f453 could not be found.
May 18 18:01:20.435946 n-d-836015-8 devstack@n-api.service[118040]: DEBUG nova.api.openstack.wsgi [None req-0a01b781-c4a3-42d2-97f9-3e6744f5a15e tempest-DeleteServersAdminTestJSON-5550889 tempest-DeleteServersAdminTestJSON-5550889-project] Returning 404 to user: Instance b3c37d88-caae-4f99-931a-b0c0a2f5f453 could not be found. {{(pid=118040) __call__ /opt/stack/nova/nova/api/openstack/wsgi.py:936}}
May 18 18:01:20.437306 n-d-836015-8 devstack@n-api.service[118040]: INFO nova.api.openstack.requestlog [None req-0a01b781-c4a3-42d2-97f9-3e6744f5a15e tempest-DeleteServersAdminTestJSON-5550889 tempest-DeleteServersAdminTestJSON-5550889-project] 10.222.0.86 "GET /compute/v2.1/servers/b3c37d88-caae-4f99-931a-b0c0a2f5f453" status: 404 len: 111 microversion: 2.1 time: 0.042562
May 18 18:01:20.438332 n-d-836015-8 devstack@n-api.service[118040]: [pid: 118040|app: 0|req: 160/281] 10.222.0.86 () {58 vars in 1235 bytes} [Wed May 18 18:01:20 2022] GET /compute/v2.1/servers/b3c37d88-caae-4f99-931a-b0c0a2f5f453 => generated 111 bytes in 44 msecs (HTTP/1.1 404) 9 headers in 379 bytes (1 switches on core 0)
May 18 18:01:20.495341 n-d-836015-8 devstack@n-api.service[118041]: INFO nova.api.openstack.requestlog [None req-14af1661-1256-4642-946d-a68da204846b tempest-AggregatesAdminTestJSON-55892760 tempest-AggregatesAdminTestJSON-55892760-project-admin] 10.222.0.86 "POST /compute/v2.1/os-aggregates/10/action" status: 200 len: 243 microversion: 2.1 time: 0.173320
May 18 18:01:20.496282 n-d-836015-8 devstack@n-api.service[118041]: [pid: 118041|app: 0|req: 122/282] 10.222.0.86 () {60 vars in 1193 bytes} [Wed May 18 18:01:20 2022] POST /compute/v2.1/os-aggregates/10/action => generated 243 bytes in 175 msecs (HTTP/1.1 200) 9 headers in 357 bytes (1 switches on core 0)
May 18 18:01:20.507125 n-d-836015-8 devstack@n-api.service[118040]: DEBUG nova.api.openstack.wsgi [None req-41085488-1294-49d1-80b2-a9e99001263d tempest-AggregatesAdminTestJSON-55892760 tempest-AggregatesAdminTestJSON-55892760-project-admin] Calling method '>' {{(pid=118040) _process_stack /opt/stack/nova/nova/api/openstack/wsgi.py:513}}
May 18 18:01:20.508009 n-d-836015-8 devstack@n-api.service[118040]: /usr/local/lib/python3.8/dist-packages/oslo_policy/policy.py:1075: UserWarning: Policy os_compute_api:os-aggregates:index failed scope check. The token used to make the request was project scoped but the policy requires ['system'] scope. This behavior may change in the future where using the intended scope is required
May 18 18:01:20.508009 n-d-836015-8 devstack@n-api.service[118040]: warnings.warn(msg)
May 18 18:01:20.516557 n-d-836015-8 devstack@n-api.service[118040]: INFO nova.api.openstack.requestlog [None req-41085488-1294-49d1-80b2-a9e99001263d tempest-AggregatesAdminTestJSON-55892760 tempest-AggregatesAdminTestJSON-55892760-project-admin] 10.222.0.86 "GET /compute/v2.1/os-aggregates" status: 200 len: 246 microversion: 2.1 time: 0.013967
May 18 18:01:20.517497 n-d-836015-8 devstack@n-api.service[118040]: [pid: 118040|app: 0|req: 161/283] 10.222.0.86 () {58 vars in 1142 bytes} [Wed May 18 18:01:20 2022] GET /compute/v2.1/os-aggregates => generated 246 bytes in 16 msecs (HTTP/1.1 200) 9 headers in 357 bytes (1 switches on core 0)
May 18 18:01:20.528735 n-d-836015-8 devstack@n-api.service[118041]: DEBUG nova.api.openstack.wsgi [None req-175fc741-cc73-47d5-a492-57de1dec33c3 tempest-AggregatesAdminTestJSON-55892760 tempest-AggregatesAdminTestJSON-55892760-project-admin] Action: 'action', calling method: >, body: {"remove_host": {"host": "n-h1-836015-8"}} {{(pid=118041) _process_stack /opt/stack/nova/nova/api/openstack/wsgi.py:511}}
May 18 18:01:20.530424 n-d-836015-8 devstack@n-api.service[118041]: /usr/local/lib/python3.8/dist-packages/oslo_policy/policy.py:1075: UserWarning: Policy os_compute_api:os-aggregates:remove_host failed scope check. The token used to make the request was project scoped but the policy requires ['system'] scope. This behavior may change in the future where using the intended scope is required
May 18 18:01:20.530424 n-d-836015-8 devstack@n-api.service[118041]: warnings.warn(msg)
May 18 18:01:20.541456 n-d-836015-8 devstack@n-api.service[118041]: DEBUG oslo_concurrency.lockutils [None req-175fc741-cc73-47d5-a492-57de1dec33c3 tempest-AggregatesAdminTestJSON-55892760 tempest-AggregatesAdminTestJSON-55892760-project-admin] Lock "979c47f3-f5ca-4262-b0f8-e21c891d4d5e" acquired by "nova.context.set_target_cell..get_or_set_cached_cell_and_set_connections" :: waited 0.000s {{(pid=118041) inner /usr/local/lib/python3.8/dist-packages/oslo_concurrency/lockutils.py:355}}
May 18 18:01:20.542129 n-d-836015-8 devstack@n-api.service[118041]: DEBUG oslo_concurrency.lockutils [None req-175fc741-cc73-47d5-a492-57de1dec33c3 tempest-AggregatesAdminTestJSON-55892760 tempest-AggregatesAdminTestJSON-55892760-project-admin] Lock "979c47f3-f5ca-4262-b0f8-e21c891d4d5e" released by "nova.context.set_target_cell..get_or_set_cached_cell_and_set_connections" :: held 0.001s {{(pid=118041) inner /usr/local/lib/python3.8/dist-packages/oslo_concurrency/lockutils.py:367}}
May 18 18:01:20.695569 n-d-836015-8 devstack@n-api.service[118041]: INFO nova.api.openstack.requestlog [None req-175fc741-cc73-47d5-a492-57de1dec33c3 tempest-AggregatesAdminTestJSON-55892760 tempest-AggregatesAdminTestJSON-55892760-project-admin] 10.222.0.86 "POST /compute/v2.1/os-aggregates/10/action" status: 200 len: 228 microversion: 2.1 time: 0.171196
May 18 18:01:20.696308 n-d-836015-8 devstack@n-api.service[118041]: [pid: 118041|app: 0|req: 123/284] 10.222.0.86 () {60 vars in 1193 bytes} [Wed May 18 18:01:20 2022] POST /compute/v2.1/os-aggregates/10/action => generated 228 bytes in 173 msecs (HTTP/1.1 200) 9 headers in 357 bytes (1 switches on core 0)
May 18 18:01:20.708791 n-d-836015-8 devstack@n-api.service[118040]: DEBUG nova.api.openstack.wsgi [None req-3c2fb262-38e3-48a3-a464-e3d1583f25f6 tempest-AggregatesAdminTestJSON-55892760 tempest-AggregatesAdminTestJSON-55892760-project-admin] Calling method '>' {{(pid=118040) _process_stack /opt/stack/nova/nova/api/openstack/wsgi.py:513}}
May 18 18:01:20.709763 n-d-836015-8 devstack@n-api.service[118040]: /usr/local/lib/python3.8/dist-packages/oslo_policy/policy.py:1075: UserWarning: Policy os_compute_api:os-aggregates:delete failed scope check. The token used to make the request was project scoped but the policy requires ['system'] scope. This behavior may change in the future where using the intended scope is required
May 18 18:01:20.709763 n-d-836015-8 devstack@n-api.service[118040]: warnings.warn(msg)
May 18 18:01:20.744464 n-d-836015-8 devstack@n-api.service[118041]: DEBUG nova.api.openstack.wsgi [req-a105c84c-5bf4-4d07-a810-b1b360e54489 req-75701ea4-8b2e-43a5-b3cd-95ca826ccec5 service nova] Action: 'create', calling method: >, body: {"events": [{"server_uuid": "96d1b282-d23c-4e17-8d54-9dd89a91290d", "name": "network-vif-plugged", "status": "completed", "tag": "71645e1b-9226-4cac-85b8-37558bf9fbd8"}]} {{(pid=118041) _process_stack /opt/stack/nova/nova/api/openstack/wsgi.py:511}}
May 18 18:01:20.747258 n-d-836015-8 devstack@n-api.service[118041]: /usr/local/lib/python3.8/dist-packages/oslo_policy/policy.py:1075: UserWarning: Policy os_compute_api:os-server-external-events:create failed scope check. The token used to make the request was project scoped but the policy requires ['system'] scope. This behavior may change in the future where using the intended scope is required
May 18 18:01:20.747258 n-d-836015-8 devstack@n-api.service[118041]: warnings.warn(msg)
May 18 18:01:20.756165 n-d-836015-8 devstack@n-api.service[118040]: INFO nova.api.openstack.requestlog [None req-3c2fb262-38e3-48a3-a464-e3d1583f25f6 tempest-AggregatesAdminTestJSON-55892760 tempest-AggregatesAdminTestJSON-55892760-project-admin] 10.222.0.86 "DELETE /compute/v2.1/os-aggregates/10" status: 200 len: 0 microversion: 2.1 time: 0.052977
May 18 18:01:20.757578 n-d-836015-8 devstack@n-api.service[118040]: [pid: 118040|app: 0|req: 162/285] 10.222.0.86 () {58 vars in 1154 bytes} [Wed May 18 18:01:20 2022] DELETE /compute/v2.1/os-aggregates/10 => generated 0 bytes in 55 msecs (HTTP/1.1 200) 9 headers in 355 bytes (1 switches on core 0)
May 18 18:01:20.766819 n-d-836015-8 devstack@n-api.service[118041]: DEBUG oslo_concurrency.lockutils [req-a105c84c-5bf4-4d07-a810-b1b360e54489 req-75701ea4-8b2e-43a5-b3cd-95ca826ccec5 service nova] Lock "979c47f3-f5ca-4262-b0f8-e21c891d4d5e" acquired by "nova.context.set_target_cell..get_or_set_cached_cell_and_set_connections" :: waited 0.000s {{(pid=118041) inner /usr/local/lib/python3.8/dist-packages/oslo_concurrency/lockutils.py:355}}
May 18 18:01:20.767154 n-d-836015-8 devstack@n-api.service[118040]: DEBUG nova.api.openstack.wsgi [None req-b4a37770-dc75-4608-9d77-46a2277bd41f tempest-AggregatesAdminTestJSON-55892760 tempest-AggregatesAdminTestJSON-55892760-project-admin] Action: 'create', calling method: >, body: {"aggregate": {"name": "tempest-test_aggregate-1286855349"}} {{(pid=118040) _process_stack /opt/stack/nova/nova/api/openstack/wsgi.py:511}}
May 18 18:01:20.767613 n-d-836015-8 devstack@n-api.service[118041]: DEBUG oslo_concurrency.lockutils [req-a105c84c-5bf4-4d07-a810-b1b360e54489 req-75701ea4-8b2e-43a5-b3cd-95ca826ccec5 service nova] Lock "979c47f3-f5ca-4262-b0f8-e21c891d4d5e" released by "nova.context.set_target_cell..get_or_set_cached_cell_and_set_connections" :: held 0.002s {{(pid=118041) inner /usr/local/lib/python3.8/dist-packages/oslo_concurrency/lockutils.py:367}}
May 18 18:01:20.768424 n-d-836015-8 devstack@n-api.service[118040]: /usr/local/lib/python3.8/dist-packages/oslo_policy/policy.py:1075: UserWarning: Policy os_compute_api:os-aggregates:create failed scope check. The token used to make the request was project scoped but the policy requires ['system'] scope. This behavior may change in the future where using the intended scope is required
May 18 18:01:20.768424 n-d-836015-8 devstack@n-api.service[118040]: warnings.warn(msg)
May 18 18:01:20.770590 n-d-836015-8 devstack@n-api.service[118040]: DEBUG nova.objects.aggregate [None req-b4a37770-dc75-4608-9d77-46a2277bd41f tempest-AggregatesAdminTestJSON-55892760 tempest-AggregatesAdminTestJSON-55892760-project-admin] Generated uuid dc0e23a7-c31d-4f13-9489-832a4d838e41 for aggregate {{(pid=118040) create /opt/stack/nova/nova/objects/aggregate.py:298}}
May 18 18:01:20.786781 n-d-836015-8 devstack@n-api.service[118041]: INFO nova.api.openstack.compute.server_external_events [req-a105c84c-5bf4-4d07-a810-b1b360e54489 req-75701ea4-8b2e-43a5-b3cd-95ca826ccec5 service nova] Creating event network-vif-plugged:71645e1b-9226-4cac-85b8-37558bf9fbd8 for instance 96d1b282-d23c-4e17-8d54-9dd89a91290d on n-h2-836015-8
May 18 18:01:20.792165 n-d-836015-8 devstack@n-api.service[118041]: INFO nova.api.openstack.requestlog [req-a105c84c-5bf4-4d07-a810-b1b360e54489 req-75701ea4-8b2e-43a5-b3cd-95ca826ccec5 service nova] 10.222.0.86 "POST /compute/v2.1/os-server-external-events" status: 200 len: 183 microversion: 2.1 time: 0.055503
May 18 18:01:20.794118 n-d-836015-8 devstack@n-api.service[118041]: [pid: 118041|app: 0|req: 124/286] 10.222.0.86 () {64 vars in 1317 bytes} [Wed May 18 18:01:20 2022] POST /compute/v2.1/os-server-external-events => generated 183 bytes in 58 msecs (HTTP/1.1 200) 9 headers in 357 bytes (1 switches on core 0)
May 18 18:01:20.800050 n-d-836015-8 devstack@n-api.service[118041]: DEBUG nova.api.openstack.wsgi [None req-c0462bbd-fb8d-49ce-97fe-b014eb381509 tempest-DeleteServersAdminTestJSON-5550889 tempest-DeleteServersAdminTestJSON-5550889-project] Action: 'create', calling method: >, body: {"server": {"name": "tempest-DeleteServersAdminTestJSON-server-1143909870", "imageRef": "7fae3ee9-3f70-4fa1-8f17-f191f3eb9e4e", "flavorRef": "452"}} {{(pid=118041) _process_stack /opt/stack/nova/nova/api/openstack/wsgi.py:511}}
May 18 18:01:20.805279 n-d-836015-8 devstack@n-api.service[118040]: INFO nova.api.openstack.requestlog [None req-b4a37770-dc75-4608-9d77-46a2277bd41f tempest-AggregatesAdminTestJSON-55892760 tempest-AggregatesAdminTestJSON-55892760-project-admin] 10.222.0.86 "POST /compute/v2.1/os-aggregates" status: 200 len: 199 microversion: 2.1 time: 0.039661
May 18 18:01:20.805911 n-d-836015-8 devstack@n-api.service[118040]: [pid: 118040|app: 0|req: 163/287] 10.222.0.86 () {60 vars in 1163 bytes} [Wed May 18 18:01:20 2022] POST /compute/v2.1/os-aggregates => generated 199 bytes in 43 msecs (HTTP/1.1 200) 9 headers in 357 bytes (2 switches on core 0)
May 18 18:01:20.821575 n-d-836015-8 devstack@n-api.service[118040]: DEBUG nova.api.openstack.wsgi [None req-81f4cf91-1dab-4a16-b2c9-20e8563a84c0 tempest-AggregatesAdminTestJSON-55892760 tempest-AggregatesAdminTestJSON-55892760-project-admin] Action: 'action', calling method: >, body: {"add_host": {"host": "n-h1-836015-8"}} {{(pid=118040) _process_stack /opt/stack/nova/nova/api/openstack/wsgi.py:511}}
May 18 18:01:20.825382 n-d-836015-8 devstack@n-api.service[118040]: /usr/local/lib/python3.8/dist-packages/oslo_policy/policy.py:1075: UserWarning: Policy os_compute_api:os-aggregates:add_host failed scope check. The token used to make the request was project scoped but the policy requires ['system'] scope. This behavior may change in the future where using the intended scope is required
May 18 18:01:20.825382 n-d-836015-8 devstack@n-api.service[118040]: warnings.warn(msg)
May 18 18:01:20.843281 n-d-836015-8 devstack@n-api.service[118040]: DEBUG oslo_concurrency.lockutils [None req-81f4cf91-1dab-4a16-b2c9-20e8563a84c0 tempest-AggregatesAdminTestJSON-55892760 tempest-AggregatesAdminTestJSON-55892760-project-admin] Lock "979c47f3-f5ca-4262-b0f8-e21c891d4d5e" acquired by "nova.context.set_target_cell..get_or_set_cached_cell_and_set_connections" :: waited 0.000s {{(pid=118040) inner /usr/local/lib/python3.8/dist-packages/oslo_concurrency/lockutils.py:355}}
May 18 18:01:20.844216 n-d-836015-8 devstack@n-api.service[118040]: DEBUG oslo_concurrency.lockutils [None req-81f4cf91-1dab-4a16-b2c9-20e8563a84c0 tempest-AggregatesAdminTestJSON-55892760 tempest-AggregatesAdminTestJSON-55892760-project-admin] Lock "979c47f3-f5ca-4262-b0f8-e21c891d4d5e" released by "nova.context.set_target_cell..get_or_set_cached_cell_and_set_connections" :: held 0.010s {{(pid=118040) inner /usr/local/lib/python3.8/dist-packages/oslo_concurrency/lockutils.py:367}}
May 18 18:01:20.878071 n-d-836015-8 devstack@n-api.service[118041]: DEBUG nova.network.neutron [None req-c0462bbd-fb8d-49ce-97fe-b014eb381509 tempest-DeleteServersAdminTestJSON-5550889 tempest-DeleteServersAdminTestJSON-5550889-project] validate_networks() for None {{(pid=118041) validate_networks /opt/stack/nova/nova/network/neutron.py:2481}}
May 18 18:01:20.992302 n-d-836015-8 devstack@n-api.service[118040]: INFO nova.api.openstack.requestlog [None req-81f4cf91-1dab-4a16-b2c9-20e8563a84c0 tempest-AggregatesAdminTestJSON-55892760 tempest-AggregatesAdminTestJSON-55892760-project-admin] 10.222.0.86 "POST /compute/v2.1/os-aggregates/11/action" status: 200 len: 243 microversion: 2.1 time: 0.178793
May 18 18:01:20.993138 n-d-836015-8 devstack@n-api.service[118040]: [pid: 118040|app: 0|req: 164/288] 10.222.0.86 () {60 vars in 1193 bytes} [Wed May 18 18:01:20 2022] POST /compute/v2.1/os-aggregates/11/action => generated 243 bytes in 180 msecs (HTTP/1.1 200) 9 headers in 357 bytes (2 switches on core 0)
May 18 18:01:21.002964 n-d-836015-8 devstack@n-api.service[118040]: DEBUG nova.api.openstack.wsgi [None req-24e3e085-aded-4de6-9cc9-b110f188d7ab tempest-AggregatesAdminTestJSON-55892760 tempest-AggregatesAdminTestJSON-55892760-project-admin] Action: 'action', calling method: >, body: {"remove_host": {"host": "n-h1-836015-8"}} {{(pid=118040) _process_stack /opt/stack/nova/nova/api/openstack/wsgi.py:511}}
May 18 18:01:21.004241 n-d-836015-8 devstack@n-api.service[118040]: /usr/local/lib/python3.8/dist-packages/oslo_policy/policy.py:1075: UserWarning: Policy os_compute_api:os-aggregates:remove_host failed scope check. The token used to make the request was project scoped but the policy requires ['system'] scope. This behavior may change in the future where using the intended scope is required
May 18 18:01:21.004241 n-d-836015-8 devstack@n-api.service[118040]: warnings.warn(msg)
May 18 18:01:21.012905 n-d-836015-8 devstack@n-api.service[118040]: DEBUG oslo_concurrency.lockutils [None req-24e3e085-aded-4de6-9cc9-b110f188d7ab tempest-AggregatesAdminTestJSON-55892760 tempest-AggregatesAdminTestJSON-55892760-project-admin] Lock "979c47f3-f5ca-4262-b0f8-e21c891d4d5e" acquired by "nova.context.set_target_cell..get_or_set_cached_cell_and_set_connections" :: waited 0.000s {{(pid=118040) inner /usr/local/lib/python3.8/dist-packages/oslo_concurrency/lockutils.py:355}}
May 18 18:01:21.013345 n-d-836015-8 devstack@n-api.service[118040]: DEBUG oslo_concurrency.lockutils [None req-24e3e085-aded-4de6-9cc9-b110f188d7ab tempest-AggregatesAdminTestJSON-55892760 tempest-AggregatesAdminTestJSON-55892760-project-admin] Lock "979c47f3-f5ca-4262-b0f8-e21c891d4d5e" released by "nova.context.set_target_cell..get_or_set_cached_cell_and_set_connections" :: held 0.001s {{(pid=118040) inner /usr/local/lib/python3.8/dist-packages/oslo_concurrency/lockutils.py:367}}
May 18 18:01:21.126938 n-d-836015-8 devstack@n-api.service[118040]: INFO nova.api.openstack.requestlog [None req-24e3e085-aded-4de6-9cc9-b110f188d7ab tempest-AggregatesAdminTestJSON-55892760 tempest-AggregatesAdminTestJSON-55892760-project-admin] 10.222.0.86 "POST /compute/v2.1/os-aggregates/11/action" status: 200 len: 228 microversion: 2.1 time: 0.127322
May 18 18:01:21.128268 n-d-836015-8 devstack@n-api.service[118040]: [pid: 118040|app: 0|req: 165/289] 10.222.0.86 () {60 vars in 1193 bytes} [Wed May 18 18:01:20 2022] POST /compute/v2.1/os-aggregates/11/action => generated 228 bytes in 129 msecs (HTTP/1.1 200) 9 headers in 357 bytes (2 switches on core 0)
May 18 18:01:21.134313 n-d-836015-8 devstack@n-api.service[118040]: DEBUG nova.api.openstack.wsgi [None req-7770c8ee-ce6e-4137-a47c-013e3f2a9832 tempest-ServersWithSpecificFlavorTestJSON-505963794 tempest-ServersWithSpecificFlavorTestJSON-505963794-project] Calling method '>' {{(pid=118040) _process_stack /opt/stack/nova/nova/api/openstack/wsgi.py:513}}
May 18 18:01:21.135293 n-d-836015-8 devstack@n-api.service[118040]: DEBUG nova.compute.api [None req-7770c8ee-ce6e-4137-a47c-013e3f2a9832 tempest-ServersWithSpecificFlavorTestJSON-505963794 tempest-ServersWithSpecificFlavorTestJSON-505963794-project] [instance: 042f558f-677f-44d2-a0fa-7ab54e261e2e] Fetching instance by UUID {{(pid=118040) get /opt/stack/nova/nova/compute/api.py:2865}}
May 18 18:01:21.142031 n-d-836015-8 devstack@n-api.service[118040]: DEBUG oslo_concurrency.lockutils [None req-7770c8ee-ce6e-4137-a47c-013e3f2a9832 tempest-ServersWithSpecificFlavorTestJSON-505963794 tempest-ServersWithSpecificFlavorTestJSON-505963794-project] Lock "979c47f3-f5ca-4262-b0f8-e21c891d4d5e" acquired by "nova.context.set_target_cell..get_or_set_cached_cell_and_set_connections" :: waited 0.000s {{(pid=118040) inner /usr/local/lib/python3.8/dist-packages/oslo_concurrency/lockutils.py:355}}
May 18 18:01:21.143646 n-d-836015-8 devstack@n-api.service[118040]: DEBUG oslo_concurrency.lockutils [None req-7770c8ee-ce6e-4137-a47c-013e3f2a9832 tempest-ServersWithSpecificFlavorTestJSON-505963794 tempest-ServersWithSpecificFlavorTestJSON-505963794-project] Lock "979c47f3-f5ca-4262-b0f8-e21c891d4d5e" released by "nova.context.set_target_cell..get_or_set_cached_cell_and_set_connections" :: held 0.002s {{(pid=118040) inner /usr/local/lib/python3.8/dist-packages/oslo_concurrency/lockutils.py:367}}
May 18 18:01:21.144598 n-d-836015-8 devstack@n-api.service[118040]: DEBUG oslo_concurrency.lockutils [None req-7770c8ee-ce6e-4137-a47c-013e3f2a9832 tempest-ServersWithSpecificFlavorTestJSON-505963794 tempest-ServersWithSpecificFlavorTestJSON-505963794-project] Lock "979c47f3-f5ca-4262-b0f8-e21c891d4d5e" acquired by "nova.context.set_target_cell..get_or_set_cached_cell_and_set_connections" :: waited 0.000s {{(pid=118040) inner /usr/local/lib/python3.8/dist-packages/oslo_concurrency/lockutils.py:355}}
May 18 18:01:21.146814 n-d-836015-8 devstack@n-api.service[118040]: DEBUG oslo_concurrency.lockutils [None req-7770c8ee-ce6e-4137-a47c-013e3f2a9832 tempest-ServersWithSpecificFlavorTestJSON-505963794 tempest-ServersWithSpecificFlavorTestJSON-505963794-project] Lock "979c47f3-f5ca-4262-b0f8-e21c891d4d5e" released by "nova.context.set_target_cell..get_or_set_cached_cell_and_set_connections" :: held 0.002s {{(pid=118040) inner /usr/local/lib/python3.8/dist-packages/oslo_concurrency/lockutils.py:367}}
May 18 18:01:21.304082 n-d-836015-8 devstack@n-api.service[118041]: DEBUG nova.virt.hardware [None req-c0462bbd-fb8d-49ce-97fe-b014eb381509 tempest-DeleteServersAdminTestJSON-5550889 tempest-DeleteServersAdminTestJSON-5550889-project] Flavor limits 0:0:0 {{(pid=118041) get_cpu_topology_constraints /opt/stack/nova/nova/virt/hardware.py:343}}
May 18 18:01:21.304507 n-d-836015-8 devstack@n-api.service[118041]: DEBUG nova.virt.hardware [None req-c0462bbd-fb8d-49ce-97fe-b014eb381509 tempest-DeleteServersAdminTestJSON-5550889 tempest-DeleteServersAdminTestJSON-5550889-project] Image limits 0:0:0 {{(pid=118041) get_cpu_topology_constraints /opt/stack/nova/nova/virt/hardware.py:347}}
May 18 18:01:21.305885 n-d-836015-8 devstack@n-api.service[118041]: DEBUG nova.virt.hardware [None req-c0462bbd-fb8d-49ce-97fe-b014eb381509 tempest-DeleteServersAdminTestJSON-5550889 tempest-DeleteServersAdminTestJSON-5550889-project] Flavor pref 0:0:0 {{(pid=118041) get_cpu_topology_constraints /opt/stack/nova/nova/virt/hardware.py:383}}
May 18 18:01:21.306386 n-d-836015-8 devstack@n-api.service[118041]: DEBUG nova.virt.hardware [None req-c0462bbd-fb8d-49ce-97fe-b014eb381509 tempest-DeleteServersAdminTestJSON-5550889 tempest-DeleteServersAdminTestJSON-5550889-project] Image pref 0:0:0 {{(pid=118041) get_cpu_topology_constraints /opt/stack/nova/nova/virt/hardware.py:387}}
May 18 18:01:21.307786 n-d-836015-8 devstack@n-api.service[118041]: DEBUG nova.virt.hardware [None req-c0462bbd-fb8d-49ce-97fe-b014eb381509 tempest-DeleteServersAdminTestJSON-5550889 tempest-DeleteServersAdminTestJSON-5550889-project] Chose sockets=0, cores=0, threads=0; limits were sockets=65536, cores=65536, threads=65536 {{(pid=118041) get_cpu_topology_constraints /opt/stack/nova/nova/virt/hardware.py:425}}
May 18 18:01:21.317071 n-d-836015-8 devstack@n-api.service[118041]: DEBUG oslo_concurrency.lockutils [None req-c0462bbd-fb8d-49ce-97fe-b014eb381509 tempest-DeleteServersAdminTestJSON-5550889 tempest-DeleteServersAdminTestJSON-5550889-project] Lock "00000000-0000-0000-0000-000000000000" acquired by "nova.context.set_target_cell..get_or_set_cached_cell_and_set_connections" :: waited 0.000s {{(pid=118041) inner /usr/local/lib/python3.8/dist-packages/oslo_concurrency/lockutils.py:355}}
May 18 18:01:21.317600 n-d-836015-8 devstack@n-api.service[118041]: DEBUG oslo_concurrency.lockutils [None req-c0462bbd-fb8d-49ce-97fe-b014eb381509 tempest-DeleteServersAdminTestJSON-5550889 tempest-DeleteServersAdminTestJSON-5550889-project] Lock "00000000-0000-0000-0000-000000000000" released by "nova.context.set_target_cell..get_or_set_cached_cell_and_set_connections" :: held 0.001s {{(pid=118041) inner /usr/local/lib/python3.8/dist-packages/oslo_concurrency/lockutils.py:367}}
May 18 18:01:21.318609 n-d-836015-8 devstack@n-api.service[118041]: DEBUG oslo_concurrency.lockutils [None req-c0462bbd-fb8d-49ce-97fe-b014eb381509 tempest-DeleteServersAdminTestJSON-5550889 tempest-DeleteServersAdminTestJSON-5550889-project] Lock "979c47f3-f5ca-4262-b0f8-e21c891d4d5e" acquired by "nova.context.set_target_cell..get_or_set_cached_cell_and_set_connections" :: waited 0.000s {{(pid=118041) inner /usr/local/lib/python3.8/dist-packages/oslo_concurrency/lockutils.py:355}}
May 18 18:01:21.319219 n-d-836015-8 devstack@n-api.service[118041]: DEBUG oslo_concurrency.lockutils [None req-c0462bbd-fb8d-49ce-97fe-b014eb381509 tempest-DeleteServersAdminTestJSON-5550889 tempest-DeleteServersAdminTestJSON-5550889-project] Lock "979c47f3-f5ca-4262-b0f8-e21c891d4d5e" released by "nova.context.set_target_cell..get_or_set_cached_cell_and_set_connections" :: held 0.001s {{(pid=118041) inner /usr/local/lib/python3.8/dist-packages/oslo_concurrency/lockutils.py:367}}
May 18 18:01:21.345755 n-d-836015-8 devstack@n-api.service[118041]: DEBUG nova.quota [None req-c0462bbd-fb8d-49ce-97fe-b014eb381509 tempest-DeleteServersAdminTestJSON-5550889 tempest-DeleteServersAdminTestJSON-5550889-project] Getting quotas for project ec7fa8b76bc14ea7b58efaf843cbe711. Resources: {'cores', 'ram', 'instances'} {{(pid=118041) _get_quotas /opt/stack/nova/nova/quota.py:387}}
May 18 18:01:21.350468 n-d-836015-8 devstack@n-api.service[118041]: DEBUG nova.quota [None req-c0462bbd-fb8d-49ce-97fe-b014eb381509 tempest-DeleteServersAdminTestJSON-5550889 tempest-DeleteServersAdminTestJSON-5550889-project] Getting quotas for user 0c4f118ec8ae47e39f1720d21f93915a and project ec7fa8b76bc14ea7b58efaf843cbe711. Resources: {'cores', 'ram', 'instances'} {{(pid=118041) _get_quotas /opt/stack/nova/nova/quota.py:377}}
May 18 18:01:21.364892 n-d-836015-8 devstack@n-api.service[118041]: DEBUG nova.compute.api [None req-c0462bbd-fb8d-49ce-97fe-b014eb381509 tempest-DeleteServersAdminTestJSON-5550889 tempest-DeleteServersAdminTestJSON-5550889-project] Going to run 1 instances... {{(pid=118041) _provision_instances /opt/stack/nova/nova/compute/api.py:1350}}
May 18 18:01:21.367266 n-d-836015-8 devstack@n-api.service[118041]: DEBUG nova.compute.api [None req-c0462bbd-fb8d-49ce-97fe-b014eb381509 tempest-DeleteServersAdminTestJSON-5550889 tempest-DeleteServersAdminTestJSON-5550889-project] [instance: d1dcb7f5-1147-4058-8e85-4ed002d1c5fe] block_device_mapping [BlockDeviceMapping(attachment_id=,boot_index=0,connection_info=None,created_at=,delete_on_termination=True,deleted=,deleted_at=,destination_type='local',device_name=None,device_type='disk',disk_bus=None,guest_format=None,id=,image_id='7fae3ee9-3f70-4fa1-8f17-f191f3eb9e4e',instance=,instance_uuid=,no_device=False,snapshot_id=None,source_type='image',tag=None,updated_at=,uuid=,volume_id=None,volume_size=None,volume_type=None)] {{(pid=118041) _bdm_validate_set_size_and_instance /opt/stack/nova/nova/compute/api.py:1757}}
May 18 18:01:21.390269 n-d-836015-8 devstack@n-api.service[118040]: DEBUG nova.policy [None req-7770c8ee-ce6e-4137-a47c-013e3f2a9832 tempest-ServersWithSpecificFlavorTestJSON-505963794 tempest-ServersWithSpecificFlavorTestJSON-505963794-project] Policy check for os_compute_api:os-extended-server-attributes failed with credentials {'is_admin': False, 'user_id': '4d6388066fc24cfca7194a3757b8fd81', 'user_domain_id': 'default', 'system_scope': None, 'domain_id': None, 'project_id': 'e59966ba68d7475ebda8a464f9062906', 'project_domain_id': 'default', 'roles': ['reader', 'member'], 'is_admin_project': True, 'service_user_id': None, 'service_user_domain_id': None, 'service_project_id': None, 'service_project_domain_id': None, 'service_roles': []} {{(pid=118040) authorize /opt/stack/nova/nova/policy.py:199}}
May 18 18:01:21.410215 n-d-836015-8 devstack@n-api.service[118040]: INFO nova.api.openstack.requestlog [None req-7770c8ee-ce6e-4137-a47c-013e3f2a9832 tempest-ServersWithSpecificFlavorTestJSON-505963794 tempest-ServersWithSpecificFlavorTestJSON-505963794-project] 10.222.0.86 "GET /compute/v2.1/servers/042f558f-677f-44d2-a0fa-7ab54e261e2e" status: 200 len: 1388 microversion: 2.1 time: 0.280229
May 18 18:01:21.412221 n-d-836015-8 devstack@n-api.service[118040]: [pid: 118040|app: 0|req: 166/290] 10.222.0.86 () {58 vars in 1235 bytes} [Wed May 18 18:01:21 2022] GET /compute/v2.1/servers/042f558f-677f-44d2-a0fa-7ab54e261e2e => generated 1388 bytes in 283 msecs (HTTP/1.1 200) 9 headers in 358 bytes (1 switches on core 0)
May 18 18:01:21.423021 n-d-836015-8 devstack@n-api.service[118041]: INFO nova.api.openstack.requestlog [None req-c0462bbd-fb8d-49ce-97fe-b014eb381509 tempest-DeleteServersAdminTestJSON-5550889 tempest-DeleteServersAdminTestJSON-5550889-project] 10.222.0.86 "POST /compute/v2.1/servers" status: 202 len: 380 microversion: 2.1 time: 0.627056
May 18 18:01:21.426926 n-d-836015-8 devstack@n-api.service[118041]: [pid: 118041|app: 0|req: 125/291] 10.222.0.86 () {60 vars in 1146 bytes} [Wed May 18 18:01:20 2022] POST /compute/v2.1/servers => generated 380 bytes in 632 msecs (HTTP/1.1 202) 10 headers in 451 bytes (1 switches on core 0)
May 18 18:01:21.433570 n-d-836015-8 devstack@n-api.service[118040]: DEBUG nova.api.openstack.wsgi [None req-8227c7cf-1415-459a-99e7-0be2db6e5ffc tempest-AggregatesAdminTestJSON-55892760 tempest-AggregatesAdminTestJSON-55892760-project-admin] Calling method '>' {{(pid=118040) _process_stack /opt/stack/nova/nova/api/openstack/wsgi.py:513}}
May 18 18:01:21.434653 n-d-836015-8 devstack@n-api.service[118040]: /usr/local/lib/python3.8/dist-packages/oslo_policy/policy.py:1075: UserWarning: Policy os_compute_api:os-aggregates:delete failed scope check. The token used to make the request was project scoped but the policy requires ['system'] scope. This behavior may change in the future where using the intended scope is required
May 18 18:01:21.434653 n-d-836015-8 devstack@n-api.service[118040]: warnings.warn(msg)
May 18 18:01:21.436930 n-d-836015-8 devstack@n-api.service[118041]: DEBUG nova.api.openstack.wsgi [None req-123fdf70-9510-4333-87b9-7cfe27ae71e4 tempest-LiveMigrationNegativeTest-1298005591 tempest-LiveMigrationNegativeTest-1298005591-project] Calling method '>' {{(pid=118041) _process_stack /opt/stack/nova/nova/api/openstack/wsgi.py:513}}
May 18 18:01:21.437662 n-d-836015-8 devstack@n-api.service[118041]: DEBUG nova.compute.api [None req-123fdf70-9510-4333-87b9-7cfe27ae71e4 tempest-LiveMigrationNegativeTest-1298005591 tempest-LiveMigrationNegativeTest-1298005591-project] [instance: 96d1b282-d23c-4e17-8d54-9dd89a91290d] Fetching instance by UUID {{(pid=118041) get /opt/stack/nova/nova/compute/api.py:2865}}
May 18 18:01:21.444309 n-d-836015-8 devstack@n-api.service[118041]: DEBUG oslo_concurrency.lockutils [None req-123fdf70-9510-4333-87b9-7cfe27ae71e4 tempest-LiveMigrationNegativeTest-1298005591 tempest-LiveMigrationNegativeTest-1298005591-project] Lock "979c47f3-f5ca-4262-b0f8-e21c891d4d5e" acquired by "nova.context.set_target_cell..get_or_set_cached_cell_and_set_connections" :: waited 0.000s {{(pid=118041) inner /usr/local/lib/python3.8/dist-packages/oslo_concurrency/lockutils.py:355}}
May 18 18:01:21.444809 n-d-836015-8 devstack@n-api.service[118041]: DEBUG oslo_concurrency.lockutils [None req-123fdf70-9510-4333-87b9-7cfe27ae71e4 tempest-LiveMigrationNegativeTest-1298005591 tempest-LiveMigrationNegativeTest-1298005591-project] Lock "979c47f3-f5ca-4262-b0f8-e21c891d4d5e" released by "nova.context.set_target_cell..get_or_set_cached_cell_and_set_connections" :: held 0.001s {{(pid=118041) inner /usr/local/lib/python3.8/dist-packages/oslo_concurrency/lockutils.py:367}}
May 18 18:01:21.445519 n-d-836015-8 devstack@n-api.service[118041]: DEBUG oslo_concurrency.lockutils [None req-123fdf70-9510-4333-87b9-7cfe27ae71e4 tempest-LiveMigrationNegativeTest-1298005591 tempest-LiveMigrationNegativeTest-1298005591-project] Lock "979c47f3-f5ca-4262-b0f8-e21c891d4d5e" acquired by "nova.context.set_target_cell..get_or_set_cached_cell_and_set_connections" :: waited 0.000s {{(pid=118041) inner /usr/local/lib/python3.8/dist-packages/oslo_concurrency/lockutils.py:355}}
May 18 18:01:21.445950 n-d-836015-8 devstack@n-api.service[118041]: DEBUG oslo_concurrency.lockutils [None req-123fdf70-9510-4333-87b9-7cfe27ae71e4 tempest-LiveMigrationNegativeTest-1298005591 tempest-LiveMigrationNegativeTest-1298005591-project] Lock "979c47f3-f5ca-4262-b0f8-e21c891d4d5e" released by "nova.context.set_target_cell..get_or_set_cached_cell_and_set_connections" :: held 0.000s {{(pid=118041) inner /usr/local/lib/python3.8/dist-packages/oslo_concurrency/lockutils.py:367}}
May 18 18:01:21.469569 n-d-836015-8 devstack@n-api.service[118040]: INFO nova.api.openstack.requestlog [None req-8227c7cf-1415-459a-99e7-0be2db6e5ffc tempest-AggregatesAdminTestJSON-55892760 tempest-AggregatesAdminTestJSON-55892760-project-admin] 10.222.0.86 "DELETE /compute/v2.1/os-aggregates/11" status: 200 len: 0 microversion: 2.1 time: 0.056273
May 18 18:01:21.474505 n-d-836015-8 devstack@n-api.service[118040]: [pid: 118040|app: 0|req: 167/292] 10.222.0.86 () {58 vars in 1154 bytes} [Wed May 18 18:01:21 2022] DELETE /compute/v2.1/os-aggregates/11 => generated 0 bytes in 58 msecs (HTTP/1.1 200) 9 headers in 355 bytes (1 switches on core 0)
May 18 18:01:21.477246 n-d-836015-8 devstack@n-api.service[118040]: DEBUG nova.api.openstack.wsgi [None req-f8d9c427-c51b-4b79-947b-f30f509fd234 tempest-MigrationsAdminTest-246577258 tempest-MigrationsAdminTest-246577258-project] Calling method '>' {{(pid=118040) _process_stack /opt/stack/nova/nova/api/openstack/wsgi.py:513}}
May 18 18:01:21.477861 n-d-836015-8 devstack@n-api.service[118040]: DEBUG nova.compute.api [None req-f8d9c427-c51b-4b79-947b-f30f509fd234 tempest-MigrationsAdminTest-246577258 tempest-MigrationsAdminTest-246577258-project] [instance: b49abf95-4642-4aeb-9edf-f70216bd3ade] Fetching instance by UUID {{(pid=118040) get /opt/stack/nova/nova/compute/api.py:2865}}
May 18 18:01:21.495334 n-d-836015-8 devstack@n-api.service[118040]: DEBUG oslo_concurrency.lockutils [None req-f8d9c427-c51b-4b79-947b-f30f509fd234 tempest-MigrationsAdminTest-246577258 tempest-MigrationsAdminTest-246577258-project] Lock "979c47f3-f5ca-4262-b0f8-e21c891d4d5e" acquired by "nova.context.set_target_cell..get_or_set_cached_cell_and_set_connections" :: waited 0.000s {{(pid=118040) inner /usr/local/lib/python3.8/dist-packages/oslo_concurrency/lockutils.py:355}}
May 18 18:01:21.495820 n-d-836015-8 devstack@n-api.service[118040]: DEBUG oslo_concurrency.lockutils [None req-f8d9c427-c51b-4b79-947b-f30f509fd234 tempest-MigrationsAdminTest-246577258 tempest-MigrationsAdminTest-246577258-project] Lock "979c47f3-f5ca-4262-b0f8-e21c891d4d5e" released by "nova.context.set_target_cell..get_or_set_cached_cell_and_set_connections" :: held 0.001s {{(pid=118040) inner /usr/local/lib/python3.8/dist-packages/oslo_concurrency/lockutils.py:367}}
May 18 18:01:21.496793 n-d-836015-8 devstack@n-api.service[118040]: DEBUG oslo_concurrency.lockutils [None req-f8d9c427-c51b-4b79-947b-f30f509fd234 tempest-MigrationsAdminTest-246577258 tempest-MigrationsAdminTest-246577258-project] Lock "979c47f3-f5ca-4262-b0f8-e21c891d4d5e" acquired by "nova.context.set_target_cell..get_or_set_cached_cell_and_set_connections" :: waited 0.000s {{(pid=118040) inner /usr/local/lib/python3.8/dist-packages/oslo_concurrency/lockutils.py:355}}
May 18 18:01:21.497227 n-d-836015-8 devstack@n-api.service[118040]: DEBUG oslo_concurrency.lockutils [None req-f8d9c427-c51b-4b79-947b-f30f509fd234 tempest-MigrationsAdminTest-246577258 tempest-MigrationsAdminTest-246577258-project] Lock "979c47f3-f5ca-4262-b0f8-e21c891d4d5e" released by "nova.context.set_target_cell..get_or_set_cached_cell_and_set_connections" :: held 0.001s {{(pid=118040) inner /usr/local/lib/python3.8/dist-packages/oslo_concurrency/lockutils.py:367}}
May 18 18:01:21.626845 n-d-836015-8 devstack@n-api.service[118041]: DEBUG nova.policy [None req-123fdf70-9510-4333-87b9-7cfe27ae71e4 tempest-LiveMigrationNegativeTest-1298005591 tempest-LiveMigrationNegativeTest-1298005591-project] Policy check for os_compute_api:os-extended-server-attributes failed with credentials {'is_admin': False, 'user_id': 'ce1eed26379e4a16b40f9c317d5d310c', 'user_domain_id': 'default', 'system_scope': None, 'domain_id': None, 'project_id': 'b8986ddc99e64e9bbad443d1a8085576', 'project_domain_id': 'default', 'roles': ['reader', 'member'], 'is_admin_project': True, 'service_user_id': None, 'service_user_domain_id': None, 'service_project_id': None, 'service_project_domain_id': None, 'service_roles': []} {{(pid=118041) authorize /opt/stack/nova/nova/policy.py:199}}
May 18 18:01:21.637053 n-d-836015-8 devstack@n-api.service[118041]: INFO nova.api.openstack.requestlog [None req-123fdf70-9510-4333-87b9-7cfe27ae71e4 tempest-LiveMigrationNegativeTest-1298005591 tempest-LiveMigrationNegativeTest-1298005591-project] 10.222.0.86 "GET /compute/v2.1/servers/96d1b282-d23c-4e17-8d54-9dd89a91290d" status: 200 len: 1318 microversion: 2.1 time: 0.203839
May 18 18:01:21.638746 n-d-836015-8 devstack@n-api.service[118041]: [pid: 118041|app: 0|req: 126/293] 10.222.0.86 () {58 vars in 1235 bytes} [Wed May 18 18:01:21 2022] GET /compute/v2.1/servers/96d1b282-d23c-4e17-8d54-9dd89a91290d => generated 1318 bytes in 206 msecs (HTTP/1.1 200) 9 headers in 358 bytes (1 switches on core 0)
May 18 18:01:21.645343 n-d-836015-8 devstack@n-api.service[118041]: DEBUG nova.api.openstack.wsgi [None req-70a8f5da-de34-47cb-90c1-e88b0a5a9454 tempest-DeleteServersAdminTestJSON-5550889 tempest-DeleteServersAdminTestJSON-5550889-project] Calling method '>' {{(pid=118041) _process_stack /opt/stack/nova/nova/api/openstack/wsgi.py:513}}
May 18 18:01:21.646058 n-d-836015-8 devstack@n-api.service[118041]: DEBUG nova.compute.api [None req-70a8f5da-de34-47cb-90c1-e88b0a5a9454 tempest-DeleteServersAdminTestJSON-5550889 tempest-DeleteServersAdminTestJSON-5550889-project] [instance: d1dcb7f5-1147-4058-8e85-4ed002d1c5fe] Fetching instance by UUID {{(pid=118041) get /opt/stack/nova/nova/compute/api.py:2865}}
May 18 18:01:21.715679 n-d-836015-8 devstack@n-api.service[118040]: DEBUG nova.policy [None req-f8d9c427-c51b-4b79-947b-f30f509fd234 tempest-MigrationsAdminTest-246577258 tempest-MigrationsAdminTest-246577258-project] Policy check for os_compute_api:os-extended-server-attributes failed with credentials {'is_admin': False, 'user_id': 'c553555f2bca44cf8e8238e8557dc220', 'user_domain_id': 'default', 'system_scope': None, 'domain_id': None, 'project_id': 'cae98a6a36d847d1a3c9484bc85c2430', 'project_domain_id': 'default', 'roles': ['reader', 'member'], 'is_admin_project': True, 'service_user_id': None, 'service_user_domain_id': None, 'service_project_id': None, 'service_project_domain_id': None, 'service_roles': []} {{(pid=118040) authorize /opt/stack/nova/nova/policy.py:199}}
May 18 18:01:21.716706 n-d-836015-8 devstack@n-api.service[118041]: DEBUG nova.policy [None req-70a8f5da-de34-47cb-90c1-e88b0a5a9454 tempest-DeleteServersAdminTestJSON-5550889 tempest-DeleteServersAdminTestJSON-5550889-project] Policy check for os_compute_api:os-extended-server-attributes failed with credentials {'is_admin': False, 'user_id': '0c4f118ec8ae47e39f1720d21f93915a', 'user_domain_id': 'default', 'system_scope': None, 'domain_id': None, 'project_id': 'ec7fa8b76bc14ea7b58efaf843cbe711', 'project_domain_id': 'default', 'roles': ['reader', 'member'], 'is_admin_project': True, 'service_user_id': None, 'service_user_domain_id': None, 'service_project_id': None, 'service_project_domain_id': None, 'service_roles': []} {{(pid=118041) authorize /opt/stack/nova/nova/policy.py:199}}
May 18 18:01:21.728753 n-d-836015-8 devstack@n-api.service[118041]: INFO nova.api.openstack.requestlog [None req-70a8f5da-de34-47cb-90c1-e88b0a5a9454 tempest-DeleteServersAdminTestJSON-5550889 tempest-DeleteServersAdminTestJSON-5550889-project] 10.222.0.86 "GET /compute/v2.1/servers/d1dcb7f5-1147-4058-8e85-4ed002d1c5fe" status: 200 len: 1220 microversion: 2.1 time: 0.087552
May 18 18:01:21.729274 n-d-836015-8 devstack@n-api.service[118040]: INFO nova.api.openstack.requestlog [None req-f8d9c427-c51b-4b79-947b-f30f509fd234 tempest-MigrationsAdminTest-246577258 tempest-MigrationsAdminTest-246577258-project] 10.222.0.86 "GET /compute/v2.1/servers/b49abf95-4642-4aeb-9edf-f70216bd3ade" status: 200 len: 1474 microversion: 2.1 time: 0.256850
May 18 18:01:21.730598 n-d-836015-8 devstack@n-api.service[118041]: [pid: 118041|app: 0|req: 127/294] 10.222.0.86 () {58 vars in 1235 bytes} [Wed May 18 18:01:21 2022] GET /compute/v2.1/servers/d1dcb7f5-1147-4058-8e85-4ed002d1c5fe => generated 1220 bytes in 91 msecs (HTTP/1.1 200) 9 headers in 358 bytes (1 switches on core 0)
May 18 18:01:21.743292 n-d-836015-8 devstack@n-api.service[118041]: DEBUG nova.api.openstack.wsgi [None req-517663b8-2270-4f33-99b0-974fedbc053d tempest-AggregatesAdminTestJSON-55892760 tempest-AggregatesAdminTestJSON-55892760-project-admin] Action: 'create', calling method: >, body: {"aggregate": {"name": "tempest-test_aggregate-1178952661"}} {{(pid=118041) _process_stack /opt/stack/nova/nova/api/openstack/wsgi.py:511}}
May 18 18:01:21.747021 n-d-836015-8 devstack@n-api.service[118041]: /usr/local/lib/python3.8/dist-packages/oslo_policy/policy.py:1075: UserWarning: Policy os_compute_api:os-aggregates:create failed scope check. The token used to make the request was project scoped but the policy requires ['system'] scope. This behavior may change in the future where using the intended scope is required
May 18 18:01:21.747021 n-d-836015-8 devstack@n-api.service[118041]: warnings.warn(msg)
May 18 18:01:21.749152 n-d-836015-8 devstack@n-api.service[118040]: [pid: 118040|app: 0|req: 168/295] 10.222.0.86 () {58 vars in 1235 bytes} [Wed May 18 18:01:21 2022] GET /compute/v2.1/servers/b49abf95-4642-4aeb-9edf-f70216bd3ade => generated 1474 bytes in 277 msecs (HTTP/1.1 200) 9 headers in 358 bytes (1 switches on core 0)
May 18 18:01:21.749745 n-d-836015-8 devstack@n-api.service[118041]: DEBUG nova.objects.aggregate [None req-517663b8-2270-4f33-99b0-974fedbc053d tempest-AggregatesAdminTestJSON-55892760 tempest-AggregatesAdminTestJSON-55892760-project-admin] Generated uuid b64712e5-8086-4155-b83a-b63beeab444f for aggregate {{(pid=118041) create /opt/stack/nova/nova/objects/aggregate.py:298}}
May 18 18:01:21.763445 n-d-836015-8 devstack@n-api.service[118040]: DEBUG nova.api.openstack.wsgi [None req-165062f9-a0b9-4a3e-8d15-f8d5e103f29f tempest-AggregatesAdminNegativeTestJSON-1762795127 tempest-AggregatesAdminNegativeTestJSON-1762795127-project-admin] Action: 'create', calling method: >, body: {"aggregate": {"name": "tempest-test_aggregate-395001612"}} {{(pid=118040) _process_stack /opt/stack/nova/nova/api/openstack/wsgi.py:511}}
May 18 18:01:21.771625 n-d-836015-8 devstack@n-api.service[118040]: /usr/local/lib/python3.8/dist-packages/oslo_policy/policy.py:1075: UserWarning: Policy os_compute_api:os-aggregates:create failed scope check. The token used to make the request was project scoped but the policy requires ['system'] scope. This behavior may change in the future where using the intended scope is required
May 18 18:01:21.771625 n-d-836015-8 devstack@n-api.service[118040]: warnings.warn(msg)
May 18 18:01:21.772894 n-d-836015-8 devstack@n-api.service[118040]: DEBUG nova.objects.aggregate [None req-165062f9-a0b9-4a3e-8d15-f8d5e103f29f tempest-AggregatesAdminNegativeTestJSON-1762795127 tempest-AggregatesAdminNegativeTestJSON-1762795127-project-admin] Generated uuid 97e2e29b-a39a-4ef1-a356-bb03b0b9bffe for aggregate {{(pid=118040) create /opt/stack/nova/nova/objects/aggregate.py:298}}
May 18 18:01:21.794140 n-d-836015-8 devstack@n-api.service[118041]: INFO nova.api.openstack.requestlog [None req-517663b8-2270-4f33-99b0-974fedbc053d tempest-AggregatesAdminTestJSON-55892760 tempest-AggregatesAdminTestJSON-55892760-project-admin] 10.222.0.86 "POST /compute/v2.1/os-aggregates" status: 200 len: 199 microversion: 2.1 time: 0.061684
May 18 18:01:21.801374 n-d-836015-8 devstack@n-api.service[118041]: [pid: 118041|app: 0|req: 128/296] 10.222.0.86 () {60 vars in 1163 bytes} [Wed May 18 18:01:21 2022] POST /compute/v2.1/os-aggregates => generated 199 bytes in 63 msecs (HTTP/1.1 200) 9 headers in 357 bytes (1 switches on core 0)
May 18 18:01:21.806714 n-d-836015-8 devstack@n-api.service[118041]: DEBUG nova.api.openstack.wsgi [None req-abad887b-ac64-4b5b-8512-75418d7abaf0 tempest-AggregatesAdminTestJSON-55892760 tempest-AggregatesAdminTestJSON-55892760-project-admin] Calling method '>' {{(pid=118041) _process_stack /opt/stack/nova/nova/api/openstack/wsgi.py:513}}
May 18 18:01:21.807573 n-d-836015-8 devstack@n-api.service[118041]: /usr/local/lib/python3.8/dist-packages/oslo_policy/policy.py:1075: UserWarning: Policy os_compute_api:os-aggregates:delete failed scope check. The token used to make the request was project scoped but the policy requires ['system'] scope. This behavior may change in the future where using the intended scope is required
May 18 18:01:21.807573 n-d-836015-8 devstack@n-api.service[118041]: warnings.warn(msg)
May 18 18:01:21.827296 n-d-836015-8 devstack@n-api.service[118040]: INFO nova.api.openstack.requestlog [None req-165062f9-a0b9-4a3e-8d15-f8d5e103f29f tempest-AggregatesAdminNegativeTestJSON-1762795127 tempest-AggregatesAdminNegativeTestJSON-1762795127-project-admin] 10.222.0.86 "POST /compute/v2.1/os-aggregates" status: 200 len: 198 microversion: 2.1 time: 0.076442
May 18 18:01:21.828195 n-d-836015-8 devstack@n-api.service[118040]: [pid: 118040|app: 0|req: 169/297] 10.222.0.86 () {60 vars in 1163 bytes} [Wed May 18 18:01:21 2022] POST /compute/v2.1/os-aggregates => generated 198 bytes in 78 msecs (HTTP/1.1 200) 9 headers in 357 bytes (1 switches on core 0)
May 18 18:01:21.848238 n-d-836015-8 devstack@n-api.service[118041]: INFO nova.api.openstack.requestlog [None req-abad887b-ac64-4b5b-8512-75418d7abaf0 tempest-AggregatesAdminTestJSON-55892760 tempest-AggregatesAdminTestJSON-55892760-project-admin] 10.222.0.86 "DELETE /compute/v2.1/os-aggregates/12" status: 200 len: 0 microversion: 2.1 time: 0.045195
May 18 18:01:21.848698 n-d-836015-8 devstack@n-api.service[118041]: [pid: 118041|app: 0|req: 129/298] 10.222.0.86 () {58 vars in 1154 bytes} [Wed May 18 18:01:21 2022] DELETE /compute/v2.1/os-aggregates/12 => generated 0 bytes in 47 msecs (HTTP/1.1 200) 9 headers in 355 bytes (2 switches on core 0)
