May 18 18:00:58.143363 n-d-836015-8 devstack@n-api.service[118040]: INFO nova.api.openstack.requestlog [None req-23d17919-9654-4f82-8ccc-aa5730afbd4e tempest-AggregatesAdminTestJSON-508857898 tempest-AggregatesAdminTestJSON-508857898-project] 10.222.0.86 "GET /compute/v2.1/servers/4a4d9cfb-376d-47c5-bbd6-b5015ed5c3ff" status: 200 len: 1339 microversion: 2.1 time: 1.315601
May 18 18:00:58.148974 n-d-836015-8 devstack@n-api.service[118040]: [pid: 118040|app: 0|req: 91/166] 10.222.0.86 () {58 vars in 1235 bytes} [Wed May 18 18:00:56 2022] GET /compute/v2.1/servers/4a4d9cfb-376d-47c5-bbd6-b5015ed5c3ff => generated 1339 bytes in 1322 msecs (HTTP/1.1 200) 9 headers in 358 bytes (1 switches on core 0)
May 18 18:00:58.174194 n-d-836015-8 devstack@n-api.service[118040]: DEBUG nova.api.openstack.wsgi [None req-7caacc2d-9eb7-4365-a193-89fb09b01393 tempest-DeleteServersAdminTestJSON-5550889 tempest-DeleteServersAdminTestJSON-5550889-project] Calling method '>' {{(pid=118040) _process_stack /opt/stack/nova/nova/api/openstack/wsgi.py:513}}
May 18 18:00:58.176289 n-d-836015-8 devstack@n-api.service[118040]: DEBUG nova.compute.api [None req-7caacc2d-9eb7-4365-a193-89fb09b01393 tempest-DeleteServersAdminTestJSON-5550889 tempest-DeleteServersAdminTestJSON-5550889-project] [instance: b3c37d88-caae-4f99-931a-b0c0a2f5f453] Fetching instance by UUID {{(pid=118040) get /opt/stack/nova/nova/compute/api.py:2865}}
May 18 18:00:58.194739 n-d-836015-8 devstack@n-api.service[118040]: DEBUG oslo_concurrency.lockutils [None req-7caacc2d-9eb7-4365-a193-89fb09b01393 tempest-DeleteServersAdminTestJSON-5550889 tempest-DeleteServersAdminTestJSON-5550889-project] Lock "979c47f3-f5ca-4262-b0f8-e21c891d4d5e" acquired by "nova.context.set_target_cell..get_or_set_cached_cell_and_set_connections" :: waited 0.000s {{(pid=118040) inner /usr/local/lib/python3.8/dist-packages/oslo_concurrency/lockutils.py:355}}
May 18 18:00:58.198641 n-d-836015-8 devstack@n-api.service[118040]: DEBUG oslo_concurrency.lockutils [None req-7caacc2d-9eb7-4365-a193-89fb09b01393 tempest-DeleteServersAdminTestJSON-5550889 tempest-DeleteServersAdminTestJSON-5550889-project] Lock "979c47f3-f5ca-4262-b0f8-e21c891d4d5e" released by "nova.context.set_target_cell..get_or_set_cached_cell_and_set_connections" :: held 0.004s {{(pid=118040) inner /usr/local/lib/python3.8/dist-packages/oslo_concurrency/lockutils.py:367}}
May 18 18:00:58.200824 n-d-836015-8 devstack@n-api.service[118040]: DEBUG oslo_concurrency.lockutils [None req-7caacc2d-9eb7-4365-a193-89fb09b01393 tempest-DeleteServersAdminTestJSON-5550889 tempest-DeleteServersAdminTestJSON-5550889-project] Lock "979c47f3-f5ca-4262-b0f8-e21c891d4d5e" acquired by "nova.context.set_target_cell..get_or_set_cached_cell_and_set_connections" :: waited 0.000s {{(pid=118040) inner /usr/local/lib/python3.8/dist-packages/oslo_concurrency/lockutils.py:355}}
May 18 18:00:58.204507 n-d-836015-8 devstack@n-api.service[118040]: DEBUG oslo_concurrency.lockutils [None req-7caacc2d-9eb7-4365-a193-89fb09b01393 tempest-DeleteServersAdminTestJSON-5550889 tempest-DeleteServersAdminTestJSON-5550889-project] Lock "979c47f3-f5ca-4262-b0f8-e21c891d4d5e" released by "nova.context.set_target_cell..get_or_set_cached_cell_and_set_connections" :: held 0.004s {{(pid=118040) inner /usr/local/lib/python3.8/dist-packages/oslo_concurrency/lockutils.py:367}}
May 18 18:00:58.694966 n-d-836015-8 devstack@n-api.service[118041]: DEBUG nova.api.openstack.wsgi [None req-e6c43297-2328-47c8-8328-bee0ec4c36ed tempest-FlavorsExtraSpecsNegativeTestJSON-800301123 tempest-FlavorsExtraSpecsNegativeTestJSON-800301123-project] Calling method '>' {{(pid=118041) _process_stack /opt/stack/nova/nova/api/openstack/wsgi.py:513}}
May 18 18:00:58.726521 n-d-836015-8 devstack@n-api.service[118041]: INFO nova.api.openstack.wsgi [None req-e6c43297-2328-47c8-8328-bee0ec4c36ed tempest-FlavorsExtraSpecsNegativeTestJSON-800301123 tempest-FlavorsExtraSpecsNegativeTestJSON-800301123-project] HTTP exception thrown: Flavor 1276830928 has no extra specs with key hw:cpu_thread_policy.
May 18 18:00:58.727987 n-d-836015-8 devstack@n-api.service[118041]: DEBUG nova.api.openstack.wsgi [None req-e6c43297-2328-47c8-8328-bee0ec4c36ed tempest-FlavorsExtraSpecsNegativeTestJSON-800301123 tempest-FlavorsExtraSpecsNegativeTestJSON-800301123-project] Returning 404 to user: Flavor 1276830928 has no extra specs with key hw:cpu_thread_policy. {{(pid=118041) __call__ /opt/stack/nova/nova/api/openstack/wsgi.py:936}}
May 18 18:00:58.731014 n-d-836015-8 devstack@n-api.service[118041]: INFO nova.api.openstack.requestlog [None req-e6c43297-2328-47c8-8328-bee0ec4c36ed tempest-FlavorsExtraSpecsNegativeTestJSON-800301123 tempest-FlavorsExtraSpecsNegativeTestJSON-800301123-project] 10.222.0.86 "GET /compute/v2.1/flavors/1276830928/os-extra_specs/hw:cpu_thread_policy" status: 404 len: 113 microversion: 2.1 time: 1.237262
May 18 18:00:58.738569 n-d-836015-8 devstack@n-api.service[118041]: [pid: 118041|app: 0|req: 76/167] 10.222.0.86 () {58 vars in 1265 bytes} [Wed May 18 18:00:57 2022] GET /compute/v2.1/flavors/1276830928/os-extra_specs/hw:cpu_thread_policy => generated 113 bytes in 1246 msecs (HTTP/1.1 404) 9 headers in 379 bytes (1 switches on core 0)
May 18 18:00:58.750663 n-d-836015-8 devstack@n-api.service[118041]: DEBUG nova.api.openstack.wsgi [req-8937715e-218f-4bd8-a69f-e453dd6b3304 req-2e50d80c-a93a-46dd-8f74-816de2871048 service nova] Action: 'create', calling method: >, body: {"events": [{"name": "network-changed", "server_uuid": "b3c37d88-caae-4f99-931a-b0c0a2f5f453", "tag": "453f3ec9-fcb4-466c-be46-797da926f870"}]} {{(pid=118041) _process_stack /opt/stack/nova/nova/api/openstack/wsgi.py:511}}
May 18 18:00:58.752593 n-d-836015-8 devstack@n-api.service[118041]: /usr/local/lib/python3.8/dist-packages/oslo_policy/policy.py:1075: UserWarning: Policy os_compute_api:os-server-external-events:create failed scope check. The token used to make the request was project scoped but the policy requires ['system'] scope. This behavior may change in the future where using the intended scope is required
May 18 18:00:58.752593 n-d-836015-8 devstack@n-api.service[118041]: warnings.warn(msg)
May 18 18:00:58.768440 n-d-836015-8 devstack@n-api.service[118041]: DEBUG oslo_concurrency.lockutils [req-8937715e-218f-4bd8-a69f-e453dd6b3304 req-2e50d80c-a93a-46dd-8f74-816de2871048 service nova] Lock "979c47f3-f5ca-4262-b0f8-e21c891d4d5e" acquired by "nova.context.set_target_cell..get_or_set_cached_cell_and_set_connections" :: waited 0.000s {{(pid=118041) inner /usr/local/lib/python3.8/dist-packages/oslo_concurrency/lockutils.py:355}}
May 18 18:00:58.769288 n-d-836015-8 devstack@n-api.service[118041]: DEBUG oslo_concurrency.lockutils [req-8937715e-218f-4bd8-a69f-e453dd6b3304 req-2e50d80c-a93a-46dd-8f74-816de2871048 service nova] Lock "979c47f3-f5ca-4262-b0f8-e21c891d4d5e" released by "nova.context.set_target_cell..get_or_set_cached_cell_and_set_connections" :: held 0.001s {{(pid=118041) inner /usr/local/lib/python3.8/dist-packages/oslo_concurrency/lockutils.py:367}}
May 18 18:00:58.786887 n-d-836015-8 devstack@n-api.service[118041]: INFO nova.api.openstack.compute.server_external_events [req-8937715e-218f-4bd8-a69f-e453dd6b3304 req-2e50d80c-a93a-46dd-8f74-816de2871048 service nova] Creating event network-changed:453f3ec9-fcb4-466c-be46-797da926f870 for instance b3c37d88-caae-4f99-931a-b0c0a2f5f453 on n-h2-836015-8
May 18 18:00:58.795362 n-d-836015-8 devstack@n-api.service[118041]: INFO nova.api.openstack.requestlog [req-8937715e-218f-4bd8-a69f-e453dd6b3304 req-2e50d80c-a93a-46dd-8f74-816de2871048 service nova] 10.222.0.86 "POST /compute/v2.1/os-server-external-events" status: 200 len: 179 microversion: 2.1 time: 0.053228
May 18 18:00:58.797582 n-d-836015-8 devstack@n-api.service[118041]: [pid: 118041|app: 0|req: 77/168] 10.222.0.86 () {64 vars in 1317 bytes} [Wed May 18 18:00:58 2022] POST /compute/v2.1/os-server-external-events => generated 179 bytes in 57 msecs (HTTP/1.1 200) 9 headers in 357 bytes (1 switches on core 0)
May 18 18:00:58.804877 n-d-836015-8 devstack@n-api.service[118041]: DEBUG nova.api.openstack.wsgi [None req-918bb238-c2d4-4123-96dd-c146dfae3f3f tempest-MigrationsAdminTest-246577258 tempest-MigrationsAdminTest-246577258-project] Calling method '>' {{(pid=118041) _process_stack /opt/stack/nova/nova/api/openstack/wsgi.py:513}}
May 18 18:00:58.806146 n-d-836015-8 devstack@n-api.service[118041]: DEBUG nova.compute.api [None req-918bb238-c2d4-4123-96dd-c146dfae3f3f tempest-MigrationsAdminTest-246577258 tempest-MigrationsAdminTest-246577258-project] [instance: b49abf95-4642-4aeb-9edf-f70216bd3ade] Fetching instance by UUID {{(pid=118041) get /opt/stack/nova/nova/compute/api.py:2865}}
May 18 18:00:58.822377 n-d-836015-8 devstack@n-api.service[118041]: DEBUG oslo_concurrency.lockutils [None req-918bb238-c2d4-4123-96dd-c146dfae3f3f tempest-MigrationsAdminTest-246577258 tempest-MigrationsAdminTest-246577258-project] Lock "979c47f3-f5ca-4262-b0f8-e21c891d4d5e" acquired by "nova.context.set_target_cell..get_or_set_cached_cell_and_set_connections" :: waited 0.000s {{(pid=118041) inner /usr/local/lib/python3.8/dist-packages/oslo_concurrency/lockutils.py:355}}
May 18 18:00:58.823459 n-d-836015-8 devstack@n-api.service[118041]: DEBUG oslo_concurrency.lockutils [None req-918bb238-c2d4-4123-96dd-c146dfae3f3f tempest-MigrationsAdminTest-246577258 tempest-MigrationsAdminTest-246577258-project] Lock "979c47f3-f5ca-4262-b0f8-e21c891d4d5e" released by "nova.context.set_target_cell..get_or_set_cached_cell_and_set_connections" :: held 0.002s {{(pid=118041) inner /usr/local/lib/python3.8/dist-packages/oslo_concurrency/lockutils.py:367}}
May 18 18:00:58.827450 n-d-836015-8 devstack@n-api.service[118041]: DEBUG oslo_concurrency.lockutils [None req-918bb238-c2d4-4123-96dd-c146dfae3f3f tempest-MigrationsAdminTest-246577258 tempest-MigrationsAdminTest-246577258-project] Lock "979c47f3-f5ca-4262-b0f8-e21c891d4d5e" acquired by "nova.context.set_target_cell..get_or_set_cached_cell_and_set_connections" :: waited 0.000s {{(pid=118041) inner /usr/local/lib/python3.8/dist-packages/oslo_concurrency/lockutils.py:355}}
May 18 18:00:58.830422 n-d-836015-8 devstack@n-api.service[118041]: DEBUG oslo_concurrency.lockutils [None req-918bb238-c2d4-4123-96dd-c146dfae3f3f tempest-MigrationsAdminTest-246577258 tempest-MigrationsAdminTest-246577258-project] Lock "979c47f3-f5ca-4262-b0f8-e21c891d4d5e" released by "nova.context.set_target_cell..get_or_set_cached_cell_and_set_connections" :: held 0.003s {{(pid=118041) inner /usr/local/lib/python3.8/dist-packages/oslo_concurrency/lockutils.py:367}}
May 18 18:00:59.545329 n-d-836015-8 devstack@n-api.service[118040]: DEBUG nova.policy [None req-7caacc2d-9eb7-4365-a193-89fb09b01393 tempest-DeleteServersAdminTestJSON-5550889 tempest-DeleteServersAdminTestJSON-5550889-project] Policy check for os_compute_api:os-extended-server-attributes failed with credentials {'is_admin': False, 'user_id': '0c4f118ec8ae47e39f1720d21f93915a', 'user_domain_id': 'default', 'system_scope': None, 'domain_id': None, 'project_id': 'ec7fa8b76bc14ea7b58efaf843cbe711', 'project_domain_id': 'default', 'roles': ['reader', 'member'], 'is_admin_project': True, 'service_user_id': None, 'service_user_domain_id': None, 'service_project_id': None, 'service_project_domain_id': None, 'service_roles': []} {{(pid=118040) authorize /opt/stack/nova/nova/policy.py:199}}
May 18 18:00:59.557839 n-d-836015-8 devstack@n-api.service[118040]: INFO nova.api.openstack.requestlog [None req-7caacc2d-9eb7-4365-a193-89fb09b01393 tempest-DeleteServersAdminTestJSON-5550889 tempest-DeleteServersAdminTestJSON-5550889-project] 10.222.0.86 "GET /compute/v2.1/servers/b3c37d88-caae-4f99-931a-b0c0a2f5f453" status: 200 len: 1318 microversion: 2.1 time: 1.404839
May 18 18:00:59.569700 n-d-836015-8 devstack@n-api.service[118040]: [pid: 118040|app: 0|req: 92/169] 10.222.0.86 () {58 vars in 1235 bytes} [Wed May 18 18:00:58 2022] GET /compute/v2.1/servers/b3c37d88-caae-4f99-931a-b0c0a2f5f453 => generated 1318 bytes in 1420 msecs (HTTP/1.1 200) 9 headers in 358 bytes (1 switches on core 0)
May 18 18:00:59.581223 n-d-836015-8 devstack@n-api.service[118040]: DEBUG nova.api.openstack.wsgi [None req-46984cd4-dfe5-4c2e-9e60-5d6461144720 tempest-FlavorsExtraSpecsNegativeTestJSON-800301123 tempest-FlavorsExtraSpecsNegativeTestJSON-800301123-project] Action: 'create', calling method: >, body: {"extra_specs": {"hw:numa_nodes": "1", "hw:cpu_policy": "shared"}} {{(pid=118040) _process_stack /opt/stack/nova/nova/api/openstack/wsgi.py:511}}
May 18 18:00:59.598225 n-d-836015-8 devstack@n-api.service[118040]: /usr/local/lib/python3.8/dist-packages/oslo_policy/policy.py:1075: UserWarning: Policy os_compute_api:os-flavor-extra-specs:create failed scope check. The token used to make the request was project scoped but the policy requires ['system'] scope. This behavior may change in the future where using the intended scope is required
May 18 18:00:59.598225 n-d-836015-8 devstack@n-api.service[118040]: warnings.warn(msg)
May 18 18:00:59.600788 n-d-836015-8 devstack@n-api.service[118040]: DEBUG nova.policy [None req-46984cd4-dfe5-4c2e-9e60-5d6461144720 tempest-FlavorsExtraSpecsNegativeTestJSON-800301123 tempest-FlavorsExtraSpecsNegativeTestJSON-800301123-project] Policy check for os_compute_api:os-flavor-extra-specs:create failed with credentials {'is_admin': False, 'user_id': '7cb81f3a073f44e4a8b7805e9faa2ab9', 'user_domain_id': 'default', 'system_scope': None, 'domain_id': None, 'project_id': 'b9cd259ef8394a1799a56d57ccbb1955', 'project_domain_id': 'default', 'roles': ['reader', 'member'], 'is_admin_project': True, 'service_user_id': None, 'service_user_domain_id': None, 'service_project_id': None, 'service_project_domain_id': None, 'service_roles': []} {{(pid=118040) authorize /opt/stack/nova/nova/policy.py:199}}
May 18 18:00:59.604910 n-d-836015-8 devstack@n-api.service[118040]: DEBUG nova.api.openstack.wsgi [None req-46984cd4-dfe5-4c2e-9e60-5d6461144720 tempest-FlavorsExtraSpecsNegativeTestJSON-800301123 tempest-FlavorsExtraSpecsNegativeTestJSON-800301123-project] Returning 403 to user: Policy doesn't allow os_compute_api:os-flavor-extra-specs:create to be performed. {{(pid=118040) __call__ /opt/stack/nova/nova/api/openstack/wsgi.py:936}}
May 18 18:00:59.609903 n-d-836015-8 devstack@n-api.service[118040]: INFO nova.api.openstack.requestlog [None req-46984cd4-dfe5-4c2e-9e60-5d6461144720 tempest-FlavorsExtraSpecsNegativeTestJSON-800301123 tempest-FlavorsExtraSpecsNegativeTestJSON-800301123-project] 10.222.0.86 "POST /compute/v2.1/flavors/1276830928/os-extra_specs" status: 403 len: 124 microversion: 2.1 time: 0.034775
May 18 18:00:59.615412 n-d-836015-8 devstack@n-api.service[118040]: [pid: 118040|app: 0|req: 93/170] 10.222.0.86 () {60 vars in 1223 bytes} [Wed May 18 18:00:59 2022] POST /compute/v2.1/flavors/1276830928/os-extra_specs => generated 124 bytes in 45 msecs (HTTP/1.1 403) 9 headers in 379 bytes (1 switches on core 0)
May 18 18:00:59.626219 n-d-836015-8 devstack@n-api.service[118040]: DEBUG nova.api.openstack.wsgi [None req-16503e8e-de75-474d-b3aa-5e147e79049c tempest-AggregatesAdminTestJSON-508857898 tempest-AggregatesAdminTestJSON-508857898-project] Calling method '>' {{(pid=118040) _process_stack /opt/stack/nova/nova/api/openstack/wsgi.py:513}}
May 18 18:00:59.632694 n-d-836015-8 devstack@n-api.service[118040]: DEBUG nova.compute.api [None req-16503e8e-de75-474d-b3aa-5e147e79049c tempest-AggregatesAdminTestJSON-508857898 tempest-AggregatesAdminTestJSON-508857898-project] [instance: 4a4d9cfb-376d-47c5-bbd6-b5015ed5c3ff] Fetching instance by UUID {{(pid=118040) get /opt/stack/nova/nova/compute/api.py:2865}}
May 18 18:00:59.660268 n-d-836015-8 devstack@n-api.service[118040]: DEBUG oslo_concurrency.lockutils [None req-16503e8e-de75-474d-b3aa-5e147e79049c tempest-AggregatesAdminTestJSON-508857898 tempest-AggregatesAdminTestJSON-508857898-project] Lock "979c47f3-f5ca-4262-b0f8-e21c891d4d5e" acquired by "nova.context.set_target_cell..get_or_set_cached_cell_and_set_connections" :: waited 0.000s {{(pid=118040) inner /usr/local/lib/python3.8/dist-packages/oslo_concurrency/lockutils.py:355}}
May 18 18:00:59.666769 n-d-836015-8 devstack@n-api.service[118040]: DEBUG oslo_concurrency.lockutils [None req-16503e8e-de75-474d-b3aa-5e147e79049c tempest-AggregatesAdminTestJSON-508857898 tempest-AggregatesAdminTestJSON-508857898-project] Lock "979c47f3-f5ca-4262-b0f8-e21c891d4d5e" released by "nova.context.set_target_cell..get_or_set_cached_cell_and_set_connections" :: held 0.006s {{(pid=118040) inner /usr/local/lib/python3.8/dist-packages/oslo_concurrency/lockutils.py:367}}
May 18 18:00:59.667865 n-d-836015-8 devstack@n-api.service[118040]: DEBUG oslo_concurrency.lockutils [None req-16503e8e-de75-474d-b3aa-5e147e79049c tempest-AggregatesAdminTestJSON-508857898 tempest-AggregatesAdminTestJSON-508857898-project] Lock "979c47f3-f5ca-4262-b0f8-e21c891d4d5e" acquired by "nova.context.set_target_cell..get_or_set_cached_cell_and_set_connections" :: waited 0.000s {{(pid=118040) inner /usr/local/lib/python3.8/dist-packages/oslo_concurrency/lockutils.py:355}}
May 18 18:00:59.669056 n-d-836015-8 devstack@n-api.service[118040]: DEBUG oslo_concurrency.lockutils [None req-16503e8e-de75-474d-b3aa-5e147e79049c tempest-AggregatesAdminTestJSON-508857898 tempest-AggregatesAdminTestJSON-508857898-project] Lock "979c47f3-f5ca-4262-b0f8-e21c891d4d5e" released by "nova.context.set_target_cell..get_or_set_cached_cell_and_set_connections" :: held 0.001s {{(pid=118040) inner /usr/local/lib/python3.8/dist-packages/oslo_concurrency/lockutils.py:367}}
May 18 18:00:59.877557 n-d-836015-8 devstack@n-api.service[118041]: DEBUG nova.policy [None req-918bb238-c2d4-4123-96dd-c146dfae3f3f tempest-MigrationsAdminTest-246577258 tempest-MigrationsAdminTest-246577258-project] Policy check for os_compute_api:os-extended-server-attributes failed with credentials {'is_admin': False, 'user_id': 'c553555f2bca44cf8e8238e8557dc220', 'user_domain_id': 'default', 'system_scope': None, 'domain_id': None, 'project_id': 'cae98a6a36d847d1a3c9484bc85c2430', 'project_domain_id': 'default', 'roles': ['reader', 'member'], 'is_admin_project': True, 'service_user_id': None, 'service_user_domain_id': None, 'service_project_id': None, 'service_project_domain_id': None, 'service_roles': []} {{(pid=118041) authorize /opt/stack/nova/nova/policy.py:199}}
May 18 18:00:59.895038 n-d-836015-8 devstack@n-api.service[118041]: INFO nova.api.openstack.requestlog [None req-918bb238-c2d4-4123-96dd-c146dfae3f3f tempest-MigrationsAdminTest-246577258 tempest-MigrationsAdminTest-246577258-project] 10.222.0.86 "GET /compute/v2.1/servers/b49abf95-4642-4aeb-9edf-f70216bd3ade" status: 200 len: 1333 microversion: 2.1 time: 1.095777
May 18 18:00:59.895947 n-d-836015-8 devstack@n-api.service[118041]: [pid: 118041|app: 0|req: 78/171] 10.222.0.86 () {58 vars in 1235 bytes} [Wed May 18 18:00:58 2022] GET /compute/v2.1/servers/b49abf95-4642-4aeb-9edf-f70216bd3ade => generated 1333 bytes in 1098 msecs (HTTP/1.1 200) 9 headers in 358 bytes (1 switches on core 0)
May 18 18:01:00.179482 n-d-836015-8 devstack@n-api.service[118041]: DEBUG nova.api.openstack.wsgi [None req-b9fe59cc-5289-4a91-b0b3-d3308bc3f3c7 tempest-HypervisorAdminV228Test-507571644 tempest-HypervisorAdminV228Test-507571644-project-admin] Calling method '.version_select at 0x7fbd14588040>' {{(pid=118041) _process_stack /opt/stack/nova/nova/api/openstack/wsgi.py:513}}
May 18 18:01:00.180580 n-d-836015-8 devstack@n-api.service[118041]: /usr/local/lib/python3.8/dist-packages/oslo_policy/policy.py:1075: UserWarning: Policy os_compute_api:os-hypervisors:list failed scope check. The token used to make the request was project scoped but the policy requires ['system'] scope. This behavior may change in the future where using the intended scope is required
May 18 18:01:00.180580 n-d-836015-8 devstack@n-api.service[118041]: warnings.warn(msg)
May 18 18:01:00.182364 n-d-836015-8 devstack@n-api.service[118041]: DEBUG oslo_concurrency.lockutils [None req-b9fe59cc-5289-4a91-b0b3-d3308bc3f3c7 tempest-HypervisorAdminV228Test-507571644 tempest-HypervisorAdminV228Test-507571644-project-admin] Lock "979c47f3-f5ca-4262-b0f8-e21c891d4d5e" acquired by "nova.context.set_target_cell..get_or_set_cached_cell_and_set_connections" :: waited 0.000s {{(pid=118041) inner /usr/local/lib/python3.8/dist-packages/oslo_concurrency/lockutils.py:355}}
May 18 18:01:00.183094 n-d-836015-8 devstack@n-api.service[118041]: DEBUG oslo_concurrency.lockutils [None req-b9fe59cc-5289-4a91-b0b3-d3308bc3f3c7 tempest-HypervisorAdminV228Test-507571644 tempest-HypervisorAdminV228Test-507571644-project-admin] Lock "979c47f3-f5ca-4262-b0f8-e21c891d4d5e" released by "nova.context.set_target_cell..get_or_set_cached_cell_and_set_connections" :: held 0.001s {{(pid=118041) inner /usr/local/lib/python3.8/dist-packages/oslo_concurrency/lockutils.py:367}}
May 18 18:01:00.259488 n-d-836015-8 devstack@n-api.service[118041]: DEBUG oslo_concurrency.lockutils [None req-b9fe59cc-5289-4a91-b0b3-d3308bc3f3c7 tempest-HypervisorAdminV228Test-507571644 tempest-HypervisorAdminV228Test-507571644-project-admin] Lock "979c47f3-f5ca-4262-b0f8-e21c891d4d5e" acquired by "nova.context.set_target_cell..get_or_set_cached_cell_and_set_connections" :: waited 0.000s {{(pid=118041) inner /usr/local/lib/python3.8/dist-packages/oslo_concurrency/lockutils.py:355}}
May 18 18:01:00.259965 n-d-836015-8 devstack@n-api.service[118041]: DEBUG oslo_concurrency.lockutils [None req-b9fe59cc-5289-4a91-b0b3-d3308bc3f3c7 tempest-HypervisorAdminV228Test-507571644 tempest-HypervisorAdminV228Test-507571644-project-admin] Lock "979c47f3-f5ca-4262-b0f8-e21c891d4d5e" released by "nova.context.set_target_cell..get_or_set_cached_cell_and_set_connections" :: held 0.003s {{(pid=118041) inner /usr/local/lib/python3.8/dist-packages/oslo_concurrency/lockutils.py:367}}
May 18 18:01:00.324291 n-d-836015-8 devstack@n-api.service[118041]: DEBUG oslo_concurrency.lockutils [None req-b9fe59cc-5289-4a91-b0b3-d3308bc3f3c7 tempest-HypervisorAdminV228Test-507571644 tempest-HypervisorAdminV228Test-507571644-project-admin] Lock "979c47f3-f5ca-4262-b0f8-e21c891d4d5e" acquired by "nova.context.set_target_cell..get_or_set_cached_cell_and_set_connections" :: waited 0.000s {{(pid=118041) inner /usr/local/lib/python3.8/dist-packages/oslo_concurrency/lockutils.py:355}}
May 18 18:01:00.346630 n-d-836015-8 devstack@n-api.service[118041]: DEBUG oslo_concurrency.lockutils [None req-b9fe59cc-5289-4a91-b0b3-d3308bc3f3c7 tempest-HypervisorAdminV228Test-507571644 tempest-HypervisorAdminV228Test-507571644-project-admin] Lock "979c47f3-f5ca-4262-b0f8-e21c891d4d5e" released by "nova.context.set_target_cell..get_or_set_cached_cell_and_set_connections" :: held 0.001s {{(pid=118041) inner /usr/local/lib/python3.8/dist-packages/oslo_concurrency/lockutils.py:367}}
May 18 18:01:00.378277 n-d-836015-8 devstack@n-api.service[118041]: INFO nova.api.openstack.requestlog [None req-b9fe59cc-5289-4a91-b0b3-d3308bc3f3c7 tempest-HypervisorAdminV228Test-507571644 tempest-HypervisorAdminV228Test-507571644-project-admin] 10.222.0.86 "GET /compute/v2.1/os-hypervisors" status: 200 len: 191 microversion: 2.28 time: 0.478342
May 18 18:01:00.388202 n-d-836015-8 devstack@n-api.service[118041]: [pid: 118041|app: 0|req: 79/172] 10.222.0.86 () {60 vars in 1186 bytes} [Wed May 18 18:00:59 2022] GET /compute/v2.1/os-hypervisors => generated 191 bytes in 489 msecs (HTTP/1.1 200) 9 headers in 359 bytes (1 switches on core 0)
May 18 18:01:00.408073 n-d-836015-8 devstack@n-api.service[118041]: DEBUG nova.api.openstack.wsgi [None req-52029b96-558f-49a4-b1b2-82955d21668c tempest-FlavorsExtraSpecsNegativeTestJSON-241376836 tempest-FlavorsExtraSpecsNegativeTestJSON-241376836-project-admin] Action: 'create', calling method: >, body: {"extra_specs": {"hw:numa_nodes": "1", "hw:cpu_policy": "shared"}} {{(pid=118041) _process_stack /opt/stack/nova/nova/api/openstack/wsgi.py:511}}
May 18 18:01:00.416337 n-d-836015-8 devstack@n-api.service[118041]: /usr/local/lib/python3.8/dist-packages/oslo_policy/policy.py:1075: UserWarning: Policy os_compute_api:os-flavor-extra-specs:create failed scope check. The token used to make the request was project scoped but the policy requires ['system'] scope. This behavior may change in the future where using the intended scope is required
May 18 18:01:00.416337 n-d-836015-8 devstack@n-api.service[118041]: warnings.warn(msg)
May 18 18:01:00.476614 n-d-836015-8 devstack@n-api.service[118040]: DEBUG nova.policy [None req-16503e8e-de75-474d-b3aa-5e147e79049c tempest-AggregatesAdminTestJSON-508857898 tempest-AggregatesAdminTestJSON-508857898-project] Policy check for os_compute_api:os-extended-server-attributes failed with credentials {'is_admin': False, 'user_id': '4ece861ac8394df2a64f0ca56746485d', 'user_domain_id': 'default', 'system_scope': None, 'domain_id': None, 'project_id': '74cc4268fb514901b9e8465555f70804', 'project_domain_id': 'default', 'roles': ['reader', 'member'], 'is_admin_project': True, 'service_user_id': None, 'service_user_domain_id': None, 'service_project_id': None, 'service_project_domain_id': None, 'service_roles': []} {{(pid=118040) authorize /opt/stack/nova/nova/policy.py:199}}
May 18 18:01:00.495704 n-d-836015-8 devstack@n-api.service[118040]: INFO nova.api.openstack.requestlog [None req-16503e8e-de75-474d-b3aa-5e147e79049c tempest-AggregatesAdminTestJSON-508857898 tempest-AggregatesAdminTestJSON-508857898-project] 10.222.0.86 "GET /compute/v2.1/servers/4a4d9cfb-376d-47c5-bbd6-b5015ed5c3ff" status: 200 len: 1339 microversion: 2.1 time: 0.877684
May 18 18:01:00.500483 n-d-836015-8 devstack@n-api.service[118041]: INFO nova.api.openstack.requestlog [None req-52029b96-558f-49a4-b1b2-82955d21668c tempest-FlavorsExtraSpecsNegativeTestJSON-241376836 tempest-FlavorsExtraSpecsNegativeTestJSON-241376836-project-admin] 10.222.0.86 "POST /compute/v2.1/flavors/1276830928/os-extra_specs" status: 200 len: 66 microversion: 2.1 time: 0.110493
May 18 18:01:00.503706 n-d-836015-8 devstack@n-api.service[118041]: [pid: 118041|app: 0|req: 80/173] 10.222.0.86 () {60 vars in 1223 bytes} [Wed May 18 18:01:00 2022] POST /compute/v2.1/flavors/1276830928/os-extra_specs => generated 66 bytes in 115 msecs (HTTP/1.1 200) 9 headers in 356 bytes (1 switches on core 0)
May 18 18:01:00.508031 n-d-836015-8 devstack@n-api.service[118040]: [pid: 118040|app: 0|req: 94/174] 10.222.0.86 () {58 vars in 1235 bytes} [Wed May 18 18:00:59 2022] GET /compute/v2.1/servers/4a4d9cfb-376d-47c5-bbd6-b5015ed5c3ff => generated 1339 bytes in 892 msecs (HTTP/1.1 200) 9 headers in 358 bytes (1 switches on core 0)
May 18 18:01:00.517815 n-d-836015-8 devstack@n-api.service[118040]: DEBUG nova.api.openstack.wsgi [None req-9b5b014a-879f-4a9f-9681-5b0faf842575 tempest-FlavorsExtraSpecsNegativeTestJSON-800301123 tempest-FlavorsExtraSpecsNegativeTestJSON-800301123-project] Calling method '>' {{(pid=118040) _process_stack /opt/stack/nova/nova/api/openstack/wsgi.py:513}}
May 18 18:01:00.520576 n-d-836015-8 devstack@n-api.service[118040]: /usr/local/lib/python3.8/dist-packages/oslo_policy/policy.py:1075: UserWarning: Policy os_compute_api:os-flavor-extra-specs:delete failed scope check. The token used to make the request was project scoped but the policy requires ['system'] scope. This behavior may change in the future where using the intended scope is required
May 18 18:01:00.520576 n-d-836015-8 devstack@n-api.service[118040]: warnings.warn(msg)
May 18 18:01:00.520771 n-d-836015-8 devstack@n-api.service[118041]: DEBUG nova.api.openstack.wsgi [None req-f1ddc474-bbc5-4276-b19d-f7666912375d tempest-HypervisorAdminV228Test-507571644 tempest-HypervisorAdminV228Test-507571644-project-admin] Calling method '.version_select at 0x7fbd145424c0>' {{(pid=118041) _process_stack /opt/stack/nova/nova/api/openstack/wsgi.py:513}}
May 18 18:01:00.524143 n-d-836015-8 devstack@n-api.service[118040]: DEBUG nova.policy [None req-9b5b014a-879f-4a9f-9681-5b0faf842575 tempest-FlavorsExtraSpecsNegativeTestJSON-800301123 tempest-FlavorsExtraSpecsNegativeTestJSON-800301123-project] Policy check for os_compute_api:os-flavor-extra-specs:delete failed with credentials {'is_admin': False, 'user_id': '7cb81f3a073f44e4a8b7805e9faa2ab9', 'user_domain_id': 'default', 'system_scope': None, 'domain_id': None, 'project_id': 'b9cd259ef8394a1799a56d57ccbb1955', 'project_domain_id': 'default', 'roles': ['reader', 'member'], 'is_admin_project': True, 'service_user_id': None, 'service_user_domain_id': None, 'service_project_id': None, 'service_project_domain_id': None, 'service_roles': []} {{(pid=118040) authorize /opt/stack/nova/nova/policy.py:199}}
May 18 18:01:00.524732 n-d-836015-8 devstack@n-api.service[118041]: /usr/local/lib/python3.8/dist-packages/oslo_policy/policy.py:1075: UserWarning: Policy os_compute_api:os-hypervisors:show failed scope check. The token used to make the request was project scoped but the policy requires ['system'] scope. This behavior may change in the future where using the intended scope is required
May 18 18:01:00.524732 n-d-836015-8 devstack@n-api.service[118041]: warnings.warn(msg)
May 18 18:01:00.525521 n-d-836015-8 devstack@n-api.service[118040]: DEBUG nova.api.openstack.wsgi [None req-9b5b014a-879f-4a9f-9681-5b0faf842575 tempest-FlavorsExtraSpecsNegativeTestJSON-800301123 tempest-FlavorsExtraSpecsNegativeTestJSON-800301123-project] Returning 403 to user: Policy doesn't allow os_compute_api:os-flavor-extra-specs:delete to be performed. {{(pid=118040) __call__ /opt/stack/nova/nova/api/openstack/wsgi.py:936}}
May 18 18:01:00.528052 n-d-836015-8 devstack@n-api.service[118040]: INFO nova.api.openstack.requestlog [None req-9b5b014a-879f-4a9f-9681-5b0faf842575 tempest-FlavorsExtraSpecsNegativeTestJSON-800301123 tempest-FlavorsExtraSpecsNegativeTestJSON-800301123-project] 10.222.0.86 "DELETE /compute/v2.1/flavors/1276830928/os-extra_specs/hw:numa_nodes" status: 403 len: 124 microversion: 2.1 time: 0.017523
May 18 18:01:00.530443 n-d-836015-8 devstack@n-api.service[118040]: [pid: 118040|app: 0|req: 95/175] 10.222.0.86 () {58 vars in 1247 bytes} [Wed May 18 18:01:00 2022] DELETE /compute/v2.1/flavors/1276830928/os-extra_specs/hw:numa_nodes => generated 124 bytes in 21 msecs (HTTP/1.1 403) 9 headers in 379 bytes (1 switches on core 0)
May 18 18:01:00.531591 n-d-836015-8 devstack@n-api.service[118041]: DEBUG oslo_concurrency.lockutils [None req-f1ddc474-bbc5-4276-b19d-f7666912375d tempest-HypervisorAdminV228Test-507571644 tempest-HypervisorAdminV228Test-507571644-project-admin] Lock "979c47f3-f5ca-4262-b0f8-e21c891d4d5e" acquired by "nova.context.set_target_cell..get_or_set_cached_cell_and_set_connections" :: waited 0.000s {{(pid=118041) inner /usr/local/lib/python3.8/dist-packages/oslo_concurrency/lockutils.py:355}}
May 18 18:01:00.535363 n-d-836015-8 devstack@n-api.service[118041]: DEBUG oslo_concurrency.lockutils [None req-f1ddc474-bbc5-4276-b19d-f7666912375d tempest-HypervisorAdminV228Test-507571644 tempest-HypervisorAdminV228Test-507571644-project-admin] Lock "979c47f3-f5ca-4262-b0f8-e21c891d4d5e" released by "nova.context.set_target_cell..get_or_set_cached_cell_and_set_connections" :: held 0.004s {{(pid=118041) inner /usr/local/lib/python3.8/dist-packages/oslo_concurrency/lockutils.py:367}}
May 18 18:01:00.544088 n-d-836015-8 devstack@n-api.service[118040]: DEBUG nova.api.openstack.wsgi [None req-85ae4c36-0f87-477c-9897-65aa063a6af7 tempest-FlavorsExtraSpecsNegativeTestJSON-241376836 tempest-FlavorsExtraSpecsNegativeTestJSON-241376836-project-admin] Action: 'create', calling method: >, body: {"extra_specs": {"hw:numa_nodes": "1", "hw:cpu_policy": "shared"}} {{(pid=118040) _process_stack /opt/stack/nova/nova/api/openstack/wsgi.py:511}}
May 18 18:01:00.547412 n-d-836015-8 devstack@n-api.service[118040]: /usr/local/lib/python3.8/dist-packages/oslo_policy/policy.py:1075: UserWarning: Policy os_compute_api:os-flavor-extra-specs:create failed scope check. The token used to make the request was project scoped but the policy requires ['system'] scope. This behavior may change in the future where using the intended scope is required
May 18 18:01:00.547412 n-d-836015-8 devstack@n-api.service[118040]: warnings.warn(msg)
May 18 18:01:00.584453 n-d-836015-8 devstack@n-api.service[118041]: DEBUG oslo_concurrency.lockutils [None req-f1ddc474-bbc5-4276-b19d-f7666912375d tempest-HypervisorAdminV228Test-507571644 tempest-HypervisorAdminV228Test-507571644-project-admin] Lock "979c47f3-f5ca-4262-b0f8-e21c891d4d5e" acquired by "nova.context.set_target_cell..get_or_set_cached_cell_and_set_connections" :: waited 0.000s {{(pid=118041) inner /usr/local/lib/python3.8/dist-packages/oslo_concurrency/lockutils.py:355}}
May 18 18:01:00.585380 n-d-836015-8 devstack@n-api.service[118041]: DEBUG oslo_concurrency.lockutils [None req-f1ddc474-bbc5-4276-b19d-f7666912375d tempest-HypervisorAdminV228Test-507571644 tempest-HypervisorAdminV228Test-507571644-project-admin] Lock "979c47f3-f5ca-4262-b0f8-e21c891d4d5e" released by "nova.context.set_target_cell..get_or_set_cached_cell_and_set_connections" :: held 0.001s {{(pid=118041) inner /usr/local/lib/python3.8/dist-packages/oslo_concurrency/lockutils.py:367}}
May 18 18:01:00.615959 n-d-836015-8 devstack@n-api.service[118041]: INFO nova.api.openstack.requestlog [None req-f1ddc474-bbc5-4276-b19d-f7666912375d tempest-HypervisorAdminV228Test-507571644 tempest-HypervisorAdminV228Test-507571644-project-admin] 10.222.0.86 "GET /compute/v2.1/os-hypervisors/1" status: 200 len: 718 microversion: 2.28 time: 0.107201
May 18 18:01:00.616700 n-d-836015-8 devstack@n-api.service[118040]: INFO nova.api.openstack.requestlog [None req-85ae4c36-0f87-477c-9897-65aa063a6af7 tempest-FlavorsExtraSpecsNegativeTestJSON-241376836 tempest-FlavorsExtraSpecsNegativeTestJSON-241376836-project-admin] 10.222.0.86 "POST /compute/v2.1/flavors/1276830928/os-extra_specs" status: 200 len: 66 microversion: 2.1 time: 0.081055
May 18 18:01:00.617651 n-d-836015-8 devstack@n-api.service[118041]: [pid: 118041|app: 0|req: 81/177] 10.222.0.86 () {60 vars in 1192 bytes} [Wed May 18 18:01:00 2022] GET /compute/v2.1/os-hypervisors/1 => generated 718 bytes in 113 msecs (HTTP/1.1 200) 9 headers in 359 bytes (1 switches on core 0)
May 18 18:01:00.622162 n-d-836015-8 devstack@n-api.service[118040]: [pid: 118040|app: 0|req: 96/177] 10.222.0.86 () {60 vars in 1223 bytes} [Wed May 18 18:01:00 2022] POST /compute/v2.1/flavors/1276830928/os-extra_specs => generated 66 bytes in 83 msecs (HTTP/1.1 200) 9 headers in 356 bytes (1 switches on core 0)
May 18 18:01:00.626252 n-d-836015-8 devstack@n-api.service[118041]: DEBUG nova.api.openstack.wsgi [None req-982e89f4-8506-48c5-9ee8-d37419670c1b tempest-DeleteServersAdminTestJSON-5550889 tempest-DeleteServersAdminTestJSON-5550889-project] Calling method '>' {{(pid=118041) _process_stack /opt/stack/nova/nova/api/openstack/wsgi.py:513}}
May 18 18:01:00.627172 n-d-836015-8 devstack@n-api.service[118041]: DEBUG nova.compute.api [None req-982e89f4-8506-48c5-9ee8-d37419670c1b tempest-DeleteServersAdminTestJSON-5550889 tempest-DeleteServersAdminTestJSON-5550889-project] [instance: b3c37d88-caae-4f99-931a-b0c0a2f5f453] Fetching instance by UUID {{(pid=118041) get /opt/stack/nova/nova/compute/api.py:2865}}
May 18 18:01:00.639830 n-d-836015-8 devstack@n-api.service[118041]: DEBUG oslo_concurrency.lockutils [None req-982e89f4-8506-48c5-9ee8-d37419670c1b tempest-DeleteServersAdminTestJSON-5550889 tempest-DeleteServersAdminTestJSON-5550889-project] Lock "979c47f3-f5ca-4262-b0f8-e21c891d4d5e" acquired by "nova.context.set_target_cell..get_or_set_cached_cell_and_set_connections" :: waited 0.000s {{(pid=118041) inner /usr/local/lib/python3.8/dist-packages/oslo_concurrency/lockutils.py:355}}
May 18 18:01:00.640541 n-d-836015-8 devstack@n-api.service[118041]: DEBUG oslo_concurrency.lockutils [None req-982e89f4-8506-48c5-9ee8-d37419670c1b tempest-DeleteServersAdminTestJSON-5550889 tempest-DeleteServersAdminTestJSON-5550889-project] Lock "979c47f3-f5ca-4262-b0f8-e21c891d4d5e" released by "nova.context.set_target_cell..get_or_set_cached_cell_and_set_connections" :: held 0.001s {{(pid=118041) inner /usr/local/lib/python3.8/dist-packages/oslo_concurrency/lockutils.py:367}}
May 18 18:01:00.643656 n-d-836015-8 devstack@n-api.service[118040]: DEBUG nova.api.openstack.wsgi [None req-5bcef3d6-061a-4817-b2d3-ac341389e531 tempest-FlavorsExtraSpecsNegativeTestJSON-800301123 tempest-FlavorsExtraSpecsNegativeTestJSON-800301123-project] Action: 'update', calling method: >, body: {"hw:numa_nodes": "1"} {{(pid=118040) _process_stack /opt/stack/nova/nova/api/openstack/wsgi.py:511}}
May 18 18:01:00.644939 n-d-836015-8 devstack@n-api.service[118041]: DEBUG oslo_concurrency.lockutils [None req-982e89f4-8506-48c5-9ee8-d37419670c1b tempest-DeleteServersAdminTestJSON-5550889 tempest-DeleteServersAdminTestJSON-5550889-project] Lock "979c47f3-f5ca-4262-b0f8-e21c891d4d5e" acquired by "nova.context.set_target_cell..get_or_set_cached_cell_and_set_connections" :: waited 0.000s {{(pid=118041) inner /usr/local/lib/python3.8/dist-packages/oslo_concurrency/lockutils.py:355}}
May 18 18:01:00.645474 n-d-836015-8 devstack@n-api.service[118041]: DEBUG oslo_concurrency.lockutils [None req-982e89f4-8506-48c5-9ee8-d37419670c1b tempest-DeleteServersAdminTestJSON-5550889 tempest-DeleteServersAdminTestJSON-5550889-project] Lock "979c47f3-f5ca-4262-b0f8-e21c891d4d5e" released by "nova.context.set_target_cell..get_or_set_cached_cell_and_set_connections" :: held 0.004s {{(pid=118041) inner /usr/local/lib/python3.8/dist-packages/oslo_concurrency/lockutils.py:367}}
May 18 18:01:00.650356 n-d-836015-8 devstack@n-api.service[118040]: /usr/local/lib/python3.8/dist-packages/oslo_policy/policy.py:1075: UserWarning: Policy os_compute_api:os-flavor-extra-specs:update failed scope check. The token used to make the request was project scoped but the policy requires ['system'] scope. This behavior may change in the future where using the intended scope is required
May 18 18:01:00.650356 n-d-836015-8 devstack@n-api.service[118040]: warnings.warn(msg)
May 18 18:01:00.657992 n-d-836015-8 devstack@n-api.service[118040]: DEBUG nova.policy [None req-5bcef3d6-061a-4817-b2d3-ac341389e531 tempest-FlavorsExtraSpecsNegativeTestJSON-800301123 tempest-FlavorsExtraSpecsNegativeTestJSON-800301123-project] Policy check for os_compute_api:os-flavor-extra-specs:update failed with credentials {'is_admin': False, 'user_id': '7cb81f3a073f44e4a8b7805e9faa2ab9', 'user_domain_id': 'default', 'system_scope': None, 'domain_id': None, 'project_id': 'b9cd259ef8394a1799a56d57ccbb1955', 'project_domain_id': 'default', 'roles': ['reader', 'member'], 'is_admin_project': True, 'service_user_id': None, 'service_user_domain_id': None, 'service_project_id': None, 'service_project_domain_id': None, 'service_roles': []} {{(pid=118040) authorize /opt/stack/nova/nova/policy.py:199}}
May 18 18:01:00.660109 n-d-836015-8 devstack@n-api.service[118040]: DEBUG nova.api.openstack.wsgi [None req-5bcef3d6-061a-4817-b2d3-ac341389e531 tempest-FlavorsExtraSpecsNegativeTestJSON-800301123 tempest-FlavorsExtraSpecsNegativeTestJSON-800301123-project] Returning 403 to user: Policy doesn't allow os_compute_api:os-flavor-extra-specs:update to be performed. {{(pid=118040) __call__ /opt/stack/nova/nova/api/openstack/wsgi.py:936}}
May 18 18:01:00.665488 n-d-836015-8 devstack@n-api.service[118040]: INFO nova.api.openstack.requestlog [None req-5bcef3d6-061a-4817-b2d3-ac341389e531 tempest-FlavorsExtraSpecsNegativeTestJSON-800301123 tempest-FlavorsExtraSpecsNegativeTestJSON-800301123-project] 10.222.0.86 "PUT /compute/v2.1/flavors/1276830928/os-extra_specs/hw:numa_nodes" status: 403 len: 124 microversion: 2.1 time: 0.042099
May 18 18:01:00.671324 n-d-836015-8 devstack@n-api.service[118040]: [pid: 118040|app: 0|req: 97/178] 10.222.0.86 () {60 vars in 1264 bytes} [Wed May 18 18:01:00 2022] PUT /compute/v2.1/flavors/1276830928/os-extra_specs/hw:numa_nodes => generated 124 bytes in 48 msecs (HTTP/1.1 403) 9 headers in 379 bytes (1 switches on core 0)
May 18 18:01:00.688895 n-d-836015-8 devstack@n-api.service[118040]: DEBUG nova.api.openstack.wsgi [None req-88ad110c-4fda-43ea-970c-e77608e2eca7 tempest-FlavorsExtraSpecsNegativeTestJSON-241376836 tempest-FlavorsExtraSpecsNegativeTestJSON-241376836-project-admin] Calling method '>' {{(pid=118040) _process_stack /opt/stack/nova/nova/api/openstack/wsgi.py:513}}
May 18 18:01:00.720784 n-d-836015-8 devstack@n-api.service[118040]: INFO nova.api.openstack.wsgi [None req-88ad110c-4fda-43ea-970c-e77608e2eca7 tempest-FlavorsExtraSpecsNegativeTestJSON-241376836 tempest-FlavorsExtraSpecsNegativeTestJSON-241376836-project-admin] HTTP exception thrown: Flavor 1276830928 has no extra specs with key hw:cpu_thread_policy.
May 18 18:01:00.721388 n-d-836015-8 devstack@n-api.service[118040]: DEBUG nova.api.openstack.wsgi [None req-88ad110c-4fda-43ea-970c-e77608e2eca7 tempest-FlavorsExtraSpecsNegativeTestJSON-241376836 tempest-FlavorsExtraSpecsNegativeTestJSON-241376836-project-admin] Returning 404 to user: Flavor 1276830928 has no extra specs with key hw:cpu_thread_policy. {{(pid=118040) __call__ /opt/stack/nova/nova/api/openstack/wsgi.py:936}}
May 18 18:01:00.722224 n-d-836015-8 devstack@n-api.service[118040]: INFO nova.api.openstack.requestlog [None req-88ad110c-4fda-43ea-970c-e77608e2eca7 tempest-FlavorsExtraSpecsNegativeTestJSON-241376836 tempest-FlavorsExtraSpecsNegativeTestJSON-241376836-project-admin] 10.222.0.86 "DELETE /compute/v2.1/flavors/1276830928/os-extra_specs/hw:cpu_thread_policy" status: 404 len: 113 microversion: 2.1 time: 0.048171
May 18 18:01:00.726932 n-d-836015-8 devstack@n-api.service[118040]: [pid: 118040|app: 0|req: 98/179] 10.222.0.86 () {58 vars in 1268 bytes} [Wed May 18 18:01:00 2022] DELETE /compute/v2.1/flavors/1276830928/os-extra_specs/hw:cpu_thread_policy => generated 113 bytes in 53 msecs (HTTP/1.1 404) 9 headers in 379 bytes (1 switches on core 0)
May 18 18:01:00.738789 n-d-836015-8 devstack@n-api.service[118040]: DEBUG nova.api.openstack.wsgi [None req-fc38269e-b122-42af-8de0-2a262ebdae3d tempest-FlavorsExtraSpecsNegativeTestJSON-241376836 tempest-FlavorsExtraSpecsNegativeTestJSON-241376836-project-admin] Action: 'update', calling method: >, body: {"hw:cpu_policy": "shared"} {{(pid=118040) _process_stack /opt/stack/nova/nova/api/openstack/wsgi.py:511}}
May 18 18:01:00.746693 n-d-836015-8 devstack@n-api.service[118040]: INFO nova.api.openstack.wsgi [None req-fc38269e-b122-42af-8de0-2a262ebdae3d tempest-FlavorsExtraSpecsNegativeTestJSON-241376836 tempest-FlavorsExtraSpecsNegativeTestJSON-241376836-project-admin] HTTP exception thrown: Request body and URI mismatch
May 18 18:01:00.747576 n-d-836015-8 devstack@n-api.service[118040]: DEBUG nova.api.openstack.wsgi [None req-fc38269e-b122-42af-8de0-2a262ebdae3d tempest-FlavorsExtraSpecsNegativeTestJSON-241376836 tempest-FlavorsExtraSpecsNegativeTestJSON-241376836-project-admin] Returning 400 to user: Request body and URI mismatch {{(pid=118040) __call__ /opt/stack/nova/nova/api/openstack/wsgi.py:936}}
May 18 18:01:00.753302 n-d-836015-8 devstack@n-api.service[118040]: INFO nova.api.openstack.requestlog [None req-fc38269e-b122-42af-8de0-2a262ebdae3d tempest-FlavorsExtraSpecsNegativeTestJSON-241376836 tempest-FlavorsExtraSpecsNegativeTestJSON-241376836-project-admin] 10.222.0.86 "PUT /compute/v2.1/flavors/1276830928/os-extra_specs/hw:numa_nodes" status: 400 len: 73 microversion: 2.1 time: 0.020141
May 18 18:01:00.754736 n-d-836015-8 devstack@n-api.service[118040]: [pid: 118040|app: 0|req: 99/180] 10.222.0.86 () {60 vars in 1264 bytes} [Wed May 18 18:01:00 2022] PUT /compute/v2.1/flavors/1276830928/os-extra_specs/hw:numa_nodes => generated 73 bytes in 22 msecs (HTTP/1.1 400) 9 headers in 380 bytes (1 switches on core 0)
May 18 18:01:00.765943 n-d-836015-8 devstack@n-api.service[118040]: DEBUG nova.api.openstack.wsgi [None req-0e8ec3b9-287c-40de-99aa-be4c8cbf8f87 tempest-FlavorsExtraSpecsNegativeTestJSON-241376836 tempest-FlavorsExtraSpecsNegativeTestJSON-241376836-project-admin] Action: 'update', calling method: >, body: {"hw:numa_nodes": "1", "hw:cpu_policy": "shared"} {{(pid=118040) _process_stack /opt/stack/nova/nova/api/openstack/wsgi.py:511}}
May 18 18:01:00.769877 n-d-836015-8 devstack@n-api.service[118040]: DEBUG nova.api.openstack.wsgi [None req-0e8ec3b9-287c-40de-99aa-be4c8cbf8f87 tempest-FlavorsExtraSpecsNegativeTestJSON-241376836 tempest-FlavorsExtraSpecsNegativeTestJSON-241376836-project-admin] Returning 400 to user: {'hw:numa_nodes': '1', 'hw:cpu_policy': 'shared'} has too many properties {{(pid=118040) __call__ /opt/stack/nova/nova/api/openstack/wsgi.py:936}}
May 18 18:01:00.772176 n-d-836015-8 devstack@n-api.service[118040]: INFO nova.api.openstack.requestlog [None req-0e8ec3b9-287c-40de-99aa-be4c8cbf8f87 tempest-FlavorsExtraSpecsNegativeTestJSON-241376836 tempest-FlavorsExtraSpecsNegativeTestJSON-241376836-project-admin] 10.222.0.86 "PUT /compute/v2.1/flavors/1276830928/os-extra_specs/hw:numa_nodes" status: 400 len: 117 microversion: 2.1 time: 0.010691
May 18 18:01:00.775300 n-d-836015-8 devstack@n-api.service[118040]: [pid: 118040|app: 0|req: 100/181] 10.222.0.86 () {60 vars in 1264 bytes} [Wed May 18 18:01:00 2022] PUT /compute/v2.1/flavors/1276830928/os-extra_specs/hw:numa_nodes => generated 117 bytes in 14 msecs (HTTP/1.1 400) 9 headers in 381 bytes (1 switches on core 0)
May 18 18:01:00.789250 n-d-836015-8 devstack@n-api.service[118040]: DEBUG nova.api.openstack.wsgi [None req-0d9616c8-f98b-4a22-8fd2-e72926bd033a tempest-FlavorsExtraSpecsNegativeTestJSON-241376836 tempest-FlavorsExtraSpecsNegativeTestJSON-241376836-project-admin] Calling method '>' {{(pid=118040) _process_stack /opt/stack/nova/nova/api/openstack/wsgi.py:513}}
May 18 18:01:00.790150 n-d-836015-8 devstack@n-api.service[118040]: /usr/local/lib/python3.8/dist-packages/oslo_policy/policy.py:1075: UserWarning: Policy os_compute_api:os-flavor-manage:delete failed scope check. The token used to make the request was project scoped but the policy requires ['system'] scope. This behavior may change in the future where using the intended scope is required
May 18 18:01:00.790150 n-d-836015-8 devstack@n-api.service[118040]: warnings.warn(msg)
May 18 18:01:00.828845 n-d-836015-8 devstack@n-api.service[118040]: INFO nova.api.openstack.requestlog [None req-0d9616c8-f98b-4a22-8fd2-e72926bd033a tempest-FlavorsExtraSpecsNegativeTestJSON-241376836 tempest-FlavorsExtraSpecsNegativeTestJSON-241376836-project-admin] 10.222.0.86 "DELETE /compute/v2.1/flavors/1276830928" status: 202 len: 0 microversion: 2.1 time: 0.048232
May 18 18:01:00.830027 n-d-836015-8 devstack@n-api.service[118040]: [pid: 118040|app: 0|req: 101/182] 10.222.0.86 () {58 vars in 1160 bytes} [Wed May 18 18:01:00 2022] DELETE /compute/v2.1/flavors/1276830928 => generated 0 bytes in 51 msecs (HTTP/1.1 202) 9 headers in 361 bytes (1 switches on core 0)
May 18 18:01:00.838103 n-d-836015-8 devstack@n-api.service[118040]: DEBUG nova.api.openstack.wsgi [None req-7c6090d5-bd11-4d9c-a0be-4700d75ce6b8 tempest-FlavorsExtraSpecsNegativeTestJSON-241376836 tempest-FlavorsExtraSpecsNegativeTestJSON-241376836-project-admin] Calling method '>' {{(pid=118040) _process_stack /opt/stack/nova/nova/api/openstack/wsgi.py:513}}
May 18 18:01:00.886032 n-d-836015-8 devstack@n-api.service[118040]: INFO nova.api.openstack.requestlog [None req-7c6090d5-bd11-4d9c-a0be-4700d75ce6b8 tempest-FlavorsExtraSpecsNegativeTestJSON-241376836 tempest-FlavorsExtraSpecsNegativeTestJSON-241376836-project-admin] 10.222.0.86 "GET /compute/v2.1/flavors/detail" status: 200 len: 4991 microversion: 2.1 time: 0.050678
May 18 18:01:00.888992 n-d-836015-8 devstack@n-api.service[118040]: [pid: 118040|app: 0|req: 102/183] 10.222.0.86 () {58 vars in 1145 bytes} [Wed May 18 18:01:00 2022] GET /compute/v2.1/flavors/detail => generated 4991 bytes in 56 msecs (HTTP/1.1 200) 9 headers in 358 bytes (2 switches on core 0)
May 18 18:01:00.921067 n-d-836015-8 devstack@n-api.service[118040]: DEBUG nova.api.openstack.wsgi [None req-425b0d20-03a1-4205-8564-d4daa8399042 tempest-MigrationsAdminTest-246577258 tempest-MigrationsAdminTest-246577258-project] Calling method '>' {{(pid=118040) _process_stack /opt/stack/nova/nova/api/openstack/wsgi.py:513}}
May 18 18:01:00.922050 n-d-836015-8 devstack@n-api.service[118040]: DEBUG nova.compute.api [None req-425b0d20-03a1-4205-8564-d4daa8399042 tempest-MigrationsAdminTest-246577258 tempest-MigrationsAdminTest-246577258-project] [instance: b49abf95-4642-4aeb-9edf-f70216bd3ade] Fetching instance by UUID {{(pid=118040) get /opt/stack/nova/nova/compute/api.py:2865}}
May 18 18:01:00.937942 n-d-836015-8 devstack@n-api.service[118040]: DEBUG oslo_concurrency.lockutils [None req-425b0d20-03a1-4205-8564-d4daa8399042 tempest-MigrationsAdminTest-246577258 tempest-MigrationsAdminTest-246577258-project] Lock "979c47f3-f5ca-4262-b0f8-e21c891d4d5e" acquired by "nova.context.set_target_cell..get_or_set_cached_cell_and_set_connections" :: waited 0.000s {{(pid=118040) inner /usr/local/lib/python3.8/dist-packages/oslo_concurrency/lockutils.py:355}}
May 18 18:01:00.938392 n-d-836015-8 devstack@n-api.service[118040]: DEBUG oslo_concurrency.lockutils [None req-425b0d20-03a1-4205-8564-d4daa8399042 tempest-MigrationsAdminTest-246577258 tempest-MigrationsAdminTest-246577258-project] Lock "979c47f3-f5ca-4262-b0f8-e21c891d4d5e" released by "nova.context.set_target_cell..get_or_set_cached_cell_and_set_connections" :: held 0.001s {{(pid=118040) inner /usr/local/lib/python3.8/dist-packages/oslo_concurrency/lockutils.py:367}}
