Apr 20 13:00:41.033859 n-d-836015-7 neutron-server[114869]: DEBUG neutron_lib.callbacks.manager [req-923ca2c9-6c2b-4f95-926b-39a21d734cc2 req-37f06544-5f30-40c8-bf3c-c83ba821b483 tempest-FloatingIPsAssociationNegativeTestJSON-1578673428 tempest-FloatingIPsAssociationNegativeTestJSON-1578673428-project] Notify callbacks ['neutron.db.l3_db.L3_NAT_dbonly_mixin._prevent_l3_port_delete_callback-8759760594261'] for port, before_delete {{(pid=114869) _notify_loop /usr/local/lib/python3.8/dist-packages/neutron_lib/callbacks/manager.py:192}}
Apr 20 13:00:41.114810 n-d-836015-7 neutron-server[114869]: DEBUG neutron_lib.callbacks.manager [req-923ca2c9-6c2b-4f95-926b-39a21d734cc2 req-37f06544-5f30-40c8-bf3c-c83ba821b483 tempest-FloatingIPsAssociationNegativeTestJSON-1578673428 tempest-FloatingIPsAssociationNegativeTestJSON-1578673428-project] Notify callbacks ['neutron.services.l3_router.l3_router_plugin.L3_NAT_dbonly_mixin._precommit_delete_port_callback-534188'] for port, precommit_delete {{(pid=114869) _notify_loop /usr/local/lib/python3.8/dist-packages/neutron_lib/callbacks/manager.py:192}}
Apr 20 13:00:41.115255 n-d-836015-7 neutron-server[114869]: DEBUG neutron_lib.callbacks.manager [req-923ca2c9-6c2b-4f95-926b-39a21d734cc2 req-37f06544-5f30-40c8-bf3c-c83ba821b483 tempest-FloatingIPsAssociationNegativeTestJSON-1578673428 tempest-FloatingIPsAssociationNegativeTestJSON-1578673428-project] Notify callbacks [] for floatingip, precommit_delete {{(pid=114869) _notify_loop /usr/local/lib/python3.8/dist-packages/neutron_lib/callbacks/manager.py:192}}
Apr 20 13:00:41.129534 n-d-836015-7 neutron-server[114869]: DEBUG neutron.plugins.ml2.plugin [req-923ca2c9-6c2b-4f95-926b-39a21d734cc2 req-37f06544-5f30-40c8-bf3c-c83ba821b483 tempest-FloatingIPsAssociationNegativeTestJSON-1578673428 tempest-FloatingIPsAssociationNegativeTestJSON-1578673428-project] Calling delete_port for 861e48a7-ef25-4774-ad5b-92241e3a1562 owned by network:floatingip {{(pid=114869) delete_port /opt/stack/neutron/neutron/plugins/ml2/plugin.py:2062}}
Apr 20 13:00:41.164873 n-d-836015-7 neutron-server[114870]: DEBUG neutron.wsgi [-] (114870) accepted ('10.222.0.25', 53850) {{(pid=114870) server /usr/local/lib/python3.8/dist-packages/eventlet/wsgi.py:982}}
Apr 20 13:00:41.269675 n-d-836015-7 neutron-server[114870]: DEBUG neutron_lib.callbacks.manager [None req-1af0ac11-7364-4271-aa92-8c3e3a99d1af admin admin] Notify callbacks [] for security_group, before_create {{(pid=114870) _notify_loop /usr/local/lib/python3.8/dist-packages/neutron_lib/callbacks/manager.py:192}}
Apr 20 13:00:41.369288 n-d-836015-7 neutron-server[114869]: DEBUG neutron_lib.callbacks.manager [req-923ca2c9-6c2b-4f95-926b-39a21d734cc2 req-37f06544-5f30-40c8-bf3c-c83ba821b483 tempest-FloatingIPsAssociationNegativeTestJSON-1578673428 tempest-FloatingIPsAssociationNegativeTestJSON-1578673428-project] Notify callbacks ['neutron.plugins.ml2.plugin.SecurityGroupServerNotifierRpcMixin._notify_sg_on_port_change-1583946', 'neutron.plugins.ml2.ovo_rpc._ObjectChangeHandler.handle_event-49445', 'neutron.api.rpc.agentnotifiers.dhcp_rpc_agent_api.DhcpAgentNotifyAPI._native_event_send_dhcp_notification-586427', 'neutron.db.l3_db.L3RpcNotifierMixin._notify_routers_callback-8759760601519', 'neutron.db.l3_dvrscheduler_db._notify_port_delete-8759760075484'] for port, after_delete {{(pid=114869) _notify_loop /usr/local/lib/python3.8/dist-packages/neutron_lib/callbacks/manager.py:192}}
Apr 20 13:00:41.394815 n-d-836015-7 neutron-server[114869]: DEBUG neutron.api.rpc.handlers.resources_rpc [None req-37f06544-5f30-40c8-bf3c-c83ba821b483 tempest-FloatingIPsAssociationNegativeTestJSON-1578673428 tempest-FloatingIPsAssociationNegativeTestJSON-1578673428-project] Pushing event deleted for resources: {'Port': ['ID=861e48a7-ef25-4774-ad5b-92241e3a1562,revision_number=None']} {{(pid=114869) push /opt/stack/neutron/neutron/api/rpc/handlers/resources_rpc.py:237}}
Apr 20 13:00:41.426129 n-d-836015-7 neutron-server[114870]: DEBUG neutron_lib.callbacks.manager [None req-1af0ac11-7364-4271-aa92-8c3e3a99d1af admin admin] Notify callbacks [] for security_group, precommit_create {{(pid=114870) _notify_loop /usr/local/lib/python3.8/dist-packages/neutron_lib/callbacks/manager.py:192}}
Apr 20 13:00:41.430062 n-d-836015-7 neutron-server[114869]: DEBUG neutron_lib.callbacks.manager [req-923ca2c9-6c2b-4f95-926b-39a21d734cc2 req-37f06544-5f30-40c8-bf3c-c83ba821b483 tempest-FloatingIPsAssociationNegativeTestJSON-1578673428 tempest-FloatingIPsAssociationNegativeTestJSON-1578673428-project] Notify callbacks [] for floatingip, after_delete {{(pid=114869) _notify_loop /usr/local/lib/python3.8/dist-packages/neutron_lib/callbacks/manager.py:192}}
Apr 20 13:00:41.433208 n-d-836015-7 neutron-server[114869]: DEBUG neutron_lib.callbacks.manager [req-923ca2c9-6c2b-4f95-926b-39a21d734cc2 req-37f06544-5f30-40c8-bf3c-c83ba821b483 tempest-FloatingIPsAssociationNegativeTestJSON-1578673428 tempest-FloatingIPsAssociationNegativeTestJSON-1578673428-project] Notify callbacks ['neutron.notifiers.nova.Notifier._send_nova_notification-40054'] for floatingip, before_response {{(pid=114869) _notify_loop /usr/local/lib/python3.8/dist-packages/neutron_lib/callbacks/manager.py:192}}
Apr 20 13:00:41.434344 n-d-836015-7 neutron-server[114869]: INFO neutron.wsgi [req-923ca2c9-6c2b-4f95-926b-39a21d734cc2 req-37f06544-5f30-40c8-bf3c-c83ba821b483 tempest-FloatingIPsAssociationNegativeTestJSON-1578673428 tempest-FloatingIPsAssociationNegativeTestJSON-1578673428-project] 10.222.0.25 "DELETE /v2.0/floatingips/ca88cbfd-4f71-4819-b751-c6fc7e1d45ad HTTP/1.1" status: 204 len: 173 time: 0.5228851
Apr 20 13:00:41.505672 n-d-836015-7 neutron-server[114870]: DEBUG neutron_lib.callbacks.manager [None req-1af0ac11-7364-4271-aa92-8c3e3a99d1af admin admin] Notify callbacks ['neutron.plugins.ml2.ovo_rpc._ObjectChangeHandler.handle_event-635467'] for security_group, after_create {{(pid=114870) _notify_loop /usr/local/lib/python3.8/dist-packages/neutron_lib/callbacks/manager.py:192}}
Apr 20 13:00:41.545743 n-d-836015-7 neutron-server[114870]: INFO neutron.wsgi [None req-1af0ac11-7364-4271-aa92-8c3e3a99d1af admin admin] 10.222.0.25 "GET /v2.0/security-groups?tenant_id=a5f62684a2dd47fb947ef71f8be0f0b2&name=default HTTP/1.1" status: 200 len: 2979 time: 0.3797760
Apr 20 13:00:41.547769 n-d-836015-7 neutron-server[114870]: DEBUG neutron.api.rpc.handlers.resources_rpc [None req-1af0ac11-7364-4271-aa92-8c3e3a99d1af admin admin] Pushing event updated for resources: {'SecurityGroup': ['ID=22f64cef-bf70-4d64-a5c3-464f5bb5d5da,revision_number=1']} {{(pid=114870) push /opt/stack/neutron/neutron/api/rpc/handlers/resources_rpc.py:237}}
Apr 20 13:00:41.548486 n-d-836015-7 neutron-server[114869]: DEBUG neutron.wsgi [-] (114869) accepted ('10.222.0.25', 53864) {{(pid=114869) server /usr/local/lib/python3.8/dist-packages/eventlet/wsgi.py:982}}
Apr 20 13:00:41.600800 n-d-836015-7 neutron-server[114869]: DEBUG neutron_lib.callbacks.manager [None req-41e2764a-981b-49e2-bc1c-9075f321dc73 admin admin] Notify callbacks [] for security_group, before_delete {{(pid=114869) _notify_loop /usr/local/lib/python3.8/dist-packages/neutron_lib/callbacks/manager.py:192}}
Apr 20 13:00:41.631960 n-d-836015-7 neutron-server[114869]: DEBUG neutron_lib.callbacks.manager [None req-41e2764a-981b-49e2-bc1c-9075f321dc73 admin admin] Notify callbacks [] for security_group, precommit_delete {{(pid=114869) _notify_loop /usr/local/lib/python3.8/dist-packages/neutron_lib/callbacks/manager.py:192}}
Apr 20 13:00:41.763927 n-d-836015-7 neutron-server[114869]: DEBUG neutron_lib.callbacks.manager [None req-41e2764a-981b-49e2-bc1c-9075f321dc73 admin admin] Notify callbacks ['neutron.plugins.ml2.ovo_rpc._ObjectChangeHandler.handle_event-635467'] for security_group, after_delete {{(pid=114869) _notify_loop /usr/local/lib/python3.8/dist-packages/neutron_lib/callbacks/manager.py:192}}
Apr 20 13:00:41.766380 n-d-836015-7 neutron-server[114869]: DEBUG neutron_lib.callbacks.manager [None req-41e2764a-981b-49e2-bc1c-9075f321dc73 admin admin] Notify callbacks [] for security_group, before_response {{(pid=114869) _notify_loop /usr/local/lib/python3.8/dist-packages/neutron_lib/callbacks/manager.py:192}}
Apr 20 13:00:41.767485 n-d-836015-7 neutron-server[114869]: INFO neutron.wsgi [None req-41e2764a-981b-49e2-bc1c-9075f321dc73 admin admin] 10.222.0.25 "DELETE /v2.0/security-groups/22f64cef-bf70-4d64-a5c3-464f5bb5d5da HTTP/1.1" status: 204 len: 168 time: 0.2179971
Apr 20 13:00:41.791943 n-d-836015-7 neutron-server[114869]: DEBUG neutron.api.rpc.handlers.resources_rpc [None req-41e2764a-981b-49e2-bc1c-9075f321dc73 admin admin] Pushing event deleted for resources: {'SecurityGroup': ['ID=22f64cef-bf70-4d64-a5c3-464f5bb5d5da,revision_number=None']} {{(pid=114869) push /opt/stack/neutron/neutron/api/rpc/handlers/resources_rpc.py:237}}
Apr 20 13:00:41.825149 n-d-836015-7 neutron-server[114869]: DEBUG neutron.pecan_wsgi.hooks.policy_enforcement [req-2fd48230-6a98-4931-b132-61bbf44981f0 req-0df53da2-8cc2-4dd2-9926-9a198ac3a2ab tempest-DeleteServersAdminTestJSON-217583692 tempest-DeleteServersAdminTestJSON-217583692-project] Attributes excluded by policy engine: ['standard_attr_id', 'binding:profile', 'binding:host_id', 'binding:vif_type', 'binding:vif_details'] {{(pid=114869) _exclude_attributes_by_policy /opt/stack/neutron/neutron/pecan_wsgi/hooks/policy_enforcement.py:259}}
Apr 20 13:00:41.826771 n-d-836015-7 neutron-server[114869]: INFO neutron.wsgi [req-2fd48230-6a98-4931-b132-61bbf44981f0 req-0df53da2-8cc2-4dd2-9926-9a198ac3a2ab tempest-DeleteServersAdminTestJSON-217583692 tempest-DeleteServersAdminTestJSON-217583692-project] 10.222.0.25 "GET /v2.0/ports?device_id=7b27bae7-d697-4e8b-aa4f-e9e67dc621b2 HTTP/1.1" status: 200 len: 948 time: 0.0731971
Apr 20 13:00:41.866584 n-d-836015-7 neutron-server[114869]: INFO neutron.wsgi [req-2fd48230-6a98-4931-b132-61bbf44981f0 req-f715bd65-98b2-41d6-9c65-0312dd446e3a tempest-DeleteServersAdminTestJSON-217583692 tempest-DeleteServersAdminTestJSON-217583692-project] 10.222.0.25 "GET /v2.0/security-groups?id=e0d73d3f-36b4-46ee-bfc6-6fcca6e5b25a&fields=id&fields=name HTTP/1.1" status: 200 len: 286 time: 0.0338213
Apr 20 13:00:42.010407 n-d-836015-7 neutron-server[114869]: DEBUG neutron.pecan_wsgi.hooks.policy_enforcement [req-618c1fb1-bbcd-43fa-9f07-82f05966a6c2 req-4e127ba3-23a1-4e61-aff7-da34ea3d572c tempest-ServersWithSpecificFlavorTestJSON-1221342458 tempest-ServersWithSpecificFlavorTestJSON-1221342458-project] Attributes excluded by policy engine: ['standard_attr_id', 'binding:profile', 'binding:host_id', 'binding:vif_type', 'binding:vif_details'] {{(pid=114869) _exclude_attributes_by_policy /opt/stack/neutron/neutron/pecan_wsgi/hooks/policy_enforcement.py:259}}
Apr 20 13:00:42.011983 n-d-836015-7 neutron-server[114869]: INFO neutron.wsgi [req-618c1fb1-bbcd-43fa-9f07-82f05966a6c2 req-4e127ba3-23a1-4e61-aff7-da34ea3d572c tempest-ServersWithSpecificFlavorTestJSON-1221342458 tempest-ServersWithSpecificFlavorTestJSON-1221342458-project] 10.222.0.25 "GET /v2.0/ports?device_id=90ada35f-5dfa-4966-9ee1-027f16b44d9e HTTP/1.1" status: 200 len: 967 time: 0.0532897
Apr 20 13:00:42.020675 n-d-836015-7 neutron-server[114869]: DEBUG neutron.wsgi [-] (114869) accepted ('10.222.0.25', 53890) {{(pid=114869) server /usr/local/lib/python3.8/dist-packages/eventlet/wsgi.py:982}}
Apr 20 13:00:42.026050 n-d-836015-7 neutron-server[114869]: DEBUG neutron.api.v2.base [None req-25384de7-f2ba-4ae5-9e88-b7d85a83d6a3 tempest-ServersWithSpecificFlavorTestJSON-1221342458 tempest-ServersWithSpecificFlavorTestJSON-1221342458-project] Request body: {'floatingip': {'port_id': 'da650793-56a2-49bf-959a-cde69988c81d'}} {{(pid=114869) prepare_request_body /opt/stack/neutron/neutron/api/v2/base.py:729}}
Apr 20 13:00:42.108907 n-d-836015-7 neutron-server[114869]: DEBUG neutron_lib.callbacks.manager [None req-25384de7-f2ba-4ae5-9e88-b7d85a83d6a3 tempest-ServersWithSpecificFlavorTestJSON-1221342458 tempest-ServersWithSpecificFlavorTestJSON-1221342458-project] Notify callbacks [] for floatingip, before_update {{(pid=114869) _notify_loop /usr/local/lib/python3.8/dist-packages/neutron_lib/callbacks/manager.py:192}}
Apr 20 13:00:42.164995 n-d-836015-7 neutron-server[114871]: DEBUG neutron_lib.callbacks.manager [None req-70b453b0-4eed-4276-bed8-7d3f7a522298 None None] Notify callbacks ['neutron.services.segments.db._update_segment_host_mapping_for_agent-8759760574558', 'neutron.plugins.ml2.plugin.Ml2Plugin._retry_binding_revived_agents-1705620'] for agent, after_update {{(pid=114871) _notify_loop /usr/local/lib/python3.8/dist-packages/neutron_lib/callbacks/manager.py:192}}
Apr 20 13:00:42.205764 n-d-836015-7 neutron-server[114869]: INFO neutron.wsgi [req-9f0123b1-4e5d-4008-b2fe-846b1b76b6be req-3580a43a-142f-44f3-ad4f-3d80d4d0a6df tempest-FloatingIPsAssociationNegativeTestJSON-1578673428 tempest-FloatingIPsAssociationNegativeTestJSON-1578673428-project] 10.222.0.25 "GET /v2.0/floatingips?floating_ip_address=172.25.8.15 HTTP/1.1" status: 200 len: 1001 time: 0.1769016
Apr 20 13:00:42.288438 n-d-836015-7 neutron-server[114869]: DEBUG neutron.pecan_wsgi.hooks.policy_enforcement [req-9f0123b1-4e5d-4008-b2fe-846b1b76b6be req-a2897975-3145-4834-b7dd-d3ce62c0aa69 tempest-FloatingIPsAssociationNegativeTestJSON-1578673428 tempest-FloatingIPsAssociationNegativeTestJSON-1578673428-project] Attributes excluded by policy engine: ['standard_attr_id', 'binding:profile', 'binding:host_id', 'binding:vif_type', 'binding:vif_details'] {{(pid=114869) _exclude_attributes_by_policy /opt/stack/neutron/neutron/pecan_wsgi/hooks/policy_enforcement.py:259}}
Apr 20 13:00:42.289750 n-d-836015-7 neutron-server[114869]: INFO neutron.wsgi [req-9f0123b1-4e5d-4008-b2fe-846b1b76b6be req-a2897975-3145-4834-b7dd-d3ce62c0aa69 tempest-FloatingIPsAssociationNegativeTestJSON-1578673428 tempest-FloatingIPsAssociationNegativeTestJSON-1578673428-project] 10.222.0.25 "GET /v2.0/ports/b4f1a68d-9c8b-49ff-ae1a-a3e65177a8b0 HTTP/1.1" status: 200 len: 943 time: 0.0611746
Apr 20 13:00:42.427485 n-d-836015-7 neutron-server[114870]: DEBUG neutron.wsgi [-] (114870) accepted ('10.222.0.25', 53898) {{(pid=114870) server /usr/local/lib/python3.8/dist-packages/eventlet/wsgi.py:982}}
Apr 20 13:00:42.432378 n-d-836015-7 neutron-server[114869]: INFO neutron.wsgi [req-9f0123b1-4e5d-4008-b2fe-846b1b76b6be req-9f58d93d-97a9-43e1-8e42-43dbd6095ee5 tempest-FloatingIPsAssociationNegativeTestJSON-1578673428 tempest-FloatingIPsAssociationNegativeTestJSON-1578673428-project] 10.222.0.25 "GET /v2.0/floatingips?floating_ip_address=172.25.8.15 HTTP/1.1" status: 200 len: 1001 time: 0.1028371
Apr 20 13:00:42.442334 n-d-836015-7 neutron-server[114870]: DEBUG neutron_lib.callbacks.manager [None req-a907214e-5157-48ae-8544-dc14ff9b52cc admin admin] Notify callbacks [] for security_group, before_create {{(pid=114870) _notify_loop /usr/local/lib/python3.8/dist-packages/neutron_lib/callbacks/manager.py:192}}
Apr 20 13:00:42.536859 n-d-836015-7 neutron-server[114870]: DEBUG neutron_lib.callbacks.manager [None req-a907214e-5157-48ae-8544-dc14ff9b52cc admin admin] Notify callbacks [] for security_group, precommit_create {{(pid=114870) _notify_loop /usr/local/lib/python3.8/dist-packages/neutron_lib/callbacks/manager.py:192}}
Apr 20 13:00:42.593497 n-d-836015-7 neutron-server[114871]: DEBUG neutron_lib.callbacks.manager [None req-6c246d47-e00b-4ba0-9b9a-98aa72799365 None None] Notify callbacks ['neutron.services.segments.db._update_segment_host_mapping_for_agent-8759760574558', 'neutron.plugins.ml2.plugin.Ml2Plugin._retry_binding_revived_agents-1705620'] for agent, after_update {{(pid=114871) _notify_loop /usr/local/lib/python3.8/dist-packages/neutron_lib/callbacks/manager.py:192}}
Apr 20 13:00:42.628062 n-d-836015-7 neutron-server[114870]: DEBUG neutron_lib.callbacks.manager [None req-a907214e-5157-48ae-8544-dc14ff9b52cc admin admin] Notify callbacks ['neutron.plugins.ml2.ovo_rpc._ObjectChangeHandler.handle_event-635467'] for security_group, after_create {{(pid=114870) _notify_loop /usr/local/lib/python3.8/dist-packages/neutron_lib/callbacks/manager.py:192}}
Apr 20 13:00:42.654989 n-d-836015-7 neutron-server[114869]: DEBUG neutron.pecan_wsgi.hooks.policy_enforcement [req-9f0123b1-4e5d-4008-b2fe-846b1b76b6be req-6728f07e-831b-42fc-bc0a-030eaae92ecd tempest-FloatingIPsAssociationNegativeTestJSON-1578673428 tempest-FloatingIPsAssociationNegativeTestJSON-1578673428-project] Attributes excluded by policy engine: ['standard_attr_id', 'vlan_transparent', 'provider:network_type', 'provider:physical_network', 'provider:segmentation_id'] {{(pid=114869) _exclude_attributes_by_policy /opt/stack/neutron/neutron/pecan_wsgi/hooks/policy_enforcement.py:259}}
Apr 20 13:00:42.656384 n-d-836015-7 neutron-server[114869]: INFO neutron.wsgi [req-9f0123b1-4e5d-4008-b2fe-846b1b76b6be req-6728f07e-831b-42fc-bc0a-030eaae92ecd tempest-FloatingIPsAssociationNegativeTestJSON-1578673428 tempest-FloatingIPsAssociationNegativeTestJSON-1578673428-project] 10.222.0.25 "GET /v2.0/networks/08acadad-0b4a-420a-b5f5-639128d4ec40 HTTP/1.1" status: 200 len: 784 time: 0.2159033
Apr 20 13:00:42.671667 n-d-836015-7 neutron-server[114870]: INFO neutron.wsgi [None req-a907214e-5157-48ae-8544-dc14ff9b52cc admin admin] 10.222.0.25 "GET /v2.0/security-groups?tenant_id=aae2e559c77e4bdd9fa3df0fbbd52edb&name=default HTTP/1.1" status: 200 len: 2979 time: 0.2396741
Apr 20 13:00:42.671667 n-d-836015-7 neutron-server[114870]: DEBUG neutron.api.rpc.handlers.resources_rpc [None req-a907214e-5157-48ae-8544-dc14ff9b52cc admin admin] Pushing event updated for resources: {'SecurityGroup': ['ID=e9cdc5a6-2f9f-4042-b11b-c94c7a74637d,revision_number=1']} {{(pid=114870) push /opt/stack/neutron/neutron/api/rpc/handlers/resources_rpc.py:237}}
Apr 20 13:00:42.680728 n-d-836015-7 neutron-server[114870]: DEBUG neutron.wsgi [-] (114870) accepted ('10.222.0.25', 53904) {{(pid=114870) server /usr/local/lib/python3.8/dist-packages/eventlet/wsgi.py:982}}
Apr 20 13:00:42.694001 n-d-836015-7 neutron-server[114870]: DEBUG neutron.api.rpc.callbacks.version_manager [None req-a907214e-5157-48ae-8544-dc14ff9b52cc admin admin] Version for resource type AddressGroup changed None to 1.2 on consumer Open vSwitch agent@n-d-836015-7 {{(pid=114870) _set_version /opt/stack/neutron/neutron/api/rpc/callbacks/version_manager.py:113}}
Apr 20 13:00:42.694367 n-d-836015-7 neutron-server[114870]: DEBUG neutron.api.rpc.callbacks.version_manager [None req-a907214e-5157-48ae-8544-dc14ff9b52cc admin admin] Version for resource type ConntrackHelper changed None to 1.0 on consumer Open vSwitch agent@n-d-836015-7 {{(pid=114870) _set_version /opt/stack/neutron/neutron/api/rpc/callbacks/version_manager.py:113}}
Apr 20 13:00:42.694685 n-d-836015-7 neutron-server[114870]: DEBUG neutron.api.rpc.callbacks.version_manager [None req-a907214e-5157-48ae-8544-dc14ff9b52cc admin admin] Version for resource type Log changed None to 1.0 on consumer Open vSwitch agent@n-d-836015-7 {{(pid=114870) _set_version /opt/stack/neutron/neutron/api/rpc/callbacks/version_manager.py:113}}
Apr 20 13:00:42.695033 n-d-836015-7 neutron-server[114870]: DEBUG neutron.api.rpc.callbacks.version_manager [None req-a907214e-5157-48ae-8544-dc14ff9b52cc admin admin] Version for resource type Network changed None to 1.1 on consumer Open vSwitch agent@n-d-836015-7 {{(pid=114870) _set_version /opt/stack/neutron/neutron/api/rpc/callbacks/version_manager.py:113}}
Apr 20 13:00:42.695528 n-d-836015-7 neutron-server[114870]: DEBUG neutron.api.rpc.callbacks.version_manager [None req-a907214e-5157-48ae-8544-dc14ff9b52cc admin admin] Version for resource type Port changed None to 1.7 on consumer Open vSwitch agent@n-d-836015-7 {{(pid=114870) _set_version /opt/stack/neutron/neutron/api/rpc/callbacks/version_manager.py:113}}
Apr 20 13:00:42.695771 n-d-836015-7 neutron-server[114870]: DEBUG neutron.api.rpc.callbacks.version_manager [None req-a907214e-5157-48ae-8544-dc14ff9b52cc admin admin] Version for resource type PortForwarding changed None to 1.2 on consumer Open vSwitch agent@n-d-836015-7 {{(pid=114870) _set_version /opt/stack/neutron/neutron/api/rpc/callbacks/version_manager.py:113}}
Apr 20 13:00:42.696098 n-d-836015-7 neutron-server[114870]: DEBUG neutron.api.rpc.callbacks.version_manager [None req-a907214e-5157-48ae-8544-dc14ff9b52cc admin admin] Version for resource type QosPolicy changed None to 1.9 on consumer Open vSwitch agent@n-d-836015-7 {{(pid=114870) _set_version /opt/stack/neutron/neutron/api/rpc/callbacks/version_manager.py:113}}
Apr 20 13:00:42.696422 n-d-836015-7 neutron-server[114870]: DEBUG neutron.api.rpc.callbacks.version_manager [None req-a907214e-5157-48ae-8544-dc14ff9b52cc admin admin] Version for resource type SecurityGroup changed None to 1.4 on consumer Open vSwitch agent@n-d-836015-7 {{(pid=114870) _set_version /opt/stack/neutron/neutron/api/rpc/callbacks/version_manager.py:113}}
Apr 20 13:00:42.696806 n-d-836015-7 neutron-server[114870]: DEBUG neutron.api.rpc.callbacks.version_manager [None req-a907214e-5157-48ae-8544-dc14ff9b52cc admin admin] Version for resource type SecurityGroupRule changed None to 1.2 on consumer Open vSwitch agent@n-d-836015-7 {{(pid=114870) _set_version /opt/stack/neutron/neutron/api/rpc/callbacks/version_manager.py:113}}
Apr 20 13:00:42.697626 n-d-836015-7 neutron-server[114870]: DEBUG neutron.api.rpc.callbacks.version_manager [None req-a907214e-5157-48ae-8544-dc14ff9b52cc admin admin] Version for resource type SubPort changed None to 1.0 on consumer Open vSwitch agent@n-d-836015-7 {{(pid=114870) _set_version /opt/stack/neutron/neutron/api/rpc/callbacks/version_manager.py:113}}
Apr 20 13:00:42.697947 n-d-836015-7 neutron-server[114870]: DEBUG neutron.api.rpc.callbacks.version_manager [None req-a907214e-5157-48ae-8544-dc14ff9b52cc admin admin] Version for resource type Subnet changed None to 1.1 on consumer Open vSwitch agent@n-d-836015-7 {{(pid=114870) _set_version /opt/stack/neutron/neutron/api/rpc/callbacks/version_manager.py:113}}
Apr 20 13:00:42.698298 n-d-836015-7 neutron-server[114870]: DEBUG neutron.api.rpc.callbacks.version_manager [None req-a907214e-5157-48ae-8544-dc14ff9b52cc admin admin] Version for resource type Trunk changed None to 1.1 on consumer Open vSwitch agent@n-d-836015-7 {{(pid=114870) _set_version /opt/stack/neutron/neutron/api/rpc/callbacks/version_manager.py:113}}
Apr 20 13:00:42.750956 n-d-836015-7 neutron-server[114870]: DEBUG neutron_lib.callbacks.manager [None req-09f59581-1e29-4475-aa12-13289f9be91e admin admin] Notify callbacks [] for security_group, before_delete {{(pid=114870) _notify_loop /usr/local/lib/python3.8/dist-packages/neutron_lib/callbacks/manager.py:192}}
Apr 20 13:00:42.774044 n-d-836015-7 neutron-server[114870]: DEBUG neutron_lib.callbacks.manager [None req-09f59581-1e29-4475-aa12-13289f9be91e admin admin] Notify callbacks [] for security_group, precommit_delete {{(pid=114870) _notify_loop /usr/local/lib/python3.8/dist-packages/neutron_lib/callbacks/manager.py:192}}
Apr 20 13:00:42.890546 n-d-836015-7 neutron-server[114870]: DEBUG neutron_lib.callbacks.manager [None req-09f59581-1e29-4475-aa12-13289f9be91e admin admin] Notify callbacks ['neutron.plugins.ml2.ovo_rpc._ObjectChangeHandler.handle_event-635467'] for security_group, after_delete {{(pid=114870) _notify_loop /usr/local/lib/python3.8/dist-packages/neutron_lib/callbacks/manager.py:192}}
Apr 20 13:00:42.893294 n-d-836015-7 neutron-server[114870]: DEBUG neutron_lib.callbacks.manager [None req-09f59581-1e29-4475-aa12-13289f9be91e admin admin] Notify callbacks [] for security_group, before_response {{(pid=114870) _notify_loop /usr/local/lib/python3.8/dist-packages/neutron_lib/callbacks/manager.py:192}}
Apr 20 13:00:42.894716 n-d-836015-7 neutron-server[114870]: INFO neutron.wsgi [None req-09f59581-1e29-4475-aa12-13289f9be91e admin admin] 10.222.0.25 "DELETE /v2.0/security-groups/e9cdc5a6-2f9f-4042-b11b-c94c7a74637d HTTP/1.1" status: 204 len: 168 time: 0.2134809
Apr 20 13:00:42.904295 n-d-836015-7 neutron-server[114870]: DEBUG neutron.api.rpc.handlers.resources_rpc [None req-09f59581-1e29-4475-aa12-13289f9be91e admin admin] Pushing event deleted for resources: {'SecurityGroup': ['ID=e9cdc5a6-2f9f-4042-b11b-c94c7a74637d,revision_number=None']} {{(pid=114870) push /opt/stack/neutron/neutron/api/rpc/handlers/resources_rpc.py:237}}
Apr 20 13:00:42.961391 n-d-836015-7 neutron-server[114869]: DEBUG neutron_lib.db.resource_extend [None req-25384de7-f2ba-4ae5-9e88-b7d85a83d6a3 tempest-ServersWithSpecificFlavorTestJSON-1221342458 tempest-ServersWithSpecificFlavorTestJSON-1221342458-project] It took 0.29 seconds to run function 'neutron_lib.db.resource_extend.apply_funcs' {{(pid=114869) wrapper /usr/local/lib/python3.8/dist-packages/oslo_utils/timeutils.py:386}}
Apr 20 13:00:43.007144 n-d-836015-7 neutron-server[114869]: INFO neutron.wsgi [req-9f0123b1-4e5d-4008-b2fe-846b1b76b6be req-6b7826f1-b619-4cd4-a201-d7bf8f7e86fd tempest-FloatingIPsAssociationNegativeTestJSON-1578673428 tempest-FloatingIPsAssociationNegativeTestJSON-1578673428-project] 10.222.0.25 "GET /v2.0/floatingips?floating_ip_address=172.25.8.15 HTTP/1.1" status: 200 len: 1001 time: 0.3394270
Apr 20 13:00:43.020709 n-d-836015-7 neutron-server[114869]: DEBUG neutron.api.v2.base [req-9f0123b1-4e5d-4008-b2fe-846b1b76b6be req-05a7109d-8acf-407d-a0d3-434b26480c90 tempest-FloatingIPsAssociationNegativeTestJSON-1578673428 tempest-FloatingIPsAssociationNegativeTestJSON-1578673428-project] Request body: {'floatingip': {'port_id': None}} {{(pid=114869) prepare_request_body /opt/stack/neutron/neutron/api/v2/base.py:729}}
Apr 20 13:00:43.029204 n-d-836015-7 neutron-server[114869]: DEBUG neutron_lib.callbacks.manager [None req-25384de7-f2ba-4ae5-9e88-b7d85a83d6a3 tempest-ServersWithSpecificFlavorTestJSON-1221342458 tempest-ServersWithSpecificFlavorTestJSON-1221342458-project] Notify callbacks [] for floatingip, precommit_update {{(pid=114869) _notify_loop /usr/local/lib/python3.8/dist-packages/neutron_lib/callbacks/manager.py:192}}
Apr 20 13:00:43.078624 n-d-836015-7 neutron-server[114869]: DEBUG neutron_lib.callbacks.manager [req-9f0123b1-4e5d-4008-b2fe-846b1b76b6be req-05a7109d-8acf-407d-a0d3-434b26480c90 tempest-FloatingIPsAssociationNegativeTestJSON-1578673428 tempest-FloatingIPsAssociationNegativeTestJSON-1578673428-project] Notify callbacks [] for floatingip, before_update {{(pid=114869) _notify_loop /usr/local/lib/python3.8/dist-packages/neutron_lib/callbacks/manager.py:192}}
Apr 20 13:00:43.163480 n-d-836015-7 neutron-server[114869]: DEBUG neutron_lib.callbacks.manager [None req-25384de7-f2ba-4ae5-9e88-b7d85a83d6a3 tempest-ServersWithSpecificFlavorTestJSON-1221342458 tempest-ServersWithSpecificFlavorTestJSON-1221342458-project] Notify callbacks ['neutron.services.l3_router.l3_router_plugin.DVRResourceOperationHandler._create_dvr_floating_gw_port-537421'] for floatingip, after_update {{(pid=114869) _notify_loop /usr/local/lib/python3.8/dist-packages/neutron_lib/callbacks/manager.py:192}}
Apr 20 13:00:43.182143 n-d-836015-7 neutron-server[114870]: DEBUG neutron.wsgi [-] (114870) accepted ('10.222.0.25', 53914) {{(pid=114870) server /usr/local/lib/python3.8/dist-packages/eventlet/wsgi.py:982}}
Apr 20 13:00:43.293806 n-d-836015-7 neutron-server[114869]: DEBUG neutron_lib.callbacks.manager [req-9f0123b1-4e5d-4008-b2fe-846b1b76b6be req-05a7109d-8acf-407d-a0d3-434b26480c90 tempest-FloatingIPsAssociationNegativeTestJSON-1578673428 tempest-FloatingIPsAssociationNegativeTestJSON-1578673428-project] Notify callbacks [] for floatingip, precommit_update {{(pid=114869) _notify_loop /usr/local/lib/python3.8/dist-packages/neutron_lib/callbacks/manager.py:192}}
Apr 20 13:00:43.313850 n-d-836015-7 neutron-server[114869]: INFO neutron.db.l3_db [None req-25384de7-f2ba-4ae5-9e88-b7d85a83d6a3 tempest-ServersWithSpecificFlavorTestJSON-1221342458 tempest-ServersWithSpecificFlavorTestJSON-1221342458-project] Floating IP bf236d67-9117-4856-951e-1758320057be associated. External IP: 172.25.8.60, port: da650793-56a2-49bf-959a-cde69988c81d.
Apr 20 13:00:43.349140 n-d-836015-7 neutron-server[114869]: DEBUG neutron_lib.callbacks.manager [req-9f0123b1-4e5d-4008-b2fe-846b1b76b6be req-05a7109d-8acf-407d-a0d3-434b26480c90 tempest-FloatingIPsAssociationNegativeTestJSON-1578673428 tempest-FloatingIPsAssociationNegativeTestJSON-1578673428-project] Notify callbacks ['neutron.services.l3_router.l3_router_plugin.DVRResourceOperationHandler._create_dvr_floating_gw_port-537421'] for floatingip, after_update {{(pid=114869) _notify_loop /usr/local/lib/python3.8/dist-packages/neutron_lib/callbacks/manager.py:192}}
Apr 20 13:00:43.349486 n-d-836015-7 neutron-server[114869]: INFO neutron.db.l3_db [req-9f0123b1-4e5d-4008-b2fe-846b1b76b6be req-05a7109d-8acf-407d-a0d3-434b26480c90 tempest-FloatingIPsAssociationNegativeTestJSON-1578673428 tempest-FloatingIPsAssociationNegativeTestJSON-1578673428-project] Floating IP dc5f9eac-de15-498e-9bac-e5329ee0ab51 disassociated. External IP: 172.25.8.15, port: b4f1a68d-9c8b-49ff-ae1a-a3e65177a8b0.
Apr 20 13:00:43.402869 n-d-836015-7 neutron-server[114870]: WARNING keystonemiddleware.auth_token [-] A valid token was submitted as a service token, but it was not a valid service token. This is incorrect but backwards compatible behaviour. This will be removed in future releases.
Apr 20 13:00:43.406445 n-d-836015-7 neutron-server[114870]: DEBUG neutron.wsgi [req-2ca41bbc-9461-41d2-9802-7a84ad51879e req-190d7221-0183-4ba5-98eb-93f245848a0a tempest-LiveMigrationTest-1806970161 tempest-LiveMigrationTest-1806970161-project-admin] http://10.222.0.25:9696/v2.0/extensions returned with HTTP 200 {{(pid=114870) __call__ /opt/stack/neutron/neutron/wsgi.py:729}}
Apr 20 13:00:43.409596 n-d-836015-7 neutron-server[114871]: DEBUG neutron.plugins.ml2.rpc [None req-6c246d47-e00b-4ba0-9b9a-98aa72799365 None None] Device 2f9b9d72-976a-40f9-ae45-5bf586345ccc details requested by agent hyperv_n-h2-836015-7 with host n-h2-836015-7 {{(pid=114871) get_device_details /opt/stack/neutron/neutron/plugins/ml2/rpc.py:102}}
Apr 20 13:00:43.419478 n-d-836015-7 neutron-server[114870]: INFO neutron.wsgi [req-2ca41bbc-9461-41d2-9802-7a84ad51879e req-190d7221-0183-4ba5-98eb-93f245848a0a tempest-LiveMigrationTest-1806970161 tempest-LiveMigrationTest-1806970161-project-admin] 10.222.0.25 "GET /v2.0/extensions HTTP/1.1" status: 200 len: 13640 time: 0.2362025
Apr 20 13:00:43.553926 n-d-836015-7 neutron-server[114871]: DEBUG neutron.plugins.ml2.db [None req-6c246d47-e00b-4ba0-9b9a-98aa72799365 None None] For port 2f9b9d72-976a-40f9-ae45-5bf586345ccc, host n-h2-836015-7, got binding levels [PortBindingLevel(driver='hyperv',host='n-h2-836015-7',level=0,port_id=2f9b9d72-976a-40f9-ae45-5bf586345ccc,segment=NetworkSegment(8866b213-ccad-42ab-ae6e-f712a16d554d),segment_id=8866b213-ccad-42ab-ae6e-f712a16d554d)] {{(pid=114871) get_binding_level_objs /opt/stack/neutron/neutron/plugins/ml2/db.py:74}}
Apr 20 13:00:43.555591 n-d-836015-7 neutron-server[114870]: DEBUG neutron.pecan_wsgi.hooks.policy_enforcement [req-2ca41bbc-9461-41d2-9802-7a84ad51879e req-34a2eb35-91fc-46e9-b870-8654041ab60e service neutron] Attributes excluded by policy engine: ['standard_attr_id'] {{(pid=114870) _exclude_attributes_by_policy /opt/stack/neutron/neutron/pecan_wsgi/hooks/policy_enforcement.py:259}}
Apr 20 13:00:43.563484 n-d-836015-7 neutron-server[114870]: INFO neutron.wsgi [req-2ca41bbc-9461-41d2-9802-7a84ad51879e req-34a2eb35-91fc-46e9-b870-8654041ab60e service neutron] 10.222.0.25 "GET /v2.0/ports/916b4b77-7d7a-491c-ba57-af69d26306e7 HTTP/1.1" status: 200 len: 1116 time: 0.1045723
Apr 20 13:00:43.568162 n-d-836015-7 neutron-server[114871]: DEBUG neutron.plugins.ml2.rpc [None req-6c246d47-e00b-4ba0-9b9a-98aa72799365 None None] Returning: {'device': '2f9b9d72-976a-40f9-ae45-5bf586345ccc', 'network_id': '6efc3d61-2150-4671-a02d-6127df40131a', 'port_id': '2f9b9d72-976a-40f9-ae45-5bf586345ccc', 'mac_address': 'fa:16:3e:86:ca:16', 'admin_state_up': True, 'network_type': 'vlan', 'segmentation_id': 201, 'physical_network': 'physnet1', 'mtu': 1500, 'fixed_ips': [{'subnet_id': 'c5b1f82a-7732-4b50-ab22-2475f182a712', 'ip_address': '192.168.233.185'}], 'device_owner': 'compute:nova', 'allowed_address_pairs': [], 'port_security_enabled': True, 'qos_policy_id': None, 'network_qos_policy_id': None, 'profile': {}, 'propagate_uplink_status': False} {{(pid=114871) _get_device_details /opt/stack/neutron/neutron/plugins/ml2/rpc.py:184}}
Apr 20 13:00:43.568789 n-d-836015-7 neutron-server[114870]: DEBUG neutron.api.v2.base [req-2ca41bbc-9461-41d2-9802-7a84ad51879e req-5d6ddd24-4bc1-45a6-9eb8-2b78d0b7a787 service neutron] Request body: {'binding': {'host': 'n-h2-836015-7', 'vnic_type': 'normal', 'profile': {}}} {{(pid=114870) prepare_request_body /opt/stack/neutron/neutron/api/v2/base.py:729}}
Apr 20 13:00:43.569313 n-d-836015-7 neutron-server[114870]: DEBUG neutron.api.v2.base [req-2ca41bbc-9461-41d2-9802-7a84ad51879e req-5d6ddd24-4bc1-45a6-9eb8-2b78d0b7a787 service neutron] Unknown quota resources ['binding']. {{(pid=114870) _create /opt/stack/neutron/neutron/api/v2/base.py:496}}
Apr 20 13:00:43.610650 n-d-836015-7 neutron-server[114871]: DEBUG neutron_lib.callbacks.manager [None req-6c246d47-e00b-4ba0-9b9a-98aa72799365 None None] Notify callbacks ['neutron.plugins.ml2.plugin.SecurityGroupDbMixin._ensure_default_security_group_handler-1584013'] for port, before_update {{(pid=114871) _notify_loop /usr/local/lib/python3.8/dist-packages/neutron_lib/callbacks/manager.py:192}}
Apr 20 13:00:43.624994 n-d-836015-7 neutron-server[114871]: DEBUG neutron.notifiers.nova [None req-6c246d47-e00b-4ba0-9b9a-98aa72799365 None None] Ignoring state change previous_port_status: DOWN current_port_status: BUILD port_id 2f9b9d72-976a-40f9-ae45-5bf586345ccc {{(pid=114871) record_port_status_changed /opt/stack/neutron/neutron/notifiers/nova.py:233}}
Apr 20 13:00:43.648704 n-d-836015-7 neutron-server[114871]: DEBUG neutron.plugins.ml2.db [None req-6c246d47-e00b-4ba0-9b9a-98aa72799365 None None] For port 2f9b9d72-976a-40f9-ae45-5bf586345ccc, host n-h2-836015-7, got binding levels [PortBindingLevel(driver='hyperv',host='n-h2-836015-7',level=0,port_id=2f9b9d72-976a-40f9-ae45-5bf586345ccc,segment=NetworkSegment(8866b213-ccad-42ab-ae6e-f712a16d554d),segment_id=8866b213-ccad-42ab-ae6e-f712a16d554d)] {{(pid=114871) get_binding_level_objs /opt/stack/neutron/neutron/plugins/ml2/db.py:74}}
Apr 20 13:00:43.693505 n-d-836015-7 neutron-server[114869]: DEBUG neutron.scheduler.l3_agent_scheduler [None req-25384de7-f2ba-4ae5-9e88-b7d85a83d6a3 tempest-ServersWithSpecificFlavorTestJSON-1221342458 tempest-ServersWithSpecificFlavorTestJSON-1221342458-project] Router 140f103b-9d99-461e-9099-d88ca002937b has already been hosted by L3 agent 368840c2-bc94-433a-8f59-43d21e5f9b0d {{(pid=114869) _get_candidates /opt/stack/neutron/neutron/scheduler/l3_agent_scheduler.py:126}}
Apr 20 13:00:43.697739 n-d-836015-7 neutron-server[114869]: DEBUG neutron.scheduler.l3_agent_scheduler [req-9f0123b1-4e5d-4008-b2fe-846b1b76b6be req-05a7109d-8acf-407d-a0d3-434b26480c90 tempest-FloatingIPsAssociationNegativeTestJSON-1578673428 tempest-FloatingIPsAssociationNegativeTestJSON-1578673428-project] Router 7864001c-4e6b-4aa8-9143-992ce9f58950 has already been hosted by L3 agent 368840c2-bc94-433a-8f59-43d21e5f9b0d {{(pid=114869) _get_candidates /opt/stack/neutron/neutron/scheduler/l3_agent_scheduler.py:126}}
Apr 20 13:00:43.711276 n-d-836015-7 neutron-server[114870]: DEBUG neutron.plugins.ml2.managers [req-2ca41bbc-9461-41d2-9802-7a84ad51879e req-5d6ddd24-4bc1-45a6-9eb8-2b78d0b7a787 service neutron] Attempting to bind port 916b4b77-7d7a-491c-ba57-af69d26306e7 on host n-h2-836015-7 for vnic_type normal with profile None {{(pid=114870) bind_port /opt/stack/neutron/neutron/plugins/ml2/managers.py:790}}
Apr 20 13:00:43.713352 n-d-836015-7 neutron-server[114870]: DEBUG neutron.plugins.ml2.managers [req-2ca41bbc-9461-41d2-9802-7a84ad51879e req-5d6ddd24-4bc1-45a6-9eb8-2b78d0b7a787 service neutron] Attempting to bind port 916b4b77-7d7a-491c-ba57-af69d26306e7 by drivers openvswitch,hyperv on host n-h2-836015-7 at level 0 using segments [{'id': 'fce2a1cb-cb3c-4ef7-b5a3-b3dbc17068e1', 'network_type': 'vlan', 'physical_network': 'physnet1', 'segmentation_id': 200, 'network_id': 'da0d71e6-e706-45b9-bcd7-1c5524c4bb88'}] {{(pid=114870) _bind_port_level /opt/stack/neutron/neutron/plugins/ml2/managers.py:815}}
Apr 20 13:00:43.713352 n-d-836015-7 neutron-server[114870]: DEBUG neutron.plugins.ml2.drivers.mech_agent [req-2ca41bbc-9461-41d2-9802-7a84ad51879e req-5d6ddd24-4bc1-45a6-9eb8-2b78d0b7a787 service neutron] Attempting to bind port 916b4b77-7d7a-491c-ba57-af69d26306e7 on network da0d71e6-e706-45b9-bcd7-1c5524c4bb88 {{(pid=114870) bind_port /opt/stack/neutron/neutron/plugins/ml2/drivers/mech_agent.py:91}}
Apr 20 13:00:43.717069 n-d-836015-7 neutron-server[114870]: DEBUG neutron.plugins.ml2.drivers.mech_agent [req-2ca41bbc-9461-41d2-9802-7a84ad51879e req-5d6ddd24-4bc1-45a6-9eb8-2b78d0b7a787 service neutron] Port 916b4b77-7d7a-491c-ba57-af69d26306e7 on network da0d71e6-e706-45b9-bcd7-1c5524c4bb88 not bound, no agent of type Open vSwitch agent registered on host n-h2-836015-7 {{(pid=114870) bind_port /opt/stack/neutron/neutron/plugins/ml2/drivers/mech_agent.py:103}}
Apr 20 13:00:43.717389 n-d-836015-7 neutron-server[114870]: DEBUG neutron.plugins.ml2.drivers.mech_agent [req-2ca41bbc-9461-41d2-9802-7a84ad51879e req-5d6ddd24-4bc1-45a6-9eb8-2b78d0b7a787 service neutron] Attempting to bind port 916b4b77-7d7a-491c-ba57-af69d26306e7 on network da0d71e6-e706-45b9-bcd7-1c5524c4bb88 {{(pid=114870) bind_port /opt/stack/neutron/neutron/plugins/ml2/drivers/mech_agent.py:91}}
Apr 20 13:00:43.722191 n-d-836015-7 neutron-server[114870]: DEBUG neutron.plugins.ml2.drivers.mech_agent [req-2ca41bbc-9461-41d2-9802-7a84ad51879e req-5d6ddd24-4bc1-45a6-9eb8-2b78d0b7a787 service neutron] Checking agent: {'id': 'b7c9f90c-1923-46f9-b28c-323b8676e981', 'agent_type': 'HyperV agent', 'binary': 'neutron-hyperv-agent', 'topic': 'N/A', 'host': 'n-h2-836015-7', 'admin_state_up': True, 'created_at': datetime.datetime(2022, 4, 20, 12, 57, 12), 'started_at': datetime.datetime(2022, 4, 20, 12, 57, 12), 'heartbeat_timestamp': datetime.datetime(2022, 4, 20, 13, 0, 43), 'description': None, 'resources_synced': None, 'availability_zone': None, 'alive': True, 'configurations': {'vswitch_mappings': {'physnet1$': 'br-data'}}, 'resource_versions': {}} {{(pid=114870) bind_port /opt/stack/neutron/neutron/plugins/ml2/drivers/mech_agent.py:110}}
Apr 20 13:00:43.722612 n-d-836015-7 neutron-server[114870]: DEBUG neutron.plugins.ml2.drivers.mech_agent [req-2ca41bbc-9461-41d2-9802-7a84ad51879e req-5d6ddd24-4bc1-45a6-9eb8-2b78d0b7a787 service neutron] Checking segment: {'id': 'fce2a1cb-cb3c-4ef7-b5a3-b3dbc17068e1', 'network_type': 'vlan', 'physical_network': 'physnet1', 'segmentation_id': 200, 'network_id': 'da0d71e6-e706-45b9-bcd7-1c5524c4bb88'} for mappings: {'physnet1$': 'br-data'} with network types: ['local', 'flat', 'vlan'] {{(pid=114870) check_segment_for_agent /opt/stack/neutron/neutron/plugins/ml2/drivers/mech_agent.py:360}}
Apr 20 13:00:43.722998 n-d-836015-7 neutron-server[114870]: DEBUG neutron.plugins.ml2.drivers.mech_agent [req-2ca41bbc-9461-41d2-9802-7a84ad51879e req-5d6ddd24-4bc1-45a6-9eb8-2b78d0b7a787 service neutron] Bound using segment: {'id': 'fce2a1cb-cb3c-4ef7-b5a3-b3dbc17068e1', 'network_type': 'vlan', 'physical_network': 'physnet1', 'segmentation_id': 200, 'network_id': 'da0d71e6-e706-45b9-bcd7-1c5524c4bb88'} {{(pid=114870) bind_port /opt/stack/neutron/neutron/plugins/ml2/drivers/mech_agent.py:120}}
Apr 20 13:00:43.723458 n-d-836015-7 neutron-server[114870]: DEBUG neutron.plugins.ml2.managers [req-2ca41bbc-9461-41d2-9802-7a84ad51879e req-5d6ddd24-4bc1-45a6-9eb8-2b78d0b7a787 service neutron] Bound port: 916b4b77-7d7a-491c-ba57-af69d26306e7, host: n-h2-836015-7, vif_type: hyperv, vif_details: {"connectivity": "legacy", "port_filter": false}, binding_levels: [{'bound_driver': 'hyperv', 'bound_segment': {'id': 'fce2a1cb-cb3c-4ef7-b5a3-b3dbc17068e1', 'network_type': 'vlan', 'physical_network': 'physnet1', 'segmentation_id': 200, 'network_id': 'da0d71e6-e706-45b9-bcd7-1c5524c4bb88'}}] {{(pid=114870) _bind_port_level /opt/stack/neutron/neutron/plugins/ml2/managers.py:928}}
Apr 20 13:00:43.754169 n-d-836015-7 neutron-server[114871]: DEBUG neutron_lib.callbacks.manager [None req-6c246d47-e00b-4ba0-9b9a-98aa72799365 None None] Notify callbacks ['neutron.plugins.ml2.plugin.SecurityGroupServerNotifierRpcMixin._notify_sg_on_port_change-1583946', 'neutron.plugins.ml2.ovo_rpc._ObjectChangeHandler.handle_event-49445', 'neutron.api.rpc.agentnotifiers.dhcp_rpc_agent_api.DhcpAgentNotifyAPI._native_event_send_dhcp_notification-586427', 'neutron.db.l3_db.L3RpcNotifierMixin._notify_gateway_port_ip_changed-8759760601537', 'neutron.db.l3_dvrscheduler_db._notify_l3_agent_port_update-8759760075466', 'neutron.db.l3_hascheduler_db._notify_l3_agent_ha_port_update-8759760081520'] for port, after_update {{(pid=114871) _notify_loop /usr/local/lib/python3.8/dist-packages/neutron_lib/callbacks/manager.py:192}}
Apr 20 13:00:43.814061 n-d-836015-7 neutron-server[114871]: DEBUG neutron.api.rpc.handlers.resources_rpc [None req-6c246d47-e00b-4ba0-9b9a-98aa72799365 None None] Pushing event updated for resources: {'Port': ['ID=2f9b9d72-976a-40f9-ae45-5bf586345ccc,revision_number=4']} {{(pid=114871) push /opt/stack/neutron/neutron/api/rpc/handlers/resources_rpc.py:237}}
Apr 20 13:00:43.828538 n-d-836015-7 neutron-server[114871]: DEBUG neutron.api.rpc.callbacks.version_manager [None req-6c246d47-e00b-4ba0-9b9a-98aa72799365 None None] Version for resource type AddressGroup changed None to 1.2 on consumer Open vSwitch agent@n-d-836015-7 {{(pid=114871) _set_version /opt/stack/neutron/neutron/api/rpc/callbacks/version_manager.py:113}}
Apr 20 13:00:43.828538 n-d-836015-7 neutron-server[114871]: DEBUG neutron.api.rpc.callbacks.version_manager [None req-6c246d47-e00b-4ba0-9b9a-98aa72799365 None None] Version for resource type ConntrackHelper changed None to 1.0 on consumer Open vSwitch agent@n-d-836015-7 {{(pid=114871) _set_version /opt/stack/neutron/neutron/api/rpc/callbacks/version_manager.py:113}}
Apr 20 13:00:43.828538 n-d-836015-7 neutron-server[114871]: DEBUG neutron.api.rpc.callbacks.version_manager [None req-6c246d47-e00b-4ba0-9b9a-98aa72799365 None None] Version for resource type Log changed None to 1.0 on consumer Open vSwitch agent@n-d-836015-7 {{(pid=114871) _set_version /opt/stack/neutron/neutron/api/rpc/callbacks/version_manager.py:113}}
Apr 20 13:00:43.828538 n-d-836015-7 neutron-server[114871]: DEBUG neutron.api.rpc.callbacks.version_manager [None req-6c246d47-e00b-4ba0-9b9a-98aa72799365 None None] Version for resource type Network changed None to 1.1 on consumer Open vSwitch agent@n-d-836015-7 {{(pid=114871) _set_version /opt/stack/neutron/neutron/api/rpc/callbacks/version_manager.py:113}}
Apr 20 13:00:43.828817 n-d-836015-7 neutron-server[114870]: DEBUG neutron.plugins.ml2.db [req-2ca41bbc-9461-41d2-9802-7a84ad51879e req-5d6ddd24-4bc1-45a6-9eb8-2b78d0b7a787 service neutron] For port 916b4b77-7d7a-491c-ba57-af69d26306e7, host n-h2-836015-7, set binding levels [PortBindingLevel(driver='hyperv',host='n-h2-836015-7',level=0,port_id=916b4b77-7d7a-491c-ba57-af69d26306e7,segment=NetworkSegment(fce2a1cb-cb3c-4ef7-b5a3-b3dbc17068e1),segment_id=fce2a1cb-cb3c-4ef7-b5a3-b3dbc17068e1)] {{(pid=114870) set_binding_levels /opt/stack/neutron/neutron/plugins/ml2/db.py:59}}
Apr 20 13:00:43.828910 n-d-836015-7 neutron-server[114871]: DEBUG neutron.api.rpc.callbacks.version_manager [None req-6c246d47-e00b-4ba0-9b9a-98aa72799365 None None] Version for resource type Port changed None to 1.7 on consumer Open vSwitch agent@n-d-836015-7 {{(pid=114871) _set_version /opt/stack/neutron/neutron/api/rpc/callbacks/version_manager.py:113}}
Apr 20 13:00:43.828910 n-d-836015-7 neutron-server[114871]: DEBUG neutron.api.rpc.callbacks.version_manager [None req-6c246d47-e00b-4ba0-9b9a-98aa72799365 None None] Version for resource type PortForwarding changed None to 1.2 on consumer Open vSwitch agent@n-d-836015-7 {{(pid=114871) _set_version /opt/stack/neutron/neutron/api/rpc/callbacks/version_manager.py:113}}
Apr 20 13:00:43.828910 n-d-836015-7 neutron-server[114871]: DEBUG neutron.api.rpc.callbacks.version_manager [None req-6c246d47-e00b-4ba0-9b9a-98aa72799365 None None] Version for resource type QosPolicy changed None to 1.9 on consumer Open vSwitch agent@n-d-836015-7 {{(pid=114871) _set_version /opt/stack/neutron/neutron/api/rpc/callbacks/version_manager.py:113}}
Apr 20 13:00:43.828910 n-d-836015-7 neutron-server[114871]: DEBUG neutron.api.rpc.callbacks.version_manager [None req-6c246d47-e00b-4ba0-9b9a-98aa72799365 None None] Version for resource type SecurityGroup changed None to 1.4 on consumer Open vSwitch agent@n-d-836015-7 {{(pid=114871) _set_version /opt/stack/neutron/neutron/api/rpc/callbacks/version_manager.py:113}}
Apr 20 13:00:43.828910 n-d-836015-7 neutron-server[114871]: DEBUG neutron.api.rpc.callbacks.version_manager [None req-6c246d47-e00b-4ba0-9b9a-98aa72799365 None None] Version for resource type SecurityGroupRule changed None to 1.2 on consumer Open vSwitch agent@n-d-836015-7 {{(pid=114871) _set_version /opt/stack/neutron/neutron/api/rpc/callbacks/version_manager.py:113}}
Apr 20 13:00:43.828910 n-d-836015-7 neutron-server[114871]: DEBUG neutron.api.rpc.callbacks.version_manager [None req-6c246d47-e00b-4ba0-9b9a-98aa72799365 None None] Version for resource type SubPort changed None to 1.0 on consumer Open vSwitch agent@n-d-836015-7 {{(pid=114871) _set_version /opt/stack/neutron/neutron/api/rpc/callbacks/version_manager.py:113}}
Apr 20 13:00:43.828910 n-d-836015-7 neutron-server[114871]: DEBUG neutron.api.rpc.callbacks.version_manager [None req-6c246d47-e00b-4ba0-9b9a-98aa72799365 None None] Version for resource type Subnet changed None to 1.1 on consumer Open vSwitch agent@n-d-836015-7 {{(pid=114871) _set_version /opt/stack/neutron/neutron/api/rpc/callbacks/version_manager.py:113}}
Apr 20 13:00:43.829412 n-d-836015-7 neutron-server[114871]: DEBUG neutron.api.rpc.callbacks.version_manager [None req-6c246d47-e00b-4ba0-9b9a-98aa72799365 None None] Version for resource type Trunk changed None to 1.1 on consumer Open vSwitch agent@n-d-836015-7 {{(pid=114871) _set_version /opt/stack/neutron/neutron/api/rpc/callbacks/version_manager.py:113}}
Apr 20 13:00:43.892320 n-d-836015-7 neutron-server[114869]: DEBUG neutron.api.rpc.agentnotifiers.l3_rpc_agent_api [None req-25384de7-f2ba-4ae5-9e88-b7d85a83d6a3 tempest-ServersWithSpecificFlavorTestJSON-1221342458 tempest-ServersWithSpecificFlavorTestJSON-1221342458-project] Notify agent at l3_agent.n-d-836015-7 the message routers_updated {{(pid=114869) _agent_notification /opt/stack/neutron/neutron/api/rpc/agentnotifiers/l3_rpc_agent_api.py:65}}
Apr 20 13:00:43.897410 n-d-836015-7 neutron-server[114869]: DEBUG neutron_lib.callbacks.manager [None req-25384de7-f2ba-4ae5-9e88-b7d85a83d6a3 tempest-ServersWithSpecificFlavorTestJSON-1221342458 tempest-ServersWithSpecificFlavorTestJSON-1221342458-project] Notify callbacks ['neutron.notifiers.nova.Notifier._send_nova_notification-40054'] for floatingip, before_response {{(pid=114869) _notify_loop /usr/local/lib/python3.8/dist-packages/neutron_lib/callbacks/manager.py:192}}
Apr 20 13:00:43.902667 n-d-836015-7 neutron-server[114872]: DEBUG neutron.api.rpc.handlers.l3_rpc [None req-fc03d7f7-cfde-41ba-8972-5c909650e32b None None] Sync routers for ids ['140f103b-9d99-461e-9099-d88ca002937b'] in n-d-836015-7 {{(pid=114872) sync_routers /opt/stack/neutron/neutron/api/rpc/handlers/l3_rpc.py:125}}
Apr 20 13:00:43.912934 n-d-836015-7 neutron-server[114872]: DEBUG neutron.db.l3_dvrscheduler_db [None req-fc03d7f7-cfde-41ba-8972-5c909650e32b None None] Routers {'140f103b-9d99-461e-9099-d88ca002937b'} bound to L3 agent in host n-d-836015-7 {{(pid=114872) _get_router_ids_for_agent /opt/stack/neutron/neutron/db/l3_dvrscheduler_db.py:421}}
Apr 20 13:00:43.913468 n-d-836015-7 neutron-server[114870]: DEBUG neutron_lib.callbacks.manager [req-2ca41bbc-9461-41d2-9802-7a84ad51879e req-5d6ddd24-4bc1-45a6-9eb8-2b78d0b7a787 service neutron] Notify callbacks [] for binding, before_response {{(pid=114870) _notify_loop /usr/local/lib/python3.8/dist-packages/neutron_lib/callbacks/manager.py:192}}
Apr 20 13:00:43.913684 n-d-836015-7 neutron-server[114872]: DEBUG neutron.db.l3_hamode_db [None req-fc03d7f7-cfde-41ba-8972-5c909650e32b None None] neutron.services.l3_router.l3_router_plugin.L3RouterPlugin method get_ha_sync_data_for_host called with arguments (, 'n-d-836015-7', Agent(admin_state_up=True,agent_type='L3 agent',availability_zone='nova',binary='neutron-l3-agent',configurations={"agent_mode": "legacy", "ex_gw_ports": 4, "extensions": [], "floating_ips": 0, "handle_internal_only_routers": true, "interface_driver": "openvswitch", "interfaces": 4, "log_agent_heartbeats": false, "routers": 4},created_at=2022-04-20T12:48:57Z,description=,heartbeat_timestamp=2022-04-20T13:00:27Z,host='n-d-836015-7',id=368840c2-bc94-433a-8f59-43d21e5f9b0d,load=0,resource_versions=,resources_synced=,started_at=2022-04-20T12:48:57Z,topic='l3_agent')) {'router_ids': ['140f103b-9d99-461e-9099-d88ca002937b'], 'active': True} {{(pid=114872) wrapper /usr/local/lib/python3.8/dist-packages/oslo_log/helpers.py:65}}
Apr 20 13:00:43.923592 n-d-836015-7 neutron-server[114869]: DEBUG neutron.api.rpc.agentnotifiers.l3_rpc_agent_api [req-9f0123b1-4e5d-4008-b2fe-846b1b76b6be req-05a7109d-8acf-407d-a0d3-434b26480c90 tempest-FloatingIPsAssociationNegativeTestJSON-1578673428 tempest-FloatingIPsAssociationNegativeTestJSON-1578673428-project] Notify agent at l3_agent.n-d-836015-7 the message routers_updated {{(pid=114869) _agent_notification /opt/stack/neutron/neutron/api/rpc/agentnotifiers/l3_rpc_agent_api.py:65}}
