Mar 31 22:46:56.175435 n-d-836015-1 devstack@n-api.service[124848]: DEBUG nova.quota [None req-60ec9199-bfcb-44b8-a5d2-714200898fe9 tempest-KeyPairsV210TestJSON-1003630215 tempest-KeyPairsV210TestJSON-1003630215-project-admin] Getting quotas for user 94da4f1452b9472792eb9f436b3e9aa9 and project 3e8866fd91a949f1bfa22fc7cf8fb0c3. Resources: {'key_pairs'} {{(pid=124848) _get_quotas /opt/stack/nova/nova/quota.py:377}}
Mar 31 22:46:56.215224 n-d-836015-1 devstack@n-api.service[124847]: DEBUG nova.policy [None req-fe0f0f19-5ade-46c1-8e50-f5558bc341e6 tempest-DeleteServersAdminTestJSON-696749871 tempest-DeleteServersAdminTestJSON-696749871-project] Policy check for os_compute_api:os-extended-server-attributes failed with credentials {'is_admin': False, 'user_id': '823f283eff524f95ab5f374798d6c7cc', 'user_domain_id': 'default', 'system_scope': None, 'domain_id': None, 'project_id': '1a77fa3faf6e45aab1520377398455c8', 'project_domain_id': 'default', 'roles': ['reader', 'member'], 'is_admin_project': True, 'service_user_id': None, 'service_user_domain_id': None, 'service_project_id': None, 'service_project_domain_id': None, 'service_roles': []} {{(pid=124847) authorize /opt/stack/nova/nova/policy.py:199}}
Mar 31 22:46:56.222868 n-d-836015-1 devstack@n-api.service[124848]: INFO nova.api.openstack.requestlog [None req-60ec9199-bfcb-44b8-a5d2-714200898fe9 tempest-KeyPairsV210TestJSON-1003630215 tempest-KeyPairsV210TestJSON-1003630215-project-admin] 10.222.0.31 "POST /compute/v2.1/os-keypairs" status: 201 len: 2316 microversion: 2.10 time: 0.964650
Mar 31 22:46:56.226826 n-d-836015-1 devstack@n-api.service[124848]: [pid: 124848|app: 0|req: 29/54] 10.222.0.31 () {62 vars in 1199 bytes} [Thu Mar 31 22:46:55 2022] POST /compute/v2.1/os-keypairs => generated 2316 bytes in 971 msecs (HTTP/1.1 201) 9 headers in 365 bytes (2 switches on core 0)
Mar 31 22:46:56.234630 n-d-836015-1 devstack@n-api.service[124847]: INFO nova.api.openstack.requestlog [None req-fe0f0f19-5ade-46c1-8e50-f5558bc341e6 tempest-DeleteServersAdminTestJSON-696749871 tempest-DeleteServersAdminTestJSON-696749871-project] 10.222.0.31 "GET /compute/v2.1/servers/d39fb936-762a-4c0e-a91f-8b76792b8a55" status: 200 len: 1320 microversion: 2.1 time: 0.801435
Mar 31 22:46:56.236038 n-d-836015-1 devstack@n-api.service[124847]: [pid: 124847|app: 0|req: 26/55] 10.222.0.31 () {58 vars in 1235 bytes} [Thu Mar 31 22:46:55 2022] GET /compute/v2.1/servers/d39fb936-762a-4c0e-a91f-8b76792b8a55 => generated 1320 bytes in 804 msecs (HTTP/1.1 200) 9 headers in 358 bytes (1 switches on core 0)
Mar 31 22:46:56.238363 n-d-836015-1 devstack@n-api.service[124848]: DEBUG nova.api.openstack.wsgi [None req-8523752f-d36c-428a-92b0-1331aa18c0e4 tempest-FlavorsAccessNegativeTestJSON-1261424043 tempest-FlavorsAccessNegativeTestJSON-1261424043-project-admin] Action: 'create', calling method: >, body: {"flavor": {"ram": 512, "vcpus": 1, "disk": 10, "name": "tempest-FlavorsAccessNegativeTestJSON-flavor-806962315", "id": 139597959, "os-flavor-access:is_public": "False"}} {{(pid=124848) _process_stack /opt/stack/nova/nova/api/openstack/wsgi.py:511}}
Mar 31 22:46:56.241150 n-d-836015-1 devstack@n-api.service[124848]: /usr/local/lib/python3.8/dist-packages/oslo_policy/policy.py:1075: UserWarning: Policy os_compute_api:os-flavor-manage:create failed scope check. The token used to make the request was project scoped but the policy requires ['system'] scope. This behavior may change in the future where using the intended scope is required
Mar 31 22:46:56.241150 n-d-836015-1 devstack@n-api.service[124848]: warnings.warn(msg)
Mar 31 22:46:56.367162 n-d-836015-1 devstack@n-api.service[124848]: INFO nova.api.openstack.requestlog [None req-8523752f-d36c-428a-92b0-1331aa18c0e4 tempest-FlavorsAccessNegativeTestJSON-1261424043 tempest-FlavorsAccessNegativeTestJSON-1261424043-project-admin] 10.222.0.31 "POST /compute/v2.1/flavors" status: 200 len: 435 microversion: 2.1 time: 0.138255
Mar 31 22:46:56.367973 n-d-836015-1 devstack@n-api.service[124848]: [pid: 124848|app: 0|req: 30/56] 10.222.0.31 () {60 vars in 1146 bytes} [Thu Mar 31 22:46:56 2022] POST /compute/v2.1/flavors => generated 435 bytes in 140 msecs (HTTP/1.1 200) 9 headers in 357 bytes (1 switches on core 0)
Mar 31 22:46:56.382722 n-d-836015-1 devstack@n-api.service[124848]: DEBUG nova.api.openstack.wsgi [None req-8047654e-f7cf-4879-b2ba-4e17dabf6885 tempest-AggregatesAdminTestJSON-946778829 tempest-AggregatesAdminTestJSON-946778829-project] Calling method '>' {{(pid=124848) _process_stack /opt/stack/nova/nova/api/openstack/wsgi.py:513}}
Mar 31 22:46:56.385277 n-d-836015-1 devstack@n-api.service[124848]: DEBUG nova.compute.api [None req-8047654e-f7cf-4879-b2ba-4e17dabf6885 tempest-AggregatesAdminTestJSON-946778829 tempest-AggregatesAdminTestJSON-946778829-project] [instance: 88737552-6258-45a2-aa4b-5205ce80efef] Fetching instance by UUID {{(pid=124848) get /opt/stack/nova/nova/compute/api.py:2865}}
Mar 31 22:46:56.446167 n-d-836015-1 devstack@n-api.service[124848]: DEBUG oslo_concurrency.lockutils [None req-8047654e-f7cf-4879-b2ba-4e17dabf6885 tempest-AggregatesAdminTestJSON-946778829 tempest-AggregatesAdminTestJSON-946778829-project] Lock "2eda320b-f777-4ff4-82d8-c203a098f612" acquired by "nova.context.set_target_cell..get_or_set_cached_cell_and_set_connections" :: waited 0.000s {{(pid=124848) inner /usr/local/lib/python3.8/dist-packages/oslo_concurrency/lockutils.py:355}}
Mar 31 22:46:56.454765 n-d-836015-1 devstack@n-api.service[124848]: DEBUG oslo_concurrency.lockutils [None req-8047654e-f7cf-4879-b2ba-4e17dabf6885 tempest-AggregatesAdminTestJSON-946778829 tempest-AggregatesAdminTestJSON-946778829-project] Lock "2eda320b-f777-4ff4-82d8-c203a098f612" released by "nova.context.set_target_cell..get_or_set_cached_cell_and_set_connections" :: held 0.001s {{(pid=124848) inner /usr/local/lib/python3.8/dist-packages/oslo_concurrency/lockutils.py:367}}
Mar 31 22:46:56.454765 n-d-836015-1 devstack@n-api.service[124848]: DEBUG oslo_concurrency.lockutils [None req-8047654e-f7cf-4879-b2ba-4e17dabf6885 tempest-AggregatesAdminTestJSON-946778829 tempest-AggregatesAdminTestJSON-946778829-project] Lock "2eda320b-f777-4ff4-82d8-c203a098f612" acquired by "nova.context.set_target_cell..get_or_set_cached_cell_and_set_connections" :: waited 0.000s {{(pid=124848) inner /usr/local/lib/python3.8/dist-packages/oslo_concurrency/lockutils.py:355}}
Mar 31 22:46:56.457197 n-d-836015-1 devstack@n-api.service[124848]: DEBUG oslo_concurrency.lockutils [None req-8047654e-f7cf-4879-b2ba-4e17dabf6885 tempest-AggregatesAdminTestJSON-946778829 tempest-AggregatesAdminTestJSON-946778829-project] Lock "2eda320b-f777-4ff4-82d8-c203a098f612" released by "nova.context.set_target_cell..get_or_set_cached_cell_and_set_connections" :: held 0.001s {{(pid=124848) inner /usr/local/lib/python3.8/dist-packages/oslo_concurrency/lockutils.py:367}}
Mar 31 22:46:56.623510 n-d-836015-1 devstack@n-api.service[124848]: DEBUG nova.policy [None req-8047654e-f7cf-4879-b2ba-4e17dabf6885 tempest-AggregatesAdminTestJSON-946778829 tempest-AggregatesAdminTestJSON-946778829-project] Policy check for os_compute_api:os-extended-server-attributes failed with credentials {'is_admin': False, 'user_id': '51b7277415414155a6094e43f93fc572', 'user_domain_id': 'default', 'system_scope': None, 'domain_id': None, 'project_id': 'ceb7d7b6cc1e415e9388c9ddbb306ef6', 'project_domain_id': 'default', 'roles': ['reader', 'member'], 'is_admin_project': True, 'service_user_id': None, 'service_user_domain_id': None, 'service_project_id': None, 'service_project_domain_id': None, 'service_roles': []} {{(pid=124848) authorize /opt/stack/nova/nova/policy.py:199}}
Mar 31 22:46:56.644908 n-d-836015-1 devstack@n-api.service[124848]: INFO nova.api.openstack.requestlog [None req-8047654e-f7cf-4879-b2ba-4e17dabf6885 tempest-AggregatesAdminTestJSON-946778829 tempest-AggregatesAdminTestJSON-946778829-project] 10.222.0.31 "GET /compute/v2.1/servers/88737552-6258-45a2-aa4b-5205ce80efef" status: 200 len: 1294 microversion: 2.1 time: 0.275385
Mar 31 22:46:56.656135 n-d-836015-1 devstack@n-api.service[124848]: [pid: 124848|app: 0|req: 31/57] 10.222.0.31 () {58 vars in 1235 bytes} [Thu Mar 31 22:46:56 2022] GET /compute/v2.1/servers/88737552-6258-45a2-aa4b-5205ce80efef => generated 1294 bytes in 278 msecs (HTTP/1.1 200) 9 headers in 358 bytes (1 switches on core 0)
Mar 31 22:46:56.671567 n-d-836015-1 devstack@n-api.service[124848]: DEBUG nova.api.openstack.wsgi [None req-9603b2fe-88e4-4765-b0ee-c1d59895efde tempest-KeyPairsV210TestJSON-1003630215 tempest-KeyPairsV210TestJSON-1003630215-project-admin] Action: 'create', calling method: .version_select at 0x7f2de82ef4c0>, body: {"keypair": {"name": "tempest-keypair-472963857", "type": "ssh", "user_id": "64d8f378dfff41b798712f831dd7e62f"}} {{(pid=124848) _process_stack /opt/stack/nova/nova/api/openstack/wsgi.py:511}}
Mar 31 22:46:56.731600 n-d-836015-1 devstack@n-api.service[124848]: DEBUG nova.quota [None req-9603b2fe-88e4-4765-b0ee-c1d59895efde tempest-KeyPairsV210TestJSON-1003630215 tempest-KeyPairsV210TestJSON-1003630215-project-admin] Getting quotas for project 3e8866fd91a949f1bfa22fc7cf8fb0c3. Resources: {'key_pairs'} {{(pid=124848) _get_quotas /opt/stack/nova/nova/quota.py:387}}
Mar 31 22:46:56.747484 n-d-836015-1 devstack@n-api.service[124848]: DEBUG nova.quota [None req-9603b2fe-88e4-4765-b0ee-c1d59895efde tempest-KeyPairsV210TestJSON-1003630215 tempest-KeyPairsV210TestJSON-1003630215-project-admin] Getting quotas for user 94da4f1452b9472792eb9f436b3e9aa9 and project 3e8866fd91a949f1bfa22fc7cf8fb0c3. Resources: {'key_pairs'} {{(pid=124848) _get_quotas /opt/stack/nova/nova/quota.py:377}}
Mar 31 22:46:57.108373 n-d-836015-1 devstack@n-api.service[124848]: DEBUG nova.quota [None req-9603b2fe-88e4-4765-b0ee-c1d59895efde tempest-KeyPairsV210TestJSON-1003630215 tempest-KeyPairsV210TestJSON-1003630215-project-admin] Getting quotas for project 3e8866fd91a949f1bfa22fc7cf8fb0c3. Resources: {'key_pairs'} {{(pid=124848) _get_quotas /opt/stack/nova/nova/quota.py:387}}
Mar 31 22:46:57.123070 n-d-836015-1 devstack@n-api.service[124848]: DEBUG nova.quota [None req-9603b2fe-88e4-4765-b0ee-c1d59895efde tempest-KeyPairsV210TestJSON-1003630215 tempest-KeyPairsV210TestJSON-1003630215-project-admin] Getting quotas for user 94da4f1452b9472792eb9f436b3e9aa9 and project 3e8866fd91a949f1bfa22fc7cf8fb0c3. Resources: {'key_pairs'} {{(pid=124848) _get_quotas /opt/stack/nova/nova/quota.py:377}}
Mar 31 22:46:57.158194 n-d-836015-1 devstack@n-api.service[124847]: DEBUG nova.api.openstack.wsgi [req-fa59f157-dccc-4416-8bfb-b15df03e06eb req-a33351e2-8e9c-4f10-a458-3d0fcfab8efd service nova] Action: 'create', calling method: >, body: {"events": [{"name": "network-changed", "server_uuid": "d39fb936-762a-4c0e-a91f-8b76792b8a55", "tag": "7eda78b0-5198-4c63-944e-1e9fa5661abe"}]} {{(pid=124847) _process_stack /opt/stack/nova/nova/api/openstack/wsgi.py:511}}
Mar 31 22:46:57.161184 n-d-836015-1 devstack@n-api.service[124847]: /usr/local/lib/python3.8/dist-packages/oslo_policy/policy.py:1075: UserWarning: Policy os_compute_api:os-server-external-events:create failed scope check. The token used to make the request was project scoped but the policy requires ['system'] scope. This behavior may change in the future where using the intended scope is required
Mar 31 22:46:57.161184 n-d-836015-1 devstack@n-api.service[124847]: warnings.warn(msg)
Mar 31 22:46:57.165620 n-d-836015-1 devstack@n-api.service[124848]: INFO nova.api.openstack.requestlog [None req-9603b2fe-88e4-4765-b0ee-c1d59895efde tempest-KeyPairsV210TestJSON-1003630215 tempest-KeyPairsV210TestJSON-1003630215-project-admin] 10.222.0.31 "POST /compute/v2.1/os-keypairs" status: 201 len: 2319 microversion: 2.10 time: 0.516971
Mar 31 22:46:57.168225 n-d-836015-1 devstack@n-api.service[124848]: [pid: 124848|app: 0|req: 32/58] 10.222.0.31 () {62 vars in 1199 bytes} [Thu Mar 31 22:46:56 2022] POST /compute/v2.1/os-keypairs => generated 2319 bytes in 520 msecs (HTTP/1.1 201) 9 headers in 365 bytes (1 switches on core 0)
Mar 31 22:46:57.232196 n-d-836015-1 devstack@n-api.service[124847]: DEBUG oslo_concurrency.lockutils [req-fa59f157-dccc-4416-8bfb-b15df03e06eb req-a33351e2-8e9c-4f10-a458-3d0fcfab8efd service nova] Lock "2eda320b-f777-4ff4-82d8-c203a098f612" acquired by "nova.context.set_target_cell..get_or_set_cached_cell_and_set_connections" :: waited 0.000s {{(pid=124847) inner /usr/local/lib/python3.8/dist-packages/oslo_concurrency/lockutils.py:355}}
Mar 31 22:46:57.232783 n-d-836015-1 devstack@n-api.service[124847]: DEBUG oslo_concurrency.lockutils [req-fa59f157-dccc-4416-8bfb-b15df03e06eb req-a33351e2-8e9c-4f10-a458-3d0fcfab8efd service nova] Lock "2eda320b-f777-4ff4-82d8-c203a098f612" released by "nova.context.set_target_cell..get_or_set_cached_cell_and_set_connections" :: held 0.001s {{(pid=124847) inner /usr/local/lib/python3.8/dist-packages/oslo_concurrency/lockutils.py:367}}
Mar 31 22:46:57.326576 n-d-836015-1 devstack@n-api.service[124847]: INFO nova.api.openstack.compute.server_external_events [req-fa59f157-dccc-4416-8bfb-b15df03e06eb req-a33351e2-8e9c-4f10-a458-3d0fcfab8efd service nova] Creating event network-changed:7eda78b0-5198-4c63-944e-1e9fa5661abe for instance d39fb936-762a-4c0e-a91f-8b76792b8a55 on n-h2-836015-1
Mar 31 22:46:57.331360 n-d-836015-1 devstack@n-api.service[124847]: DEBUG oslo_concurrency.lockutils [req-fa59f157-dccc-4416-8bfb-b15df03e06eb req-a33351e2-8e9c-4f10-a458-3d0fcfab8efd service nova] Acquired lock "compute-rpcapi-router" {{(pid=124847) lock /usr/local/lib/python3.8/dist-packages/oslo_concurrency/lockutils.py:266}}
Mar 31 22:46:57.332818 n-d-836015-1 devstack@n-api.service[124847]: DEBUG oslo_concurrency.lockutils [None req-43385bc4-44f7-4c22-9c31-268912f18636 None None] Lock "00000000-0000-0000-0000-000000000000" acquired by "nova.context.set_target_cell..get_or_set_cached_cell_and_set_connections" :: waited 0.000s {{(pid=124847) inner /usr/local/lib/python3.8/dist-packages/oslo_concurrency/lockutils.py:355}}
Mar 31 22:46:57.333802 n-d-836015-1 devstack@n-api.service[124847]: DEBUG oslo_concurrency.lockutils [None req-43385bc4-44f7-4c22-9c31-268912f18636 None None] Lock "00000000-0000-0000-0000-000000000000" released by "nova.context.set_target_cell..get_or_set_cached_cell_and_set_connections" :: held 0.001s {{(pid=124847) inner /usr/local/lib/python3.8/dist-packages/oslo_concurrency/lockutils.py:367}}
Mar 31 22:46:57.336216 n-d-836015-1 devstack@n-api.service[124847]: DEBUG oslo_concurrency.lockutils [None req-43385bc4-44f7-4c22-9c31-268912f18636 None None] Lock "2eda320b-f777-4ff4-82d8-c203a098f612" acquired by "nova.context.set_target_cell..get_or_set_cached_cell_and_set_connections" :: waited 0.000s {{(pid=124847) inner /usr/local/lib/python3.8/dist-packages/oslo_concurrency/lockutils.py:355}}
Mar 31 22:46:57.336216 n-d-836015-1 devstack@n-api.service[124847]: DEBUG oslo_concurrency.lockutils [None req-43385bc4-44f7-4c22-9c31-268912f18636 None None] Lock "2eda320b-f777-4ff4-82d8-c203a098f612" released by "nova.context.set_target_cell..get_or_set_cached_cell_and_set_connections" :: held 0.001s {{(pid=124847) inner /usr/local/lib/python3.8/dist-packages/oslo_concurrency/lockutils.py:367}}
Mar 31 22:46:57.382434 n-d-836015-1 devstack@n-api.service[124847]: INFO nova.compute.rpcapi [None req-43385bc4-44f7-4c22-9c31-268912f18636 None None] Automatically selected compute RPC version 6.0 from minimum service version 60
Mar 31 22:46:57.399009 n-d-836015-1 devstack@n-api.service[124847]: DEBUG oslo_concurrency.lockutils [None req-43385bc4-44f7-4c22-9c31-268912f18636 None None] Releasing lock "compute-rpcapi-router" {{(pid=124847) lock /usr/local/lib/python3.8/dist-packages/oslo_concurrency/lockutils.py:282}}
Mar 31 22:46:57.431275 n-d-836015-1 devstack@n-api.service[124847]: INFO nova.api.openstack.requestlog [None req-43385bc4-44f7-4c22-9c31-268912f18636 None None] 10.222.0.31 "POST /compute/v2.1/os-server-external-events" status: 200 len: 179 microversion: 2.1 time: 1.193756
Mar 31 22:46:57.432279 n-d-836015-1 devstack@n-api.service[124847]: [pid: 124847|app: 0|req: 27/59] 10.222.0.31 () {64 vars in 1317 bytes} [Thu Mar 31 22:46:56 2022] POST /compute/v2.1/os-server-external-events => generated 179 bytes in 1195 msecs (HTTP/1.1 200) 9 headers in 357 bytes (1 switches on core 0)
Mar 31 22:46:57.439687 n-d-836015-1 devstack@n-api.service[124847]: DEBUG nova.api.openstack.wsgi [None req-57f095f0-936c-4036-9edc-3bae3d8036d6 tempest-KeyPairsV210TestJSON-1003630215 tempest-KeyPairsV210TestJSON-1003630215-project-admin] Calling method '.version_select at 0x7f2de82e9e50>' {{(pid=124847) _process_stack /opt/stack/nova/nova/api/openstack/wsgi.py:513}}
Mar 31 22:46:57.469583 n-d-836015-1 devstack@n-api.service[124847]: INFO nova.api.openstack.requestlog [None req-57f095f0-936c-4036-9edc-3bae3d8036d6 tempest-KeyPairsV210TestJSON-1003630215 tempest-KeyPairsV210TestJSON-1003630215-project-admin] 10.222.0.31 "GET /compute/v2.1/os-keypairs/tempest-keypair-1282753428?user_id=64d8f378dfff41b798712f831dd7e62f" status: 200 len: 706 microversion: 2.10 time: 0.035753
Mar 31 22:46:57.487955 n-d-836015-1 devstack@n-api.service[124847]: [pid: 124847|app: 0|req: 28/60] 10.222.0.31 () {60 vars in 1339 bytes} [Thu Mar 31 22:46:57 2022] GET /compute/v2.1/os-keypairs/tempest-keypair-1282753428?user_id=64d8f378dfff41b798712f831dd7e62f => generated 706 bytes in 55 msecs (HTTP/1.1 200) 9 headers in 359 bytes (1 switches on core 0)
Mar 31 22:46:57.499469 n-d-836015-1 devstack@n-api.service[124847]: DEBUG nova.api.openstack.wsgi [None req-c1526115-e048-4e65-9e68-858984a9c516 tempest-DeleteServersAdminTestJSON-696749871 tempest-DeleteServersAdminTestJSON-696749871-project] Calling method '>' {{(pid=124847) _process_stack /opt/stack/nova/nova/api/openstack/wsgi.py:513}}
Mar 31 22:46:57.507478 n-d-836015-1 devstack@n-api.service[124847]: DEBUG nova.compute.api [None req-c1526115-e048-4e65-9e68-858984a9c516 tempest-DeleteServersAdminTestJSON-696749871 tempest-DeleteServersAdminTestJSON-696749871-project] [instance: d39fb936-762a-4c0e-a91f-8b76792b8a55] Fetching instance by UUID {{(pid=124847) get /opt/stack/nova/nova/compute/api.py:2865}}
Mar 31 22:46:57.524403 n-d-836015-1 devstack@n-api.service[124847]: DEBUG oslo_concurrency.lockutils [None req-c1526115-e048-4e65-9e68-858984a9c516 tempest-DeleteServersAdminTestJSON-696749871 tempest-DeleteServersAdminTestJSON-696749871-project] Lock "2eda320b-f777-4ff4-82d8-c203a098f612" acquired by "nova.context.set_target_cell..get_or_set_cached_cell_and_set_connections" :: waited 0.000s {{(pid=124847) inner /usr/local/lib/python3.8/dist-packages/oslo_concurrency/lockutils.py:355}}
Mar 31 22:46:57.531505 n-d-836015-1 devstack@n-api.service[124847]: DEBUG oslo_concurrency.lockutils [None req-c1526115-e048-4e65-9e68-858984a9c516 tempest-DeleteServersAdminTestJSON-696749871 tempest-DeleteServersAdminTestJSON-696749871-project] Lock "2eda320b-f777-4ff4-82d8-c203a098f612" released by "nova.context.set_target_cell..get_or_set_cached_cell_and_set_connections" :: held 0.005s {{(pid=124847) inner /usr/local/lib/python3.8/dist-packages/oslo_concurrency/lockutils.py:367}}
Mar 31 22:46:57.539308 n-d-836015-1 devstack@n-api.service[124847]: DEBUG oslo_concurrency.lockutils [None req-c1526115-e048-4e65-9e68-858984a9c516 tempest-DeleteServersAdminTestJSON-696749871 tempest-DeleteServersAdminTestJSON-696749871-project] Lock "2eda320b-f777-4ff4-82d8-c203a098f612" acquired by "nova.context.set_target_cell..get_or_set_cached_cell_and_set_connections" :: waited 0.000s {{(pid=124847) inner /usr/local/lib/python3.8/dist-packages/oslo_concurrency/lockutils.py:355}}
Mar 31 22:46:57.540537 n-d-836015-1 devstack@n-api.service[124847]: DEBUG oslo_concurrency.lockutils [None req-c1526115-e048-4e65-9e68-858984a9c516 tempest-DeleteServersAdminTestJSON-696749871 tempest-DeleteServersAdminTestJSON-696749871-project] Lock "2eda320b-f777-4ff4-82d8-c203a098f612" released by "nova.context.set_target_cell..get_or_set_cached_cell_and_set_connections" :: held 0.005s {{(pid=124847) inner /usr/local/lib/python3.8/dist-packages/oslo_concurrency/lockutils.py:367}}
Mar 31 22:46:57.843420 n-d-836015-1 devstack@n-api.service[124848]: DEBUG nova.api.openstack.wsgi [None req-3fe5bd38-2c2f-4458-9106-33349852d5f1 tempest-FlavorsAccessNegativeTestJSON-343167910 tempest-FlavorsAccessNegativeTestJSON-343167910-project] Action: 'action', calling method: >, body: {"addTenantAccess": {"tenant": "50cb4bcad86341b8a7e7aa2a0c373e55"}} {{(pid=124848) _process_stack /opt/stack/nova/nova/api/openstack/wsgi.py:511}}
Mar 31 22:46:57.844842 n-d-836015-1 devstack@n-api.service[124848]: /usr/local/lib/python3.8/dist-packages/oslo_policy/policy.py:1075: UserWarning: Policy os_compute_api:os-flavor-access:add_tenant_access failed scope check. The token used to make the request was project scoped but the policy requires ['system'] scope. This behavior may change in the future where using the intended scope is required
Mar 31 22:46:57.844842 n-d-836015-1 devstack@n-api.service[124848]: warnings.warn(msg)
Mar 31 22:46:57.846115 n-d-836015-1 devstack@n-api.service[124848]: DEBUG nova.policy [None req-3fe5bd38-2c2f-4458-9106-33349852d5f1 tempest-FlavorsAccessNegativeTestJSON-343167910 tempest-FlavorsAccessNegativeTestJSON-343167910-project] Policy check for os_compute_api:os-flavor-access:add_tenant_access failed with credentials {'is_admin': False, 'user_id': 'f49ba35b983d42febb0479a70c1db666', 'user_domain_id': 'default', 'system_scope': None, 'domain_id': None, 'project_id': '50cb4bcad86341b8a7e7aa2a0c373e55', 'project_domain_id': 'default', 'roles': ['reader', 'member'], 'is_admin_project': True, 'service_user_id': None, 'service_user_domain_id': None, 'service_project_id': None, 'service_project_domain_id': None, 'service_roles': []} {{(pid=124848) authorize /opt/stack/nova/nova/policy.py:199}}
Mar 31 22:46:57.850034 n-d-836015-1 devstack@n-api.service[124848]: DEBUG nova.api.openstack.wsgi [None req-3fe5bd38-2c2f-4458-9106-33349852d5f1 tempest-FlavorsAccessNegativeTestJSON-343167910 tempest-FlavorsAccessNegativeTestJSON-343167910-project] Returning 403 to user: Policy doesn't allow os_compute_api:os-flavor-access:add_tenant_access to be performed. {{(pid=124848) __call__ /opt/stack/nova/nova/api/openstack/wsgi.py:936}}
Mar 31 22:46:57.851954 n-d-836015-1 devstack@n-api.service[124848]: INFO nova.api.openstack.requestlog [None req-3fe5bd38-2c2f-4458-9106-33349852d5f1 tempest-FlavorsAccessNegativeTestJSON-343167910 tempest-FlavorsAccessNegativeTestJSON-343167910-project] 10.222.0.31 "POST /compute/v2.1/flavors/139597959/action" status: 403 len: 130 microversion: 2.1 time: 0.682160
Mar 31 22:46:57.858874 n-d-836015-1 devstack@n-api.service[124848]: [pid: 124848|app: 0|req: 33/61] 10.222.0.31 () {60 vars in 1196 bytes} [Thu Mar 31 22:46:57 2022] POST /compute/v2.1/flavors/139597959/action => generated 130 bytes in 690 msecs (HTTP/1.1 403) 9 headers in 379 bytes (1 switches on core 0)
Mar 31 22:46:57.874773 n-d-836015-1 devstack@n-api.service[124848]: DEBUG nova.api.openstack.wsgi [None req-e9616a36-9218-4eab-bab5-ac5e58fb9671 tempest-KeyPairsV210TestJSON-1003630215 tempest-KeyPairsV210TestJSON-1003630215-project-admin] Action: 'create', calling method: .version_select at 0x7f2de82878b0>, body: {"keypair": {"name": "tempest-KeyPairsV210TestJSON-keypair-1455117819", "type": "ssh"}} {{(pid=124848) _process_stack /opt/stack/nova/nova/api/openstack/wsgi.py:511}}
Mar 31 22:46:57.936288 n-d-836015-1 devstack@n-api.service[124848]: DEBUG nova.quota [None req-e9616a36-9218-4eab-bab5-ac5e58fb9671 tempest-KeyPairsV210TestJSON-1003630215 tempest-KeyPairsV210TestJSON-1003630215-project-admin] Getting quotas for project 3e8866fd91a949f1bfa22fc7cf8fb0c3. Resources: {'key_pairs'} {{(pid=124848) _get_quotas /opt/stack/nova/nova/quota.py:387}}
Mar 31 22:46:57.950301 n-d-836015-1 devstack@n-api.service[124848]: DEBUG nova.quota [None req-e9616a36-9218-4eab-bab5-ac5e58fb9671 tempest-KeyPairsV210TestJSON-1003630215 tempest-KeyPairsV210TestJSON-1003630215-project-admin] Getting quotas for user 94da4f1452b9472792eb9f436b3e9aa9 and project 3e8866fd91a949f1bfa22fc7cf8fb0c3. Resources: {'key_pairs'} {{(pid=124848) _get_quotas /opt/stack/nova/nova/quota.py:377}}
Mar 31 22:46:58.573322 n-d-836015-1 devstack@n-api.service[124847]: DEBUG nova.policy [None req-c1526115-e048-4e65-9e68-858984a9c516 tempest-DeleteServersAdminTestJSON-696749871 tempest-DeleteServersAdminTestJSON-696749871-project] Policy check for os_compute_api:os-extended-server-attributes failed with credentials {'is_admin': False, 'user_id': '823f283eff524f95ab5f374798d6c7cc', 'user_domain_id': 'default', 'system_scope': None, 'domain_id': None, 'project_id': '1a77fa3faf6e45aab1520377398455c8', 'project_domain_id': 'default', 'roles': ['reader', 'member'], 'is_admin_project': True, 'service_user_id': None, 'service_user_domain_id': None, 'service_project_id': None, 'service_project_domain_id': None, 'service_roles': []} {{(pid=124847) authorize /opt/stack/nova/nova/policy.py:199}}
Mar 31 22:46:58.587020 n-d-836015-1 devstack@n-api.service[124847]: INFO nova.api.openstack.requestlog [None req-c1526115-e048-4e65-9e68-858984a9c516 tempest-DeleteServersAdminTestJSON-696749871 tempest-DeleteServersAdminTestJSON-696749871-project] 10.222.0.31 "GET /compute/v2.1/servers/d39fb936-762a-4c0e-a91f-8b76792b8a55" status: 200 len: 1320 microversion: 2.1 time: 1.096745
Mar 31 22:46:58.597718 n-d-836015-1 devstack@n-api.service[124847]: [pid: 124847|app: 0|req: 29/62] 10.222.0.31 () {58 vars in 1235 bytes} [Thu Mar 31 22:46:57 2022] GET /compute/v2.1/servers/d39fb936-762a-4c0e-a91f-8b76792b8a55 => generated 1320 bytes in 1109 msecs (HTTP/1.1 200) 9 headers in 358 bytes (1 switches on core 0)
Mar 31 22:46:58.608428 n-d-836015-1 devstack@n-api.service[124847]: DEBUG nova.api.openstack.wsgi [None req-db5d1dea-2340-494c-86fe-fa833b49d183 tempest-AggregatesAdminTestJSON-946778829 tempest-AggregatesAdminTestJSON-946778829-project] Calling method '>' {{(pid=124847) _process_stack /opt/stack/nova/nova/api/openstack/wsgi.py:513}}
Mar 31 22:46:58.611990 n-d-836015-1 devstack@n-api.service[124847]: DEBUG nova.compute.api [None req-db5d1dea-2340-494c-86fe-fa833b49d183 tempest-AggregatesAdminTestJSON-946778829 tempest-AggregatesAdminTestJSON-946778829-project] [instance: 88737552-6258-45a2-aa4b-5205ce80efef] Fetching instance by UUID {{(pid=124847) get /opt/stack/nova/nova/compute/api.py:2865}}
Mar 31 22:46:58.633801 n-d-836015-1 devstack@n-api.service[124847]: DEBUG oslo_concurrency.lockutils [None req-db5d1dea-2340-494c-86fe-fa833b49d183 tempest-AggregatesAdminTestJSON-946778829 tempest-AggregatesAdminTestJSON-946778829-project] Lock "2eda320b-f777-4ff4-82d8-c203a098f612" acquired by "nova.context.set_target_cell..get_or_set_cached_cell_and_set_connections" :: waited 0.000s {{(pid=124847) inner /usr/local/lib/python3.8/dist-packages/oslo_concurrency/lockutils.py:355}}
Mar 31 22:46:58.634533 n-d-836015-1 devstack@n-api.service[124847]: DEBUG oslo_concurrency.lockutils [None req-db5d1dea-2340-494c-86fe-fa833b49d183 tempest-AggregatesAdminTestJSON-946778829 tempest-AggregatesAdminTestJSON-946778829-project] Lock "2eda320b-f777-4ff4-82d8-c203a098f612" released by "nova.context.set_target_cell..get_or_set_cached_cell_and_set_connections" :: held 0.001s {{(pid=124847) inner /usr/local/lib/python3.8/dist-packages/oslo_concurrency/lockutils.py:367}}
Mar 31 22:46:58.639271 n-d-836015-1 devstack@n-api.service[124847]: DEBUG oslo_concurrency.lockutils [None req-db5d1dea-2340-494c-86fe-fa833b49d183 tempest-AggregatesAdminTestJSON-946778829 tempest-AggregatesAdminTestJSON-946778829-project] Lock "2eda320b-f777-4ff4-82d8-c203a098f612" acquired by "nova.context.set_target_cell..get_or_set_cached_cell_and_set_connections" :: waited 0.000s {{(pid=124847) inner /usr/local/lib/python3.8/dist-packages/oslo_concurrency/lockutils.py:355}}
Mar 31 22:46:58.641835 n-d-836015-1 devstack@n-api.service[124847]: DEBUG oslo_concurrency.lockutils [None req-db5d1dea-2340-494c-86fe-fa833b49d183 tempest-AggregatesAdminTestJSON-946778829 tempest-AggregatesAdminTestJSON-946778829-project] Lock "2eda320b-f777-4ff4-82d8-c203a098f612" released by "nova.context.set_target_cell..get_or_set_cached_cell_and_set_connections" :: held 0.003s {{(pid=124847) inner /usr/local/lib/python3.8/dist-packages/oslo_concurrency/lockutils.py:367}}
Mar 31 22:46:58.797691 n-d-836015-1 devstack@n-api.service[124847]: DEBUG nova.policy [None req-db5d1dea-2340-494c-86fe-fa833b49d183 tempest-AggregatesAdminTestJSON-946778829 tempest-AggregatesAdminTestJSON-946778829-project] Policy check for os_compute_api:os-extended-server-attributes failed with credentials {'is_admin': False, 'user_id': '51b7277415414155a6094e43f93fc572', 'user_domain_id': 'default', 'system_scope': None, 'domain_id': None, 'project_id': 'ceb7d7b6cc1e415e9388c9ddbb306ef6', 'project_domain_id': 'default', 'roles': ['reader', 'member'], 'is_admin_project': True, 'service_user_id': None, 'service_user_domain_id': None, 'service_project_id': None, 'service_project_domain_id': None, 'service_roles': []} {{(pid=124847) authorize /opt/stack/nova/nova/policy.py:199}}
Mar 31 22:46:58.822232 n-d-836015-1 devstack@n-api.service[124847]: INFO nova.api.openstack.requestlog [None req-db5d1dea-2340-494c-86fe-fa833b49d183 tempest-AggregatesAdminTestJSON-946778829 tempest-AggregatesAdminTestJSON-946778829-project] 10.222.0.31 "GET /compute/v2.1/servers/88737552-6258-45a2-aa4b-5205ce80efef" status: 200 len: 1294 microversion: 2.1 time: 0.222795
Mar 31 22:46:58.825180 n-d-836015-1 devstack@n-api.service[124847]: [pid: 124847|app: 0|req: 30/63] 10.222.0.31 () {58 vars in 1235 bytes} [Thu Mar 31 22:46:58 2022] GET /compute/v2.1/servers/88737552-6258-45a2-aa4b-5205ce80efef => generated 1294 bytes in 227 msecs (HTTP/1.1 200) 9 headers in 358 bytes (1 switches on core 0)
Mar 31 22:46:58.838025 n-d-836015-1 devstack@n-api.service[124847]: DEBUG nova.api.openstack.wsgi [None req-aaad354f-eae5-4856-8078-af3fc7ba43ef tempest-FlavorsAccessNegativeTestJSON-1261424043 tempest-FlavorsAccessNegativeTestJSON-1261424043-project-admin] Calling method '>' {{(pid=124847) _process_stack /opt/stack/nova/nova/api/openstack/wsgi.py:513}}
Mar 31 22:46:58.839292 n-d-836015-1 devstack@n-api.service[124847]: /usr/local/lib/python3.8/dist-packages/oslo_policy/policy.py:1075: UserWarning: Policy os_compute_api:os-flavor-manage:delete failed scope check. The token used to make the request was project scoped but the policy requires ['system'] scope. This behavior may change in the future where using the intended scope is required
Mar 31 22:46:58.839292 n-d-836015-1 devstack@n-api.service[124847]: warnings.warn(msg)
Mar 31 22:46:58.920439 n-d-836015-1 devstack@n-api.service[124848]: DEBUG nova.quota [None req-e9616a36-9218-4eab-bab5-ac5e58fb9671 tempest-KeyPairsV210TestJSON-1003630215 tempest-KeyPairsV210TestJSON-1003630215-project-admin] Getting quotas for project 3e8866fd91a949f1bfa22fc7cf8fb0c3. Resources: {'key_pairs'} {{(pid=124848) _get_quotas /opt/stack/nova/nova/quota.py:387}}
Mar 31 22:46:58.931308 n-d-836015-1 devstack@n-api.service[124848]: DEBUG nova.quota [None req-e9616a36-9218-4eab-bab5-ac5e58fb9671 tempest-KeyPairsV210TestJSON-1003630215 tempest-KeyPairsV210TestJSON-1003630215-project-admin] Getting quotas for user 94da4f1452b9472792eb9f436b3e9aa9 and project 3e8866fd91a949f1bfa22fc7cf8fb0c3. Resources: {'key_pairs'} {{(pid=124848) _get_quotas /opt/stack/nova/nova/quota.py:377}}
Mar 31 22:46:58.965766 n-d-836015-1 devstack@n-api.service[124848]: INFO nova.api.openstack.requestlog [None req-e9616a36-9218-4eab-bab5-ac5e58fb9671 tempest-KeyPairsV210TestJSON-1003630215 tempest-KeyPairsV210TestJSON-1003630215-project-admin] 10.222.0.31 "POST /compute/v2.1/os-keypairs" status: 201 len: 2341 microversion: 2.10 time: 1.104965
Mar 31 22:46:58.967395 n-d-836015-1 devstack@n-api.service[124847]: INFO nova.api.openstack.requestlog [None req-aaad354f-eae5-4856-8078-af3fc7ba43ef tempest-FlavorsAccessNegativeTestJSON-1261424043 tempest-FlavorsAccessNegativeTestJSON-1261424043-project-admin] 10.222.0.31 "DELETE /compute/v2.1/flavors/139597959" status: 202 len: 0 microversion: 2.1 time: 0.140448
Mar 31 22:46:58.968530 n-d-836015-1 devstack@n-api.service[124848]: [pid: 124848|app: 0|req: 34/64] 10.222.0.31 () {62 vars in 1198 bytes} [Thu Mar 31 22:46:57 2022] POST /compute/v2.1/os-keypairs => generated 2341 bytes in 1109 msecs (HTTP/1.1 201) 9 headers in 365 bytes (1 switches on core 0)
Mar 31 22:46:58.970124 n-d-836015-1 devstack@n-api.service[124847]: [pid: 124847|app: 0|req: 31/65] 10.222.0.31 () {58 vars in 1157 bytes} [Thu Mar 31 22:46:58 2022] DELETE /compute/v2.1/flavors/139597959 => generated 0 bytes in 144 msecs (HTTP/1.1 202) 9 headers in 361 bytes (1 switches on core 0)
Mar 31 22:46:58.981175 n-d-836015-1 devstack@n-api.service[124847]: DEBUG nova.api.openstack.wsgi [None req-c829d711-4219-4268-9779-b479a33a7b8f tempest-KeyPairsV210TestJSON-1003630215 tempest-KeyPairsV210TestJSON-1003630215-project-admin] Calling method '.version_select at 0x7f2de82e9ee0>' {{(pid=124847) _process_stack /opt/stack/nova/nova/api/openstack/wsgi.py:513}}
Mar 31 22:46:58.985154 n-d-836015-1 devstack@n-api.service[124847]: WARNING oslo_db.sqlalchemy.utils [None req-c829d711-4219-4268-9779-b479a33a7b8f tempest-KeyPairsV210TestJSON-1003630215 tempest-KeyPairsV210TestJSON-1003630215-project-admin] Unique keys not in sort_keys. The sorting order may be unstable.
Mar 31 22:46:58.989991 n-d-836015-1 devstack@n-api.service[124848]: DEBUG nova.api.openstack.wsgi [None req-2a5a32cf-6358-4219-ac94-e62a0c40adc5 tempest-FlavorsAccessNegativeTestJSON-1261424043 tempest-FlavorsAccessNegativeTestJSON-1261424043-project-admin] Calling method '>' {{(pid=124848) _process_stack /opt/stack/nova/nova/api/openstack/wsgi.py:513}}
Mar 31 22:46:59.011957 n-d-836015-1 devstack@n-api.service[124847]: WARNING oslo_db.sqlalchemy.utils [None req-c829d711-4219-4268-9779-b479a33a7b8f tempest-KeyPairsV210TestJSON-1003630215 tempest-KeyPairsV210TestJSON-1003630215-project-admin] Unique keys not in sort_keys. The sorting order may be unstable.
Mar 31 22:46:59.027410 n-d-836015-1 devstack@n-api.service[124848]: INFO nova.api.openstack.requestlog [None req-2a5a32cf-6358-4219-ac94-e62a0c40adc5 tempest-FlavorsAccessNegativeTestJSON-1261424043 tempest-FlavorsAccessNegativeTestJSON-1261424043-project-admin] 10.222.0.31 "GET /compute/v2.1/flavors/detail" status: 200 len: 4991 microversion: 2.1 time: 0.050772
Mar 31 22:46:59.028529 n-d-836015-1 devstack@n-api.service[124848]: [pid: 124848|app: 0|req: 35/66] 10.222.0.31 () {58 vars in 1145 bytes} [Thu Mar 31 22:46:58 2022] GET /compute/v2.1/flavors/detail => generated 4991 bytes in 53 msecs (HTTP/1.1 200) 9 headers in 358 bytes (1 switches on core 0)
Mar 31 22:46:59.053387 n-d-836015-1 devstack@n-api.service[124848]: DEBUG nova.api.openstack.wsgi [None req-d687eed5-2982-4073-9e4c-c997a67ea101 tempest-FlavorsAccessNegativeTestJSON-1261424043 tempest-FlavorsAccessNegativeTestJSON-1261424043-project-admin] Action: 'create', calling method: >, body: {"flavor": {"ram": 512, "vcpus": 1, "disk": 10, "name": "tempest-FlavorsAccessNegativeTestJSON-flavor-64708076", "id": 973168290, "os-flavor-access:is_public": "False"}} {{(pid=124848) _process_stack /opt/stack/nova/nova/api/openstack/wsgi.py:511}}
Mar 31 22:46:59.054565 n-d-836015-1 devstack@n-api.service[124847]: INFO nova.api.openstack.requestlog [None req-c829d711-4219-4268-9779-b479a33a7b8f tempest-KeyPairsV210TestJSON-1003630215 tempest-KeyPairsV210TestJSON-1003630215-project-admin] 10.222.0.31 "GET /compute/v2.1/os-keypairs?user_id=64d8f378dfff41b798712f831dd7e62f" status: 200 len: 1113 microversion: 2.10 time: 0.076942
Mar 31 22:46:59.058668 n-d-836015-1 devstack@n-api.service[124848]: /usr/local/lib/python3.8/dist-packages/oslo_policy/policy.py:1075: UserWarning: Policy os_compute_api:os-flavor-manage:create failed scope check. The token used to make the request was project scoped but the policy requires ['system'] scope. This behavior may change in the future where using the intended scope is required
Mar 31 22:46:59.058668 n-d-836015-1 devstack@n-api.service[124848]: warnings.warn(msg)
Mar 31 22:46:59.059186 n-d-836015-1 devstack@n-api.service[124847]: [pid: 124847|app: 0|req: 32/67] 10.222.0.31 () {60 vars in 1258 bytes} [Thu Mar 31 22:46:58 2022] GET /compute/v2.1/os-keypairs?user_id=64d8f378dfff41b798712f831dd7e62f => generated 1113 bytes in 83 msecs (HTTP/1.1 200) 9 headers in 360 bytes (1 switches on core 0)
Mar 31 22:46:59.079951 n-d-836015-1 devstack@n-api.service[124847]: DEBUG nova.api.openstack.wsgi [None req-e41feeb5-576b-48c9-856f-96b03df586ba tempest-KeyPairsV210TestJSON-1003630215 tempest-KeyPairsV210TestJSON-1003630215-project-admin] Calling method '.version_select at 0x7f2de8334280>' {{(pid=124847) _process_stack /opt/stack/nova/nova/api/openstack/wsgi.py:513}}
Mar 31 22:46:59.143637 n-d-836015-1 devstack@n-api.service[124848]: INFO nova.api.openstack.requestlog [None req-d687eed5-2982-4073-9e4c-c997a67ea101 tempest-FlavorsAccessNegativeTestJSON-1261424043 tempest-FlavorsAccessNegativeTestJSON-1261424043-project-admin] 10.222.0.31 "POST /compute/v2.1/flavors" status: 200 len: 434 microversion: 2.1 time: 0.099945
Mar 31 22:46:59.148949 n-d-836015-1 devstack@n-api.service[124848]: [pid: 124848|app: 0|req: 36/68] 10.222.0.31 () {60 vars in 1146 bytes} [Thu Mar 31 22:46:59 2022] POST /compute/v2.1/flavors => generated 434 bytes in 107 msecs (HTTP/1.1 200) 9 headers in 357 bytes (1 switches on core 0)
Mar 31 22:46:59.169612 n-d-836015-1 devstack@n-api.service[124848]: DEBUG nova.api.openstack.wsgi [None req-e0a3ea24-3093-46a4-89ae-a03fc3cb98d0 tempest-FlavorsAccessNegativeTestJSON-1261424043 tempest-FlavorsAccessNegativeTestJSON-1261424043-project-admin] Action: 'action', calling method: >, body: {"addTenantAccess": {"tenant": "50cb4bcad86341b8a7e7aa2a0c373e55"}} {{(pid=124848) _process_stack /opt/stack/nova/nova/api/openstack/wsgi.py:511}}
Mar 31 22:46:59.187879 n-d-836015-1 devstack@n-api.service[124847]: INFO nova.api.openstack.requestlog [None req-e41feeb5-576b-48c9-856f-96b03df586ba tempest-KeyPairsV210TestJSON-1003630215 tempest-KeyPairsV210TestJSON-1003630215-project-admin] 10.222.0.31 "DELETE /compute/v2.1/os-keypairs/tempest-KeyPairsV210TestJSON-keypair-1455117819" status: 204 len: 0 microversion: 2.10 time: 0.121697
Mar 31 22:46:59.189018 n-d-836015-1 devstack@n-api.service[124847]: [pid: 124847|app: 0|req: 33/69] 10.222.0.31 () {60 vars in 1324 bytes} [Thu Mar 31 22:46:59 2022] DELETE /compute/v2.1/os-keypairs/tempest-KeyPairsV210TestJSON-keypair-1455117819 => generated 0 bytes in 124 msecs (HTTP/1.1 204) 9 headers in 365 bytes (1 switches on core 0)
Mar 31 22:46:59.199943 n-d-836015-1 devstack@n-api.service[124847]: DEBUG nova.api.openstack.wsgi [None req-9bff4a49-5e91-49c3-b4a5-daeb15d19fc5 tempest-KeyPairsV210TestJSON-1003630215 tempest-KeyPairsV210TestJSON-1003630215-project-admin] Calling method '.version_select at 0x7f2de82b9040>' {{(pid=124847) _process_stack /opt/stack/nova/nova/api/openstack/wsgi.py:513}}
Mar 31 22:46:59.331603 n-d-836015-1 devstack@n-api.service[124847]: INFO nova.api.openstack.requestlog [None req-9bff4a49-5e91-49c3-b4a5-daeb15d19fc5 tempest-KeyPairsV210TestJSON-1003630215 tempest-KeyPairsV210TestJSON-1003630215-project-admin] 10.222.0.31 "DELETE /compute/v2.1/os-keypairs/tempest-keypair-472963857?user_id=64d8f378dfff41b798712f831dd7e62f" status: 204 len: 0 microversion: 2.10 time: 0.135535
Mar 31 22:46:59.333128 n-d-836015-1 devstack@n-api.service[124847]: [pid: 124847|app: 0|req: 34/70] 10.222.0.31 () {60 vars in 1339 bytes} [Thu Mar 31 22:46:59 2022] DELETE /compute/v2.1/os-keypairs/tempest-keypair-472963857?user_id=64d8f378dfff41b798712f831dd7e62f => generated 0 bytes in 138 msecs (HTTP/1.1 204) 9 headers in 365 bytes (1 switches on core 0)
Mar 31 22:46:59.343116 n-d-836015-1 devstack@n-api.service[124847]: DEBUG nova.api.openstack.wsgi [None req-3acf2504-11be-4e06-92c1-51caae2474e4 tempest-KeyPairsV210TestJSON-1003630215 tempest-KeyPairsV210TestJSON-1003630215-project-admin] Calling method '.version_select at 0x7f2de820d0d0>' {{(pid=124847) _process_stack /opt/stack/nova/nova/api/openstack/wsgi.py:513}}
Mar 31 22:46:59.474784 n-d-836015-1 devstack@n-api.service[124847]: INFO nova.api.openstack.requestlog [None req-3acf2504-11be-4e06-92c1-51caae2474e4 tempest-KeyPairsV210TestJSON-1003630215 tempest-KeyPairsV210TestJSON-1003630215-project-admin] 10.222.0.31 "DELETE /compute/v2.1/os-keypairs/tempest-keypair-1282753428?user_id=64d8f378dfff41b798712f831dd7e62f" status: 204 len: 0 microversion: 2.10 time: 0.135499
Mar 31 22:46:59.476379 n-d-836015-1 devstack@n-api.service[124847]: [pid: 124847|app: 0|req: 35/71] 10.222.0.31 () {60 vars in 1342 bytes} [Thu Mar 31 22:46:59 2022] DELETE /compute/v2.1/os-keypairs/tempest-keypair-1282753428?user_id=64d8f378dfff41b798712f831dd7e62f => generated 0 bytes in 138 msecs (HTTP/1.1 204) 9 headers in 365 bytes (1 switches on core 0)
Mar 31 22:46:59.613985 n-d-836015-1 devstack@n-api.service[124847]: DEBUG nova.api.openstack.wsgi [None req-dd7fae87-7db2-4084-ac50-b9b5fd9dc39a tempest-DeleteServersAdminTestJSON-696749871 tempest-DeleteServersAdminTestJSON-696749871-project] Calling method '>' {{(pid=124847) _process_stack /opt/stack/nova/nova/api/openstack/wsgi.py:513}}
Mar 31 22:46:59.616078 n-d-836015-1 devstack@n-api.service[124847]: DEBUG nova.compute.api [None req-dd7fae87-7db2-4084-ac50-b9b5fd9dc39a tempest-DeleteServersAdminTestJSON-696749871 tempest-DeleteServersAdminTestJSON-696749871-project] [instance: d39fb936-762a-4c0e-a91f-8b76792b8a55] Fetching instance by UUID {{(pid=124847) get /opt/stack/nova/nova/compute/api.py:2865}}
Mar 31 22:46:59.638823 n-d-836015-1 devstack@n-api.service[124847]: DEBUG oslo_concurrency.lockutils [None req-dd7fae87-7db2-4084-ac50-b9b5fd9dc39a tempest-DeleteServersAdminTestJSON-696749871 tempest-DeleteServersAdminTestJSON-696749871-project] Lock "2eda320b-f777-4ff4-82d8-c203a098f612" acquired by "nova.context.set_target_cell..get_or_set_cached_cell_and_set_connections" :: waited 0.000s {{(pid=124847) inner /usr/local/lib/python3.8/dist-packages/oslo_concurrency/lockutils.py:355}}
Mar 31 22:46:59.639705 n-d-836015-1 devstack@n-api.service[124847]: DEBUG oslo_concurrency.lockutils [None req-dd7fae87-7db2-4084-ac50-b9b5fd9dc39a tempest-DeleteServersAdminTestJSON-696749871 tempest-DeleteServersAdminTestJSON-696749871-project] Lock "2eda320b-f777-4ff4-82d8-c203a098f612" released by "nova.context.set_target_cell..get_or_set_cached_cell_and_set_connections" :: held 0.003s {{(pid=124847) inner /usr/local/lib/python3.8/dist-packages/oslo_concurrency/lockutils.py:367}}
Mar 31 22:46:59.646159 n-d-836015-1 devstack@n-api.service[124847]: DEBUG oslo_concurrency.lockutils [None req-dd7fae87-7db2-4084-ac50-b9b5fd9dc39a tempest-DeleteServersAdminTestJSON-696749871 tempest-DeleteServersAdminTestJSON-696749871-project] Lock "2eda320b-f777-4ff4-82d8-c203a098f612" acquired by "nova.context.set_target_cell..get_or_set_cached_cell_and_set_connections" :: waited 0.000s {{(pid=124847) inner /usr/local/lib/python3.8/dist-packages/oslo_concurrency/lockutils.py:355}}
Mar 31 22:46:59.653330 n-d-836015-1 devstack@n-api.service[124847]: DEBUG oslo_concurrency.lockutils [None req-dd7fae87-7db2-4084-ac50-b9b5fd9dc39a tempest-DeleteServersAdminTestJSON-696749871 tempest-DeleteServersAdminTestJSON-696749871-project] Lock "2eda320b-f777-4ff4-82d8-c203a098f612" released by "nova.context.set_target_cell..get_or_set_cached_cell_and_set_connections" :: held 0.007s {{(pid=124847) inner /usr/local/lib/python3.8/dist-packages/oslo_concurrency/lockutils.py:367}}
Mar 31 22:47:00.222780 n-d-836015-1 devstack@n-api.service[124847]: DEBUG nova.policy [None req-dd7fae87-7db2-4084-ac50-b9b5fd9dc39a tempest-DeleteServersAdminTestJSON-696749871 tempest-DeleteServersAdminTestJSON-696749871-project] Policy check for os_compute_api:os-extended-server-attributes failed with credentials {'is_admin': False, 'user_id': '823f283eff524f95ab5f374798d6c7cc', 'user_domain_id': 'default', 'system_scope': None, 'domain_id': None, 'project_id': '1a77fa3faf6e45aab1520377398455c8', 'project_domain_id': 'default', 'roles': ['reader', 'member'], 'is_admin_project': True, 'service_user_id': None, 'service_user_domain_id': None, 'service_project_id': None, 'service_project_domain_id': None, 'service_roles': []} {{(pid=124847) authorize /opt/stack/nova/nova/policy.py:199}}
Mar 31 22:47:00.232528 n-d-836015-1 devstack@n-api.service[124847]: INFO nova.api.openstack.requestlog [None req-dd7fae87-7db2-4084-ac50-b9b5fd9dc39a tempest-DeleteServersAdminTestJSON-696749871 tempest-DeleteServersAdminTestJSON-696749871-project] 10.222.0.31 "GET /compute/v2.1/servers/d39fb936-762a-4c0e-a91f-8b76792b8a55" status: 200 len: 1320 microversion: 2.1 time: 0.624759
Mar 31 22:47:00.238977 n-d-836015-1 devstack@n-api.service[124847]: [pid: 124847|app: 0|req: 36/72] 10.222.0.31 () {58 vars in 1235 bytes} [Thu Mar 31 22:46:59 2022] GET /compute/v2.1/servers/d39fb936-762a-4c0e-a91f-8b76792b8a55 => generated 1320 bytes in 633 msecs (HTTP/1.1 200) 9 headers in 358 bytes (1 switches on core 0)
Mar 31 22:47:00.245094 n-d-836015-1 devstack@n-api.service[124847]: DEBUG nova.api.openstack.wsgi [None req-17d9704a-b757-4b1f-b20e-7776caa10f06 tempest-AggregatesAdminTestJSON-946778829 tempest-AggregatesAdminTestJSON-946778829-project] Calling method '>' {{(pid=124847) _process_stack /opt/stack/nova/nova/api/openstack/wsgi.py:513}}
Mar 31 22:47:00.246001 n-d-836015-1 devstack@n-api.service[124847]: DEBUG nova.compute.api [None req-17d9704a-b757-4b1f-b20e-7776caa10f06 tempest-AggregatesAdminTestJSON-946778829 tempest-AggregatesAdminTestJSON-946778829-project] [instance: 88737552-6258-45a2-aa4b-5205ce80efef] Fetching instance by UUID {{(pid=124847) get /opt/stack/nova/nova/compute/api.py:2865}}
Mar 31 22:47:00.256113 n-d-836015-1 devstack@n-api.service[124847]: DEBUG oslo_concurrency.lockutils [None req-17d9704a-b757-4b1f-b20e-7776caa10f06 tempest-AggregatesAdminTestJSON-946778829 tempest-AggregatesAdminTestJSON-946778829-project] Lock "2eda320b-f777-4ff4-82d8-c203a098f612" acquired by "nova.context.set_target_cell..get_or_set_cached_cell_and_set_connections" :: waited 0.000s {{(pid=124847) inner /usr/local/lib/python3.8/dist-packages/oslo_concurrency/lockutils.py:355}}
Mar 31 22:47:00.260351 n-d-836015-1 devstack@n-api.service[124847]: DEBUG oslo_concurrency.lockutils [None req-17d9704a-b757-4b1f-b20e-7776caa10f06 tempest-AggregatesAdminTestJSON-946778829 tempest-AggregatesAdminTestJSON-946778829-project] Lock "2eda320b-f777-4ff4-82d8-c203a098f612" released by "nova.context.set_target_cell..get_or_set_cached_cell_and_set_connections" :: held 0.005s {{(pid=124847) inner /usr/local/lib/python3.8/dist-packages/oslo_concurrency/lockutils.py:367}}
Mar 31 22:47:00.261491 n-d-836015-1 devstack@n-api.service[124847]: DEBUG oslo_concurrency.lockutils [None req-17d9704a-b757-4b1f-b20e-7776caa10f06 tempest-AggregatesAdminTestJSON-946778829 tempest-AggregatesAdminTestJSON-946778829-project] Lock "2eda320b-f777-4ff4-82d8-c203a098f612" acquired by "nova.context.set_target_cell..get_or_set_cached_cell_and_set_connections" :: waited 0.000s {{(pid=124847) inner /usr/local/lib/python3.8/dist-packages/oslo_concurrency/lockutils.py:355}}
Mar 31 22:47:00.262646 n-d-836015-1 devstack@n-api.service[124847]: DEBUG oslo_concurrency.lockutils [None req-17d9704a-b757-4b1f-b20e-7776caa10f06 tempest-AggregatesAdminTestJSON-946778829 tempest-AggregatesAdminTestJSON-946778829-project] Lock "2eda320b-f777-4ff4-82d8-c203a098f612" released by "nova.context.set_target_cell..get_or_set_cached_cell_and_set_connections" :: held 0.001s {{(pid=124847) inner /usr/local/lib/python3.8/dist-packages/oslo_concurrency/lockutils.py:367}}
Mar 31 22:47:00.531468 n-d-836015-1 devstack@n-api.service[124848]: INFO nova.api.openstack.requestlog [None req-e0a3ea24-3093-46a4-89ae-a03fc3cb98d0 tempest-FlavorsAccessNegativeTestJSON-1261424043 tempest-FlavorsAccessNegativeTestJSON-1261424043-project-admin] 10.222.0.31 "POST /compute/v2.1/flavors/973168290/action" status: 200 len: 96 microversion: 2.1 time: 1.370243
Mar 31 22:47:00.537758 n-d-836015-1 devstack@n-api.service[124848]: [pid: 124848|app: 0|req: 37/73] 10.222.0.31 () {60 vars in 1196 bytes} [Thu Mar 31 22:46:59 2022] POST /compute/v2.1/flavors/973168290/action => generated 96 bytes in 1373 msecs (HTTP/1.1 200) 9 headers in 356 bytes (2 switches on core 0)
Mar 31 22:47:00.891695 n-d-836015-1 devstack@n-api.service[124847]: DEBUG nova.policy [None req-17d9704a-b757-4b1f-b20e-7776caa10f06 tempest-AggregatesAdminTestJSON-946778829 tempest-AggregatesAdminTestJSON-946778829-project] Policy check for os_compute_api:os-extended-server-attributes failed with credentials {'is_admin': False, 'user_id': '51b7277415414155a6094e43f93fc572', 'user_domain_id': 'default', 'system_scope': None, 'domain_id': None, 'project_id': 'ceb7d7b6cc1e415e9388c9ddbb306ef6', 'project_domain_id': 'default', 'roles': ['reader', 'member'], 'is_admin_project': True, 'service_user_id': None, 'service_user_domain_id': None, 'service_project_id': None, 'service_project_domain_id': None, 'service_roles': []} {{(pid=124847) authorize /opt/stack/nova/nova/policy.py:199}}
Mar 31 22:47:00.902984 n-d-836015-1 devstack@n-api.service[124847]: INFO nova.api.openstack.requestlog [None req-17d9704a-b757-4b1f-b20e-7776caa10f06 tempest-AggregatesAdminTestJSON-946778829 tempest-AggregatesAdminTestJSON-946778829-project] 10.222.0.31 "GET /compute/v2.1/servers/88737552-6258-45a2-aa4b-5205ce80efef" status: 200 len: 1336 microversion: 2.1 time: 0.661886
