Apr 20 22:08:40.519834 n-d-836014-2 devstack@placement-api.service[111656]: [pid: 111656|app: 0|req: 445/888] 10.222.0.24 () {58 vars in 1390 bytes} [Wed Apr 20 22:08:40 2022] GET /placement/resource_providers/284c66b6-5763-4234-ad1c-14b8753341e0/allocations => generated 356 bytes in 41 msecs (HTTP/1.1 200) 6 headers in 224 bytes (1 switches on core 0)
Apr 20 22:09:25.307265 n-d-836014-2 devstack@placement-api.service[111657]: DEBUG placement.requestlog [req-4e02c643-7f05-49fd-a038-7b995ac2fd6e req-f43cd2d2-3e4e-404b-b7dc-3d13b5d9ec57 None None] Starting request: 10.222.0.21 "GET /placement/allocation_candidates?limit=1000&resources=DISK_GB%3A1%2CMEMORY_MB%3A1024%2CVCPU%3A1&root_required=%21COMPUTE_STATUS_DISABLED" {{(pid=111657) __call__ /opt/stack/placement/placement/requestlog.py:55}}
Apr 20 22:09:25.356078 n-d-836014-2 devstack@placement-api.service[111657]: DEBUG placement.objects.research_context [req-4e02c643-7f05-49fd-a038-7b995ac2fd6e req-f43cd2d2-3e4e-404b-b7dc-3d13b5d9ec57 service placement] getting providers with 1 DISK_GB {{(pid=111657) __init__ /opt/stack/placement/placement/objects/research_context.py:136}}
Apr 20 22:09:25.368437 n-d-836014-2 devstack@placement-api.service[111657]: DEBUG placement.objects.research_context [req-4e02c643-7f05-49fd-a038-7b995ac2fd6e req-f43cd2d2-3e4e-404b-b7dc-3d13b5d9ec57 service placement] getting providers with 1024 MEMORY_MB {{(pid=111657) __init__ /opt/stack/placement/placement/objects/research_context.py:136}}
Apr 20 22:09:25.378306 n-d-836014-2 devstack@placement-api.service[111657]: DEBUG placement.objects.research_context [req-4e02c643-7f05-49fd-a038-7b995ac2fd6e req-f43cd2d2-3e4e-404b-b7dc-3d13b5d9ec57 service placement] getting providers with 1 VCPU {{(pid=111657) __init__ /opt/stack/placement/placement/objects/research_context.py:136}}
Apr 20 22:09:25.399591 n-d-836014-2 devstack@placement-api.service[111657]: DEBUG placement.objects.research_context [req-4e02c643-7f05-49fd-a038-7b995ac2fd6e req-f43cd2d2-3e4e-404b-b7dc-3d13b5d9ec57 service placement] found 2 providers with available 1 DISK_GB {{(pid=111657) get_provider_ids_matching /opt/stack/placement/placement/objects/research_context.py:559}}
Apr 20 22:09:25.400102 n-d-836014-2 devstack@placement-api.service[111657]: DEBUG placement.objects.research_context [req-4e02c643-7f05-49fd-a038-7b995ac2fd6e req-f43cd2d2-3e4e-404b-b7dc-3d13b5d9ec57 service placement] found 2 providers with available 1024 MEMORY_MB {{(pid=111657) get_provider_ids_matching /opt/stack/placement/placement/objects/research_context.py:559}}
Apr 20 22:09:25.400987 n-d-836014-2 devstack@placement-api.service[111657]: DEBUG placement.objects.research_context [req-4e02c643-7f05-49fd-a038-7b995ac2fd6e req-f43cd2d2-3e4e-404b-b7dc-3d13b5d9ec57 service placement] found 2 providers after filtering by previous result {{(pid=111657) get_provider_ids_matching /opt/stack/placement/placement/objects/research_context.py:590}}
Apr 20 22:09:25.401567 n-d-836014-2 devstack@placement-api.service[111657]: DEBUG placement.objects.research_context [req-4e02c643-7f05-49fd-a038-7b995ac2fd6e req-f43cd2d2-3e4e-404b-b7dc-3d13b5d9ec57 service placement] found 2 providers with available 1 VCPU {{(pid=111657) get_provider_ids_matching /opt/stack/placement/placement/objects/research_context.py:559}}
Apr 20 22:09:25.402020 n-d-836014-2 devstack@placement-api.service[111657]: DEBUG placement.objects.research_context [req-4e02c643-7f05-49fd-a038-7b995ac2fd6e req-f43cd2d2-3e4e-404b-b7dc-3d13b5d9ec57 service placement] found 2 providers after filtering by previous result {{(pid=111657) get_provider_ids_matching /opt/stack/placement/placement/objects/research_context.py:590}}
Apr 20 22:09:25.425288 n-d-836014-2 devstack@placement-api.service[111657]: DEBUG placement.objects.allocation_candidate [req-4e02c643-7f05-49fd-a038-7b995ac2fd6e req-f43cd2d2-3e4e-404b-b7dc-3d13b5d9ec57 service placement] RequestGroup(use_same_provider=False, resources={DISK_GB:1, MEMORY_MB:1024, VCPU:1}, traits=(), aggregates=[]) (suffix '') returned 2 matches {{(pid=111657) _get_by_requests /opt/stack/placement/placement/objects/allocation_candidate.py:156}}
Apr 20 22:09:25.425907 n-d-836014-2 devstack@placement-api.service[111657]: DEBUG placement.objects.allocation_candidate [req-4e02c643-7f05-49fd-a038-7b995ac2fd6e req-f43cd2d2-3e4e-404b-b7dc-3d13b5d9ec57 service placement] Merging candidates yields 2 allocation requests and 2 provider summaries {{(pid=111657) _merge_candidates /opt/stack/placement/placement/objects/allocation_candidate.py:809}}
Apr 20 22:09:25.428373 n-d-836014-2 devstack@placement-api.service[111657]: INFO placement.requestlog [req-4e02c643-7f05-49fd-a038-7b995ac2fd6e req-f43cd2d2-3e4e-404b-b7dc-3d13b5d9ec57 service placement] 10.222.0.21 "GET /placement/allocation_candidates?limit=1000&resources=DISK_GB%3A1%2CMEMORY_MB%3A1024%2CVCPU%3A1&root_required=%21COMPUTE_STATUS_DISABLED" status: 200 len: 1309 microversion: 1.36
Apr 20 22:09:25.429500 n-d-836014-2 devstack@placement-api.service[111657]: [pid: 111657|app: 0|req: 444/889] 10.222.0.21 () {60 vars in 1506 bytes} [Wed Apr 20 22:09:25 2022] GET /placement/allocation_candidates?limit=1000&resources=DISK_GB%3A1%2CMEMORY_MB%3A1024%2CVCPU%3A1&root_required=%21COMPUTE_STATUS_DISABLED => generated 1309 bytes in 122 msecs (HTTP/1.1 200) 8 headers in 297 bytes (1 switches on core 0)
Apr 20 22:09:25.497948 n-d-836014-2 devstack@placement-api.service[111656]: DEBUG placement.requestlog [req-4e02c643-7f05-49fd-a038-7b995ac2fd6e req-d1a2449c-a539-4d68-b999-b45371c8efd0 None None] Starting request: 10.222.0.21 "GET /placement/allocations/6e9f0cd2-61c7-46b6-84d0-19aee7fa6dbb" {{(pid=111656) __call__ /opt/stack/placement/placement/requestlog.py:55}}
Apr 20 22:09:25.510594 n-d-836014-2 devstack@placement-api.service[111656]: INFO placement.requestlog [req-4e02c643-7f05-49fd-a038-7b995ac2fd6e req-d1a2449c-a539-4d68-b999-b45371c8efd0 service placement] 10.222.0.21 "GET /placement/allocations/6e9f0cd2-61c7-46b6-84d0-19aee7fa6dbb" status: 200 len: 19 microversion: 1.28
Apr 20 22:09:25.511141 n-d-836014-2 devstack@placement-api.service[111656]: [pid: 111656|app: 0|req: 446/890] 10.222.0.21 () {60 vars in 1380 bytes} [Wed Apr 20 22:09:25 2022] GET /placement/allocations/6e9f0cd2-61c7-46b6-84d0-19aee7fa6dbb => generated 19 bytes in 13 msecs (HTTP/1.1 200) 8 headers in 295 bytes (1 switches on core 0)
Apr 20 22:09:25.518761 n-d-836014-2 devstack@placement-api.service[111657]: DEBUG placement.requestlog [req-4e02c643-7f05-49fd-a038-7b995ac2fd6e req-8943468e-faa4-4f58-bcec-21f8a0df9594 None None] Starting request: 10.222.0.21 "PUT /placement/allocations/6e9f0cd2-61c7-46b6-84d0-19aee7fa6dbb" {{(pid=111657) __call__ /opt/stack/placement/placement/requestlog.py:55}}
Apr 20 22:09:25.847367 n-d-836014-2 devstack@placement-api.service[111657]: DEBUG placement.handlers.allocation [req-4e02c643-7f05-49fd-a038-7b995ac2fd6e req-8943468e-faa4-4f58-bcec-21f8a0df9594 service placement] Successfully wrote allocations [, , ] {{(pid=111657) _update_consumers_and_create_allocations /opt/stack/placement/placement/handlers/allocation.py:462}}
Apr 20 22:09:25.934305 n-d-836014-2 devstack@placement-api.service[111657]: INFO placement.requestlog [req-4e02c643-7f05-49fd-a038-7b995ac2fd6e req-8943468e-faa4-4f58-bcec-21f8a0df9594 service placement] 10.222.0.21 "PUT /placement/allocations/6e9f0cd2-61c7-46b6-84d0-19aee7fa6dbb" status: 204 len: 0 microversion: 1.36
Apr 20 22:09:25.935245 n-d-836014-2 devstack@placement-api.service[111657]: [pid: 111657|app: 0|req: 445/891] 10.222.0.21 () {64 vars in 1433 bytes} [Wed Apr 20 22:09:25 2022] PUT /placement/allocations/6e9f0cd2-61c7-46b6-84d0-19aee7fa6dbb => generated 0 bytes in 417 msecs (HTTP/1.1 204) 5 headers in 199 bytes (1 switches on core 0)
Apr 20 22:09:27.034648 n-d-836014-2 devstack@placement-api.service[111656]: DEBUG placement.requestlog [req-4e02c643-7f05-49fd-a038-7b995ac2fd6e req-3c9a92f7-1dc8-4c08-8d6c-c4ae7b917e0e None None] Starting request: 10.222.0.11 "GET /placement/allocations/6e9f0cd2-61c7-46b6-84d0-19aee7fa6dbb" {{(pid=111656) __call__ /opt/stack/placement/placement/requestlog.py:55}}
Apr 20 22:09:27.054760 n-d-836014-2 devstack@placement-api.service[111656]: INFO placement.requestlog [req-4e02c643-7f05-49fd-a038-7b995ac2fd6e req-3c9a92f7-1dc8-4c08-8d6c-c4ae7b917e0e service placement] 10.222.0.11 "GET /placement/allocations/6e9f0cd2-61c7-46b6-84d0-19aee7fa6dbb" status: 200 len: 259 microversion: 1.28
Apr 20 22:09:27.055262 n-d-836014-2 devstack@placement-api.service[111656]: [pid: 111656|app: 0|req: 447/892] 10.222.0.11 () {60 vars in 1377 bytes} [Wed Apr 20 22:09:27 2022] GET /placement/allocations/6e9f0cd2-61c7-46b6-84d0-19aee7fa6dbb => generated 259 bytes in 21 msecs (HTTP/1.1 200) 8 headers in 296 bytes (1 switches on core 0)
Apr 20 22:09:40.397898 n-d-836014-2 devstack@placement-api.service[111657]: DEBUG placement.requestlog [req-8eb80fe4-3761-4cde-89d3-3b51ac799d1f req-c698e577-e2bb-4a81-b805-e52d80aec1cd None None] Starting request: 10.222.0.24 "GET /placement/resource_providers/284c66b6-5763-4234-ad1c-14b8753341e0/allocations" {{(pid=111657) __call__ /opt/stack/placement/placement/requestlog.py:55}}
Apr 20 22:09:40.469885 n-d-836014-2 devstack@placement-api.service[111657]: INFO placement.requestlog [req-8eb80fe4-3761-4cde-89d3-3b51ac799d1f req-c698e577-e2bb-4a81-b805-e52d80aec1cd service placement] 10.222.0.24 "GET /placement/resource_providers/284c66b6-5763-4234-ad1c-14b8753341e0/allocations" status: 200 len: 356 microversion: 1.0
Apr 20 22:09:40.472174 n-d-836014-2 devstack@placement-api.service[111657]: [pid: 111657|app: 0|req: 446/893] 10.222.0.24 () {58 vars in 1390 bytes} [Wed Apr 20 22:09:40 2022] GET /placement/resource_providers/284c66b6-5763-4234-ad1c-14b8753341e0/allocations => generated 356 bytes in 74 msecs (HTTP/1.1 200) 6 headers in 224 bytes (1 switches on core 0)
Apr 20 22:09:41.827602 n-d-836014-2 devstack@placement-api.service[111656]: DEBUG placement.requestlog [req-3a3f3360-3403-4f34-8bcc-6cd885d29e18 req-ed3d54a6-bd7c-4b72-a709-bd3edc602a9e None None] Starting request: 10.222.0.11 "GET /placement/resource_providers/d2c4bab2-ca4f-4690-b7e7-43a30a628cf6/allocations" {{(pid=111656) __call__ /opt/stack/placement/placement/requestlog.py:55}}
Apr 20 22:09:41.880669 n-d-836014-2 devstack@placement-api.service[111656]: INFO placement.requestlog [req-3a3f3360-3403-4f34-8bcc-6cd885d29e18 req-ed3d54a6-bd7c-4b72-a709-bd3edc602a9e service placement] 10.222.0.11 "GET /placement/resource_providers/d2c4bab2-ca4f-4690-b7e7-43a30a628cf6/allocations" status: 200 len: 342 microversion: 1.0
Apr 20 22:09:41.881301 n-d-836014-2 devstack@placement-api.service[111656]: [pid: 111656|app: 0|req: 448/894] 10.222.0.11 () {58 vars in 1390 bytes} [Wed Apr 20 22:09:41 2022] GET /placement/resource_providers/d2c4bab2-ca4f-4690-b7e7-43a30a628cf6/allocations => generated 342 bytes in 54 msecs (HTTP/1.1 200) 6 headers in 224 bytes (1 switches on core 0)
Apr 20 22:09:59.468892 n-d-836014-2 devstack@placement-api.service[111657]: DEBUG placement.requestlog [req-3ec0b74c-13d9-45f9-898b-bb76c2efed5d req-f6488970-67c3-405e-a76f-4e1fbe81137f None None] Starting request: 10.222.0.24 "DELETE /placement/allocations/deade6c1-cab7-4a4a-8641-ed21daf14913" {{(pid=111657) __call__ /opt/stack/placement/placement/requestlog.py:55}}
Apr 20 22:09:59.681541 n-d-836014-2 devstack@placement-api.service[111657]: DEBUG placement.handlers.allocation [req-3ec0b74c-13d9-45f9-898b-bb76c2efed5d req-f6488970-67c3-405e-a76f-4e1fbe81137f service placement] Successfully deleted allocations [, , ] {{(pid=111657) delete_allocations /opt/stack/placement/placement/handlers/allocation.py:627}}
Apr 20 22:09:59.681541 n-d-836014-2 devstack@placement-api.service[111657]: INFO placement.requestlog [req-3ec0b74c-13d9-45f9-898b-bb76c2efed5d req-f6488970-67c3-405e-a76f-4e1fbe81137f service placement] 10.222.0.24 "DELETE /placement/allocations/deade6c1-cab7-4a4a-8641-ed21daf14913" status: 204 len: 0 microversion: 1.0
Apr 20 22:09:59.681541 n-d-836014-2 devstack@placement-api.service[111657]: [pid: 111657|app: 0|req: 447/895] 10.222.0.24 () {60 vars in 1355 bytes} [Wed Apr 20 22:09:59 2022] DELETE /placement/allocations/deade6c1-cab7-4a4a-8641-ed21daf14913 => generated 0 bytes in 211 msecs (HTTP/1.1 204) 5 headers in 198 bytes (1 switches on core 0)
Apr 20 22:10:22.357373 n-d-836014-2 devstack@placement-api.service[111656]: DEBUG placement.requestlog [req-6c45cba2-ad1c-4747-a06e-854521e9ee39 req-f36b4d1c-bcbc-4e76-8e70-cf451fd0bfbf None None] Starting request: 10.222.0.11 "DELETE /placement/allocations/5304846c-622f-4975-97f8-660fe1493941" {{(pid=111656) __call__ /opt/stack/placement/placement/requestlog.py:55}}
Apr 20 22:10:22.637617 n-d-836014-2 devstack@placement-api.service[111656]: DEBUG placement.handlers.allocation [req-6c45cba2-ad1c-4747-a06e-854521e9ee39 req-f36b4d1c-bcbc-4e76-8e70-cf451fd0bfbf service placement] Successfully deleted allocations [, , ] {{(pid=111656) delete_allocations /opt/stack/placement/placement/handlers/allocation.py:627}}
Apr 20 22:10:22.638306 n-d-836014-2 devstack@placement-api.service[111656]: INFO placement.requestlog [req-6c45cba2-ad1c-4747-a06e-854521e9ee39 req-f36b4d1c-bcbc-4e76-8e70-cf451fd0bfbf service placement] 10.222.0.11 "DELETE /placement/allocations/5304846c-622f-4975-97f8-660fe1493941" status: 204 len: 0 microversion: 1.0
Apr 20 22:10:22.639378 n-d-836014-2 devstack@placement-api.service[111656]: [pid: 111656|app: 0|req: 449/896] 10.222.0.11 () {60 vars in 1355 bytes} [Wed Apr 20 22:10:22 2022] DELETE /placement/allocations/5304846c-622f-4975-97f8-660fe1493941 => generated 0 bytes in 284 msecs (HTTP/1.1 204) 5 headers in 198 bytes (1 switches on core 0)
Apr 20 22:10:28.010842 n-d-836014-2 devstack@placement-api.service[111657]: DEBUG placement.requestlog [req-30518014-9a53-4f5b-ad8f-151e02aa4bc0 req-c1ce01ce-0c63-4d40-b1af-423d4c5ed544 None None] Starting request: 10.222.0.24 "DELETE /placement/allocations/b5a8736d-e292-4cd3-ab6d-ceea31469d5e" {{(pid=111657) __call__ /opt/stack/placement/placement/requestlog.py:55}}
Apr 20 22:10:28.264748 n-d-836014-2 devstack@placement-api.service[111657]: DEBUG placement.handlers.allocation [req-30518014-9a53-4f5b-ad8f-151e02aa4bc0 req-c1ce01ce-0c63-4d40-b1af-423d4c5ed544 service placement] Successfully deleted allocations [, , ] {{(pid=111657) delete_allocations /opt/stack/placement/placement/handlers/allocation.py:627}}
Apr 20 22:10:28.265561 n-d-836014-2 devstack@placement-api.service[111657]: INFO placement.requestlog [req-30518014-9a53-4f5b-ad8f-151e02aa4bc0 req-c1ce01ce-0c63-4d40-b1af-423d4c5ed544 service placement] 10.222.0.24 "DELETE /placement/allocations/b5a8736d-e292-4cd3-ab6d-ceea31469d5e" status: 204 len: 0 microversion: 1.0
Apr 20 22:10:28.266524 n-d-836014-2 devstack@placement-api.service[111657]: [pid: 111657|app: 0|req: 448/897] 10.222.0.24 () {60 vars in 1355 bytes} [Wed Apr 20 22:10:28 2022] DELETE /placement/allocations/b5a8736d-e292-4cd3-ab6d-ceea31469d5e => generated 0 bytes in 256 msecs (HTTP/1.1 204) 5 headers in 198 bytes (1 switches on core 0)
Apr 20 22:10:45.650718 n-d-836014-2 devstack@placement-api.service[111656]: DEBUG placement.requestlog [req-6777b43b-cb97-4722-bcfd-c0b1fb71498b req-bf9a2248-affe-4de9-adc0-a81224751df7 None None] Starting request: 10.222.0.24 "GET /placement/resource_providers/284c66b6-5763-4234-ad1c-14b8753341e0/allocations" {{(pid=111656) __call__ /opt/stack/placement/placement/requestlog.py:55}}
Apr 20 22:10:45.700246 n-d-836014-2 devstack@placement-api.service[111656]: INFO placement.requestlog [req-6777b43b-cb97-4722-bcfd-c0b1fb71498b req-bf9a2248-affe-4de9-adc0-a81224751df7 service placement] 10.222.0.24 "GET /placement/resource_providers/284c66b6-5763-4234-ad1c-14b8753341e0/allocations" status: 200 len: 154 microversion: 1.0
Apr 20 22:10:45.706901 n-d-836014-2 devstack@placement-api.service[111656]: [pid: 111656|app: 0|req: 450/898] 10.222.0.24 () {58 vars in 1390 bytes} [Wed Apr 20 22:10:45 2022] GET /placement/resource_providers/284c66b6-5763-4234-ad1c-14b8753341e0/allocations => generated 154 bytes in 56 msecs (HTTP/1.1 200) 6 headers in 224 bytes (1 switches on core 0)
Apr 20 22:10:48.333716 n-d-836014-2 devstack@placement-api.service[111657]: DEBUG placement.requestlog [req-0701f67d-3a7b-47d6-9508-b366a42c33e7 req-56300124-4667-48c7-9db1-6f8a23eaf267 None None] Starting request: 10.222.0.11 "GET /placement/resource_providers/d2c4bab2-ca4f-4690-b7e7-43a30a628cf6/allocations" {{(pid=111657) __call__ /opt/stack/placement/placement/requestlog.py:55}}
Apr 20 22:10:48.383454 n-d-836014-2 devstack@placement-api.service[111657]: INFO placement.requestlog [req-0701f67d-3a7b-47d6-9508-b366a42c33e7 req-56300124-4667-48c7-9db1-6f8a23eaf267 service placement] 10.222.0.11 "GET /placement/resource_providers/d2c4bab2-ca4f-4690-b7e7-43a30a628cf6/allocations" status: 200 len: 241 microversion: 1.0
Apr 20 22:10:48.387240 n-d-836014-2 devstack@placement-api.service[111657]: [pid: 111657|app: 0|req: 449/899] 10.222.0.11 () {58 vars in 1390 bytes} [Wed Apr 20 22:10:48 2022] GET /placement/resource_providers/d2c4bab2-ca4f-4690-b7e7-43a30a628cf6/allocations => generated 241 bytes in 51 msecs (HTTP/1.1 200) 6 headers in 224 bytes (1 switches on core 0)
Apr 20 22:10:56.049816 n-d-836014-2 devstack@placement-api.service[111656]: DEBUG placement.requestlog [req-a62f40c3-ef39-47ed-9c50-e5dbe0c3a3bb req-1316cfdd-6dfd-42ea-b8e7-1ef65e93191f None None] Starting request: 10.222.0.21 "GET /placement/allocation_candidates?limit=1000&resources=DISK_GB%3A1%2CMEMORY_MB%3A1024%2CVCPU%3A1&root_required=%21COMPUTE_STATUS_DISABLED" {{(pid=111656) __call__ /opt/stack/placement/placement/requestlog.py:55}}
Apr 20 22:10:56.420595 n-d-836014-2 devstack@placement-api.service[111656]: DEBUG placement.objects.research_context [req-a62f40c3-ef39-47ed-9c50-e5dbe0c3a3bb req-1316cfdd-6dfd-42ea-b8e7-1ef65e93191f service placement] getting providers with 1 DISK_GB {{(pid=111656) __init__ /opt/stack/placement/placement/objects/research_context.py:136}}
Apr 20 22:10:56.435092 n-d-836014-2 devstack@placement-api.service[111656]: DEBUG placement.objects.research_context [req-a62f40c3-ef39-47ed-9c50-e5dbe0c3a3bb req-1316cfdd-6dfd-42ea-b8e7-1ef65e93191f service placement] getting providers with 1024 MEMORY_MB {{(pid=111656) __init__ /opt/stack/placement/placement/objects/research_context.py:136}}
Apr 20 22:10:56.448547 n-d-836014-2 devstack@placement-api.service[111656]: DEBUG placement.objects.research_context [req-a62f40c3-ef39-47ed-9c50-e5dbe0c3a3bb req-1316cfdd-6dfd-42ea-b8e7-1ef65e93191f service placement] getting providers with 1 VCPU {{(pid=111656) __init__ /opt/stack/placement/placement/objects/research_context.py:136}}
Apr 20 22:10:56.467140 n-d-836014-2 devstack@placement-api.service[111656]: DEBUG placement.objects.research_context [req-a62f40c3-ef39-47ed-9c50-e5dbe0c3a3bb req-1316cfdd-6dfd-42ea-b8e7-1ef65e93191f service placement] found 2 providers with available 1 DISK_GB {{(pid=111656) get_provider_ids_matching /opt/stack/placement/placement/objects/research_context.py:559}}
Apr 20 22:10:56.467411 n-d-836014-2 devstack@placement-api.service[111656]: DEBUG placement.objects.research_context [req-a62f40c3-ef39-47ed-9c50-e5dbe0c3a3bb req-1316cfdd-6dfd-42ea-b8e7-1ef65e93191f service placement] found 2 providers with available 1024 MEMORY_MB {{(pid=111656) get_provider_ids_matching /opt/stack/placement/placement/objects/research_context.py:559}}
Apr 20 22:10:56.467865 n-d-836014-2 devstack@placement-api.service[111656]: DEBUG placement.objects.research_context [req-a62f40c3-ef39-47ed-9c50-e5dbe0c3a3bb req-1316cfdd-6dfd-42ea-b8e7-1ef65e93191f service placement] found 2 providers after filtering by previous result {{(pid=111656) get_provider_ids_matching /opt/stack/placement/placement/objects/research_context.py:590}}
Apr 20 22:10:56.469934 n-d-836014-2 devstack@placement-api.service[111656]: DEBUG placement.objects.research_context [req-a62f40c3-ef39-47ed-9c50-e5dbe0c3a3bb req-1316cfdd-6dfd-42ea-b8e7-1ef65e93191f service placement] found 2 providers with available 1 VCPU {{(pid=111656) get_provider_ids_matching /opt/stack/placement/placement/objects/research_context.py:559}}
Apr 20 22:10:56.470981 n-d-836014-2 devstack@placement-api.service[111656]: DEBUG placement.objects.research_context [req-a62f40c3-ef39-47ed-9c50-e5dbe0c3a3bb req-1316cfdd-6dfd-42ea-b8e7-1ef65e93191f service placement] found 2 providers after filtering by previous result {{(pid=111656) get_provider_ids_matching /opt/stack/placement/placement/objects/research_context.py:590}}
Apr 20 22:10:56.494654 n-d-836014-2 devstack@placement-api.service[111656]: DEBUG placement.objects.allocation_candidate [req-a62f40c3-ef39-47ed-9c50-e5dbe0c3a3bb req-1316cfdd-6dfd-42ea-b8e7-1ef65e93191f service placement] RequestGroup(use_same_provider=False, resources={DISK_GB:1, MEMORY_MB:1024, VCPU:1}, traits=(), aggregates=[]) (suffix '') returned 2 matches {{(pid=111656) _get_by_requests /opt/stack/placement/placement/objects/allocation_candidate.py:156}}
Apr 20 22:10:56.495988 n-d-836014-2 devstack@placement-api.service[111656]: DEBUG placement.objects.allocation_candidate [req-a62f40c3-ef39-47ed-9c50-e5dbe0c3a3bb req-1316cfdd-6dfd-42ea-b8e7-1ef65e93191f service placement] Merging candidates yields 2 allocation requests and 2 provider summaries {{(pid=111656) _merge_candidates /opt/stack/placement/placement/objects/allocation_candidate.py:809}}
Apr 20 22:10:56.498094 n-d-836014-2 devstack@placement-api.service[111656]: INFO placement.requestlog [req-a62f40c3-ef39-47ed-9c50-e5dbe0c3a3bb req-1316cfdd-6dfd-42ea-b8e7-1ef65e93191f service placement] 10.222.0.21 "GET /placement/allocation_candidates?limit=1000&resources=DISK_GB%3A1%2CMEMORY_MB%3A1024%2CVCPU%3A1&root_required=%21COMPUTE_STATUS_DISABLED" status: 200 len: 1309 microversion: 1.36
Apr 20 22:10:56.498751 n-d-836014-2 devstack@placement-api.service[111656]: [pid: 111656|app: 0|req: 451/900] 10.222.0.21 () {60 vars in 1506 bytes} [Wed Apr 20 22:10:56 2022] GET /placement/allocation_candidates?limit=1000&resources=DISK_GB%3A1%2CMEMORY_MB%3A1024%2CVCPU%3A1&root_required=%21COMPUTE_STATUS_DISABLED => generated 1309 bytes in 449 msecs (HTTP/1.1 200) 8 headers in 297 bytes (1 switches on core 0)
Apr 20 22:10:57.641114 n-d-836014-2 devstack@placement-api.service[111657]: DEBUG placement.requestlog [req-a62f40c3-ef39-47ed-9c50-e5dbe0c3a3bb req-f2e899e6-edcf-4077-a01a-e59d8c1cab83 None None] Starting request: 10.222.0.21 "GET /placement/allocations/23b9c9b5-b6a9-4c19-bd15-dd7fecde1db5" {{(pid=111657) __call__ /opt/stack/placement/placement/requestlog.py:55}}
Apr 20 22:10:57.665887 n-d-836014-2 devstack@placement-api.service[111657]: INFO placement.requestlog [req-a62f40c3-ef39-47ed-9c50-e5dbe0c3a3bb req-f2e899e6-edcf-4077-a01a-e59d8c1cab83 service placement] 10.222.0.21 "GET /placement/allocations/23b9c9b5-b6a9-4c19-bd15-dd7fecde1db5" status: 200 len: 19 microversion: 1.28
Apr 20 22:10:57.678921 n-d-836014-2 devstack@placement-api.service[111657]: [pid: 111657|app: 0|req: 450/901] 10.222.0.21 () {60 vars in 1380 bytes} [Wed Apr 20 22:10:57 2022] GET /placement/allocations/23b9c9b5-b6a9-4c19-bd15-dd7fecde1db5 => generated 19 bytes in 30 msecs (HTTP/1.1 200) 8 headers in 295 bytes (1 switches on core 0)
Apr 20 22:10:57.680528 n-d-836014-2 devstack@placement-api.service[111656]: DEBUG placement.requestlog [req-a62f40c3-ef39-47ed-9c50-e5dbe0c3a3bb req-210c20d8-d1c5-4c98-ba40-0d31ed247496 None None] Starting request: 10.222.0.21 "PUT /placement/allocations/23b9c9b5-b6a9-4c19-bd15-dd7fecde1db5" {{(pid=111656) __call__ /opt/stack/placement/placement/requestlog.py:55}}
Apr 20 22:10:57.831133 n-d-836014-2 devstack@placement-api.service[111656]: DEBUG placement.handlers.allocation [req-a62f40c3-ef39-47ed-9c50-e5dbe0c3a3bb req-210c20d8-d1c5-4c98-ba40-0d31ed247496 service placement] Successfully wrote allocations [, , ] {{(pid=111656) _update_consumers_and_create_allocations /opt/stack/placement/placement/handlers/allocation.py:462}}
Apr 20 22:10:57.931145 n-d-836014-2 devstack@placement-api.service[111656]: INFO placement.requestlog [req-a62f40c3-ef39-47ed-9c50-e5dbe0c3a3bb req-210c20d8-d1c5-4c98-ba40-0d31ed247496 service placement] 10.222.0.21 "PUT /placement/allocations/23b9c9b5-b6a9-4c19-bd15-dd7fecde1db5" status: 204 len: 0 microversion: 1.36
Apr 20 22:10:57.934693 n-d-836014-2 devstack@placement-api.service[111656]: [pid: 111656|app: 0|req: 452/902] 10.222.0.21 () {64 vars in 1433 bytes} [Wed Apr 20 22:10:57 2022] PUT /placement/allocations/23b9c9b5-b6a9-4c19-bd15-dd7fecde1db5 => generated 0 bytes in 253 msecs (HTTP/1.1 204) 5 headers in 199 bytes (1 switches on core 0)
Apr 20 22:11:01.855165 n-d-836014-2 devstack@placement-api.service[111657]: DEBUG placement.requestlog [req-a62f40c3-ef39-47ed-9c50-e5dbe0c3a3bb req-00555a8f-8420-428a-9796-6c787e7f0ea8 None None] Starting request: 10.222.0.24 "GET /placement/allocations/23b9c9b5-b6a9-4c19-bd15-dd7fecde1db5" {{(pid=111657) __call__ /opt/stack/placement/placement/requestlog.py:55}}
Apr 20 22:11:01.895734 n-d-836014-2 devstack@placement-api.service[111657]: INFO placement.requestlog [req-a62f40c3-ef39-47ed-9c50-e5dbe0c3a3bb req-00555a8f-8420-428a-9796-6c787e7f0ea8 service placement] 10.222.0.24 "GET /placement/allocations/23b9c9b5-b6a9-4c19-bd15-dd7fecde1db5" status: 200 len: 259 microversion: 1.28
Apr 20 22:11:01.897233 n-d-836014-2 devstack@placement-api.service[111657]: [pid: 111657|app: 0|req: 451/903] 10.222.0.24 () {60 vars in 1377 bytes} [Wed Apr 20 22:11:01 2022] GET /placement/allocations/23b9c9b5-b6a9-4c19-bd15-dd7fecde1db5 => generated 259 bytes in 42 msecs (HTTP/1.1 200) 8 headers in 296 bytes (1 switches on core 0)
Apr 20 22:11:07.081313 n-d-836014-2 devstack@placement-api.service[111656]: DEBUG placement.requestlog [req-ac147815-0cda-46ca-9432-c2f9c289d132 req-e988fe04-d66a-4bef-a850-253b5c338261 None None] Starting request: 10.222.0.21 "GET /placement/allocation_candidates?limit=1000&resources=DISK_GB%3A1%2CMEMORY_MB%3A1024%2CVCPU%3A1&root_required=%21COMPUTE_STATUS_DISABLED" {{(pid=111656) __call__ /opt/stack/placement/placement/requestlog.py:55}}
Apr 20 22:11:07.145891 n-d-836014-2 devstack@placement-api.service[111656]: DEBUG placement.objects.research_context [req-ac147815-0cda-46ca-9432-c2f9c289d132 req-e988fe04-d66a-4bef-a850-253b5c338261 service placement] getting providers with 1 DISK_GB {{(pid=111656) __init__ /opt/stack/placement/placement/objects/research_context.py:136}}
Apr 20 22:11:07.152466 n-d-836014-2 devstack@placement-api.service[111656]: DEBUG placement.objects.research_context [req-ac147815-0cda-46ca-9432-c2f9c289d132 req-e988fe04-d66a-4bef-a850-253b5c338261 service placement] getting providers with 1024 MEMORY_MB {{(pid=111656) __init__ /opt/stack/placement/placement/objects/research_context.py:136}}
Apr 20 22:11:07.166581 n-d-836014-2 devstack@placement-api.service[111656]: DEBUG placement.objects.research_context [req-ac147815-0cda-46ca-9432-c2f9c289d132 req-e988fe04-d66a-4bef-a850-253b5c338261 service placement] getting providers with 1 VCPU {{(pid=111656) __init__ /opt/stack/placement/placement/objects/research_context.py:136}}
Apr 20 22:11:07.180038 n-d-836014-2 devstack@placement-api.service[111656]: DEBUG placement.objects.research_context [req-ac147815-0cda-46ca-9432-c2f9c289d132 req-e988fe04-d66a-4bef-a850-253b5c338261 service placement] found 2 providers with available 1 DISK_GB {{(pid=111656) get_provider_ids_matching /opt/stack/placement/placement/objects/research_context.py:559}}
Apr 20 22:11:07.180569 n-d-836014-2 devstack@placement-api.service[111656]: DEBUG placement.objects.research_context [req-ac147815-0cda-46ca-9432-c2f9c289d132 req-e988fe04-d66a-4bef-a850-253b5c338261 service placement] found 2 providers with available 1024 MEMORY_MB {{(pid=111656) get_provider_ids_matching /opt/stack/placement/placement/objects/research_context.py:559}}
Apr 20 22:11:07.180999 n-d-836014-2 devstack@placement-api.service[111656]: DEBUG placement.objects.research_context [req-ac147815-0cda-46ca-9432-c2f9c289d132 req-e988fe04-d66a-4bef-a850-253b5c338261 service placement] found 2 providers after filtering by previous result {{(pid=111656) get_provider_ids_matching /opt/stack/placement/placement/objects/research_context.py:590}}
Apr 20 22:11:07.181527 n-d-836014-2 devstack@placement-api.service[111656]: DEBUG placement.objects.research_context [req-ac147815-0cda-46ca-9432-c2f9c289d132 req-e988fe04-d66a-4bef-a850-253b5c338261 service placement] found 2 providers with available 1 VCPU {{(pid=111656) get_provider_ids_matching /opt/stack/placement/placement/objects/research_context.py:559}}
Apr 20 22:11:07.181947 n-d-836014-2 devstack@placement-api.service[111656]: DEBUG placement.objects.research_context [req-ac147815-0cda-46ca-9432-c2f9c289d132 req-e988fe04-d66a-4bef-a850-253b5c338261 service placement] found 2 providers after filtering by previous result {{(pid=111656) get_provider_ids_matching /opt/stack/placement/placement/objects/research_context.py:590}}
Apr 20 22:11:07.198204 n-d-836014-2 devstack@placement-api.service[111656]: DEBUG placement.objects.allocation_candidate [req-ac147815-0cda-46ca-9432-c2f9c289d132 req-e988fe04-d66a-4bef-a850-253b5c338261 service placement] RequestGroup(use_same_provider=False, resources={DISK_GB:1, MEMORY_MB:1024, VCPU:1}, traits=(), aggregates=[]) (suffix '') returned 2 matches {{(pid=111656) _get_by_requests /opt/stack/placement/placement/objects/allocation_candidate.py:156}}
Apr 20 22:11:07.198841 n-d-836014-2 devstack@placement-api.service[111656]: DEBUG placement.objects.allocation_candidate [req-ac147815-0cda-46ca-9432-c2f9c289d132 req-e988fe04-d66a-4bef-a850-253b5c338261 service placement] Merging candidates yields 2 allocation requests and 2 provider summaries {{(pid=111656) _merge_candidates /opt/stack/placement/placement/objects/allocation_candidate.py:809}}
Apr 20 22:11:07.203079 n-d-836014-2 devstack@placement-api.service[111656]: INFO placement.requestlog [req-ac147815-0cda-46ca-9432-c2f9c289d132 req-e988fe04-d66a-4bef-a850-253b5c338261 service placement] 10.222.0.21 "GET /placement/allocation_candidates?limit=1000&resources=DISK_GB%3A1%2CMEMORY_MB%3A1024%2CVCPU%3A1&root_required=%21COMPUTE_STATUS_DISABLED" status: 200 len: 1309 microversion: 1.36
Apr 20 22:11:07.204361 n-d-836014-2 devstack@placement-api.service[111656]: [pid: 111656|app: 0|req: 453/904] 10.222.0.21 () {60 vars in 1506 bytes} [Wed Apr 20 22:11:07 2022] GET /placement/allocation_candidates?limit=1000&resources=DISK_GB%3A1%2CMEMORY_MB%3A1024%2CVCPU%3A1&root_required=%21COMPUTE_STATUS_DISABLED => generated 1309 bytes in 123 msecs (HTTP/1.1 200) 8 headers in 297 bytes (1 switches on core 0)
Apr 20 22:11:07.374405 n-d-836014-2 devstack@placement-api.service[111657]: DEBUG placement.requestlog [req-ac147815-0cda-46ca-9432-c2f9c289d132 req-ed2b1a0a-de44-49e2-b52b-1c47b82c7581 None None] Starting request: 10.222.0.21 "GET /placement/allocations/e345e7d6-441a-47b6-943a-05190caf75cf" {{(pid=111657) __call__ /opt/stack/placement/placement/requestlog.py:55}}
Apr 20 22:11:07.399264 n-d-836014-2 devstack@placement-api.service[111657]: INFO placement.requestlog [req-ac147815-0cda-46ca-9432-c2f9c289d132 req-ed2b1a0a-de44-49e2-b52b-1c47b82c7581 service placement] 10.222.0.21 "GET /placement/allocations/e345e7d6-441a-47b6-943a-05190caf75cf" status: 200 len: 19 microversion: 1.28
Apr 20 22:11:07.400580 n-d-836014-2 devstack@placement-api.service[111657]: [pid: 111657|app: 0|req: 452/905] 10.222.0.21 () {60 vars in 1380 bytes} [Wed Apr 20 22:11:07 2022] GET /placement/allocations/e345e7d6-441a-47b6-943a-05190caf75cf => generated 19 bytes in 27 msecs (HTTP/1.1 200) 8 headers in 295 bytes (1 switches on core 0)
Apr 20 22:11:07.413209 n-d-836014-2 devstack@placement-api.service[111656]: DEBUG placement.requestlog [req-ac147815-0cda-46ca-9432-c2f9c289d132 req-efd5416b-ff00-4e6c-993c-df5d90207689 None None] Starting request: 10.222.0.21 "PUT /placement/allocations/e345e7d6-441a-47b6-943a-05190caf75cf" {{(pid=111656) __call__ /opt/stack/placement/placement/requestlog.py:55}}
Apr 20 22:11:07.775475 n-d-836014-2 devstack@placement-api.service[111656]: DEBUG placement.handlers.allocation [req-ac147815-0cda-46ca-9432-c2f9c289d132 req-efd5416b-ff00-4e6c-993c-df5d90207689 service placement] Successfully wrote allocations [, , ] {{(pid=111656) _update_consumers_and_create_allocations /opt/stack/placement/placement/handlers/allocation.py:462}}
Apr 20 22:11:07.853951 n-d-836014-2 devstack@placement-api.service[111656]: INFO placement.requestlog [req-ac147815-0cda-46ca-9432-c2f9c289d132 req-efd5416b-ff00-4e6c-993c-df5d90207689 service placement] 10.222.0.21 "PUT /placement/allocations/e345e7d6-441a-47b6-943a-05190caf75cf" status: 204 len: 0 microversion: 1.36
Apr 20 22:11:07.854362 n-d-836014-2 devstack@placement-api.service[111656]: [pid: 111656|app: 0|req: 454/906] 10.222.0.21 () {64 vars in 1433 bytes} [Wed Apr 20 22:11:07 2022] PUT /placement/allocations/e345e7d6-441a-47b6-943a-05190caf75cf => generated 0 bytes in 448 msecs (HTTP/1.1 204) 5 headers in 199 bytes (1 switches on core 0)
Apr 20 22:11:09.413679 n-d-836014-2 devstack@placement-api.service[111657]: DEBUG placement.requestlog [req-ac147815-0cda-46ca-9432-c2f9c289d132 req-a7ce7f3f-4897-41b2-afce-f6754ce3d11e None None] Starting request: 10.222.0.11 "GET /placement/allocations/e345e7d6-441a-47b6-943a-05190caf75cf" {{(pid=111657) __call__ /opt/stack/placement/placement/requestlog.py:55}}
Apr 20 22:11:09.464128 n-d-836014-2 devstack@placement-api.service[111657]: INFO placement.requestlog [req-ac147815-0cda-46ca-9432-c2f9c289d132 req-a7ce7f3f-4897-41b2-afce-f6754ce3d11e service placement] 10.222.0.11 "GET /placement/allocations/e345e7d6-441a-47b6-943a-05190caf75cf" status: 200 len: 259 microversion: 1.28
Apr 20 22:11:09.465338 n-d-836014-2 devstack@placement-api.service[111657]: [pid: 111657|app: 0|req: 453/907] 10.222.0.11 () {60 vars in 1377 bytes} [Wed Apr 20 22:11:09 2022] GET /placement/allocations/e345e7d6-441a-47b6-943a-05190caf75cf => generated 259 bytes in 52 msecs (HTTP/1.1 200) 8 headers in 296 bytes (1 switches on core 0)
Apr 20 22:11:43.404590 n-d-836014-2 devstack@placement-api.service[111656]: DEBUG placement.requestlog [req-5998828d-f6a9-47eb-a838-90a306900373 req-eea93990-6d4a-4324-acff-5f3562f0de0c None None] Starting request: 10.222.0.24 "GET /placement/resource_providers/284c66b6-5763-4234-ad1c-14b8753341e0/allocations" {{(pid=111656) __call__ /opt/stack/placement/placement/requestlog.py:55}}
Apr 20 22:11:43.448660 n-d-836014-2 devstack@placement-api.service[111656]: INFO placement.requestlog [req-5998828d-f6a9-47eb-a838-90a306900373 req-eea93990-6d4a-4324-acff-5f3562f0de0c service placement] 10.222.0.24 "GET /placement/resource_providers/284c66b6-5763-4234-ad1c-14b8753341e0/allocations" status: 200 len: 255 microversion: 1.0
Apr 20 22:11:43.449039 n-d-836014-2 devstack@placement-api.service[111656]: [pid: 111656|app: 0|req: 455/908] 10.222.0.24 () {58 vars in 1390 bytes} [Wed Apr 20 22:11:43 2022] GET /placement/resource_providers/284c66b6-5763-4234-ad1c-14b8753341e0/allocations => generated 255 bytes in 45 msecs (HTTP/1.1 200) 6 headers in 224 bytes (1 switches on core 0)
Apr 20 22:11:43.714012 n-d-836014-2 devstack@placement-api.service[111657]: DEBUG placement.requestlog [req-878a1a95-4c7f-4e3a-8711-604e5ab5e7b8 req-7622b6c3-da49-4e71-8ab4-4ebecefe3630 None None] Starting request: 10.222.0.11 "GET /placement/resource_providers/d2c4bab2-ca4f-4690-b7e7-43a30a628cf6/allocations" {{(pid=111657) __call__ /opt/stack/placement/placement/requestlog.py:55}}
Apr 20 22:11:43.767974 n-d-836014-2 devstack@placement-api.service[111657]: INFO placement.requestlog [req-878a1a95-4c7f-4e3a-8711-604e5ab5e7b8 req-7622b6c3-da49-4e71-8ab4-4ebecefe3630 service placement] 10.222.0.11 "GET /placement/resource_providers/d2c4bab2-ca4f-4690-b7e7-43a30a628cf6/allocations" status: 200 len: 342 microversion: 1.0
Apr 20 22:11:43.770935 n-d-836014-2 devstack@placement-api.service[111657]: [pid: 111657|app: 0|req: 454/909] 10.222.0.11 () {58 vars in 1390 bytes} [Wed Apr 20 22:11:43 2022] GET /placement/resource_providers/d2c4bab2-ca4f-4690-b7e7-43a30a628cf6/allocations => generated 342 bytes in 57 msecs (HTTP/1.1 200) 6 headers in 224 bytes (1 switches on core 0)
Apr 20 22:11:59.180090 n-d-836014-2 devstack@placement-api.service[111656]: DEBUG placement.requestlog [req-dacd5a54-1064-4608-905f-c3653a5c9f74 req-070803f5-3ed7-40a9-a7db-b1e46c366816 None None] Starting request: 10.222.0.24 "DELETE /placement/allocations/23b9c9b5-b6a9-4c19-bd15-dd7fecde1db5" {{(pid=111656) __call__ /opt/stack/placement/placement/requestlog.py:55}}
Apr 20 22:11:59.399518 n-d-836014-2 devstack@placement-api.service[111656]: DEBUG placement.handlers.allocation [req-dacd5a54-1064-4608-905f-c3653a5c9f74 req-070803f5-3ed7-40a9-a7db-b1e46c366816 service placement] Successfully deleted allocations [, , ] {{(pid=111656) delete_allocations /opt/stack/placement/placement/handlers/allocation.py:627}}
Apr 20 22:11:59.400318 n-d-836014-2 devstack@placement-api.service[111656]: INFO placement.requestlog [req-dacd5a54-1064-4608-905f-c3653a5c9f74 req-070803f5-3ed7-40a9-a7db-b1e46c366816 service placement] 10.222.0.24 "DELETE /placement/allocations/23b9c9b5-b6a9-4c19-bd15-dd7fecde1db5" status: 204 len: 0 microversion: 1.0
Apr 20 22:11:59.401108 n-d-836014-2 devstack@placement-api.service[111656]: [pid: 111656|app: 0|req: 456/910] 10.222.0.24 () {60 vars in 1355 bytes} [Wed Apr 20 22:11:59 2022] DELETE /placement/allocations/23b9c9b5-b6a9-4c19-bd15-dd7fecde1db5 => generated 0 bytes in 221 msecs (HTTP/1.1 204) 5 headers in 198 bytes (1 switches on core 0)
Apr 20 22:12:04.603279 n-d-836014-2 devstack@placement-api.service[111657]: DEBUG placement.requestlog [req-21f19b68-e6e0-47bf-b5a7-c7d242741f53 req-8eb8e1d4-bf65-4e78-8219-d56a81030e9e None None] Starting request: 10.222.0.21 "GET /placement/resource_providers?name=n-h2-836014-2" {{(pid=111657) __call__ /opt/stack/placement/placement/requestlog.py:55}}
Apr 20 22:12:04.800841 n-d-836014-2 devstack@placement-api.service[111657]: INFO placement.requestlog [req-21f19b68-e6e0-47bf-b5a7-c7d242741f53 req-8eb8e1d4-bf65-4e78-8219-d56a81030e9e service placement] 10.222.0.21 "GET /placement/resource_providers?name=n-h2-836014-2" status: 200 len: 441 microversion: 1.0
Apr 20 22:12:04.809038 n-d-836014-2 devstack@placement-api.service[111656]: DEBUG placement.requestlog [req-21f19b68-e6e0-47bf-b5a7-c7d242741f53 req-83c139f3-8741-48e9-b7ce-7dda80d6a285 None None] Starting request: 10.222.0.21 "GET /placement/resource_providers/d2c4bab2-ca4f-4690-b7e7-43a30a628cf6/aggregates" {{(pid=111656) __call__ /opt/stack/placement/placement/requestlog.py:55}}
Apr 20 22:12:04.818303 n-d-836014-2 devstack@placement-api.service[111657]: [pid: 111657|app: 0|req: 455/911] 10.222.0.21 () {58 vars in 1274 bytes} [Wed Apr 20 22:12:04 2022] GET /placement/resource_providers?name=n-h2-836014-2 => generated 441 bytes in 207 msecs (HTTP/1.1 200) 6 headers in 224 bytes (1 switches on core 0)
Apr 20 22:12:04.836393 n-d-836014-2 devstack@placement-api.service[111656]: INFO placement.requestlog [req-21f19b68-e6e0-47bf-b5a7-c7d242741f53 req-83c139f3-8741-48e9-b7ce-7dda80d6a285 service placement] 10.222.0.21 "GET /placement/resource_providers/d2c4bab2-ca4f-4690-b7e7-43a30a628cf6/aggregates" status: 200 len: 54 microversion: 1.19
Apr 20 22:12:04.837044 n-d-836014-2 devstack@placement-api.service[111656]: [pid: 111656|app: 0|req: 457/912] 10.222.0.21 () {60 vars in 1425 bytes} [Wed Apr 20 22:12:04 2022] GET /placement/resource_providers/d2c4bab2-ca4f-4690-b7e7-43a30a628cf6/aggregates => generated 54 bytes in 28 msecs (HTTP/1.1 200) 8 headers in 295 bytes (2 switches on core 0)
Apr 20 22:12:04.844418 n-d-836014-2 devstack@placement-api.service[111657]: DEBUG placement.requestlog [req-21f19b68-e6e0-47bf-b5a7-c7d242741f53 req-be967da3-40fd-49f9-baf3-d3bc94fca79d None None] Starting request: 10.222.0.21 "PUT /placement/resource_providers/d2c4bab2-ca4f-4690-b7e7-43a30a628cf6/aggregates" {{(pid=111657) __call__ /opt/stack/placement/placement/requestlog.py:55}}
Apr 20 22:12:04.876308 n-d-836014-2 devstack@placement-api.service[111657]: DEBUG placement.objects.resource_provider [req-21f19b68-e6e0-47bf-b5a7-c7d242741f53 req-be967da3-40fd-49f9-baf3-d3bc94fca79d service placement] _ensure_aggregate() did not find aggregate a5e6b6e7-e769-4318-af5a-18650e871875. Attempting to create it. {{(pid=111657) _ensure_aggregate /opt/stack/placement/placement/objects/resource_provider.py:320}}
Apr 20 22:12:04.879465 n-d-836014-2 devstack@placement-api.service[111657]: DEBUG placement.objects.resource_provider [req-21f19b68-e6e0-47bf-b5a7-c7d242741f53 req-be967da3-40fd-49f9-baf3-d3bc94fca79d service placement] _ensure_aggregate() created new aggregate a5e6b6e7-e769-4318-af5a-18650e871875 (id=8). {{(pid=111657) _ensure_aggregate /opt/stack/placement/placement/objects/resource_provider.py:326}}
Apr 20 22:12:04.886465 n-d-836014-2 devstack@placement-api.service[111657]: DEBUG placement.objects.resource_provider [req-21f19b68-e6e0-47bf-b5a7-c7d242741f53 req-be967da3-40fd-49f9-baf3-d3bc94fca79d service placement] Setting aggregates for provider d2c4bab2-ca4f-4690-b7e7-43a30a628cf6. Successfully associated aggregate a5e6b6e7-e769-4318-af5a-18650e871875. {{(pid=111657) _set_aggregates /opt/stack/placement/placement/objects/resource_provider.py:388}}
Apr 20 22:12:04.962945 n-d-836014-2 devstack@placement-api.service[111657]: INFO placement.requestlog [req-21f19b68-e6e0-47bf-b5a7-c7d242741f53 req-be967da3-40fd-49f9-baf3-d3bc94fca79d service placement] 10.222.0.21 "PUT /placement/resource_providers/d2c4bab2-ca4f-4690-b7e7-43a30a628cf6/aggregates" status: 200 len: 92 microversion: 1.19
Apr 20 22:12:04.963362 n-d-836014-2 devstack@placement-api.service[111657]: [pid: 111657|app: 0|req: 456/913] 10.222.0.21 () {64 vars in 1477 bytes} [Wed Apr 20 22:12:04 2022] PUT /placement/resource_providers/d2c4bab2-ca4f-4690-b7e7-43a30a628cf6/aggregates => generated 92 bytes in 119 msecs (HTTP/1.1 200) 8 headers in 295 bytes (2 switches on core 0)
Apr 20 22:12:05.469985 n-d-836014-2 devstack@placement-api.service[111656]: DEBUG placement.requestlog [req-5691f4d7-2a99-4a2d-a2a0-f9b9f7071e4e req-7dea77e6-dcc4-427a-9d39-5f0399529087 None None] Starting request: 10.222.0.21 "GET /placement/resource_providers?name=n-h2-836014-2" {{(pid=111656) __call__ /opt/stack/placement/placement/requestlog.py:55}}
Apr 20 22:12:05.488480 n-d-836014-2 devstack@placement-api.service[111656]: INFO placement.requestlog [req-5691f4d7-2a99-4a2d-a2a0-f9b9f7071e4e req-7dea77e6-dcc4-427a-9d39-5f0399529087 service placement] 10.222.0.21 "GET /placement/resource_providers?name=n-h2-836014-2" status: 200 len: 441 microversion: 1.0
Apr 20 22:12:05.488480 n-d-836014-2 devstack@placement-api.service[111656]: [pid: 111656|app: 0|req: 458/914] 10.222.0.21 () {58 vars in 1274 bytes} [Wed Apr 20 22:12:05 2022] GET /placement/resource_providers?name=n-h2-836014-2 => generated 441 bytes in 19 msecs (HTTP/1.1 200) 6 headers in 224 bytes (1 switches on core 0)
Apr 20 22:12:05.503157 n-d-836014-2 devstack@placement-api.service[111657]: DEBUG placement.requestlog [req-5691f4d7-2a99-4a2d-a2a0-f9b9f7071e4e req-83279307-e502-4904-a0ef-8026165d2029 None None] Starting request: 10.222.0.21 "GET /placement/resource_providers/d2c4bab2-ca4f-4690-b7e7-43a30a628cf6/aggregates" {{(pid=111657) __call__ /opt/stack/placement/placement/requestlog.py:55}}
Apr 20 22:12:05.526562 n-d-836014-2 devstack@placement-api.service[111657]: INFO placement.requestlog [req-5691f4d7-2a99-4a2d-a2a0-f9b9f7071e4e req-83279307-e502-4904-a0ef-8026165d2029 service placement] 10.222.0.21 "GET /placement/resource_providers/d2c4bab2-ca4f-4690-b7e7-43a30a628cf6/aggregates" status: 200 len: 92 microversion: 1.19
Apr 20 22:12:05.536707 n-d-836014-2 devstack@placement-api.service[111657]: [pid: 111657|app: 0|req: 457/915] 10.222.0.21 () {60 vars in 1425 bytes} [Wed Apr 20 22:12:05 2022] GET /placement/resource_providers/d2c4bab2-ca4f-4690-b7e7-43a30a628cf6/aggregates => generated 92 bytes in 33 msecs (HTTP/1.1 200) 8 headers in 295 bytes (1 switches on core 0)
Apr 20 22:12:05.540794 n-d-836014-2 devstack@placement-api.service[111656]: DEBUG placement.requestlog [req-5691f4d7-2a99-4a2d-a2a0-f9b9f7071e4e req-72f689b0-a852-4ad8-ae8d-a1440adcd477 None None] Starting request: 10.222.0.21 "PUT /placement/resource_providers/d2c4bab2-ca4f-4690-b7e7-43a30a628cf6/aggregates" {{(pid=111656) __call__ /opt/stack/placement/placement/requestlog.py:55}}
Apr 20 22:12:05.570082 n-d-836014-2 devstack@placement-api.service[111656]: DEBUG placement.objects.resource_provider [req-5691f4d7-2a99-4a2d-a2a0-f9b9f7071e4e req-72f689b0-a852-4ad8-ae8d-a1440adcd477 service placement] Setting aggregates for provider d2c4bab2-ca4f-4690-b7e7-43a30a628cf6. Successfully disassociated aggregate a5e6b6e7-e769-4318-af5a-18650e871875. {{(pid=111656) _set_aggregates /opt/stack/placement/placement/objects/resource_provider.py:403}}
Apr 20 22:12:05.679097 n-d-836014-2 devstack@placement-api.service[111656]: INFO placement.requestlog [req-5691f4d7-2a99-4a2d-a2a0-f9b9f7071e4e req-72f689b0-a852-4ad8-ae8d-a1440adcd477 service placement] 10.222.0.21 "PUT /placement/resource_providers/d2c4bab2-ca4f-4690-b7e7-43a30a628cf6/aggregates" status: 200 len: 54 microversion: 1.19
Apr 20 22:12:05.679505 n-d-836014-2 devstack@placement-api.service[111656]: [pid: 111656|app: 0|req: 459/916] 10.222.0.21 () {64 vars in 1477 bytes} [Wed Apr 20 22:12:05 2022] PUT /placement/resource_providers/d2c4bab2-ca4f-4690-b7e7-43a30a628cf6/aggregates => generated 54 bytes in 139 msecs (HTTP/1.1 200) 8 headers in 295 bytes (1 switches on core 0)
Apr 20 22:12:25.472802 n-d-836014-2 devstack@placement-api.service[111657]: DEBUG placement.requestlog [req-05326a08-10f3-4d14-a676-ad1b9794ee7f req-36f64c26-5463-46b3-8beb-95fa92b3676e None None] Starting request: 10.222.0.11 "DELETE /placement/allocations/6e9f0cd2-61c7-46b6-84d0-19aee7fa6dbb" {{(pid=111657) __call__ /opt/stack/placement/placement/requestlog.py:55}}
Apr 20 22:12:25.783746 n-d-836014-2 devstack@placement-api.service[111657]: DEBUG placement.handlers.allocation [req-05326a08-10f3-4d14-a676-ad1b9794ee7f req-36f64c26-5463-46b3-8beb-95fa92b3676e service placement] Successfully deleted allocations [, , ] {{(pid=111657) delete_allocations /opt/stack/placement/placement/handlers/allocation.py:627}}
Apr 20 22:12:25.784539 n-d-836014-2 devstack@placement-api.service[111657]: INFO placement.requestlog [req-05326a08-10f3-4d14-a676-ad1b9794ee7f req-36f64c26-5463-46b3-8beb-95fa92b3676e service placement] 10.222.0.11 "DELETE /placement/allocations/6e9f0cd2-61c7-46b6-84d0-19aee7fa6dbb" status: 204 len: 0 microversion: 1.0
Apr 20 22:12:25.785380 n-d-836014-2 devstack@placement-api.service[111657]: [pid: 111657|app: 0|req: 458/917] 10.222.0.11 () {60 vars in 1355 bytes} [Wed Apr 20 22:12:25 2022] DELETE /placement/allocations/6e9f0cd2-61c7-46b6-84d0-19aee7fa6dbb => generated 0 bytes in 313 msecs (HTTP/1.1 204) 5 headers in 198 bytes (1 switches on core 0)
Apr 20 22:12:34.774122 n-d-836014-2 devstack@placement-api.service[111656]: DEBUG placement.requestlog [req-a9089536-a99a-401a-8c78-60fa431699e1 req-1467cbd9-57b8-4121-9c47-47413e45ee3f None None] Starting request: 10.222.0.21 "GET /placement/allocation_candidates?limit=1000&resources=DISK_GB%3A1%2CMEMORY_MB%3A1024%2CVCPU%3A1&root_required=%21COMPUTE_STATUS_DISABLED" {{(pid=111656) __call__ /opt/stack/placement/placement/requestlog.py:55}}
Apr 20 22:12:34.853520 n-d-836014-2 devstack@placement-api.service[111656]: DEBUG placement.objects.research_context [req-a9089536-a99a-401a-8c78-60fa431699e1 req-1467cbd9-57b8-4121-9c47-47413e45ee3f service placement] getting providers with 1 DISK_GB {{(pid=111656) __init__ /opt/stack/placement/placement/objects/research_context.py:136}}
Apr 20 22:12:34.863848 n-d-836014-2 devstack@placement-api.service[111656]: DEBUG placement.objects.research_context [req-a9089536-a99a-401a-8c78-60fa431699e1 req-1467cbd9-57b8-4121-9c47-47413e45ee3f service placement] getting providers with 1024 MEMORY_MB {{(pid=111656) __init__ /opt/stack/placement/placement/objects/research_context.py:136}}
Apr 20 22:12:34.874289 n-d-836014-2 devstack@placement-api.service[111656]: DEBUG placement.objects.research_context [req-a9089536-a99a-401a-8c78-60fa431699e1 req-1467cbd9-57b8-4121-9c47-47413e45ee3f service placement] getting providers with 1 VCPU {{(pid=111656) __init__ /opt/stack/placement/placement/objects/research_context.py:136}}
Apr 20 22:12:34.880965 n-d-836014-2 devstack@placement-api.service[111656]: DEBUG placement.objects.research_context [req-a9089536-a99a-401a-8c78-60fa431699e1 req-1467cbd9-57b8-4121-9c47-47413e45ee3f service placement] found 2 providers with available 1 DISK_GB {{(pid=111656) get_provider_ids_matching /opt/stack/placement/placement/objects/research_context.py:559}}
Apr 20 22:12:34.881445 n-d-836014-2 devstack@placement-api.service[111656]: DEBUG placement.objects.research_context [req-a9089536-a99a-401a-8c78-60fa431699e1 req-1467cbd9-57b8-4121-9c47-47413e45ee3f service placement] found 2 providers with available 1024 MEMORY_MB {{(pid=111656) get_provider_ids_matching /opt/stack/placement/placement/objects/research_context.py:559}}
Apr 20 22:12:34.881869 n-d-836014-2 devstack@placement-api.service[111656]: DEBUG placement.objects.research_context [req-a9089536-a99a-401a-8c78-60fa431699e1 req-1467cbd9-57b8-4121-9c47-47413e45ee3f service placement] found 2 providers after filtering by previous result {{(pid=111656) get_provider_ids_matching /opt/stack/placement/placement/objects/research_context.py:590}}
