Apr 20 21:48:58.062950 n-d-836014-2 devstack@placement-api.service[111657]: DEBUG placement.objects.research_context [req-69326214-0d72-4038-92a8-e5045a2c5aa3 req-eae9d6d3-3cae-405d-9fa3-f8f4ccc155ce service placement] getting providers with 1 DISK_GB {{(pid=111657) __init__ /opt/stack/placement/placement/objects/research_context.py:136}}
Apr 20 21:48:58.071807 n-d-836014-2 devstack@placement-api.service[111657]: DEBUG placement.objects.research_context [req-69326214-0d72-4038-92a8-e5045a2c5aa3 req-eae9d6d3-3cae-405d-9fa3-f8f4ccc155ce service placement] getting providers with 1024 MEMORY_MB {{(pid=111657) __init__ /opt/stack/placement/placement/objects/research_context.py:136}}
Apr 20 21:48:58.086999 n-d-836014-2 devstack@placement-api.service[111657]: DEBUG placement.objects.research_context [req-69326214-0d72-4038-92a8-e5045a2c5aa3 req-eae9d6d3-3cae-405d-9fa3-f8f4ccc155ce service placement] getting providers with 1 VCPU {{(pid=111657) __init__ /opt/stack/placement/placement/objects/research_context.py:136}}
Apr 20 21:48:58.100351 n-d-836014-2 devstack@placement-api.service[111657]: DEBUG placement.objects.research_context [req-69326214-0d72-4038-92a8-e5045a2c5aa3 req-eae9d6d3-3cae-405d-9fa3-f8f4ccc155ce service placement] found 2 providers with available 1 DISK_GB {{(pid=111657) get_provider_ids_matching /opt/stack/placement/placement/objects/research_context.py:559}}
Apr 20 21:48:58.100909 n-d-836014-2 devstack@placement-api.service[111657]: DEBUG placement.objects.research_context [req-69326214-0d72-4038-92a8-e5045a2c5aa3 req-eae9d6d3-3cae-405d-9fa3-f8f4ccc155ce service placement] found 2 providers with available 1024 MEMORY_MB {{(pid=111657) get_provider_ids_matching /opt/stack/placement/placement/objects/research_context.py:559}}
Apr 20 21:48:58.101931 n-d-836014-2 devstack@placement-api.service[111657]: DEBUG placement.objects.research_context [req-69326214-0d72-4038-92a8-e5045a2c5aa3 req-eae9d6d3-3cae-405d-9fa3-f8f4ccc155ce service placement] found 2 providers after filtering by previous result {{(pid=111657) get_provider_ids_matching /opt/stack/placement/placement/objects/research_context.py:590}}
Apr 20 21:48:58.102675 n-d-836014-2 devstack@placement-api.service[111657]: DEBUG placement.objects.research_context [req-69326214-0d72-4038-92a8-e5045a2c5aa3 req-eae9d6d3-3cae-405d-9fa3-f8f4ccc155ce service placement] found 2 providers with available 1 VCPU {{(pid=111657) get_provider_ids_matching /opt/stack/placement/placement/objects/research_context.py:559}}
Apr 20 21:48:58.103182 n-d-836014-2 devstack@placement-api.service[111657]: DEBUG placement.objects.research_context [req-69326214-0d72-4038-92a8-e5045a2c5aa3 req-eae9d6d3-3cae-405d-9fa3-f8f4ccc155ce service placement] found 2 providers after filtering by previous result {{(pid=111657) get_provider_ids_matching /opt/stack/placement/placement/objects/research_context.py:590}}
Apr 20 21:48:58.121101 n-d-836014-2 devstack@placement-api.service[111657]: DEBUG placement.objects.allocation_candidate [req-69326214-0d72-4038-92a8-e5045a2c5aa3 req-eae9d6d3-3cae-405d-9fa3-f8f4ccc155ce service placement] RequestGroup(use_same_provider=False, resources={DISK_GB:1, MEMORY_MB:1024, VCPU:1}, traits=(), aggregates=[]) (suffix '') returned 2 matches {{(pid=111657) _get_by_requests /opt/stack/placement/placement/objects/allocation_candidate.py:156}}
Apr 20 21:48:58.121870 n-d-836014-2 devstack@placement-api.service[111657]: DEBUG placement.objects.allocation_candidate [req-69326214-0d72-4038-92a8-e5045a2c5aa3 req-eae9d6d3-3cae-405d-9fa3-f8f4ccc155ce service placement] Merging candidates yields 2 allocation requests and 2 provider summaries {{(pid=111657) _merge_candidates /opt/stack/placement/placement/objects/allocation_candidate.py:809}}
Apr 20 21:48:58.123771 n-d-836014-2 devstack@placement-api.service[111657]: INFO placement.requestlog [req-69326214-0d72-4038-92a8-e5045a2c5aa3 req-eae9d6d3-3cae-405d-9fa3-f8f4ccc155ce service placement] 10.222.0.21 "GET /placement/allocation_candidates?limit=1000&resources=DISK_GB%3A1%2CMEMORY_MB%3A1024%2CVCPU%3A1&root_required=%21COMPUTE_STATUS_DISABLED" status: 200 len: 1309 microversion: 1.36
Apr 20 21:48:58.140204 n-d-836014-2 devstack@placement-api.service[111657]: [pid: 111657|app: 0|req: 145/288] 10.222.0.21 () {60 vars in 1506 bytes} [Wed Apr 20 21:48:58 2022] GET /placement/allocation_candidates?limit=1000&resources=DISK_GB%3A1%2CMEMORY_MB%3A1024%2CVCPU%3A1&root_required=%21COMPUTE_STATUS_DISABLED => generated 1309 bytes in 138 msecs (HTTP/1.1 200) 8 headers in 297 bytes (1 switches on core 0)
Apr 20 21:48:58.207701 n-d-836014-2 devstack@placement-api.service[111656]: DEBUG placement.requestlog [req-69326214-0d72-4038-92a8-e5045a2c5aa3 req-0884b3bc-ce1c-4114-9a30-01fb48d1bfb0 None None] Starting request: 10.222.0.21 "GET /placement/allocations/d03b0c18-42f3-4f81-be5e-1734bbbff58e" {{(pid=111656) __call__ /opt/stack/placement/placement/requestlog.py:55}}
Apr 20 21:48:58.226565 n-d-836014-2 devstack@placement-api.service[111656]: INFO placement.requestlog [req-69326214-0d72-4038-92a8-e5045a2c5aa3 req-0884b3bc-ce1c-4114-9a30-01fb48d1bfb0 service placement] 10.222.0.21 "GET /placement/allocations/d03b0c18-42f3-4f81-be5e-1734bbbff58e" status: 200 len: 19 microversion: 1.28
Apr 20 21:48:58.228298 n-d-836014-2 devstack@placement-api.service[111656]: [pid: 111656|app: 0|req: 144/289] 10.222.0.21 () {60 vars in 1380 bytes} [Wed Apr 20 21:48:58 2022] GET /placement/allocations/d03b0c18-42f3-4f81-be5e-1734bbbff58e => generated 19 bytes in 21 msecs (HTTP/1.1 200) 8 headers in 295 bytes (1 switches on core 0)
Apr 20 21:48:58.234834 n-d-836014-2 devstack@placement-api.service[111657]: DEBUG placement.requestlog [req-69326214-0d72-4038-92a8-e5045a2c5aa3 req-a22ab238-ff15-4670-be6f-e437d066714d None None] Starting request: 10.222.0.21 "PUT /placement/allocations/d03b0c18-42f3-4f81-be5e-1734bbbff58e" {{(pid=111657) __call__ /opt/stack/placement/placement/requestlog.py:55}}
Apr 20 21:48:58.414681 n-d-836014-2 devstack@placement-api.service[111657]: DEBUG placement.handlers.allocation [req-69326214-0d72-4038-92a8-e5045a2c5aa3 req-a22ab238-ff15-4670-be6f-e437d066714d service placement] Successfully wrote allocations [, , ] {{(pid=111657) _update_consumers_and_create_allocations /opt/stack/placement/placement/handlers/allocation.py:462}}
Apr 20 21:48:58.494038 n-d-836014-2 devstack@placement-api.service[111657]: INFO placement.requestlog [req-69326214-0d72-4038-92a8-e5045a2c5aa3 req-a22ab238-ff15-4670-be6f-e437d066714d service placement] 10.222.0.21 "PUT /placement/allocations/d03b0c18-42f3-4f81-be5e-1734bbbff58e" status: 204 len: 0 microversion: 1.36
Apr 20 21:48:58.500733 n-d-836014-2 devstack@placement-api.service[111657]: [pid: 111657|app: 0|req: 146/290] 10.222.0.21 () {64 vars in 1433 bytes} [Wed Apr 20 21:48:58 2022] PUT /placement/allocations/d03b0c18-42f3-4f81-be5e-1734bbbff58e => generated 0 bytes in 261 msecs (HTTP/1.1 204) 5 headers in 199 bytes (1 switches on core 0)
Apr 20 21:48:59.610052 n-d-836014-2 devstack@placement-api.service[111656]: DEBUG placement.requestlog [req-69326214-0d72-4038-92a8-e5045a2c5aa3 req-0ee92fd1-207e-4809-8ff5-78b235fc9a69 None None] Starting request: 10.222.0.24 "GET /placement/allocations/d03b0c18-42f3-4f81-be5e-1734bbbff58e" {{(pid=111656) __call__ /opt/stack/placement/placement/requestlog.py:55}}
Apr 20 21:48:59.636830 n-d-836014-2 devstack@placement-api.service[111656]: INFO placement.requestlog [req-69326214-0d72-4038-92a8-e5045a2c5aa3 req-0ee92fd1-207e-4809-8ff5-78b235fc9a69 service placement] 10.222.0.24 "GET /placement/allocations/d03b0c18-42f3-4f81-be5e-1734bbbff58e" status: 200 len: 259 microversion: 1.28
Apr 20 21:48:59.639121 n-d-836014-2 devstack@placement-api.service[111656]: [pid: 111656|app: 0|req: 145/291] 10.222.0.24 () {60 vars in 1377 bytes} [Wed Apr 20 21:48:59 2022] GET /placement/allocations/d03b0c18-42f3-4f81-be5e-1734bbbff58e => generated 259 bytes in 30 msecs (HTTP/1.1 200) 8 headers in 296 bytes (1 switches on core 0)
Apr 20 21:49:12.983359 n-d-836014-2 devstack@placement-api.service[111657]: DEBUG placement.requestlog [req-8c3108c3-30e2-4f2b-930f-810a483085b5 req-45341935-3d5a-43c1-91c0-1903a42f482c None None] Starting request: 10.222.0.21 "GET /placement/allocation_candidates?limit=1000&resources=DISK_GB%3A1%2CMEMORY_MB%3A1024%2CVCPU%3A1&root_required=%21COMPUTE_STATUS_DISABLED" {{(pid=111657) __call__ /opt/stack/placement/placement/requestlog.py:55}}
Apr 20 21:49:13.046428 n-d-836014-2 devstack@placement-api.service[111657]: DEBUG placement.objects.research_context [req-8c3108c3-30e2-4f2b-930f-810a483085b5 req-45341935-3d5a-43c1-91c0-1903a42f482c service placement] getting providers with 1 DISK_GB {{(pid=111657) __init__ /opt/stack/placement/placement/objects/research_context.py:136}}
Apr 20 21:49:13.063783 n-d-836014-2 devstack@placement-api.service[111657]: DEBUG placement.objects.research_context [req-8c3108c3-30e2-4f2b-930f-810a483085b5 req-45341935-3d5a-43c1-91c0-1903a42f482c service placement] getting providers with 1024 MEMORY_MB {{(pid=111657) __init__ /opt/stack/placement/placement/objects/research_context.py:136}}
Apr 20 21:49:13.080956 n-d-836014-2 devstack@placement-api.service[111657]: DEBUG placement.objects.research_context [req-8c3108c3-30e2-4f2b-930f-810a483085b5 req-45341935-3d5a-43c1-91c0-1903a42f482c service placement] getting providers with 1 VCPU {{(pid=111657) __init__ /opt/stack/placement/placement/objects/research_context.py:136}}
Apr 20 21:49:13.088992 n-d-836014-2 devstack@placement-api.service[111657]: DEBUG placement.objects.research_context [req-8c3108c3-30e2-4f2b-930f-810a483085b5 req-45341935-3d5a-43c1-91c0-1903a42f482c service placement] found 2 providers with available 1 DISK_GB {{(pid=111657) get_provider_ids_matching /opt/stack/placement/placement/objects/research_context.py:559}}
Apr 20 21:49:13.089300 n-d-836014-2 devstack@placement-api.service[111657]: DEBUG placement.objects.research_context [req-8c3108c3-30e2-4f2b-930f-810a483085b5 req-45341935-3d5a-43c1-91c0-1903a42f482c service placement] found 2 providers with available 1024 MEMORY_MB {{(pid=111657) get_provider_ids_matching /opt/stack/placement/placement/objects/research_context.py:559}}
Apr 20 21:49:13.092319 n-d-836014-2 devstack@placement-api.service[111657]: DEBUG placement.objects.research_context [req-8c3108c3-30e2-4f2b-930f-810a483085b5 req-45341935-3d5a-43c1-91c0-1903a42f482c service placement] found 2 providers after filtering by previous result {{(pid=111657) get_provider_ids_matching /opt/stack/placement/placement/objects/research_context.py:590}}
Apr 20 21:49:13.092888 n-d-836014-2 devstack@placement-api.service[111657]: DEBUG placement.objects.research_context [req-8c3108c3-30e2-4f2b-930f-810a483085b5 req-45341935-3d5a-43c1-91c0-1903a42f482c service placement] found 2 providers with available 1 VCPU {{(pid=111657) get_provider_ids_matching /opt/stack/placement/placement/objects/research_context.py:559}}
Apr 20 21:49:13.094356 n-d-836014-2 devstack@placement-api.service[111657]: DEBUG placement.objects.research_context [req-8c3108c3-30e2-4f2b-930f-810a483085b5 req-45341935-3d5a-43c1-91c0-1903a42f482c service placement] found 2 providers after filtering by previous result {{(pid=111657) get_provider_ids_matching /opt/stack/placement/placement/objects/research_context.py:590}}
Apr 20 21:49:13.157345 n-d-836014-2 devstack@placement-api.service[111657]: DEBUG placement.objects.allocation_candidate [req-8c3108c3-30e2-4f2b-930f-810a483085b5 req-45341935-3d5a-43c1-91c0-1903a42f482c service placement] RequestGroup(use_same_provider=False, resources={DISK_GB:1, MEMORY_MB:1024, VCPU:1}, traits=(), aggregates=[]) (suffix '') returned 2 matches {{(pid=111657) _get_by_requests /opt/stack/placement/placement/objects/allocation_candidate.py:156}}
Apr 20 21:49:13.158511 n-d-836014-2 devstack@placement-api.service[111657]: DEBUG placement.objects.allocation_candidate [req-8c3108c3-30e2-4f2b-930f-810a483085b5 req-45341935-3d5a-43c1-91c0-1903a42f482c service placement] Merging candidates yields 2 allocation requests and 2 provider summaries {{(pid=111657) _merge_candidates /opt/stack/placement/placement/objects/allocation_candidate.py:809}}
Apr 20 21:49:13.161350 n-d-836014-2 devstack@placement-api.service[111657]: INFO placement.requestlog [req-8c3108c3-30e2-4f2b-930f-810a483085b5 req-45341935-3d5a-43c1-91c0-1903a42f482c service placement] 10.222.0.21 "GET /placement/allocation_candidates?limit=1000&resources=DISK_GB%3A1%2CMEMORY_MB%3A1024%2CVCPU%3A1&root_required=%21COMPUTE_STATUS_DISABLED" status: 200 len: 1309 microversion: 1.36
Apr 20 21:49:13.164909 n-d-836014-2 devstack@placement-api.service[111657]: [pid: 111657|app: 0|req: 147/292] 10.222.0.21 () {60 vars in 1506 bytes} [Wed Apr 20 21:49:12 2022] GET /placement/allocation_candidates?limit=1000&resources=DISK_GB%3A1%2CMEMORY_MB%3A1024%2CVCPU%3A1&root_required=%21COMPUTE_STATUS_DISABLED => generated 1309 bytes in 182 msecs (HTTP/1.1 200) 8 headers in 297 bytes (1 switches on core 0)
Apr 20 21:49:13.333638 n-d-836014-2 devstack@placement-api.service[111656]: DEBUG placement.requestlog [req-8c3108c3-30e2-4f2b-930f-810a483085b5 req-9db880e6-7223-48b0-a898-048966790b81 None None] Starting request: 10.222.0.21 "GET /placement/allocations/6930e835-11e2-4c47-a07b-fe7bb4ec3394" {{(pid=111656) __call__ /opt/stack/placement/placement/requestlog.py:55}}
Apr 20 21:49:13.350308 n-d-836014-2 devstack@placement-api.service[111656]: INFO placement.requestlog [req-8c3108c3-30e2-4f2b-930f-810a483085b5 req-9db880e6-7223-48b0-a898-048966790b81 service placement] 10.222.0.21 "GET /placement/allocations/6930e835-11e2-4c47-a07b-fe7bb4ec3394" status: 200 len: 19 microversion: 1.28
Apr 20 21:49:13.351426 n-d-836014-2 devstack@placement-api.service[111656]: [pid: 111656|app: 0|req: 146/293] 10.222.0.21 () {60 vars in 1380 bytes} [Wed Apr 20 21:49:13 2022] GET /placement/allocations/6930e835-11e2-4c47-a07b-fe7bb4ec3394 => generated 19 bytes in 18 msecs (HTTP/1.1 200) 8 headers in 295 bytes (1 switches on core 0)
Apr 20 21:49:13.357878 n-d-836014-2 devstack@placement-api.service[111657]: DEBUG placement.requestlog [req-8c3108c3-30e2-4f2b-930f-810a483085b5 req-d33af542-b146-4e79-9e90-3e2c0ed6ff8f None None] Starting request: 10.222.0.21 "PUT /placement/allocations/6930e835-11e2-4c47-a07b-fe7bb4ec3394" {{(pid=111657) __call__ /opt/stack/placement/placement/requestlog.py:55}}
Apr 20 21:49:13.614358 n-d-836014-2 devstack@placement-api.service[111657]: DEBUG placement.handlers.allocation [req-8c3108c3-30e2-4f2b-930f-810a483085b5 req-d33af542-b146-4e79-9e90-3e2c0ed6ff8f service placement] Successfully wrote allocations [, , ] {{(pid=111657) _update_consumers_and_create_allocations /opt/stack/placement/placement/handlers/allocation.py:462}}
Apr 20 21:49:13.688119 n-d-836014-2 devstack@placement-api.service[111657]: INFO placement.requestlog [req-8c3108c3-30e2-4f2b-930f-810a483085b5 req-d33af542-b146-4e79-9e90-3e2c0ed6ff8f service placement] 10.222.0.21 "PUT /placement/allocations/6930e835-11e2-4c47-a07b-fe7bb4ec3394" status: 204 len: 0 microversion: 1.36
Apr 20 21:49:13.689133 n-d-836014-2 devstack@placement-api.service[111657]: [pid: 111657|app: 0|req: 148/294] 10.222.0.21 () {64 vars in 1433 bytes} [Wed Apr 20 21:49:13 2022] PUT /placement/allocations/6930e835-11e2-4c47-a07b-fe7bb4ec3394 => generated 0 bytes in 331 msecs (HTTP/1.1 204) 5 headers in 199 bytes (2 switches on core 0)
Apr 20 21:49:14.744530 n-d-836014-2 devstack@placement-api.service[111656]: DEBUG placement.requestlog [req-8c3108c3-30e2-4f2b-930f-810a483085b5 req-510d0f3f-b6e2-4505-9260-78e1d584d1c3 None None] Starting request: 10.222.0.11 "GET /placement/allocations/6930e835-11e2-4c47-a07b-fe7bb4ec3394" {{(pid=111656) __call__ /opt/stack/placement/placement/requestlog.py:55}}
Apr 20 21:49:14.778889 n-d-836014-2 devstack@placement-api.service[111656]: INFO placement.requestlog [req-8c3108c3-30e2-4f2b-930f-810a483085b5 req-510d0f3f-b6e2-4505-9260-78e1d584d1c3 service placement] 10.222.0.11 "GET /placement/allocations/6930e835-11e2-4c47-a07b-fe7bb4ec3394" status: 200 len: 259 microversion: 1.28
Apr 20 21:49:14.779934 n-d-836014-2 devstack@placement-api.service[111656]: [pid: 111656|app: 0|req: 147/295] 10.222.0.11 () {60 vars in 1377 bytes} [Wed Apr 20 21:49:14 2022] GET /placement/allocations/6930e835-11e2-4c47-a07b-fe7bb4ec3394 => generated 259 bytes in 36 msecs (HTTP/1.1 200) 8 headers in 296 bytes (1 switches on core 0)
Apr 20 21:49:16.083503 n-d-836014-2 devstack@placement-api.service[111657]: DEBUG placement.requestlog [req-c799c289-16c6-43a8-b30d-2079058b6b4e req-cd93717d-b630-4197-9c7e-4adec1d009cf None None] Starting request: 10.222.0.24 "DELETE /placement/allocations/36deeb7d-b4dc-4cf7-9623-370953976fd0" {{(pid=111657) __call__ /opt/stack/placement/placement/requestlog.py:55}}
Apr 20 21:49:16.265129 n-d-836014-2 devstack@placement-api.service[111657]: DEBUG placement.handlers.allocation [req-c799c289-16c6-43a8-b30d-2079058b6b4e req-cd93717d-b630-4197-9c7e-4adec1d009cf service placement] Successfully deleted allocations [, , ] {{(pid=111657) delete_allocations /opt/stack/placement/placement/handlers/allocation.py:627}}
Apr 20 21:49:16.266447 n-d-836014-2 devstack@placement-api.service[111657]: INFO placement.requestlog [req-c799c289-16c6-43a8-b30d-2079058b6b4e req-cd93717d-b630-4197-9c7e-4adec1d009cf service placement] 10.222.0.24 "DELETE /placement/allocations/36deeb7d-b4dc-4cf7-9623-370953976fd0" status: 204 len: 0 microversion: 1.0
Apr 20 21:49:16.267329 n-d-836014-2 devstack@placement-api.service[111657]: [pid: 111657|app: 0|req: 149/296] 10.222.0.24 () {60 vars in 1355 bytes} [Wed Apr 20 21:49:16 2022] DELETE /placement/allocations/36deeb7d-b4dc-4cf7-9623-370953976fd0 => generated 0 bytes in 184 msecs (HTTP/1.1 204) 5 headers in 198 bytes (2 switches on core 0)
Apr 20 21:49:16.740933 n-d-836014-2 devstack@placement-api.service[111656]: DEBUG placement.requestlog [req-f4569c10-7536-430a-b7a3-f44f876e0d46 req-c4a03ff3-f574-466a-8e05-08e24a3487b4 None None] Starting request: 10.222.0.21 "GET /placement/allocation_candidates?limit=1000&resources=DISK_GB%3A1%2CMEMORY_MB%3A1024%2CVCPU%3A1&root_required=%21COMPUTE_STATUS_DISABLED" {{(pid=111656) __call__ /opt/stack/placement/placement/requestlog.py:55}}
Apr 20 21:49:16.822219 n-d-836014-2 devstack@placement-api.service[111656]: DEBUG placement.objects.research_context [req-f4569c10-7536-430a-b7a3-f44f876e0d46 req-c4a03ff3-f574-466a-8e05-08e24a3487b4 service placement] getting providers with 1 DISK_GB {{(pid=111656) __init__ /opt/stack/placement/placement/objects/research_context.py:136}}
Apr 20 21:49:16.843189 n-d-836014-2 devstack@placement-api.service[111656]: DEBUG placement.objects.research_context [req-f4569c10-7536-430a-b7a3-f44f876e0d46 req-c4a03ff3-f574-466a-8e05-08e24a3487b4 service placement] getting providers with 1024 MEMORY_MB {{(pid=111656) __init__ /opt/stack/placement/placement/objects/research_context.py:136}}
Apr 20 21:49:16.860816 n-d-836014-2 devstack@placement-api.service[111656]: DEBUG placement.objects.research_context [req-f4569c10-7536-430a-b7a3-f44f876e0d46 req-c4a03ff3-f574-466a-8e05-08e24a3487b4 service placement] getting providers with 1 VCPU {{(pid=111656) __init__ /opt/stack/placement/placement/objects/research_context.py:136}}
Apr 20 21:49:16.882553 n-d-836014-2 devstack@placement-api.service[111656]: DEBUG placement.objects.research_context [req-f4569c10-7536-430a-b7a3-f44f876e0d46 req-c4a03ff3-f574-466a-8e05-08e24a3487b4 service placement] found 2 providers with available 1 DISK_GB {{(pid=111656) get_provider_ids_matching /opt/stack/placement/placement/objects/research_context.py:559}}
Apr 20 21:49:16.884979 n-d-836014-2 devstack@placement-api.service[111656]: DEBUG placement.objects.research_context [req-f4569c10-7536-430a-b7a3-f44f876e0d46 req-c4a03ff3-f574-466a-8e05-08e24a3487b4 service placement] found 2 providers with available 1024 MEMORY_MB {{(pid=111656) get_provider_ids_matching /opt/stack/placement/placement/objects/research_context.py:559}}
Apr 20 21:49:16.885345 n-d-836014-2 devstack@placement-api.service[111656]: DEBUG placement.objects.research_context [req-f4569c10-7536-430a-b7a3-f44f876e0d46 req-c4a03ff3-f574-466a-8e05-08e24a3487b4 service placement] found 2 providers after filtering by previous result {{(pid=111656) get_provider_ids_matching /opt/stack/placement/placement/objects/research_context.py:590}}
Apr 20 21:49:16.889627 n-d-836014-2 devstack@placement-api.service[111656]: DEBUG placement.objects.research_context [req-f4569c10-7536-430a-b7a3-f44f876e0d46 req-c4a03ff3-f574-466a-8e05-08e24a3487b4 service placement] found 2 providers with available 1 VCPU {{(pid=111656) get_provider_ids_matching /opt/stack/placement/placement/objects/research_context.py:559}}
Apr 20 21:49:16.890415 n-d-836014-2 devstack@placement-api.service[111656]: DEBUG placement.objects.research_context [req-f4569c10-7536-430a-b7a3-f44f876e0d46 req-c4a03ff3-f574-466a-8e05-08e24a3487b4 service placement] found 2 providers after filtering by previous result {{(pid=111656) get_provider_ids_matching /opt/stack/placement/placement/objects/research_context.py:590}}
Apr 20 21:49:16.919744 n-d-836014-2 devstack@placement-api.service[111656]: DEBUG placement.objects.allocation_candidate [req-f4569c10-7536-430a-b7a3-f44f876e0d46 req-c4a03ff3-f574-466a-8e05-08e24a3487b4 service placement] RequestGroup(use_same_provider=False, resources={DISK_GB:1, MEMORY_MB:1024, VCPU:1}, traits=(), aggregates=[]) (suffix '') returned 2 matches {{(pid=111656) _get_by_requests /opt/stack/placement/placement/objects/allocation_candidate.py:156}}
Apr 20 21:49:16.920189 n-d-836014-2 devstack@placement-api.service[111656]: DEBUG placement.objects.allocation_candidate [req-f4569c10-7536-430a-b7a3-f44f876e0d46 req-c4a03ff3-f574-466a-8e05-08e24a3487b4 service placement] Merging candidates yields 2 allocation requests and 2 provider summaries {{(pid=111656) _merge_candidates /opt/stack/placement/placement/objects/allocation_candidate.py:809}}
Apr 20 21:49:16.923941 n-d-836014-2 devstack@placement-api.service[111656]: INFO placement.requestlog [req-f4569c10-7536-430a-b7a3-f44f876e0d46 req-c4a03ff3-f574-466a-8e05-08e24a3487b4 service placement] 10.222.0.21 "GET /placement/allocation_candidates?limit=1000&resources=DISK_GB%3A1%2CMEMORY_MB%3A1024%2CVCPU%3A1&root_required=%21COMPUTE_STATUS_DISABLED" status: 200 len: 1309 microversion: 1.36
Apr 20 21:49:16.934696 n-d-836014-2 devstack@placement-api.service[111656]: [pid: 111656|app: 0|req: 148/297] 10.222.0.21 () {60 vars in 1506 bytes} [Wed Apr 20 21:49:16 2022] GET /placement/allocation_candidates?limit=1000&resources=DISK_GB%3A1%2CMEMORY_MB%3A1024%2CVCPU%3A1&root_required=%21COMPUTE_STATUS_DISABLED => generated 1309 bytes in 188 msecs (HTTP/1.1 200) 8 headers in 297 bytes (1 switches on core 0)
Apr 20 21:49:17.033346 n-d-836014-2 devstack@placement-api.service[111657]: DEBUG placement.requestlog [req-f4569c10-7536-430a-b7a3-f44f876e0d46 req-8fbc3dfd-da1d-48c7-a7bd-1f34271296a0 None None] Starting request: 10.222.0.21 "GET /placement/allocations/e5d6b234-7d4f-4be2-8d1e-6ca81fd2a096" {{(pid=111657) __call__ /opt/stack/placement/placement/requestlog.py:55}}
Apr 20 21:49:17.047589 n-d-836014-2 devstack@placement-api.service[111657]: INFO placement.requestlog [req-f4569c10-7536-430a-b7a3-f44f876e0d46 req-8fbc3dfd-da1d-48c7-a7bd-1f34271296a0 service placement] 10.222.0.21 "GET /placement/allocations/e5d6b234-7d4f-4be2-8d1e-6ca81fd2a096" status: 200 len: 19 microversion: 1.28
Apr 20 21:49:17.063042 n-d-836014-2 devstack@placement-api.service[111656]: DEBUG placement.requestlog [req-f4569c10-7536-430a-b7a3-f44f876e0d46 req-ad112b4d-bc3b-44e3-8e36-3edee1ba65d1 None None] Starting request: 10.222.0.21 "PUT /placement/allocations/e5d6b234-7d4f-4be2-8d1e-6ca81fd2a096" {{(pid=111656) __call__ /opt/stack/placement/placement/requestlog.py:55}}
Apr 20 21:49:17.065469 n-d-836014-2 devstack@placement-api.service[111657]: [pid: 111657|app: 0|req: 150/298] 10.222.0.21 () {60 vars in 1380 bytes} [Wed Apr 20 21:49:17 2022] GET /placement/allocations/e5d6b234-7d4f-4be2-8d1e-6ca81fd2a096 => generated 19 bytes in 32 msecs (HTTP/1.1 200) 8 headers in 295 bytes (1 switches on core 0)
Apr 20 21:49:17.392336 n-d-836014-2 devstack@placement-api.service[111656]: DEBUG placement.handlers.allocation [req-f4569c10-7536-430a-b7a3-f44f876e0d46 req-ad112b4d-bc3b-44e3-8e36-3edee1ba65d1 service placement] Successfully wrote allocations [, , ] {{(pid=111656) _update_consumers_and_create_allocations /opt/stack/placement/placement/handlers/allocation.py:462}}
Apr 20 21:49:17.504690 n-d-836014-2 devstack@placement-api.service[111656]: INFO placement.requestlog [req-f4569c10-7536-430a-b7a3-f44f876e0d46 req-ad112b4d-bc3b-44e3-8e36-3edee1ba65d1 service placement] 10.222.0.21 "PUT /placement/allocations/e5d6b234-7d4f-4be2-8d1e-6ca81fd2a096" status: 204 len: 0 microversion: 1.36
Apr 20 21:49:17.512661 n-d-836014-2 devstack@placement-api.service[111656]: [pid: 111656|app: 0|req: 149/299] 10.222.0.21 () {64 vars in 1433 bytes} [Wed Apr 20 21:49:17 2022] PUT /placement/allocations/e5d6b234-7d4f-4be2-8d1e-6ca81fd2a096 => generated 0 bytes in 451 msecs (HTTP/1.1 204) 5 headers in 199 bytes (1 switches on core 0)
Apr 20 21:49:17.719945 n-d-836014-2 devstack@placement-api.service[111657]: DEBUG placement.requestlog [req-8110958b-0880-4883-b831-e9f398112766 req-505a7d91-2b43-49c9-aedb-69c537c9b585 None None] Starting request: 10.222.0.21 "GET /placement/resource_providers/284c66b6-5763-4234-ad1c-14b8753341e0/traits" {{(pid=111657) __call__ /opt/stack/placement/placement/requestlog.py:55}}
Apr 20 21:49:17.799437 n-d-836014-2 devstack@placement-api.service[111657]: INFO placement.requestlog [req-8110958b-0880-4883-b831-e9f398112766 req-505a7d91-2b43-49c9-aedb-69c537c9b585 service placement] 10.222.0.21 "GET /placement/resource_providers/284c66b6-5763-4234-ad1c-14b8753341e0/traits" status: 200 len: 212 microversion: 1.6
Apr 20 21:49:17.805982 n-d-836014-2 devstack@placement-api.service[111657]: [pid: 111657|app: 0|req: 151/300] 10.222.0.21 () {60 vars in 1412 bytes} [Wed Apr 20 21:49:17 2022] GET /placement/resource_providers/284c66b6-5763-4234-ad1c-14b8753341e0/traits => generated 212 bytes in 85 msecs (HTTP/1.1 200) 6 headers in 224 bytes (1 switches on core 0)
Apr 20 21:49:18.619906 n-d-836014-2 devstack@placement-api.service[111656]: DEBUG placement.requestlog [req-f4569c10-7536-430a-b7a3-f44f876e0d46 req-f59abd06-ae9e-42ca-85e9-94b867bcbbc7 None None] Starting request: 10.222.0.24 "GET /placement/allocations/e5d6b234-7d4f-4be2-8d1e-6ca81fd2a096" {{(pid=111656) __call__ /opt/stack/placement/placement/requestlog.py:55}}
Apr 20 21:49:18.621663 n-d-836014-2 devstack@placement-api.service[111657]: DEBUG placement.requestlog [req-c0917e74-23a6-414f-a6e1-3c7e858de73f req-6a4b3d51-a0be-46b4-8fe4-e70408f51bc4 None None] Starting request: 10.222.0.24 "GET /placement/resource_providers/284c66b6-5763-4234-ad1c-14b8753341e0/allocations" {{(pid=111657) __call__ /opt/stack/placement/placement/requestlog.py:55}}
Apr 20 21:49:18.668057 n-d-836014-2 devstack@placement-api.service[111656]: INFO placement.requestlog [req-f4569c10-7536-430a-b7a3-f44f876e0d46 req-f59abd06-ae9e-42ca-85e9-94b867bcbbc7 service placement] 10.222.0.24 "GET /placement/allocations/e5d6b234-7d4f-4be2-8d1e-6ca81fd2a096" status: 200 len: 259 microversion: 1.28
Apr 20 21:49:18.669918 n-d-836014-2 devstack@placement-api.service[111656]: [pid: 111656|app: 0|req: 150/301] 10.222.0.24 () {60 vars in 1377 bytes} [Wed Apr 20 21:49:18 2022] GET /placement/allocations/e5d6b234-7d4f-4be2-8d1e-6ca81fd2a096 => generated 259 bytes in 50 msecs (HTTP/1.1 200) 8 headers in 296 bytes (1 switches on core 0)
Apr 20 21:49:18.680271 n-d-836014-2 devstack@placement-api.service[111657]: INFO placement.requestlog [req-c0917e74-23a6-414f-a6e1-3c7e858de73f req-6a4b3d51-a0be-46b4-8fe4-e70408f51bc4 service placement] 10.222.0.24 "GET /placement/resource_providers/284c66b6-5763-4234-ad1c-14b8753341e0/allocations" status: 200 len: 558 microversion: 1.0
Apr 20 21:49:18.683544 n-d-836014-2 devstack@placement-api.service[111657]: [pid: 111657|app: 0|req: 152/302] 10.222.0.24 () {58 vars in 1390 bytes} [Wed Apr 20 21:49:18 2022] GET /placement/resource_providers/284c66b6-5763-4234-ad1c-14b8753341e0/allocations => generated 558 bytes in 63 msecs (HTTP/1.1 200) 6 headers in 224 bytes (1 switches on core 0)
Apr 20 21:49:18.913430 n-d-836014-2 devstack@placement-api.service[111656]: DEBUG placement.requestlog [None req-dbb7deb8-3934-4630-8a20-f2ae624f4a5f None None] Starting request: 10.222.0.21 "GET /placement/" {{(pid=111656) __call__ /opt/stack/placement/placement/requestlog.py:55}}
Apr 20 21:49:18.914410 n-d-836014-2 devstack@placement-api.service[111656]: INFO placement.requestlog [None req-dbb7deb8-3934-4630-8a20-f2ae624f4a5f None None] 10.222.0.21 "GET /placement/" status: 200 len: 136 microversion: 1.0
Apr 20 21:49:18.914739 n-d-836014-2 devstack@placement-api.service[111656]: [pid: 111656|app: 0|req: 151/303] 10.222.0.21 () {54 vars in 916 bytes} [Wed Apr 20 21:49:18 2022] GET /placement => generated 136 bytes in 2 msecs (HTTP/1.1 200) 6 headers in 224 bytes (1 switches on core 0)
Apr 20 21:49:18.936358 n-d-836014-2 devstack@placement-api.service[111657]: DEBUG placement.requestlog [req-8110958b-0880-4883-b831-e9f398112766 req-3c9bab47-3fe4-4338-984c-a6e9f32a201b None None] Starting request: 10.222.0.21 "GET /placement/allocations/d03b0c18-42f3-4f81-be5e-1734bbbff58e" {{(pid=111657) __call__ /opt/stack/placement/placement/requestlog.py:55}}
Apr 20 21:49:19.110546 n-d-836014-2 devstack@placement-api.service[111657]: INFO placement.requestlog [req-8110958b-0880-4883-b831-e9f398112766 req-3c9bab47-3fe4-4338-984c-a6e9f32a201b service placement] 10.222.0.21 "GET /placement/allocations/d03b0c18-42f3-4f81-be5e-1734bbbff58e" status: 200 len: 259 microversion: 1.28
Apr 20 21:49:19.111386 n-d-836014-2 devstack@placement-api.service[111657]: [pid: 111657|app: 0|req: 153/304] 10.222.0.21 () {60 vars in 1380 bytes} [Wed Apr 20 21:49:18 2022] GET /placement/allocations/d03b0c18-42f3-4f81-be5e-1734bbbff58e => generated 259 bytes in 175 msecs (HTTP/1.1 200) 8 headers in 296 bytes (1 switches on core 0)
Apr 20 21:49:19.121606 n-d-836014-2 devstack@placement-api.service[111656]: DEBUG placement.requestlog [req-8110958b-0880-4883-b831-e9f398112766 req-1702d277-97bd-410e-b169-3b1c3332333e None None] Starting request: 10.222.0.21 "GET /placement/allocations/d03b0c18-42f3-4f81-be5e-1734bbbff58e" {{(pid=111656) __call__ /opt/stack/placement/placement/requestlog.py:55}}
Apr 20 21:49:19.141789 n-d-836014-2 devstack@placement-api.service[111656]: INFO placement.requestlog [req-8110958b-0880-4883-b831-e9f398112766 req-1702d277-97bd-410e-b169-3b1c3332333e service placement] 10.222.0.21 "GET /placement/allocations/d03b0c18-42f3-4f81-be5e-1734bbbff58e" status: 200 len: 259 microversion: 1.28
Apr 20 21:49:19.145565 n-d-836014-2 devstack@placement-api.service[111656]: [pid: 111656|app: 0|req: 152/305] 10.222.0.21 () {60 vars in 1380 bytes} [Wed Apr 20 21:49:19 2022] GET /placement/allocations/d03b0c18-42f3-4f81-be5e-1734bbbff58e => generated 259 bytes in 24 msecs (HTTP/1.1 200) 8 headers in 296 bytes (1 switches on core 0)
Apr 20 21:49:19.156887 n-d-836014-2 devstack@placement-api.service[111657]: DEBUG placement.requestlog [req-8110958b-0880-4883-b831-e9f398112766 req-c5637b5e-c027-46cc-8647-60a18ad9d78b None None] Starting request: 10.222.0.21 "GET /placement/allocations/523ed239-13dd-4406-a19e-5a36c610544d" {{(pid=111657) __call__ /opt/stack/placement/placement/requestlog.py:55}}
Apr 20 21:49:19.174194 n-d-836014-2 devstack@placement-api.service[111657]: INFO placement.requestlog [req-8110958b-0880-4883-b831-e9f398112766 req-c5637b5e-c027-46cc-8647-60a18ad9d78b service placement] 10.222.0.21 "GET /placement/allocations/523ed239-13dd-4406-a19e-5a36c610544d" status: 200 len: 19 microversion: 1.28
Apr 20 21:49:19.177224 n-d-836014-2 devstack@placement-api.service[111657]: [pid: 111657|app: 0|req: 154/306] 10.222.0.21 () {60 vars in 1380 bytes} [Wed Apr 20 21:49:19 2022] GET /placement/allocations/523ed239-13dd-4406-a19e-5a36c610544d => generated 19 bytes in 20 msecs (HTTP/1.1 200) 8 headers in 295 bytes (1 switches on core 0)
Apr 20 21:49:19.187789 n-d-836014-2 devstack@placement-api.service[111656]: DEBUG placement.requestlog [req-8110958b-0880-4883-b831-e9f398112766 req-6bd4df07-bb8d-4b08-b2a0-48b40bd03ea0 None None] Starting request: 10.222.0.21 "POST /placement/allocations" {{(pid=111656) __call__ /opt/stack/placement/placement/requestlog.py:55}}
Apr 20 21:49:19.253795 n-d-836014-2 devstack@placement-api.service[111657]: DEBUG placement.requestlog [req-c0917e74-23a6-414f-a6e1-3c7e858de73f req-9f8ab876-5e08-4f18-9154-fe2281990c62 None None] Starting request: 10.222.0.24 "GET /placement/allocations/970ebe37-51f8-49b2-9e81-98125c16fd61" {{(pid=111657) __call__ /opt/stack/placement/placement/requestlog.py:55}}
Apr 20 21:49:19.290929 n-d-836014-2 devstack@placement-api.service[111657]: INFO placement.requestlog [req-c0917e74-23a6-414f-a6e1-3c7e858de73f req-9f8ab876-5e08-4f18-9154-fe2281990c62 service placement] 10.222.0.24 "GET /placement/allocations/970ebe37-51f8-49b2-9e81-98125c16fd61" status: 200 len: 259 microversion: 1.28
Apr 20 21:49:19.290929 n-d-836014-2 devstack@placement-api.service[111657]: [pid: 111657|app: 0|req: 155/307] 10.222.0.24 () {60 vars in 1377 bytes} [Wed Apr 20 21:49:19 2022] GET /placement/allocations/970ebe37-51f8-49b2-9e81-98125c16fd61 => generated 259 bytes in 34 msecs (HTTP/1.1 200) 8 headers in 296 bytes (2 switches on core 0)
Apr 20 21:49:19.300532 n-d-836014-2 devstack@placement-api.service[111657]: DEBUG placement.requestlog [req-c0917e74-23a6-414f-a6e1-3c7e858de73f req-c9c407b6-21cc-40a2-9ad3-9e5230a3b706 None None] Starting request: 10.222.0.24 "PUT /placement/allocations/970ebe37-51f8-49b2-9e81-98125c16fd61" {{(pid=111657) __call__ /opt/stack/placement/placement/requestlog.py:55}}
Apr 20 21:49:19.399853 n-d-836014-2 devstack@placement-api.service[111657]: DEBUG placement.handlers.allocation [req-c0917e74-23a6-414f-a6e1-3c7e858de73f req-c9c407b6-21cc-40a2-9ad3-9e5230a3b706 service placement] Successfully wrote allocations [, , ] {{(pid=111657) _update_consumers_and_create_allocations /opt/stack/placement/placement/handlers/allocation.py:462}}
Apr 20 21:49:19.476337 n-d-836014-2 devstack@placement-api.service[111656]: DEBUG placement.objects.allocation [req-8110958b-0880-4883-b831-e9f398112766 req-6bd4df07-bb8d-4b08-b2a0-48b40bd03ea0 service placement] Retrying allocations write on resource provider generation conflict {{(pid=111656) replace_all /opt/stack/placement/placement/objects/allocation.py:507}}
Apr 20 21:49:19.477584 n-d-836014-2 devstack@placement-api.service[111657]: INFO placement.requestlog [req-c0917e74-23a6-414f-a6e1-3c7e858de73f req-c9c407b6-21cc-40a2-9ad3-9e5230a3b706 service placement] 10.222.0.24 "PUT /placement/allocations/970ebe37-51f8-49b2-9e81-98125c16fd61" status: 204 len: 0 microversion: 1.28
Apr 20 21:49:19.480002 n-d-836014-2 devstack@placement-api.service[111657]: [pid: 111657|app: 0|req: 156/308] 10.222.0.24 () {64 vars in 1430 bytes} [Wed Apr 20 21:49:19 2022] PUT /placement/allocations/970ebe37-51f8-49b2-9e81-98125c16fd61 => generated 0 bytes in 180 msecs (HTTP/1.1 204) 5 headers in 199 bytes (1 switches on core 0)
Apr 20 21:49:19.543554 n-d-836014-2 devstack@placement-api.service[111656]: DEBUG placement.handlers.allocation [req-8110958b-0880-4883-b831-e9f398112766 req-6bd4df07-bb8d-4b08-b2a0-48b40bd03ea0 service placement] Successfully wrote allocations [, , , , , ] {{(pid=111656) _update_consumers_and_create_allocations /opt/stack/placement/placement/handlers/allocation.py:572}}
Apr 20 21:49:19.648438 n-d-836014-2 devstack@placement-api.service[111656]: INFO placement.requestlog [req-8110958b-0880-4883-b831-e9f398112766 req-6bd4df07-bb8d-4b08-b2a0-48b40bd03ea0 service placement] 10.222.0.21 "POST /placement/allocations" status: 204 len: 0 microversion: 1.28
Apr 20 21:49:19.650273 n-d-836014-2 devstack@placement-api.service[111656]: [pid: 111656|app: 0|req: 153/309] 10.222.0.21 () {64 vars in 1323 bytes} [Wed Apr 20 21:49:19 2022] POST /placement/allocations => generated 0 bytes in 463 msecs (HTTP/1.1 204) 5 headers in 199 bytes (1 switches on core 0)
Apr 20 21:49:20.574456 n-d-836014-2 devstack@placement-api.service[111657]: DEBUG placement.requestlog [req-8110958b-0880-4883-b831-e9f398112766 req-668b5828-4aac-4887-8886-337206b6ce44 None None] Starting request: 10.222.0.21 "GET /placement/allocation_candidates?limit=1000&resources=DISK_GB%3A1%2CMEMORY_MB%3A1024%2CVCPU%3A1&root_required=%21COMPUTE_STATUS_DISABLED" {{(pid=111657) __call__ /opt/stack/placement/placement/requestlog.py:55}}
Apr 20 21:49:20.641617 n-d-836014-2 devstack@placement-api.service[111657]: DEBUG placement.objects.research_context [req-8110958b-0880-4883-b831-e9f398112766 req-668b5828-4aac-4887-8886-337206b6ce44 service placement] getting providers with 1 DISK_GB {{(pid=111657) __init__ /opt/stack/placement/placement/objects/research_context.py:136}}
Apr 20 21:49:20.667649 n-d-836014-2 devstack@placement-api.service[111657]: DEBUG placement.objects.research_context [req-8110958b-0880-4883-b831-e9f398112766 req-668b5828-4aac-4887-8886-337206b6ce44 service placement] getting providers with 1024 MEMORY_MB {{(pid=111657) __init__ /opt/stack/placement/placement/objects/research_context.py:136}}
Apr 20 21:49:20.674124 n-d-836014-2 devstack@placement-api.service[111657]: DEBUG placement.objects.research_context [req-8110958b-0880-4883-b831-e9f398112766 req-668b5828-4aac-4887-8886-337206b6ce44 service placement] getting providers with 1 VCPU {{(pid=111657) __init__ /opt/stack/placement/placement/objects/research_context.py:136}}
Apr 20 21:49:20.680427 n-d-836014-2 devstack@placement-api.service[111657]: DEBUG placement.objects.research_context [req-8110958b-0880-4883-b831-e9f398112766 req-668b5828-4aac-4887-8886-337206b6ce44 service placement] found 2 providers with available 1 DISK_GB {{(pid=111657) get_provider_ids_matching /opt/stack/placement/placement/objects/research_context.py:559}}
Apr 20 21:49:20.680913 n-d-836014-2 devstack@placement-api.service[111657]: DEBUG placement.objects.research_context [req-8110958b-0880-4883-b831-e9f398112766 req-668b5828-4aac-4887-8886-337206b6ce44 service placement] found 2 providers with available 1024 MEMORY_MB {{(pid=111657) get_provider_ids_matching /opt/stack/placement/placement/objects/research_context.py:559}}
Apr 20 21:49:20.681368 n-d-836014-2 devstack@placement-api.service[111657]: DEBUG placement.objects.research_context [req-8110958b-0880-4883-b831-e9f398112766 req-668b5828-4aac-4887-8886-337206b6ce44 service placement] found 2 providers after filtering by previous result {{(pid=111657) get_provider_ids_matching /opt/stack/placement/placement/objects/research_context.py:590}}
Apr 20 21:49:20.681785 n-d-836014-2 devstack@placement-api.service[111657]: DEBUG placement.objects.research_context [req-8110958b-0880-4883-b831-e9f398112766 req-668b5828-4aac-4887-8886-337206b6ce44 service placement] found 2 providers with available 1 VCPU {{(pid=111657) get_provider_ids_matching /opt/stack/placement/placement/objects/research_context.py:559}}
Apr 20 21:49:20.682363 n-d-836014-2 devstack@placement-api.service[111657]: DEBUG placement.objects.research_context [req-8110958b-0880-4883-b831-e9f398112766 req-668b5828-4aac-4887-8886-337206b6ce44 service placement] found 2 providers after filtering by previous result {{(pid=111657) get_provider_ids_matching /opt/stack/placement/placement/objects/research_context.py:590}}
Apr 20 21:49:20.696042 n-d-836014-2 devstack@placement-api.service[111657]: DEBUG placement.objects.allocation_candidate [req-8110958b-0880-4883-b831-e9f398112766 req-668b5828-4aac-4887-8886-337206b6ce44 service placement] RequestGroup(use_same_provider=False, resources={DISK_GB:1, MEMORY_MB:1024, VCPU:1}, traits=(), aggregates=[]) (suffix '') returned 2 matches {{(pid=111657) _get_by_requests /opt/stack/placement/placement/objects/allocation_candidate.py:156}}
Apr 20 21:49:20.696602 n-d-836014-2 devstack@placement-api.service[111657]: DEBUG placement.objects.allocation_candidate [req-8110958b-0880-4883-b831-e9f398112766 req-668b5828-4aac-4887-8886-337206b6ce44 service placement] Merging candidates yields 2 allocation requests and 2 provider summaries {{(pid=111657) _merge_candidates /opt/stack/placement/placement/objects/allocation_candidate.py:809}}
Apr 20 21:49:20.698444 n-d-836014-2 devstack@placement-api.service[111657]: INFO placement.requestlog [req-8110958b-0880-4883-b831-e9f398112766 req-668b5828-4aac-4887-8886-337206b6ce44 service placement] 10.222.0.21 "GET /placement/allocation_candidates?limit=1000&resources=DISK_GB%3A1%2CMEMORY_MB%3A1024%2CVCPU%3A1&root_required=%21COMPUTE_STATUS_DISABLED" status: 200 len: 1309 microversion: 1.36
Apr 20 21:49:20.699394 n-d-836014-2 devstack@placement-api.service[111657]: [pid: 111657|app: 0|req: 157/310] 10.222.0.21 () {60 vars in 1506 bytes} [Wed Apr 20 21:49:20 2022] GET /placement/allocation_candidates?limit=1000&resources=DISK_GB%3A1%2CMEMORY_MB%3A1024%2CVCPU%3A1&root_required=%21COMPUTE_STATUS_DISABLED => generated 1309 bytes in 125 msecs (HTTP/1.1 200) 8 headers in 297 bytes (1 switches on core 0)
Apr 20 21:49:20.773295 n-d-836014-2 devstack@placement-api.service[111656]: DEBUG placement.requestlog [req-8110958b-0880-4883-b831-e9f398112766 req-63d25b0b-ba56-4b3e-98a3-b69541d2815f None None] Starting request: 10.222.0.21 "GET /placement/allocations/d03b0c18-42f3-4f81-be5e-1734bbbff58e" {{(pid=111656) __call__ /opt/stack/placement/placement/requestlog.py:55}}
Apr 20 21:49:20.791076 n-d-836014-2 devstack@placement-api.service[111656]: INFO placement.requestlog [req-8110958b-0880-4883-b831-e9f398112766 req-63d25b0b-ba56-4b3e-98a3-b69541d2815f service placement] 10.222.0.21 "GET /placement/allocations/d03b0c18-42f3-4f81-be5e-1734bbbff58e" status: 200 len: 19 microversion: 1.28
Apr 20 21:49:20.791398 n-d-836014-2 devstack@placement-api.service[111656]: [pid: 111656|app: 0|req: 154/311] 10.222.0.21 () {60 vars in 1380 bytes} [Wed Apr 20 21:49:20 2022] GET /placement/allocations/d03b0c18-42f3-4f81-be5e-1734bbbff58e => generated 19 bytes in 18 msecs (HTTP/1.1 200) 8 headers in 295 bytes (1 switches on core 0)
Apr 20 21:49:20.797528 n-d-836014-2 devstack@placement-api.service[111657]: DEBUG placement.requestlog [req-8110958b-0880-4883-b831-e9f398112766 req-03afba0b-a35d-4b98-9dbc-4480fc28315e None None] Starting request: 10.222.0.21 "PUT /placement/allocations/d03b0c18-42f3-4f81-be5e-1734bbbff58e" {{(pid=111657) __call__ /opt/stack/placement/placement/requestlog.py:55}}
Apr 20 21:49:20.988675 n-d-836014-2 devstack@placement-api.service[111657]: DEBUG placement.handlers.allocation [req-8110958b-0880-4883-b831-e9f398112766 req-03afba0b-a35d-4b98-9dbc-4480fc28315e service placement] Successfully wrote allocations [, , ] {{(pid=111657) _update_consumers_and_create_allocations /opt/stack/placement/placement/handlers/allocation.py:462}}
Apr 20 21:49:21.093582 n-d-836014-2 devstack@placement-api.service[111657]: INFO placement.requestlog [req-8110958b-0880-4883-b831-e9f398112766 req-03afba0b-a35d-4b98-9dbc-4480fc28315e service placement] 10.222.0.21 "PUT /placement/allocations/d03b0c18-42f3-4f81-be5e-1734bbbff58e" status: 204 len: 0 microversion: 1.36
Apr 20 21:49:21.094364 n-d-836014-2 devstack@placement-api.service[111657]: [pid: 111657|app: 0|req: 158/312] 10.222.0.21 () {64 vars in 1433 bytes} [Wed Apr 20 21:49:20 2022] PUT /placement/allocations/d03b0c18-42f3-4f81-be5e-1734bbbff58e => generated 0 bytes in 297 msecs (HTTP/1.1 204) 5 headers in 199 bytes (1 switches on core 0)
Apr 20 21:49:21.665126 n-d-836014-2 devstack@placement-api.service[111656]: DEBUG placement.requestlog [req-8110958b-0880-4883-b831-e9f398112766 req-fda61023-118c-4319-aeca-4174539f0ca3 None None] Starting request: 10.222.0.11 "GET /placement/allocations/d03b0c18-42f3-4f81-be5e-1734bbbff58e" {{(pid=111656) __call__ /opt/stack/placement/placement/requestlog.py:55}}
Apr 20 21:49:21.688932 n-d-836014-2 devstack@placement-api.service[111656]: INFO placement.requestlog [req-8110958b-0880-4883-b831-e9f398112766 req-fda61023-118c-4319-aeca-4174539f0ca3 service placement] 10.222.0.11 "GET /placement/allocations/d03b0c18-42f3-4f81-be5e-1734bbbff58e" status: 200 len: 259 microversion: 1.28
Apr 20 21:49:21.689966 n-d-836014-2 devstack@placement-api.service[111656]: [pid: 111656|app: 0|req: 155/313] 10.222.0.11 () {60 vars in 1377 bytes} [Wed Apr 20 21:49:21 2022] GET /placement/allocations/d03b0c18-42f3-4f81-be5e-1734bbbff58e => generated 259 bytes in 25 msecs (HTTP/1.1 200) 8 headers in 296 bytes (1 switches on core 0)
Apr 20 21:49:22.698840 n-d-836014-2 devstack@placement-api.service[111657]: DEBUG placement.requestlog [req-e2746b68-e298-4971-b251-17eebbef2e53 req-e28bd3b8-f56b-451e-97ad-a994ecb07edb None None] Starting request: 10.222.0.24 "GET /placement/resource_providers/284c66b6-5763-4234-ad1c-14b8753341e0/allocations" {{(pid=111657) __call__ /opt/stack/placement/placement/requestlog.py:55}}
Apr 20 21:49:22.773568 n-d-836014-2 devstack@placement-api.service[111657]: INFO placement.requestlog [req-e2746b68-e298-4971-b251-17eebbef2e53 req-e28bd3b8-f56b-451e-97ad-a994ecb07edb service placement] 10.222.0.24 "GET /placement/resource_providers/284c66b6-5763-4234-ad1c-14b8753341e0/allocations" status: 200 len: 457 microversion: 1.0
Apr 20 21:49:22.775189 n-d-836014-2 devstack@placement-api.service[111657]: [pid: 111657|app: 0|req: 159/314] 10.222.0.24 () {58 vars in 1390 bytes} [Wed Apr 20 21:49:22 2022] GET /placement/resource_providers/284c66b6-5763-4234-ad1c-14b8753341e0/allocations => generated 457 bytes in 77 msecs (HTTP/1.1 200) 6 headers in 224 bytes (1 switches on core 0)
Apr 20 21:49:22.871201 n-d-836014-2 devstack@placement-api.service[111656]: DEBUG placement.requestlog [req-4fa3965b-da7d-4b70-9dfa-990d93886281 req-b830d95c-ae1b-48e9-bbc7-73e15dc0fbd2 None None] Starting request: 10.222.0.11 "GET /placement/resource_providers/d2c4bab2-ca4f-4690-b7e7-43a30a628cf6/allocations" {{(pid=111656) __call__ /opt/stack/placement/placement/requestlog.py:55}}
Apr 20 21:49:22.963858 n-d-836014-2 devstack@placement-api.service[111656]: INFO placement.requestlog [req-4fa3965b-da7d-4b70-9dfa-990d93886281 req-b830d95c-ae1b-48e9-bbc7-73e15dc0fbd2 service placement] 10.222.0.11 "GET /placement/resource_providers/d2c4bab2-ca4f-4690-b7e7-43a30a628cf6/allocations" status: 200 len: 1062 microversion: 1.0
Apr 20 21:49:22.963858 n-d-836014-2 devstack@placement-api.service[111656]: [pid: 111656|app: 0|req: 156/315] 10.222.0.11 () {58 vars in 1390 bytes} [Wed Apr 20 21:49:22 2022] GET /placement/resource_providers/d2c4bab2-ca4f-4690-b7e7-43a30a628cf6/allocations => generated 1062 bytes in 90 msecs (HTTP/1.1 200) 6 headers in 225 bytes (2 switches on core 0)
Apr 20 21:49:23.853363 n-d-836014-2 devstack@placement-api.service[111657]: DEBUG placement.requestlog [req-f0a5909f-9d6f-4a26-9153-01dca18e9552 req-cb63a28e-7be2-4871-bf68-e5c44edebfb7 None None] Starting request: 10.222.0.21 "GET /placement/allocation_candidates?limit=1000&resources=DISK_GB%3A1%2CMEMORY_MB%3A1024%2CVCPU%3A1&root_required=%21COMPUTE_STATUS_DISABLED" {{(pid=111657) __call__ /opt/stack/placement/placement/requestlog.py:55}}
Apr 20 21:49:23.930101 n-d-836014-2 devstack@placement-api.service[111657]: DEBUG placement.objects.research_context [req-f0a5909f-9d6f-4a26-9153-01dca18e9552 req-cb63a28e-7be2-4871-bf68-e5c44edebfb7 service placement] getting providers with 1 DISK_GB {{(pid=111657) __init__ /opt/stack/placement/placement/objects/research_context.py:136}}
Apr 20 21:49:23.943668 n-d-836014-2 devstack@placement-api.service[111657]: DEBUG placement.objects.research_context [req-f0a5909f-9d6f-4a26-9153-01dca18e9552 req-cb63a28e-7be2-4871-bf68-e5c44edebfb7 service placement] getting providers with 1024 MEMORY_MB {{(pid=111657) __init__ /opt/stack/placement/placement/objects/research_context.py:136}}
Apr 20 21:49:23.961675 n-d-836014-2 devstack@placement-api.service[111657]: DEBUG placement.objects.research_context [req-f0a5909f-9d6f-4a26-9153-01dca18e9552 req-cb63a28e-7be2-4871-bf68-e5c44edebfb7 service placement] getting providers with 1 VCPU {{(pid=111657) __init__ /opt/stack/placement/placement/objects/research_context.py:136}}
Apr 20 21:49:23.979164 n-d-836014-2 devstack@placement-api.service[111657]: DEBUG placement.objects.research_context [req-f0a5909f-9d6f-4a26-9153-01dca18e9552 req-cb63a28e-7be2-4871-bf68-e5c44edebfb7 service placement] found 2 providers with available 1 DISK_GB {{(pid=111657) get_provider_ids_matching /opt/stack/placement/placement/objects/research_context.py:559}}
Apr 20 21:49:23.979426 n-d-836014-2 devstack@placement-api.service[111657]: DEBUG placement.objects.research_context [req-f0a5909f-9d6f-4a26-9153-01dca18e9552 req-cb63a28e-7be2-4871-bf68-e5c44edebfb7 service placement] found 2 providers with available 1024 MEMORY_MB {{(pid=111657) get_provider_ids_matching /opt/stack/placement/placement/objects/research_context.py:559}}
Apr 20 21:49:23.981702 n-d-836014-2 devstack@placement-api.service[111657]: DEBUG placement.objects.research_context [req-f0a5909f-9d6f-4a26-9153-01dca18e9552 req-cb63a28e-7be2-4871-bf68-e5c44edebfb7 service placement] found 2 providers after filtering by previous result {{(pid=111657) get_provider_ids_matching /opt/stack/placement/placement/objects/research_context.py:590}}
Apr 20 21:49:23.982438 n-d-836014-2 devstack@placement-api.service[111657]: DEBUG placement.objects.research_context [req-f0a5909f-9d6f-4a26-9153-01dca18e9552 req-cb63a28e-7be2-4871-bf68-e5c44edebfb7 service placement] found 2 providers with available 1 VCPU {{(pid=111657) get_provider_ids_matching /opt/stack/placement/placement/objects/research_context.py:559}}
