Mar 31 22:53:02.374230 n-d-835855-2 neutron-server[109298]: DEBUG neutron.pecan_wsgi.hooks.policy_enforcement [req-f79bafea-110c-4fbb-a8d3-5865765fb0d8 req-e94bc5ed-0bd0-4918-9294-61cbd235d5af service neutron] Attributes excluded by policy engine: ['standard_attr_id'] {{(pid=109298) _exclude_attributes_by_policy /opt/stack/neutron/neutron/pecan_wsgi/hooks/policy_enforcement.py:255}}
Mar 31 22:53:02.375924 n-d-835855-2 neutron-server[109298]: INFO neutron.wsgi [req-f79bafea-110c-4fbb-a8d3-5865765fb0d8 req-e94bc5ed-0bd0-4918-9294-61cbd235d5af service neutron] 10.222.0.60 "GET /v2.0/ports?device_id=cff13794-e5c9-45d6-9ae8-0ce2d8e110a0 HTTP/1.1" status: 200 len: 1100 time: 0.0474224
Mar 31 22:53:02.473603 n-d-835855-2 neutron-server[109299]: DEBUG neutron.wsgi [-] (109299) accepted ('10.222.0.95', 58448) {{(pid=109299) server /usr/local/lib/python3.8/dist-packages/eventlet/wsgi.py:982}}
Mar 31 22:53:02.491550 n-d-835855-2 neutron-server[109298]: DEBUG neutron.pecan_wsgi.hooks.policy_enforcement [req-230b2e8e-002d-408f-bc19-1d3bbdd931bf req-bdf3d17b-0e43-4c7f-bc98-8186274eacd2 tempest-LiveMigrationNegativeTest-1543415971 tempest-LiveMigrationNegativeTest-1543415971-project] Attributes excluded by policy engine: ['standard_attr_id', 'binding:profile', 'binding:host_id', 'binding:vif_type', 'binding:vif_details'] {{(pid=109298) _exclude_attributes_by_policy /opt/stack/neutron/neutron/pecan_wsgi/hooks/policy_enforcement.py:255}}
Mar 31 22:53:02.493754 n-d-835855-2 neutron-server[109298]: INFO neutron.wsgi [req-230b2e8e-002d-408f-bc19-1d3bbdd931bf req-bdf3d17b-0e43-4c7f-bc98-8186274eacd2 tempest-LiveMigrationNegativeTest-1543415971 tempest-LiveMigrationNegativeTest-1543415971-project] 10.222.0.95 "GET /v2.0/ports?device_id=cff13794-e5c9-45d6-9ae8-0ce2d8e110a0 HTTP/1.1" status: 200 len: 949 time: 0.1130385
Mar 31 22:53:02.502271 n-d-835855-2 neutron-server[109299]: DEBUG neutron_lib.callbacks.manager [None req-871ec55a-22b2-4981-84b3-4e578aec29c5 admin admin] Notify callbacks [] for security_group, before_create {{(pid=109299) _notify_loop /usr/local/lib/python3.8/dist-packages/neutron_lib/callbacks/manager.py:192}}
Mar 31 22:53:02.505600 n-d-835855-2 neutron-server[109298]: INFO neutron.wsgi [req-f79bafea-110c-4fbb-a8d3-5865765fb0d8 req-22baaa35-1892-4a8e-a23b-03ae51838b3f service neutron] 10.222.0.60 "GET /v2.0/security-groups?id=4a0f2bb3-5ae2-46e9-a1e4-ea8cec5c2313&fields=id&fields=name HTTP/1.1" status: 200 len: 286 time: 0.1219568
Mar 31 22:53:02.546935 n-d-835855-2 neutron-server[109298]: INFO neutron.wsgi [req-230b2e8e-002d-408f-bc19-1d3bbdd931bf req-08d5ca96-3253-465a-86c5-8695440db1dc tempest-LiveMigrationNegativeTest-1543415971 tempest-LiveMigrationNegativeTest-1543415971-project] 10.222.0.95 "GET /v2.0/security-groups?id=4a0f2bb3-5ae2-46e9-a1e4-ea8cec5c2313&fields=id&fields=name HTTP/1.1" status: 200 len: 286 time: 0.0457771
Mar 31 22:53:02.612499 n-d-835855-2 neutron-server[109298]: DEBUG neutron.wsgi [-] (109298) accepted ('10.222.0.95', 58450) {{(pid=109298) server /usr/local/lib/python3.8/dist-packages/eventlet/wsgi.py:982}}
Mar 31 22:53:02.616358 n-d-835855-2 neutron-server[109298]: INFO neutron.wsgi [req-38642d07-7a20-4280-a210-31ddd8ff3478 req-320f7f6d-e05a-4692-a46b-726ee69c6185 tempest-ServersAdminTestJSON-1892761209 tempest-ServersAdminTestJSON-1892761209-project] 10.222.0.96 "GET /v2.0/networks?tenant_id=49c3e1ba97ba4989a45caeef06addf36&shared=False HTTP/1.1" status: 200 len: 213 time: 0.0507650
Mar 31 22:53:02.654506 n-d-835855-2 neutron-server[109299]: DEBUG neutron_lib.callbacks.manager [None req-871ec55a-22b2-4981-84b3-4e578aec29c5 admin admin] Notify callbacks [] for security_group, precommit_create {{(pid=109299) _notify_loop /usr/local/lib/python3.8/dist-packages/neutron_lib/callbacks/manager.py:192}}
Mar 31 22:53:02.661717 n-d-835855-2 neutron-server[109299]: DEBUG neutron_lib.callbacks.manager [None req-871ec55a-22b2-4981-84b3-4e578aec29c5 admin admin] Notify callbacks ['neutron.plugins.ml2.ovo_rpc._ObjectChangeHandler.handle_event-990958'] for security_group, after_create {{(pid=109299) _notify_loop /usr/local/lib/python3.8/dist-packages/neutron_lib/callbacks/manager.py:192}}
Mar 31 22:53:02.718480 n-d-835855-2 neutron-server[109299]: INFO neutron.wsgi [None req-871ec55a-22b2-4981-84b3-4e578aec29c5 admin admin] 10.222.0.95 "GET /v2.0/security-groups?tenant_id=d5f7551131e8487cb69e798be4749046&name=default HTTP/1.1" status: 200 len: 2979 time: 0.2430205
Mar 31 22:53:02.721434 n-d-835855-2 neutron-server[109299]: DEBUG neutron.wsgi [-] (109299) accepted ('10.222.0.95', 58456) {{(pid=109299) server /usr/local/lib/python3.8/dist-packages/eventlet/wsgi.py:982}}
Mar 31 22:53:02.748208 n-d-835855-2 neutron-server[109299]: DEBUG neutron.api.rpc.handlers.resources_rpc [None req-871ec55a-22b2-4981-84b3-4e578aec29c5 admin admin] Pushing event updated for resources: {'SecurityGroup': ['ID=b6880f50-9fae-4b07-b311-cd69f9951f94,revision_number=1']} {{(pid=109299) push /opt/stack/neutron/neutron/api/rpc/handlers/resources_rpc.py:237}}
Mar 31 22:53:02.783879 n-d-835855-2 neutron-server[109299]: DEBUG neutron_lib.callbacks.manager [None req-4b7881c0-ebce-485a-8247-4a33a563f7e9 admin admin] Notify callbacks [] for security_group, before_delete {{(pid=109299) _notify_loop /usr/local/lib/python3.8/dist-packages/neutron_lib/callbacks/manager.py:192}}
Mar 31 22:53:02.806737 n-d-835855-2 neutron-server[109299]: DEBUG neutron_lib.callbacks.manager [None req-4b7881c0-ebce-485a-8247-4a33a563f7e9 admin admin] Notify callbacks [] for security_group, precommit_delete {{(pid=109299) _notify_loop /usr/local/lib/python3.8/dist-packages/neutron_lib/callbacks/manager.py:192}}
Mar 31 22:53:02.810537 n-d-835855-2 neutron-server[109300]: DEBUG neutron.plugins.ml2.rpc [None req-310805a8-626b-45a3-90fe-e1c7ee8f6a09 None None] Device 2df7ac15-13fe-40db-97b6-7d15e28eae8a details requested by agent hyperv_n-h1-835855-2 with host n-h1-835855-2 {{(pid=109300) get_device_details /opt/stack/neutron/neutron/plugins/ml2/rpc.py:102}}
Mar 31 22:53:02.891192 n-d-835855-2 neutron-server[109299]: DEBUG neutron_lib.callbacks.manager [None req-4b7881c0-ebce-485a-8247-4a33a563f7e9 admin admin] Notify callbacks ['neutron.plugins.ml2.ovo_rpc._ObjectChangeHandler.handle_event-990958'] for security_group, after_delete {{(pid=109299) _notify_loop /usr/local/lib/python3.8/dist-packages/neutron_lib/callbacks/manager.py:192}}
Mar 31 22:53:02.895169 n-d-835855-2 neutron-server[109299]: DEBUG neutron_lib.callbacks.manager [None req-4b7881c0-ebce-485a-8247-4a33a563f7e9 admin admin] Notify callbacks [] for security_group, before_response {{(pid=109299) _notify_loop /usr/local/lib/python3.8/dist-packages/neutron_lib/callbacks/manager.py:192}}
Mar 31 22:53:02.896460 n-d-835855-2 neutron-server[109299]: INFO neutron.wsgi [None req-4b7881c0-ebce-485a-8247-4a33a563f7e9 admin admin] 10.222.0.95 "DELETE /v2.0/security-groups/b6880f50-9fae-4b07-b311-cd69f9951f94 HTTP/1.1" status: 204 len: 168 time: 0.1737728
Mar 31 22:53:02.908898 n-d-835855-2 neutron-server[109299]: DEBUG neutron.api.rpc.handlers.resources_rpc [None req-4b7881c0-ebce-485a-8247-4a33a563f7e9 admin admin] Pushing event deleted for resources: {'SecurityGroup': ['ID=b6880f50-9fae-4b07-b311-cd69f9951f94,revision_number=None']} {{(pid=109299) push /opt/stack/neutron/neutron/api/rpc/handlers/resources_rpc.py:237}}
Mar 31 22:53:02.941923 n-d-835855-2 neutron-server[109298]: DEBUG neutron.pecan_wsgi.hooks.policy_enforcement [req-38642d07-7a20-4280-a210-31ddd8ff3478 req-e3762463-0976-4f5d-95bd-5811f0180542 tempest-ServersAdminTestJSON-1892761209 tempest-ServersAdminTestJSON-1892761209-project] Attributes excluded by policy engine: ['standard_attr_id', 'vlan_transparent', 'provider:network_type', 'provider:physical_network', 'provider:segmentation_id'] {{(pid=109298) _exclude_attributes_by_policy /opt/stack/neutron/neutron/pecan_wsgi/hooks/policy_enforcement.py:255}}
Mar 31 22:53:02.943301 n-d-835855-2 neutron-server[109298]: INFO neutron.wsgi [req-38642d07-7a20-4280-a210-31ddd8ff3478 req-e3762463-0976-4f5d-95bd-5811f0180542 tempest-ServersAdminTestJSON-1892761209 tempest-ServersAdminTestJSON-1892761209-project] 10.222.0.96 "GET /v2.0/networks?shared=True HTTP/1.1" status: 200 len: 769 time: 0.3119521
Mar 31 22:53:02.953762 n-d-835855-2 neutron-server[109298]: DEBUG neutron.pecan_wsgi.hooks.policy_enforcement [req-17db3cdb-3c93-4cfb-a33f-f6b4bb721596 req-46c9389c-4485-4ee7-8c71-3b8c2fe7d048 tempest-LiveMigrationTest-842523207 tempest-LiveMigrationTest-842523207-project] Attributes excluded by policy engine: ['standard_attr_id', 'binding:profile', 'binding:host_id', 'binding:vif_type', 'binding:vif_details'] {{(pid=109298) _exclude_attributes_by_policy /opt/stack/neutron/neutron/pecan_wsgi/hooks/policy_enforcement.py:255}}
Mar 31 22:53:02.967385 n-d-835855-2 neutron-server[109298]: INFO neutron.wsgi [req-17db3cdb-3c93-4cfb-a33f-f6b4bb721596 req-46c9389c-4485-4ee7-8c71-3b8c2fe7d048 tempest-LiveMigrationTest-842523207 tempest-LiveMigrationTest-842523207-project] 10.222.0.95 "GET /v2.0/ports?device_id=fac1fdb1-b78a-4c57-b94e-c0f9b6b7d050 HTTP/1.1" status: 200 len: 944 time: 0.1635368
Mar 31 22:53:02.972394 n-d-835855-2 neutron-server[109298]: INFO neutron.wsgi [None req-221758e1-eb2f-4902-8cad-8bc6a274c5d5 admin admin] 10.222.0.95 "GET /v2.0/security-groups?tenant_id=6f8d7ff2058e4a81a54f0490a5731b2a&name=default HTTP/1.1" status: 200 len: 2979 time: 0.3584557
Mar 31 22:53:02.975659 n-d-835855-2 neutron-server[109299]: DEBUG neutron.wsgi [-] (109299) accepted ('10.222.0.95', 58462) {{(pid=109299) server /usr/local/lib/python3.8/dist-packages/eventlet/wsgi.py:982}}
Mar 31 22:53:02.990564 n-d-835855-2 neutron-server[109298]: DEBUG neutron.api.v2.base [req-38642d07-7a20-4280-a210-31ddd8ff3478 req-92eb0407-4ee4-4645-86da-3f84c947cd63 tempest-ServersAdminTestJSON-1892761209 tempest-ServersAdminTestJSON-1892761209-project] Request body: {'port': {'device_id': '4752d440-dc77-41bf-9377-53a2e6f8a77e', 'network_id': 'fce2bcf3-c252-40f1-ba0a-22fd89ecd0a0', 'admin_state_up': True, 'tenant_id': '49c3e1ba97ba4989a45caeef06addf36'}} {{(pid=109298) prepare_request_body /opt/stack/neutron/neutron/api/v2/base.py:729}}
Mar 31 22:53:02.999275 n-d-835855-2 neutron-server[109300]: DEBUG neutron.plugins.ml2.db [None req-310805a8-626b-45a3-90fe-e1c7ee8f6a09 None None] For port 2df7ac15-13fe-40db-97b6-7d15e28eae8a, host n-h1-835855-2, got binding levels [PortBindingLevel(driver='hyperv',host='n-h1-835855-2',level=0,port_id=2df7ac15-13fe-40db-97b6-7d15e28eae8a,segment=NetworkSegment(81e13abc-30e6-47d7-b520-36896ab04800),segment_id=81e13abc-30e6-47d7-b520-36896ab04800)] {{(pid=109300) get_binding_level_objs /opt/stack/neutron/neutron/plugins/ml2/db.py:74}}
Mar 31 22:53:03.031466 n-d-835855-2 neutron-server[109300]: DEBUG neutron.plugins.ml2.rpc [None req-310805a8-626b-45a3-90fe-e1c7ee8f6a09 None None] Returning: {'device': '2df7ac15-13fe-40db-97b6-7d15e28eae8a', 'network_id': 'fce2bcf3-c252-40f1-ba0a-22fd89ecd0a0', 'port_id': '2df7ac15-13fe-40db-97b6-7d15e28eae8a', 'mac_address': 'fa:16:3e:e0:06:ab', 'admin_state_up': True, 'network_type': 'vlan', 'segmentation_id': 1250, 'physical_network': 'physnet1', 'mtu': 1500, 'fixed_ips': [{'subnet_id': '567bb7a5-2b2a-46be-bb94-16f2393a76f7', 'ip_address': '192.168.233.54'}], 'device_owner': 'compute:nova', 'allowed_address_pairs': [], 'port_security_enabled': True, 'qos_policy_id': None, 'network_qos_policy_id': None, 'profile': {}, 'propagate_uplink_status': False} {{(pid=109300) _get_device_details /opt/stack/neutron/neutron/plugins/ml2/rpc.py:184}}
Mar 31 22:53:03.057262 n-d-835855-2 neutron-server[109298]: INFO neutron.wsgi [req-17db3cdb-3c93-4cfb-a33f-f6b4bb721596 req-485cb656-b299-4413-88a7-d431a2c5848d tempest-LiveMigrationTest-842523207 tempest-LiveMigrationTest-842523207-project] 10.222.0.95 "GET /v2.0/security-groups?id=5c2ca81f-2683-4746-bf0a-f5b397ec51f0&fields=id&fields=name HTTP/1.1" status: 200 len: 286 time: 0.0888865
Mar 31 22:53:03.102174 n-d-835855-2 neutron-server[109300]: DEBUG neutron_lib.callbacks.manager [None req-310805a8-626b-45a3-90fe-e1c7ee8f6a09 None None] Notify callbacks ['neutron.plugins.ml2.plugin.SecurityGroupDbMixin._ensure_default_security_group_handler-4171129'] for port, before_update {{(pid=109300) _notify_loop /usr/local/lib/python3.8/dist-packages/neutron_lib/callbacks/manager.py:192}}
Mar 31 22:53:03.119828 n-d-835855-2 neutron-server[109300]: DEBUG neutron.notifiers.nova [None req-310805a8-626b-45a3-90fe-e1c7ee8f6a09 None None] Ignoring state change previous_port_status: DOWN current_port_status: BUILD port_id 2df7ac15-13fe-40db-97b6-7d15e28eae8a {{(pid=109300) record_port_status_changed /opt/stack/neutron/neutron/notifiers/nova.py:233}}
Mar 31 22:53:03.129061 n-d-835855-2 neutron-server[109299]: DEBUG neutron_lib.callbacks.manager [None req-d5091052-3e2c-46a9-8909-4b5ebcfac547 admin admin] Notify callbacks [] for security_group, before_delete {{(pid=109299) _notify_loop /usr/local/lib/python3.8/dist-packages/neutron_lib/callbacks/manager.py:192}}
Mar 31 22:53:03.155411 n-d-835855-2 neutron-server[109300]: DEBUG neutron.plugins.ml2.db [None req-310805a8-626b-45a3-90fe-e1c7ee8f6a09 None None] For port 2df7ac15-13fe-40db-97b6-7d15e28eae8a, host n-h1-835855-2, got binding levels [PortBindingLevel(driver='hyperv',host='n-h1-835855-2',level=0,port_id=2df7ac15-13fe-40db-97b6-7d15e28eae8a,segment=NetworkSegment(81e13abc-30e6-47d7-b520-36896ab04800),segment_id=81e13abc-30e6-47d7-b520-36896ab04800)] {{(pid=109300) get_binding_level_objs /opt/stack/neutron/neutron/plugins/ml2/db.py:74}}
Mar 31 22:53:03.167789 n-d-835855-2 neutron-server[109299]: DEBUG neutron.pecan_wsgi.hooks.policy_enforcement [req-7cace5d8-6b24-459d-bb81-0a663250a556 req-d7e44b42-d51f-44c7-b9e4-af077dcf16ef tempest-DeleteServersAdminTestJSON-299278167 tempest-DeleteServersAdminTestJSON-299278167-project] Attributes excluded by policy engine: ['standard_attr_id', 'binding:profile', 'binding:host_id', 'binding:vif_type', 'binding:vif_details'] {{(pid=109299) _exclude_attributes_by_policy /opt/stack/neutron/neutron/pecan_wsgi/hooks/policy_enforcement.py:255}}
Mar 31 22:53:03.169405 n-d-835855-2 neutron-server[109299]: INFO neutron.wsgi [req-7cace5d8-6b24-459d-bb81-0a663250a556 req-d7e44b42-d51f-44c7-b9e4-af077dcf16ef tempest-DeleteServersAdminTestJSON-299278167 tempest-DeleteServersAdminTestJSON-299278167-project] 10.222.0.95 "GET /v2.0/ports?device_id=cf8020b3-7338-4d13-8286-c34fd525c15e HTTP/1.1" status: 200 len: 947 time: 0.1282415
Mar 31 22:53:03.174028 n-d-835855-2 neutron-server[109300]: DEBUG neutron_lib.callbacks.manager [None req-310805a8-626b-45a3-90fe-e1c7ee8f6a09 None None] Notify callbacks ['neutron.plugins.ml2.plugin.SecurityGroupServerNotifierRpcMixin._notify_sg_on_port_change-4171192', 'neutron.plugins.ml2.ovo_rpc._ObjectChangeHandler.handle_event-103659', 'neutron.api.rpc.agentnotifiers.dhcp_rpc_agent_api.DhcpAgentNotifyAPI._native_event_send_dhcp_notification-1037048', 'neutron.db.l3_db.L3RpcNotifierMixin._notify_gateway_port_ip_changed-8793242732207', 'neutron.db.l3_dvrscheduler_db._notify_l3_agent_port_update-8793242193390', 'neutron.db.l3_hascheduler_db._notify_l3_agent_ha_port_update-8793242193318'] for port, after_update {{(pid=109300) _notify_loop /usr/local/lib/python3.8/dist-packages/neutron_lib/callbacks/manager.py:192}}
Mar 31 22:53:03.174744 n-d-835855-2 neutron-server[109299]: DEBUG neutron_lib.callbacks.manager [None req-d5091052-3e2c-46a9-8909-4b5ebcfac547 admin admin] Notify callbacks [] for security_group, precommit_delete {{(pid=109299) _notify_loop /usr/local/lib/python3.8/dist-packages/neutron_lib/callbacks/manager.py:192}}
Mar 31 22:53:03.217439 n-d-835855-2 neutron-server[109298]: DEBUG neutron.pecan_wsgi.hooks.quota_enforcement [req-38642d07-7a20-4280-a210-31ddd8ff3478 req-92eb0407-4ee4-4645-86da-3f84c947cd63 tempest-ServersAdminTestJSON-1892761209 tempest-ServersAdminTestJSON-1892761209-project] Made reservation on behalf of 49c3e1ba97ba4989a45caeef06addf36 for: {'port': 1} {{(pid=109298) before /opt/stack/neutron/neutron/pecan_wsgi/hooks/quota_enforcement.py:53}}
Mar 31 22:53:03.222754 n-d-835855-2 neutron-server[109298]: DEBUG neutron_lib.callbacks.manager [req-38642d07-7a20-4280-a210-31ddd8ff3478 req-92eb0407-4ee4-4645-86da-3f84c947cd63 tempest-ServersAdminTestJSON-1892761209 tempest-ServersAdminTestJSON-1892761209-project] Notify callbacks ['neutron.plugins.ml2.plugin.SecurityGroupDbMixin._ensure_default_security_group_handler-4171129'] for port, before_create {{(pid=109298) _notify_loop /usr/local/lib/python3.8/dist-packages/neutron_lib/callbacks/manager.py:192}}
Mar 31 22:53:03.240903 n-d-835855-2 neutron-server[109298]: DEBUG neutron_lib.callbacks.manager [req-38642d07-7a20-4280-a210-31ddd8ff3478 req-92eb0407-4ee4-4645-86da-3f84c947cd63 tempest-ServersAdminTestJSON-1892761209 tempest-ServersAdminTestJSON-1892761209-project] Notify callbacks [] for security_group, before_create {{(pid=109298) _notify_loop /usr/local/lib/python3.8/dist-packages/neutron_lib/callbacks/manager.py:192}}
Mar 31 22:53:03.263805 n-d-835855-2 neutron-server[109299]: INFO neutron.wsgi [req-7cace5d8-6b24-459d-bb81-0a663250a556 req-501e5f1e-387b-4b5d-876d-2e4aa38ff5a6 tempest-DeleteServersAdminTestJSON-299278167 tempest-DeleteServersAdminTestJSON-299278167-project] 10.222.0.95 "GET /v2.0/security-groups?id=ebc34064-e951-43d8-bfb6-c52a5a9846fb&fields=id&fields=name HTTP/1.1" status: 200 len: 286 time: 0.0817208
Mar 31 22:53:03.276020 n-d-835855-2 neutron-server[109300]: DEBUG neutron.api.rpc.handlers.resources_rpc [None req-310805a8-626b-45a3-90fe-e1c7ee8f6a09 None None] Pushing event updated for resources: {'Port': ['ID=2df7ac15-13fe-40db-97b6-7d15e28eae8a,revision_number=4']} {{(pid=109300) push /opt/stack/neutron/neutron/api/rpc/handlers/resources_rpc.py:237}}
Mar 31 22:53:03.296696 n-d-835855-2 neutron-server[109299]: DEBUG neutron_lib.callbacks.manager [None req-d5091052-3e2c-46a9-8909-4b5ebcfac547 admin admin] Notify callbacks ['neutron.plugins.ml2.ovo_rpc._ObjectChangeHandler.handle_event-990958'] for security_group, after_delete {{(pid=109299) _notify_loop /usr/local/lib/python3.8/dist-packages/neutron_lib/callbacks/manager.py:192}}
Mar 31 22:53:03.299412 n-d-835855-2 neutron-server[109299]: DEBUG neutron_lib.callbacks.manager [None req-d5091052-3e2c-46a9-8909-4b5ebcfac547 admin admin] Notify callbacks [] for security_group, before_response {{(pid=109299) _notify_loop /usr/local/lib/python3.8/dist-packages/neutron_lib/callbacks/manager.py:192}}
Mar 31 22:53:03.300609 n-d-835855-2 neutron-server[109299]: INFO neutron.wsgi [None req-d5091052-3e2c-46a9-8909-4b5ebcfac547 admin admin] 10.222.0.95 "DELETE /v2.0/security-groups/bfd89451-6c23-4fda-a04b-6645adf916d8 HTTP/1.1" status: 204 len: 168 time: 0.3233371
Mar 31 22:53:03.310088 n-d-835855-2 neutron-server[109299]: DEBUG neutron.api.rpc.handlers.resources_rpc [None req-d5091052-3e2c-46a9-8909-4b5ebcfac547 admin admin] Pushing event deleted for resources: {'SecurityGroup': ['ID=bfd89451-6c23-4fda-a04b-6645adf916d8,revision_number=None']} {{(pid=109299) push /opt/stack/neutron/neutron/api/rpc/handlers/resources_rpc.py:237}}
Mar 31 22:53:03.341157 n-d-835855-2 neutron-server[109298]: INFO neutron.wsgi [req-2a212d1d-4c7e-4b93-9bb7-4a36439ab84c req-c1c32f8f-91db-4d4d-931b-62afcbaebce0 tempest-ServersAdminTestJSON-1892761209 tempest-ServersAdminTestJSON-1892761209-project] 10.222.0.95 "GET /v2.0/ports?device_id=60723c79-4e23-40d1-8acb-7343bacd456b HTTP/1.1" status: 200 len: 210 time: 0.0495069
Mar 31 22:53:03.414887 n-d-835855-2 neutron-server[109298]: DEBUG neutron_lib.callbacks.manager [req-38642d07-7a20-4280-a210-31ddd8ff3478 req-92eb0407-4ee4-4645-86da-3f84c947cd63 tempest-ServersAdminTestJSON-1892761209 tempest-ServersAdminTestJSON-1892761209-project] Notify callbacks [] for security_group, precommit_create {{(pid=109298) _notify_loop /usr/local/lib/python3.8/dist-packages/neutron_lib/callbacks/manager.py:192}}
Mar 31 22:53:03.442812 n-d-835855-2 neutron-server[109298]: DEBUG neutron_lib.callbacks.manager [req-38642d07-7a20-4280-a210-31ddd8ff3478 req-92eb0407-4ee4-4645-86da-3f84c947cd63 tempest-ServersAdminTestJSON-1892761209 tempest-ServersAdminTestJSON-1892761209-project] Notify callbacks ['neutron.plugins.ml2.ovo_rpc._ObjectChangeHandler.handle_event-990958'] for security_group, after_create {{(pid=109298) _notify_loop /usr/local/lib/python3.8/dist-packages/neutron_lib/callbacks/manager.py:192}}
Mar 31 22:53:03.547093 n-d-835855-2 neutron-server[109300]: DEBUG neutron.plugins.ml2.db [None req-310805a8-626b-45a3-90fe-e1c7ee8f6a09 None None] get_ports_and_sgs() called for port_ids ['2df7ac15-13fe-40db-97b6-7d15e28eae8a'] {{(pid=109300) get_ports_and_sgs /opt/stack/neutron/neutron/plugins/ml2/db.py:156}}
Mar 31 22:53:03.595341 n-d-835855-2 neutron-server[109298]: DEBUG neutron.api.rpc.handlers.resources_rpc [None req-92eb0407-4ee4-4645-86da-3f84c947cd63 tempest-ServersAdminTestJSON-1892761209 tempest-ServersAdminTestJSON-1892761209-project] Pushing event updated for resources: {'SecurityGroup': ['ID=17a7340d-9849-4932-8612-1a989e232c05,revision_number=1']} {{(pid=109298) push /opt/stack/neutron/neutron/api/rpc/handlers/resources_rpc.py:237}}
Mar 31 22:53:03.627015 n-d-835855-2 neutron-server[109298]: INFO neutron.wsgi [req-f327fdb6-78e8-4085-8b5e-66f5842b006c req-d9c60f8d-dd2d-4f58-b6d2-8aa1bbd20208 service neutron] 10.222.0.96 "GET /v2.0/ports/78ec4207-4672-494c-9915-888d7764c731/bindings/n-h2-835855-2 HTTP/1.1" status: 200 len: 384 time: 0.2255523
Mar 31 22:53:03.742977 n-d-835855-2 neutron-server[109298]: DEBUG neutron.db.db_base_plugin_common [req-38642d07-7a20-4280-a210-31ddd8ff3478 req-92eb0407-4ee4-4645-86da-3f84c947cd63 tempest-ServersAdminTestJSON-1892761209 tempest-ServersAdminTestJSON-1892761209-project] Allocated IP 192.168.233.68 (fce2bcf3-c252-40f1-ba0a-22fd89ecd0a0/567bb7a5-2b2a-46be-bb94-16f2393a76f7/6436ff0d-f470-4c25-820b-45ee41468dbd) {{(pid=109298) _store_ip_allocation /opt/stack/neutron/neutron/db/db_base_plugin_common.py:131}}
Mar 31 22:53:03.769199 n-d-835855-2 neutron-server[109299]: DEBUG neutron.pecan_wsgi.hooks.policy_enforcement [req-1178db8c-4901-4d0c-af64-bf6549a22864 req-e9bcf62b-6f09-4faa-87fd-2604b488099b tempest-LiveMigrationNegativeTest-1543415971 tempest-LiveMigrationNegativeTest-1543415971-project] Attributes excluded by policy engine: ['standard_attr_id', 'binding:profile', 'binding:host_id', 'binding:vif_type', 'binding:vif_details'] {{(pid=109299) _exclude_attributes_by_policy /opt/stack/neutron/neutron/pecan_wsgi/hooks/policy_enforcement.py:255}}
Mar 31 22:53:03.783913 n-d-835855-2 neutron-server[109299]: INFO neutron.wsgi [req-1178db8c-4901-4d0c-af64-bf6549a22864 req-e9bcf62b-6f09-4faa-87fd-2604b488099b tempest-LiveMigrationNegativeTest-1543415971 tempest-LiveMigrationNegativeTest-1543415971-project] 10.222.0.95 "GET /v2.0/ports?device_id=cff13794-e5c9-45d6-9ae8-0ce2d8e110a0 HTTP/1.1" status: 200 len: 949 time: 0.1034725
Mar 31 22:53:03.824169 n-d-835855-2 neutron-server[109299]: DEBUG neutron.wsgi [-] (109299) accepted ('10.222.0.96', 50470) {{(pid=109299) server /usr/local/lib/python3.8/dist-packages/eventlet/wsgi.py:982}}
Mar 31 22:53:03.862865 n-d-835855-2 neutron-server[109299]: INFO neutron.wsgi [req-c9fbff05-c4f0-4f3a-a640-b9a7c92744ff req-faf1320f-9bbf-4f94-8d1e-bf1cded8377a tempest-ServersAdminTestJSON-1892761209 tempest-ServersAdminTestJSON-1892761209-project] 10.222.0.96 "GET /v2.0/networks?tenant_id=49c3e1ba97ba4989a45caeef06addf36&shared=False HTTP/1.1" status: 200 len: 213 time: 0.0375965
Mar 31 22:53:03.883076 n-d-835855-2 neutron-server[109298]: DEBUG neutron.wsgi [-] (109298) accepted ('10.222.0.95', 58510) {{(pid=109298) server /usr/local/lib/python3.8/dist-packages/eventlet/wsgi.py:982}}
Mar 31 22:53:03.912312 n-d-835855-2 neutron-server[109299]: INFO neutron.wsgi [req-1178db8c-4901-4d0c-af64-bf6549a22864 req-95131822-0720-407f-bc20-447bd640892e tempest-LiveMigrationNegativeTest-1543415971 tempest-LiveMigrationNegativeTest-1543415971-project] 10.222.0.95 "GET /v2.0/security-groups?id=4a0f2bb3-5ae2-46e9-a1e4-ea8cec5c2313&fields=id&fields=name HTTP/1.1" status: 200 len: 286 time: 0.1212690
Mar 31 22:53:03.967869 n-d-835855-2 neutron-server[109298]: DEBUG neutron_lib.callbacks.manager [None req-70d99dce-f990-4e0a-a4f0-1fbb4e49cfc6 admin admin] Notify callbacks [] for security_group, before_create {{(pid=109298) _notify_loop /usr/local/lib/python3.8/dist-packages/neutron_lib/callbacks/manager.py:192}}
Mar 31 22:53:04.018110 n-d-835855-2 neutron-server[109299]: DEBUG neutron.pecan_wsgi.hooks.policy_enforcement [req-c9fbff05-c4f0-4f3a-a640-b9a7c92744ff req-a773748e-ce14-4c64-8c68-c93c7c50c292 tempest-ServersAdminTestJSON-1892761209 tempest-ServersAdminTestJSON-1892761209-project] Attributes excluded by policy engine: ['standard_attr_id', 'vlan_transparent', 'provider:network_type', 'provider:physical_network', 'provider:segmentation_id'] {{(pid=109299) _exclude_attributes_by_policy /opt/stack/neutron/neutron/pecan_wsgi/hooks/policy_enforcement.py:255}}
Mar 31 22:53:04.020130 n-d-835855-2 neutron-server[109299]: INFO neutron.wsgi [req-c9fbff05-c4f0-4f3a-a640-b9a7c92744ff req-a773748e-ce14-4c64-8c68-c93c7c50c292 tempest-ServersAdminTestJSON-1892761209 tempest-ServersAdminTestJSON-1892761209-project] 10.222.0.96 "GET /v2.0/networks?shared=True HTTP/1.1" status: 200 len: 769 time: 0.1482208
Mar 31 22:53:04.034095 n-d-835855-2 neutron-server[109299]: DEBUG neutron.wsgi [-] (109299) accepted ('10.222.0.95', 58516) {{(pid=109299) server /usr/local/lib/python3.8/dist-packages/eventlet/wsgi.py:982}}
Mar 31 22:53:04.044199 n-d-835855-2 neutron-server[109299]: DEBUG neutron.api.v2.base [req-c9fbff05-c4f0-4f3a-a640-b9a7c92744ff req-5e18a11c-aa71-4c29-8881-6e8f395f531a tempest-ServersAdminTestJSON-1892761209 tempest-ServersAdminTestJSON-1892761209-project] Request body: {'port': {'device_id': '60723c79-4e23-40d1-8acb-7343bacd456b', 'network_id': 'fce2bcf3-c252-40f1-ba0a-22fd89ecd0a0', 'admin_state_up': True, 'tenant_id': '49c3e1ba97ba4989a45caeef06addf36'}} {{(pid=109299) prepare_request_body /opt/stack/neutron/neutron/api/v2/base.py:729}}
Mar 31 22:53:04.243001 n-d-835855-2 neutron-server[109299]: DEBUG neutron.api.v2.base [None req-963b2d07-f2da-4460-9d85-67fc9510d97c admin admin] Request body: {'network': {'name': 'tempest-LiveMigrationRemoteConsolesV26Test-1560948896-network', 'tenant_id': '8ebcd7af114f409eb3ef8056f35a10f0'}} {{(pid=109299) prepare_request_body /opt/stack/neutron/neutron/api/v2/base.py:729}}
Mar 31 22:53:04.250835 n-d-835855-2 neutron-server[109298]: DEBUG neutron_lib.callbacks.manager [None req-70d99dce-f990-4e0a-a4f0-1fbb4e49cfc6 admin admin] Notify callbacks [] for security_group, precommit_create {{(pid=109298) _notify_loop /usr/local/lib/python3.8/dist-packages/neutron_lib/callbacks/manager.py:192}}
Mar 31 22:53:04.252156 n-d-835855-2 neutron-server[109298]: DEBUG neutron.plugins.ml2.db [req-f327fdb6-78e8-4085-8b5e-66f5842b006c req-60c44007-21ed-4a5c-8a64-427898287e15 service neutron] For port 78ec4207-4672-494c-9915-888d7764c731, host n-h1-835855-2, got binding levels [PortBindingLevel(driver='hyperv',host='n-h1-835855-2',level=0,port_id=78ec4207-4672-494c-9915-888d7764c731,segment=NetworkSegment(d241ad38-e9ca-4e07-aeeb-b195a98d119a),segment_id=d241ad38-e9ca-4e07-aeeb-b195a98d119a)] {{(pid=109298) get_binding_level_objs /opt/stack/neutron/neutron/plugins/ml2/db.py:74}}
Mar 31 22:53:04.258201 n-d-835855-2 neutron-server[109298]: DEBUG neutron_lib.callbacks.manager [req-38642d07-7a20-4280-a210-31ddd8ff3478 req-92eb0407-4ee4-4645-86da-3f84c947cd63 tempest-ServersAdminTestJSON-1892761209 tempest-ServersAdminTestJSON-1892761209-project] Notify callbacks [] for port, precommit_create {{(pid=109298) _notify_loop /usr/local/lib/python3.8/dist-packages/neutron_lib/callbacks/manager.py:192}}
Mar 31 22:53:04.262039 n-d-835855-2 neutron-server[109299]: DEBUG neutron.pecan_wsgi.hooks.quota_enforcement [req-c9fbff05-c4f0-4f3a-a640-b9a7c92744ff req-5e18a11c-aa71-4c29-8881-6e8f395f531a tempest-ServersAdminTestJSON-1892761209 tempest-ServersAdminTestJSON-1892761209-project] Made reservation on behalf of 49c3e1ba97ba4989a45caeef06addf36 for: {'port': 1} {{(pid=109299) before /opt/stack/neutron/neutron/pecan_wsgi/hooks/quota_enforcement.py:53}}
Mar 31 22:53:04.265520 n-d-835855-2 neutron-server[109299]: DEBUG neutron_lib.callbacks.manager [req-c9fbff05-c4f0-4f3a-a640-b9a7c92744ff req-5e18a11c-aa71-4c29-8881-6e8f395f531a tempest-ServersAdminTestJSON-1892761209 tempest-ServersAdminTestJSON-1892761209-project] Notify callbacks ['neutron.plugins.ml2.plugin.SecurityGroupDbMixin._ensure_default_security_group_handler-4171129'] for port, before_create {{(pid=109299) _notify_loop /usr/local/lib/python3.8/dist-packages/neutron_lib/callbacks/manager.py:192}}
Mar 31 22:53:04.270521 n-d-835855-2 neutron-server[109298]: DEBUG neutron_lib.callbacks.manager [None req-70d99dce-f990-4e0a-a4f0-1fbb4e49cfc6 admin admin] Notify callbacks ['neutron.plugins.ml2.ovo_rpc._ObjectChangeHandler.handle_event-990958'] for security_group, after_create {{(pid=109298) _notify_loop /usr/local/lib/python3.8/dist-packages/neutron_lib/callbacks/manager.py:192}}
Mar 31 22:53:04.283812 n-d-835855-2 neutron-server[109299]: DEBUG neutron.pecan_wsgi.hooks.quota_enforcement [None req-963b2d07-f2da-4460-9d85-67fc9510d97c admin admin] Made reservation on behalf of 8ebcd7af114f409eb3ef8056f35a10f0 for: {'network': 1} {{(pid=109299) before /opt/stack/neutron/neutron/pecan_wsgi/hooks/quota_enforcement.py:53}}
Mar 31 22:53:04.286177 n-d-835855-2 neutron-server[109299]: DEBUG neutron_lib.callbacks.manager [None req-963b2d07-f2da-4460-9d85-67fc9510d97c admin admin] Notify callbacks ['neutron.plugins.ml2.plugin.SecurityGroupDbMixin._ensure_default_security_group_handler-4171129'] for network, before_create {{(pid=109299) _notify_loop /usr/local/lib/python3.8/dist-packages/neutron_lib/callbacks/manager.py:192}}
Mar 31 22:53:04.305934 n-d-835855-2 neutron-server[109299]: DEBUG neutron_lib.callbacks.manager [None req-963b2d07-f2da-4460-9d85-67fc9510d97c admin admin] Notify callbacks [] for security_group, before_create {{(pid=109299) _notify_loop /usr/local/lib/python3.8/dist-packages/neutron_lib/callbacks/manager.py:192}}
Mar 31 22:53:04.357733 n-d-835855-2 neutron-server[109298]: INFO neutron.wsgi [None req-70d99dce-f990-4e0a-a4f0-1fbb4e49cfc6 admin admin] 10.222.0.95 "GET /v2.0/security-groups?tenant_id=d9b1230574fe4c9f8e41337f4f244eeb&name=default HTTP/1.1" status: 200 len: 2979 time: 0.4664366
Mar 31 22:53:04.366261 n-d-835855-2 neutron-server[109298]: DEBUG neutron.pecan_wsgi.hooks.policy_enforcement [req-f3fd3913-f84b-45a2-b872-11851cf2337a req-07fd7dfa-01f5-4206-94bd-226f14289338 tempest-LiveMigrationTest-842523207 tempest-LiveMigrationTest-842523207-project] Attributes excluded by policy engine: ['standard_attr_id', 'binding:profile', 'binding:host_id', 'binding:vif_type', 'binding:vif_details'] {{(pid=109298) _exclude_attributes_by_policy /opt/stack/neutron/neutron/pecan_wsgi/hooks/policy_enforcement.py:255}}
Mar 31 22:53:04.367981 n-d-835855-2 neutron-server[109299]: DEBUG neutron.wsgi [-] (109299) accepted ('10.222.0.95', 58530) {{(pid=109299) server /usr/local/lib/python3.8/dist-packages/eventlet/wsgi.py:982}}
Mar 31 22:53:04.368119 n-d-835855-2 neutron-server[109299]: DEBUG neutron.wsgi [-] (109299) accepted ('10.222.0.95', 58532) {{(pid=109299) server /usr/local/lib/python3.8/dist-packages/eventlet/wsgi.py:982}}
Mar 31 22:53:04.373565 n-d-835855-2 neutron-server[109298]: INFO neutron.wsgi [req-f3fd3913-f84b-45a2-b872-11851cf2337a req-07fd7dfa-01f5-4206-94bd-226f14289338 tempest-LiveMigrationTest-842523207 tempest-LiveMigrationTest-842523207-project] 10.222.0.95 "GET /v2.0/ports?device_id=fac1fdb1-b78a-4c57-b94e-c0f9b6b7d050 HTTP/1.1" status: 200 len: 944 time: 0.1867075
Mar 31 22:53:04.375773 n-d-835855-2 neutron-server[109298]: DEBUG neutron.plugins.ml2.db [req-f327fdb6-78e8-4085-8b5e-66f5842b006c req-60c44007-21ed-4a5c-8a64-427898287e15 service neutron] For port 78ec4207-4672-494c-9915-888d7764c731, host n-h1-835855-2, cleared binding levels {{(pid=109298) clear_binding_levels /opt/stack/neutron/neutron/plugins/ml2/db.py:87}}
Mar 31 22:53:04.389246 n-d-835855-2 neutron-server[109300]: DEBUG neutron_lib.callbacks.manager [None req-8877062b-76e2-48a9-8f33-2ee1057ed9d4 None None] Notify callbacks ['neutron.services.segments.db._update_segment_host_mapping_for_agent-8793242691404', 'neutron.plugins.ml2.plugin.Ml2Plugin._retry_binding_revived_agents-3735926'] for agent, after_update {{(pid=109300) _notify_loop /usr/local/lib/python3.8/dist-packages/neutron_lib/callbacks/manager.py:192}}
Mar 31 22:53:04.436865 n-d-835855-2 neutron-server[109298]: DEBUG neutron.api.rpc.handlers.resources_rpc [None req-70d99dce-f990-4e0a-a4f0-1fbb4e49cfc6 admin admin] Pushing event updated for resources: {'SecurityGroup': ['ID=292a37dc-5202-44d3-a9ea-db8bb137d7ed,revision_number=1']} {{(pid=109298) push /opt/stack/neutron/neutron/api/rpc/handlers/resources_rpc.py:237}}
Mar 31 22:53:04.451148 n-d-835855-2 neutron-server[109298]: DEBUG neutron.notifiers.nova [req-f327fdb6-78e8-4085-8b5e-66f5842b006c req-60c44007-21ed-4a5c-8a64-427898287e15 service neutron] Ignoring state change previous_port_status: DOWN current_port_status: DOWN port_id 78ec4207-4672-494c-9915-888d7764c731 {{(pid=109298) record_port_status_changed /opt/stack/neutron/neutron/notifiers/nova.py:233}}
Mar 31 22:53:04.470105 n-d-835855-2 neutron-server[109298]: DEBUG neutron.plugins.ml2.db [req-f327fdb6-78e8-4085-8b5e-66f5842b006c req-60c44007-21ed-4a5c-8a64-427898287e15 service neutron] For port 78ec4207-4672-494c-9915-888d7764c731, host n-h2-835855-2, got binding levels [PortBindingLevel(driver='hyperv',host='n-h2-835855-2',level=0,port_id=78ec4207-4672-494c-9915-888d7764c731,segment=NetworkSegment(d241ad38-e9ca-4e07-aeeb-b195a98d119a),segment_id=d241ad38-e9ca-4e07-aeeb-b195a98d119a)] {{(pid=109298) get_binding_level_objs /opt/stack/neutron/neutron/plugins/ml2/db.py:74}}
Mar 31 22:53:04.472968 n-d-835855-2 neutron-server[109298]: DEBUG neutron_lib.callbacks.manager [req-38642d07-7a20-4280-a210-31ddd8ff3478 req-92eb0407-4ee4-4645-86da-3f84c947cd63 tempest-ServersAdminTestJSON-1892761209 tempest-ServersAdminTestJSON-1892761209-project] Notify callbacks ['neutron.plugins.ml2.plugin.SecurityGroupServerNotifierRpcMixin._notify_sg_on_port_change-4171192', 'neutron.plugins.ml2.ovo_rpc._ObjectChangeHandler.handle_event-103659', 'neutron.api.rpc.agentnotifiers.dhcp_rpc_agent_api.DhcpAgentNotifyAPI._native_event_send_dhcp_notification-1037048', 'neutron.db.l3_dvrscheduler_db._notify_l3_agent_new_port-8793242193399'] for port, after_create {{(pid=109298) _notify_loop /usr/local/lib/python3.8/dist-packages/neutron_lib/callbacks/manager.py:192}}
Mar 31 22:53:04.502694 n-d-835855-2 neutron-server[109298]: INFO neutron.wsgi [req-f3fd3913-f84b-45a2-b872-11851cf2337a req-f88575bc-d7cc-4dae-8dfd-ab68d633769d tempest-LiveMigrationTest-842523207 tempest-LiveMigrationTest-842523207-project] 10.222.0.95 "GET /v2.0/security-groups?id=5c2ca81f-2683-4746-bf0a-f5b397ec51f0&fields=id&fields=name HTTP/1.1" status: 200 len: 286 time: 0.1281922
Mar 31 22:53:04.509956 n-d-835855-2 neutron-server[109298]: DEBUG neutron_lib.callbacks.manager [req-f327fdb6-78e8-4085-8b5e-66f5842b006c req-60c44007-21ed-4a5c-8a64-427898287e15 service neutron] Notify callbacks ['neutron.plugins.ml2.plugin.SecurityGroupDbMixin._ensure_default_security_group_handler-4171129'] for port, before_update {{(pid=109298) _notify_loop /usr/local/lib/python3.8/dist-packages/neutron_lib/callbacks/manager.py:192}}
Mar 31 22:53:04.555206 n-d-835855-2 neutron-server[109298]: DEBUG neutron.scheduler.dhcp_agent_scheduler [req-38642d07-7a20-4280-a210-31ddd8ff3478 req-92eb0407-4ee4-4645-86da-3f84c947cd63 tempest-ServersAdminTestJSON-1892761209 tempest-ServersAdminTestJSON-1892761209-project] Network fce2bcf3-c252-40f1-ba0a-22fd89ecd0a0 is already hosted by enough agents. {{(pid=109298) _get_dhcp_agents_hosting_network /opt/stack/neutron/neutron/scheduler/dhcp_agent_scheduler.py:275}}
Mar 31 22:53:04.562699 n-d-835855-2 neutron-server[109298]: DEBUG neutron.scheduler.base_scheduler [req-38642d07-7a20-4280-a210-31ddd8ff3478 req-92eb0407-4ee4-4645-86da-3f84c947cd63 tempest-ServersAdminTestJSON-1892761209 tempest-ServersAdminTestJSON-1892761209-project] Resources bound (agent type, host, resource id): {{(pid=109298) schedule /opt/stack/neutron/neutron/scheduler/base_scheduler.py:57}}
Mar 31 22:53:04.567393 n-d-835855-2 neutron-server[109298]: DEBUG neutron.db.l3_dvrscheduler_db [req-38642d07-7a20-4280-a210-31ddd8ff3478 req-92eb0407-4ee4-4645-86da-3f84c947cd63 tempest-ServersAdminTestJSON-1892761209 tempest-ServersAdminTestJSON-1892761209-project] Received port after_create {{(pid=109298) _notify_l3_agent_new_port /opt/stack/neutron/neutron/db/l3_dvrscheduler_db.py:536}}
Mar 31 22:53:04.574351 n-d-835855-2 neutron-server[109298]: DEBUG neutron.pecan_wsgi.hooks.policy_enforcement [req-38642d07-7a20-4280-a210-31ddd8ff3478 req-92eb0407-4ee4-4645-86da-3f84c947cd63 tempest-ServersAdminTestJSON-1892761209 tempest-ServersAdminTestJSON-1892761209-project] Attributes excluded by policy engine: ['standard_attr_id', 'binding:profile', 'binding:host_id', 'binding:vif_type', 'binding:vif_details', 'network'] {{(pid=109298) _exclude_attributes_by_policy /opt/stack/neutron/neutron/pecan_wsgi/hooks/policy_enforcement.py:255}}
Mar 31 22:53:04.575049 n-d-835855-2 neutron-server[109298]: DEBUG neutron_lib.callbacks.manager [req-38642d07-7a20-4280-a210-31ddd8ff3478 req-92eb0407-4ee4-4645-86da-3f84c947cd63 tempest-ServersAdminTestJSON-1892761209 tempest-ServersAdminTestJSON-1892761209-project] Notify callbacks ['neutron.notifiers.nova.Notifier._send_nova_notification-16001'] for port, before_response {{(pid=109298) _notify_loop /usr/local/lib/python3.8/dist-packages/neutron_lib/callbacks/manager.py:192}}
Mar 31 22:53:04.781071 n-d-835855-2 neutron-server[109299]: DEBUG neutron.pecan_wsgi.hooks.policy_enforcement [req-531a0961-1e47-4371-b1a7-59232e73b87a req-95df311b-a7b9-4af5-9056-95910cac92d0 tempest-DeleteServersAdminTestJSON-299278167 tempest-DeleteServersAdminTestJSON-299278167-project] Attributes excluded by policy engine: ['standard_attr_id', 'binding:profile', 'binding:host_id', 'binding:vif_type', 'binding:vif_details'] {{(pid=109299) _exclude_attributes_by_policy /opt/stack/neutron/neutron/pecan_wsgi/hooks/policy_enforcement.py:255}}
Mar 31 22:53:04.782217 n-d-835855-2 neutron-server[109299]: INFO neutron.wsgi [req-531a0961-1e47-4371-b1a7-59232e73b87a req-95df311b-a7b9-4af5-9056-95910cac92d0 tempest-DeleteServersAdminTestJSON-299278167 tempest-DeleteServersAdminTestJSON-299278167-project] 10.222.0.95 "GET /v2.0/ports?device_id=cf8020b3-7338-4d13-8286-c34fd525c15e HTTP/1.1" status: 200 len: 948 time: 0.4069622
Mar 31 22:53:04.788618 n-d-835855-2 neutron-server[109299]: DEBUG neutron_lib.callbacks.manager [None req-5ad57456-4f71-4012-ab97-93e4127eb958 admin admin] Notify callbacks [] for security_group, before_create {{(pid=109299) _notify_loop /usr/local/lib/python3.8/dist-packages/neutron_lib/callbacks/manager.py:192}}
Mar 31 22:53:04.825714 n-d-835855-2 neutron-server[109299]: DEBUG neutron.db.db_base_plugin_common [req-c9fbff05-c4f0-4f3a-a640-b9a7c92744ff req-5e18a11c-aa71-4c29-8881-6e8f395f531a tempest-ServersAdminTestJSON-1892761209 tempest-ServersAdminTestJSON-1892761209-project] Allocated IP 192.168.233.5 (fce2bcf3-c252-40f1-ba0a-22fd89ecd0a0/567bb7a5-2b2a-46be-bb94-16f2393a76f7/ce4bbf3b-8b3d-42b2-a21c-d1075ed5c6da) {{(pid=109299) _store_ip_allocation /opt/stack/neutron/neutron/db/db_base_plugin_common.py:131}}
Mar 31 22:53:04.826722 n-d-835855-2 neutron-server[109300]: DEBUG neutron.plugins.ml2.rpc [None req-310805a8-626b-45a3-90fe-e1c7ee8f6a09 None None] Device 2df7ac15-13fe-40db-97b6-7d15e28eae8a up at agent hyperv_n-h1-835855-2 {{(pid=109300) update_device_up /opt/stack/neutron/neutron/plugins/ml2/rpc.py:296}}
Mar 31 22:53:04.828916 n-d-835855-2 neutron-server[109298]: DEBUG neutron.api.rpc.handlers.resources_rpc [None req-92eb0407-4ee4-4645-86da-3f84c947cd63 tempest-ServersAdminTestJSON-1892761209 tempest-ServersAdminTestJSON-1892761209-project] Pushing event updated for resources: {'Port': ['ID=6436ff0d-f470-4c25-820b-45ee41468dbd,revision_number=1']} {{(pid=109298) push /opt/stack/neutron/neutron/api/rpc/handlers/resources_rpc.py:237}}
Mar 31 22:53:04.833708 n-d-835855-2 neutron-server[109299]: DEBUG neutron_lib.callbacks.manager [None req-e1648ada-0559-4e4a-b837-1934197427a6 admin admin] Notify callbacks [] for security_group, before_delete {{(pid=109299) _notify_loop /usr/local/lib/python3.8/dist-packages/neutron_lib/callbacks/manager.py:192}}
Mar 31 22:53:04.868292 n-d-835855-2 neutron-server[109298]: INFO neutron.wsgi [req-38642d07-7a20-4280-a210-31ddd8ff3478 req-92eb0407-4ee4-4645-86da-3f84c947cd63 tempest-ServersAdminTestJSON-1892761209 tempest-ServersAdminTestJSON-1892761209-project] 10.222.0.96 "POST /v2.0/ports HTTP/1.1" status: 201 len: 937 time: 1.8813286
Mar 31 22:53:04.873035 n-d-835855-2 neutron-server[109298]: INFO neutron.wsgi [req-831f667e-c4ae-45b9-8f45-df805d7b5114 req-fd5331d6-a3e5-4de5-8cad-5dc345e61604 tempest-ServersAdminTestJSON-1892761209 tempest-ServersAdminTestJSON-1892761209-project] 10.222.0.95 "GET /v2.0/ports?device_id=60723c79-4e23-40d1-8acb-7343bacd456b HTTP/1.1" status: 200 len: 210 time: 0.2629297
Mar 31 22:53:04.890355 n-d-835855-2 neutron-server[109298]: DEBUG neutron.api.v2.base [req-38642d07-7a20-4280-a210-31ddd8ff3478 req-ab0a9593-f01d-4672-8628-ed206cdff521 service neutron] Request body: {'port': {'device_id': '4752d440-dc77-41bf-9377-53a2e6f8a77e', 'device_owner': 'compute:nova', 'binding:host_id': 'n-h1-835855-2'}} {{(pid=109298) prepare_request_body /opt/stack/neutron/neutron/api/v2/base.py:729}}
Mar 31 22:53:04.894378 n-d-835855-2 neutron-server[109300]: DEBUG neutron.db.provisioning_blocks [None req-e52cd753-80de-40cd-ba6a-7124ef7994f2 None None] Provisioning complete for port 6436ff0d-f470-4c25-820b-45ee41468dbd triggered by entity DHCP. {{(pid=109300) provisioning_complete /opt/stack/neutron/neutron/db/provisioning_blocks.py:139}}
Mar 31 22:53:04.895502 n-d-835855-2 neutron-server[109300]: DEBUG neutron_lib.callbacks.manager [None req-e52cd753-80de-40cd-ba6a-7124ef7994f2 None None] Notify callbacks ['neutron.plugins.ml2.plugin.Ml2Plugin._port_provisioned-3738324'] for port, provisioning_complete {{(pid=109300) _notify_loop /usr/local/lib/python3.8/dist-packages/neutron_lib/callbacks/manager.py:192}}
Mar 31 22:53:04.938576 n-d-835855-2 neutron-server[109299]: DEBUG neutron_lib.callbacks.manager [None req-e1648ada-0559-4e4a-b837-1934197427a6 admin admin] Notify callbacks [] for security_group, precommit_delete {{(pid=109299) _notify_loop /usr/local/lib/python3.8/dist-packages/neutron_lib/callbacks/manager.py:192}}
Mar 31 22:53:04.949685 n-d-835855-2 neutron-server[109298]: DEBUG neutron.db.provisioning_blocks [req-f327fdb6-78e8-4085-8b5e-66f5842b006c req-60c44007-21ed-4a5c-8a64-427898287e15 service neutron] Transition to ACTIVE for port object 78ec4207-4672-494c-9915-888d7764c731 will not be triggered until provisioned by entity L2. {{(pid=109298) add_provisioning_component /opt/stack/neutron/neutron/db/provisioning_blocks.py:73}}
Mar 31 22:53:04.955016 n-d-835855-2 neutron-server[109300]: DEBUG neutron.plugins.ml2.plugin [None req-e52cd753-80de-40cd-ba6a-7124ef7994f2 None None] Port 6436ff0d-f470-4c25-820b-45ee41468dbd cannot update to ACTIVE because it is not bound. {{(pid=109300) _port_provisioned /opt/stack/neutron/neutron/plugins/ml2/plugin.py:339}}
Mar 31 22:53:04.958348 n-d-835855-2 neutron-server[109299]: DEBUG neutron_lib.callbacks.manager [None req-963b2d07-f2da-4460-9d85-67fc9510d97c admin admin] Notify callbacks [] for security_group, precommit_create {{(pid=109299) _notify_loop /usr/local/lib/python3.8/dist-packages/neutron_lib/callbacks/manager.py:192}}
Mar 31 22:53:04.963033 n-d-835855-2 neutron-server[109298]: DEBUG neutron_lib.callbacks.manager [req-f327fdb6-78e8-4085-8b5e-66f5842b006c req-60c44007-21ed-4a5c-8a64-427898287e15 service neutron] Notify callbacks ['neutron.plugins.ml2.plugin.SecurityGroupServerNotifierRpcMixin._notify_sg_on_port_change-4171192', 'neutron.plugins.ml2.ovo_rpc._ObjectChangeHandler.handle_event-103659', 'neutron.api.rpc.agentnotifiers.dhcp_rpc_agent_api.DhcpAgentNotifyAPI._native_event_send_dhcp_notification-1037048', 'neutron.db.l3_db.L3RpcNotifierMixin._notify_gateway_port_ip_changed-8793242732207', 'neutron.db.l3_dvrscheduler_db._notify_l3_agent_port_update-8793242193390', 'neutron.db.l3_hascheduler_db._notify_l3_agent_ha_port_update-8793242193318'] for port, after_update {{(pid=109298) _notify_loop /usr/local/lib/python3.8/dist-packages/neutron_lib/callbacks/manager.py:192}}
Mar 31 22:53:04.975931 n-d-835855-2 neutron-server[109299]: INFO neutron.wsgi [req-531a0961-1e47-4371-b1a7-59232e73b87a req-5cf5c1d8-03be-47f2-ae05-dd70605fd821 tempest-DeleteServersAdminTestJSON-299278167 tempest-DeleteServersAdminTestJSON-299278167-project] 10.222.0.95 "GET /v2.0/security-groups?id=ebc34064-e951-43d8-bfb6-c52a5a9846fb&fields=id&fields=name HTTP/1.1" status: 200 len: 286 time: 0.1781394
Mar 31 22:53:04.979544 n-d-835855-2 neutron-server[109300]: DEBUG neutron.db.provisioning_blocks [None req-310805a8-626b-45a3-90fe-e1c7ee8f6a09 None None] Provisioning for port 2df7ac15-13fe-40db-97b6-7d15e28eae8a completed by entity L2. {{(pid=109300) provisioning_complete /opt/stack/neutron/neutron/db/provisioning_blocks.py:133}}
Mar 31 22:53:04.989828 n-d-835855-2 neutron-server[109300]: DEBUG neutron.db.provisioning_blocks [None req-310805a8-626b-45a3-90fe-e1c7ee8f6a09 None None] Provisioning complete for port 2df7ac15-13fe-40db-97b6-7d15e28eae8a triggered by entity L2. {{(pid=109300) provisioning_complete /opt/stack/neutron/neutron/db/provisioning_blocks.py:139}}
Mar 31 22:53:04.990436 n-d-835855-2 neutron-server[109300]: DEBUG neutron_lib.callbacks.manager [None req-310805a8-626b-45a3-90fe-e1c7ee8f6a09 None None] Notify callbacks ['neutron.plugins.ml2.plugin.Ml2Plugin._port_provisioned-3738324'] for port, provisioning_complete {{(pid=109300) _notify_loop /usr/local/lib/python3.8/dist-packages/neutron_lib/callbacks/manager.py:192}}
Mar 31 22:53:05.000294 n-d-835855-2 neutron-server[109299]: DEBUG neutron_lib.callbacks.manager [None req-963b2d07-f2da-4460-9d85-67fc9510d97c admin admin] Notify callbacks ['neutron.plugins.ml2.ovo_rpc._ObjectChangeHandler.handle_event-990958'] for security_group, after_create {{(pid=109299) _notify_loop /usr/local/lib/python3.8/dist-packages/neutron_lib/callbacks/manager.py:192}}
Mar 31 22:53:05.083056 n-d-835855-2 neutron-server[109300]: DEBUG neutron_lib.callbacks.manager [None req-310805a8-626b-45a3-90fe-e1c7ee8f6a09 None None] Notify callbacks ['neutron.plugins.ml2.plugin.SecurityGroupDbMixin._ensure_default_security_group_handler-4171129'] for port, before_update {{(pid=109300) _notify_loop /usr/local/lib/python3.8/dist-packages/neutron_lib/callbacks/manager.py:192}}
Mar 31 22:53:05.101930 n-d-835855-2 neutron-server[109298]: DEBUG neutron_lib.callbacks.manager [req-38642d07-7a20-4280-a210-31ddd8ff3478 req-ab0a9593-f01d-4672-8628-ed206cdff521 service neutron] Notify callbacks ['neutron.plugins.ml2.plugin.SecurityGroupDbMixin._ensure_default_security_group_handler-4171129'] for port, before_update {{(pid=109298) _notify_loop /usr/local/lib/python3.8/dist-packages/neutron_lib/callbacks/manager.py:192}}
Mar 31 22:53:05.105622 n-d-835855-2 neutron-server[109299]: DEBUG neutron.plugins.ml2.drivers.helpers [None req-963b2d07-f2da-4460-9d85-67fc9510d97c admin admin] vlan segment allocate from pool success with {'vlan_id': 1281, 'physical_network': 'physnet1'} {{(pid=109299) allocate_partially_specified_segment /opt/stack/neutron/neutron/plugins/ml2/drivers/helpers.py:153}}
Mar 31 22:53:05.108333 n-d-835855-2 neutron-server[109298]: DEBUG neutron.db.l3_dvrscheduler_db [req-f327fdb6-78e8-4085-8b5e-66f5842b006c req-60c44007-21ed-4a5c-8a64-427898287e15 service neutron] No DVR routers for this DVR port 78ec4207-4672-494c-9915-888d7764c731 on host n-h1-835855-2 {{(pid=109298) get_dvr_routers_to_remove /opt/stack/neutron/neutron/db/l3_dvrscheduler_db.py:214}}
Mar 31 22:53:05.114714 n-d-835855-2 neutron-server[109300]: DEBUG neutron.notifiers.nova [-] Sending events: [{'server_uuid': 'cf8020b3-7338-4d13-8286-c34fd525c15e', 'name': 'network-vif-plugged', 'status': 'completed', 'tag': '2df7ac15-13fe-40db-97b6-7d15e28eae8a'}] {{(pid=109300) send_events /opt/stack/neutron/neutron/notifiers/nova.py:271}}
Mar 31 22:53:05.117267 n-d-835855-2 neutron-server[109300]: DEBUG novaclient.v2.client [-] REQ: curl -g -i --cacert "/opt/stack/data/ca-bundle.pem" -X POST http://10.222.0.95/compute/v2.1/os-server-external-events -H "Accept: application/json" -H "Content-Type: application/json" -H "User-Agent: python-novaclient" -H "X-Auth-Token: {SHA256}c960a87d4b1c87f7c519bbe42c8cbd7e03006bac0a6b83b2db6245ccbda7612e" -H "X-OpenStack-Nova-API-Version: 2.1" -H "X-OpenStack-Request-ID: req-1d05839c-0efb-4988-ade9-c497a3fce1e9" -d '{"events": [{"server_uuid": "cf8020b3-7338-4d13-8286-c34fd525c15e", "name": "network-vif-plugged", "status": "completed", "tag": "2df7ac15-13fe-40db-97b6-7d15e28eae8a"}]}' {{(pid=109300) _http_log_request /usr/local/lib/python3.8/dist-packages/keystoneauth1/session.py:519}}
Mar 31 22:53:05.121077 n-d-835855-2 neutron-server[109298]: DEBUG neutron.api.rpc.handlers.resources_rpc [None req-60c44007-21ed-4a5c-8a64-427898287e15 service neutron] Pushing event updated for resources: {'Port': ['ID=78ec4207-4672-494c-9915-888d7764c731,revision_number=10']} {{(pid=109298) push /opt/stack/neutron/neutron/api/rpc/handlers/resources_rpc.py:237}}
