Mar 31 22:52:27.384488 n-d-835855-2 neutron-server[109299]: DEBUG neutron_lib.callbacks.manager [None req-87b68fe7-411f-4d0d-a759-dfe4bef7903c admin admin] Notify callbacks [] for security_group, before_delete {{(pid=109299) _notify_loop /usr/local/lib/python3.8/dist-packages/neutron_lib/callbacks/manager.py:192}}
Mar 31 22:52:27.412100 n-d-835855-2 neutron-server[109299]: DEBUG neutron_lib.callbacks.manager [None req-87b68fe7-411f-4d0d-a759-dfe4bef7903c admin admin] Notify callbacks [] for security_group, precommit_delete {{(pid=109299) _notify_loop /usr/local/lib/python3.8/dist-packages/neutron_lib/callbacks/manager.py:192}}
Mar 31 22:52:27.473513 n-d-835855-2 neutron-server[109298]: DEBUG neutron_lib.callbacks.manager [None req-cb448345-8fe3-4da7-843c-6389dbbd3bec admin admin] Notify callbacks [] for security_group, before_create {{(pid=109298) _notify_loop /usr/local/lib/python3.8/dist-packages/neutron_lib/callbacks/manager.py:192}}
Mar 31 22:52:27.487558 n-d-835855-2 neutron-server[109299]: DEBUG neutron_lib.callbacks.manager [None req-87b68fe7-411f-4d0d-a759-dfe4bef7903c admin admin] Notify callbacks ['neutron.plugins.ml2.ovo_rpc._ObjectChangeHandler.handle_event-990958'] for security_group, after_delete {{(pid=109299) _notify_loop /usr/local/lib/python3.8/dist-packages/neutron_lib/callbacks/manager.py:192}}
Mar 31 22:52:27.490954 n-d-835855-2 neutron-server[109298]: DEBUG neutron.db.db_base_plugin_common [req-e7d4a39e-031d-4914-85eb-48f1cfcd3bb1 req-d6386301-e32c-45f5-b639-6cc58f22c535 tempest-ServersWithSpecificFlavorTestJSON-975033311 tempest-ServersWithSpecificFlavorTestJSON-975033311-project] Allocated IP 172.20.0.12 (67693356-b6f9-45ba-980b-1f2b6c1a05e1/dc9a3803-2455-4119-ab29-27ea53b67936/07fd73ed-04d7-4e94-b1b7-b864f771e23b) {{(pid=109298) _store_ip_allocation /opt/stack/neutron/neutron/db/db_base_plugin_common.py:131}}
Mar 31 22:52:27.491135 n-d-835855-2 neutron-server[109299]: DEBUG neutron_lib.callbacks.manager [None req-87b68fe7-411f-4d0d-a759-dfe4bef7903c admin admin] Notify callbacks [] for security_group, before_response {{(pid=109299) _notify_loop /usr/local/lib/python3.8/dist-packages/neutron_lib/callbacks/manager.py:192}}
Mar 31 22:52:27.495697 n-d-835855-2 neutron-server[109299]: INFO neutron.wsgi [None req-87b68fe7-411f-4d0d-a759-dfe4bef7903c admin admin] 10.222.0.95 "DELETE /v2.0/security-groups/38b3e46a-18d1-4da3-a5cf-3152a7a52917 HTTP/1.1" status: 204 len: 168 time: 0.1656461
Mar 31 22:52:27.507457 n-d-835855-2 neutron-server[109299]: DEBUG neutron.api.rpc.handlers.resources_rpc [None req-87b68fe7-411f-4d0d-a759-dfe4bef7903c admin admin] Pushing event deleted for resources: {'SecurityGroup': ['ID=38b3e46a-18d1-4da3-a5cf-3152a7a52917,revision_number=None']} {{(pid=109299) push /opt/stack/neutron/neutron/api/rpc/handlers/resources_rpc.py:237}}
Mar 31 22:52:27.699525 n-d-835855-2 neutron-server[109298]: INFO neutron.wsgi [req-e69eff0b-f593-4179-b309-9ffee8fe1a92 req-80f7472f-3cbf-4230-a626-a2206e2016aa tempest-ServersWithSpecificFlavorTestJSON-975033311 tempest-ServersWithSpecificFlavorTestJSON-975033311-project] 10.222.0.95 "GET /v2.0/ports?device_id=06a7249a-a1fb-4b8f-b8d9-6f3216b917b3 HTTP/1.1" status: 200 len: 210 time: 0.0447154
Mar 31 22:52:27.716054 n-d-835855-2 neutron-server[109298]: DEBUG neutron_lib.callbacks.manager [None req-cb448345-8fe3-4da7-843c-6389dbbd3bec admin admin] Notify callbacks [] for security_group, precommit_create {{(pid=109298) _notify_loop /usr/local/lib/python3.8/dist-packages/neutron_lib/callbacks/manager.py:192}}
Mar 31 22:52:27.732450 n-d-835855-2 neutron-server[109298]: DEBUG neutron_lib.callbacks.manager [None req-cb448345-8fe3-4da7-843c-6389dbbd3bec admin admin] Notify callbacks ['neutron.plugins.ml2.ovo_rpc._ObjectChangeHandler.handle_event-990958'] for security_group, after_create {{(pid=109298) _notify_loop /usr/local/lib/python3.8/dist-packages/neutron_lib/callbacks/manager.py:192}}
Mar 31 22:52:27.746832 n-d-835855-2 neutron-server[109299]: INFO neutron.wsgi [req-3e9766a6-1ebb-46ef-bec0-c191915d952c req-5eb21b72-5298-4491-9341-bab8ec098c80 tempest-LiveMigrationNegativeTest-1543415971 tempest-LiveMigrationNegativeTest-1543415971-project] 10.222.0.95 "GET /v2.0/networks?tenant_id=f442e196ce3849f39ff57e9204403e2f&shared=False HTTP/1.1" status: 200 len: 213 time: 0.0465746
Mar 31 22:52:27.767549 n-d-835855-2 neutron-server[109298]: DEBUG neutron.api.rpc.handlers.resources_rpc [None req-cb448345-8fe3-4da7-843c-6389dbbd3bec admin admin] Pushing event updated for resources: {'SecurityGroup': ['ID=e6e299ff-9cc0-4f17-aeac-274a97e35226,revision_number=1']} {{(pid=109298) push /opt/stack/neutron/neutron/api/rpc/handlers/resources_rpc.py:237}}
Mar 31 22:52:27.792556 n-d-835855-2 neutron-server[109298]: DEBUG neutron_lib.callbacks.manager [req-e7d4a39e-031d-4914-85eb-48f1cfcd3bb1 req-d6386301-e32c-45f5-b639-6cc58f22c535 tempest-ServersWithSpecificFlavorTestJSON-975033311 tempest-ServersWithSpecificFlavorTestJSON-975033311-project] Notify callbacks [] for port, precommit_create {{(pid=109298) _notify_loop /usr/local/lib/python3.8/dist-packages/neutron_lib/callbacks/manager.py:192}}
Mar 31 22:52:27.811866 n-d-835855-2 neutron-server[109298]: INFO neutron.wsgi [None req-cb448345-8fe3-4da7-843c-6389dbbd3bec admin admin] 10.222.0.95 "GET /v2.0/security-groups?tenant_id=9c6b76f93a35410fadf4bc2650170f1f&name=default HTTP/1.1" status: 200 len: 2979 time: 0.5257628
Mar 31 22:52:27.822974 n-d-835855-2 neutron-server[109298]: DEBUG neutron.wsgi [-] (109298) accepted ('10.222.0.95', 57148) {{(pid=109298) server /usr/local/lib/python3.8/dist-packages/eventlet/wsgi.py:982}}
Mar 31 22:52:27.870801 n-d-835855-2 neutron-server[109299]: DEBUG neutron.pecan_wsgi.hooks.policy_enforcement [req-3e9766a6-1ebb-46ef-bec0-c191915d952c req-e421f33a-9ab6-42cc-a689-16ee80545751 tempest-LiveMigrationNegativeTest-1543415971 tempest-LiveMigrationNegativeTest-1543415971-project] Attributes excluded by policy engine: ['standard_attr_id', 'vlan_transparent', 'provider:network_type', 'provider:physical_network', 'provider:segmentation_id'] {{(pid=109299) _exclude_attributes_by_policy /opt/stack/neutron/neutron/pecan_wsgi/hooks/policy_enforcement.py:255}}
Mar 31 22:52:27.872516 n-d-835855-2 neutron-server[109299]: INFO neutron.wsgi [req-3e9766a6-1ebb-46ef-bec0-c191915d952c req-e421f33a-9ab6-42cc-a689-16ee80545751 tempest-LiveMigrationNegativeTest-1543415971 tempest-LiveMigrationNegativeTest-1543415971-project] 10.222.0.95 "GET /v2.0/networks?shared=True HTTP/1.1" status: 200 len: 769 time: 0.1246383
Mar 31 22:52:27.889975 n-d-835855-2 neutron-server[109299]: INFO neutron.wsgi [req-3e9766a6-1ebb-46ef-bec0-c191915d952c req-295cc0f7-65e1-4268-abc3-61313ae1739b tempest-LiveMigrationNegativeTest-1543415971 tempest-LiveMigrationNegativeTest-1543415971-project] 10.222.0.95 "GET /v2.0/quotas/f442e196ce3849f39ff57e9204403e2f HTTP/1.1" status: 200 len: 375 time: 0.0101414
Mar 31 22:52:27.904208 n-d-835855-2 neutron-server[109298]: DEBUG neutron_lib.callbacks.manager [req-e7d4a39e-031d-4914-85eb-48f1cfcd3bb1 req-d6386301-e32c-45f5-b639-6cc58f22c535 tempest-ServersWithSpecificFlavorTestJSON-975033311 tempest-ServersWithSpecificFlavorTestJSON-975033311-project] Notify callbacks ['neutron.plugins.ml2.plugin.SecurityGroupServerNotifierRpcMixin._notify_sg_on_port_change-4171192', 'neutron.plugins.ml2.ovo_rpc._ObjectChangeHandler.handle_event-103659', 'neutron.api.rpc.agentnotifiers.dhcp_rpc_agent_api.DhcpAgentNotifyAPI._native_event_send_dhcp_notification-1037048', 'neutron.db.l3_dvrscheduler_db._notify_l3_agent_new_port-8793242193399'] for port, after_create {{(pid=109298) _notify_loop /usr/local/lib/python3.8/dist-packages/neutron_lib/callbacks/manager.py:192}}
Mar 31 22:52:27.929632 n-d-835855-2 neutron-server[109299]: INFO neutron.wsgi [req-3e9766a6-1ebb-46ef-bec0-c191915d952c req-c2554d3c-82fe-42d6-8a85-98f37ba80399 tempest-LiveMigrationNegativeTest-1543415971 tempest-LiveMigrationNegativeTest-1543415971-project] 10.222.0.95 "GET /v2.0/ports?tenant_id=f442e196ce3849f39ff57e9204403e2f&fields=id HTTP/1.1" status: 200 len: 210 time: 0.0316689
Mar 31 22:52:27.945774 n-d-835855-2 neutron-server[109298]: DEBUG neutron.pecan_wsgi.hooks.policy_enforcement [req-f197d707-c6a2-4203-8df5-a1a01ce81a82 req-7569cc4c-232a-426c-bb77-9f6ad0c41b48 tempest-DeleteServersAdminTestJSON-299278167 tempest-DeleteServersAdminTestJSON-299278167-project] Attributes excluded by policy engine: ['standard_attr_id', 'binding:profile', 'binding:host_id', 'binding:vif_type', 'binding:vif_details'] {{(pid=109298) _exclude_attributes_by_policy /opt/stack/neutron/neutron/pecan_wsgi/hooks/policy_enforcement.py:255}}
Mar 31 22:52:27.947383 n-d-835855-2 neutron-server[109298]: INFO neutron.wsgi [req-f197d707-c6a2-4203-8df5-a1a01ce81a82 req-7569cc4c-232a-426c-bb77-9f6ad0c41b48 tempest-DeleteServersAdminTestJSON-299278167 tempest-DeleteServersAdminTestJSON-299278167-project] 10.222.0.95 "GET /v2.0/ports?device_id=be5cd746-9f27-4b47-a3ce-4acc6c08883c HTTP/1.1" status: 200 len: 948 time: 0.1641591
Mar 31 22:52:27.978249 n-d-835855-2 neutron-server[109298]: DEBUG neutron.scheduler.dhcp_agent_scheduler [req-e7d4a39e-031d-4914-85eb-48f1cfcd3bb1 req-d6386301-e32c-45f5-b639-6cc58f22c535 tempest-ServersWithSpecificFlavorTestJSON-975033311 tempest-ServersWithSpecificFlavorTestJSON-975033311-project] Network 67693356-b6f9-45ba-980b-1f2b6c1a05e1 is already hosted by enough agents. {{(pid=109298) _get_dhcp_agents_hosting_network /opt/stack/neutron/neutron/scheduler/dhcp_agent_scheduler.py:275}}
Mar 31 22:52:27.993013 n-d-835855-2 neutron-server[109298]: DEBUG neutron.scheduler.base_scheduler [req-e7d4a39e-031d-4914-85eb-48f1cfcd3bb1 req-d6386301-e32c-45f5-b639-6cc58f22c535 tempest-ServersWithSpecificFlavorTestJSON-975033311 tempest-ServersWithSpecificFlavorTestJSON-975033311-project] Resources bound (agent type, host, resource id): {{(pid=109298) schedule /opt/stack/neutron/neutron/scheduler/base_scheduler.py:57}}
Mar 31 22:52:27.995893 n-d-835855-2 neutron-server[109298]: DEBUG neutron.db.l3_dvrscheduler_db [req-e7d4a39e-031d-4914-85eb-48f1cfcd3bb1 req-d6386301-e32c-45f5-b639-6cc58f22c535 tempest-ServersWithSpecificFlavorTestJSON-975033311 tempest-ServersWithSpecificFlavorTestJSON-975033311-project] Received port after_create {{(pid=109298) _notify_l3_agent_new_port /opt/stack/neutron/neutron/db/l3_dvrscheduler_db.py:536}}
Mar 31 22:52:28.001786 n-d-835855-2 neutron-server[109298]: DEBUG neutron.pecan_wsgi.hooks.policy_enforcement [req-e7d4a39e-031d-4914-85eb-48f1cfcd3bb1 req-d6386301-e32c-45f5-b639-6cc58f22c535 tempest-ServersWithSpecificFlavorTestJSON-975033311 tempest-ServersWithSpecificFlavorTestJSON-975033311-project] Attributes excluded by policy engine: ['standard_attr_id', 'binding:profile', 'binding:host_id', 'binding:vif_type', 'binding:vif_details', 'network'] {{(pid=109298) _exclude_attributes_by_policy /opt/stack/neutron/neutron/pecan_wsgi/hooks/policy_enforcement.py:255}}
Mar 31 22:52:28.002555 n-d-835855-2 neutron-server[109298]: DEBUG neutron_lib.callbacks.manager [req-e7d4a39e-031d-4914-85eb-48f1cfcd3bb1 req-d6386301-e32c-45f5-b639-6cc58f22c535 tempest-ServersWithSpecificFlavorTestJSON-975033311 tempest-ServersWithSpecificFlavorTestJSON-975033311-project] Notify callbacks ['neutron.notifiers.nova.Notifier._send_nova_notification-16001', 'neutron.api.rpc.agentnotifiers.dhcp_rpc_agent_api.DhcpAgentNotifyAPI._send_dhcp_notification-1038098'] for port, before_response {{(pid=109298) _notify_loop /usr/local/lib/python3.8/dist-packages/neutron_lib/callbacks/manager.py:192}}
Mar 31 22:52:28.017530 n-d-835855-2 neutron-server[109298]: DEBUG neutron_lib.callbacks.manager [None req-8c97d990-c5be-4b4c-85ba-b1b1e9fd49a5 admin admin] Notify callbacks [] for security_group, before_delete {{(pid=109298) _notify_loop /usr/local/lib/python3.8/dist-packages/neutron_lib/callbacks/manager.py:192}}
Mar 31 22:52:28.033655 n-d-835855-2 neutron-server[109298]: DEBUG neutron.api.rpc.handlers.resources_rpc [None req-d6386301-e32c-45f5-b639-6cc58f22c535 tempest-ServersWithSpecificFlavorTestJSON-975033311 tempest-ServersWithSpecificFlavorTestJSON-975033311-project] Pushing event updated for resources: {'Port': ['ID=07fd73ed-04d7-4e94-b1b7-b864f771e23b,revision_number=1']} {{(pid=109298) push /opt/stack/neutron/neutron/api/rpc/handlers/resources_rpc.py:237}}
Mar 31 22:52:28.066094 n-d-835855-2 neutron-server[109298]: INFO neutron.wsgi [req-f197d707-c6a2-4203-8df5-a1a01ce81a82 req-75c930c8-7100-4998-8717-a75cb7442f20 tempest-DeleteServersAdminTestJSON-299278167 tempest-DeleteServersAdminTestJSON-299278167-project] 10.222.0.95 "GET /v2.0/security-groups?id=ebc34064-e951-43d8-bfb6-c52a5a9846fb&fields=id&fields=name HTTP/1.1" status: 200 len: 286 time: 0.1094646
Mar 31 22:52:28.084186 n-d-835855-2 neutron-server[109298]: INFO neutron.wsgi [req-e7d4a39e-031d-4914-85eb-48f1cfcd3bb1 req-d6386301-e32c-45f5-b639-6cc58f22c535 tempest-ServersWithSpecificFlavorTestJSON-975033311 tempest-ServersWithSpecificFlavorTestJSON-975033311-project] 10.222.0.60 "POST /v2.0/ports HTTP/1.1" status: 201 len: 934 time: 1.2971959
Mar 31 22:52:28.116168 n-d-835855-2 neutron-server[109298]: DEBUG neutron_lib.callbacks.manager [None req-8c97d990-c5be-4b4c-85ba-b1b1e9fd49a5 admin admin] Notify callbacks [] for security_group, precommit_delete {{(pid=109298) _notify_loop /usr/local/lib/python3.8/dist-packages/neutron_lib/callbacks/manager.py:192}}
Mar 31 22:52:28.125924 n-d-835855-2 neutron-server[109298]: DEBUG neutron.api.v2.base [req-e7d4a39e-031d-4914-85eb-48f1cfcd3bb1 req-26133947-b1a7-4a66-a8c4-6a21610beee1 service neutron] Request body: {'port': {'device_id': '06a7249a-a1fb-4b8f-b8d9-6f3216b917b3', 'device_owner': 'compute:tempest-test_az-1165543244', 'binding:host_id': 'n-h2-835855-2'}} {{(pid=109298) prepare_request_body /opt/stack/neutron/neutron/api/v2/base.py:729}}
Mar 31 22:52:28.146295 n-d-835855-2 neutron-server[109299]: INFO neutron.wsgi [req-dbdf599e-556a-4b01-8ef6-b301f954cdda req-177a8bd0-039b-4888-8010-bf50807891ad tempest-LiveMigrationNegativeTest-1543415971 tempest-LiveMigrationNegativeTest-1543415971-project] 10.222.0.95 "GET /v2.0/ports?device_id=24970206-f504-42d4-b070-4d6a06dd3aca HTTP/1.1" status: 200 len: 210 time: 0.0386972
Mar 31 22:52:28.242920 n-d-835855-2 neutron-server[109298]: DEBUG neutron_lib.callbacks.manager [None req-8c97d990-c5be-4b4c-85ba-b1b1e9fd49a5 admin admin] Notify callbacks ['neutron.plugins.ml2.ovo_rpc._ObjectChangeHandler.handle_event-990958'] for security_group, after_delete {{(pid=109298) _notify_loop /usr/local/lib/python3.8/dist-packages/neutron_lib/callbacks/manager.py:192}}
Mar 31 22:52:28.245752 n-d-835855-2 neutron-server[109298]: DEBUG neutron_lib.callbacks.manager [None req-8c97d990-c5be-4b4c-85ba-b1b1e9fd49a5 admin admin] Notify callbacks [] for security_group, before_response {{(pid=109298) _notify_loop /usr/local/lib/python3.8/dist-packages/neutron_lib/callbacks/manager.py:192}}
Mar 31 22:52:28.247188 n-d-835855-2 neutron-server[109298]: INFO neutron.wsgi [None req-8c97d990-c5be-4b4c-85ba-b1b1e9fd49a5 admin admin] 10.222.0.95 "DELETE /v2.0/security-groups/e6e299ff-9cc0-4f17-aeac-274a97e35226 HTTP/1.1" status: 204 len: 168 time: 0.4101567
Mar 31 22:52:28.257888 n-d-835855-2 neutron-server[109298]: DEBUG neutron.api.rpc.handlers.resources_rpc [None req-8c97d990-c5be-4b4c-85ba-b1b1e9fd49a5 admin admin] Pushing event deleted for resources: {'SecurityGroup': ['ID=e6e299ff-9cc0-4f17-aeac-274a97e35226,revision_number=None']} {{(pid=109298) push /opt/stack/neutron/neutron/api/rpc/handlers/resources_rpc.py:237}}
Mar 31 22:52:28.259938 n-d-835855-2 neutron-server[109298]: DEBUG neutron_lib.callbacks.manager [req-e7d4a39e-031d-4914-85eb-48f1cfcd3bb1 req-26133947-b1a7-4a66-a8c4-6a21610beee1 service neutron] Notify callbacks ['neutron.plugins.ml2.plugin.SecurityGroupDbMixin._ensure_default_security_group_handler-4171129'] for port, before_update {{(pid=109298) _notify_loop /usr/local/lib/python3.8/dist-packages/neutron_lib/callbacks/manager.py:192}}
Mar 31 22:52:28.421345 n-d-835855-2 neutron-server[109300]: DEBUG neutron.db.provisioning_blocks [None req-a9628937-7c19-444e-9d9d-4cb08dae1a0e None None] Provisioning complete for port 07fd73ed-04d7-4e94-b1b7-b864f771e23b triggered by entity DHCP. {{(pid=109300) provisioning_complete /opt/stack/neutron/neutron/db/provisioning_blocks.py:139}}
Mar 31 22:52:28.421972 n-d-835855-2 neutron-server[109300]: DEBUG neutron_lib.callbacks.manager [None req-a9628937-7c19-444e-9d9d-4cb08dae1a0e None None] Notify callbacks ['neutron.plugins.ml2.plugin.Ml2Plugin._port_provisioned-3738324'] for port, provisioning_complete {{(pid=109300) _notify_loop /usr/local/lib/python3.8/dist-packages/neutron_lib/callbacks/manager.py:192}}
Mar 31 22:52:28.430030 n-d-835855-2 neutron-server[109299]: DEBUG neutron.pecan_wsgi.hooks.policy_enforcement [req-cad21220-af3d-42dd-8b03-12d97ab646e1 req-f675e7d0-fc05-4187-b84e-b76811df7baa tempest-AggregatesAdminTestJSON-1884791737 tempest-AggregatesAdminTestJSON-1884791737-project] Attributes excluded by policy engine: ['standard_attr_id', 'binding:profile', 'binding:host_id', 'binding:vif_type', 'binding:vif_details'] {{(pid=109299) _exclude_attributes_by_policy /opt/stack/neutron/neutron/pecan_wsgi/hooks/policy_enforcement.py:255}}
Mar 31 22:52:28.441242 n-d-835855-2 neutron-server[109299]: INFO neutron.wsgi [req-cad21220-af3d-42dd-8b03-12d97ab646e1 req-f675e7d0-fc05-4187-b84e-b76811df7baa tempest-AggregatesAdminTestJSON-1884791737 tempest-AggregatesAdminTestJSON-1884791737-project] 10.222.0.95 "GET /v2.0/ports?device_id=fbbb5a0e-a64b-414c-8a79-5658eb005e83 HTTP/1.1" status: 200 len: 970 time: 0.0697351
Mar 31 22:52:28.510950 n-d-835855-2 neutron-server[109300]: DEBUG neutron.plugins.ml2.plugin [None req-a9628937-7c19-444e-9d9d-4cb08dae1a0e None None] Port 07fd73ed-04d7-4e94-b1b7-b864f771e23b cannot update to ACTIVE because it is not bound. {{(pid=109300) _port_provisioned /opt/stack/neutron/neutron/plugins/ml2/plugin.py:339}}
Mar 31 22:52:28.519654 n-d-835855-2 neutron-server[109299]: INFO neutron.wsgi [req-cad21220-af3d-42dd-8b03-12d97ab646e1 req-e1845472-e158-4b08-b5f0-7789c938525d tempest-AggregatesAdminTestJSON-1884791737 tempest-AggregatesAdminTestJSON-1884791737-project] 10.222.0.95 "GET /v2.0/security-groups?id=b9f19443-0be0-4683-b2d9-e65fba6079e1&fields=id&fields=name HTTP/1.1" status: 200 len: 286 time: 0.0771348
Mar 31 22:52:28.526425 n-d-835855-2 neutron-server[109298]: DEBUG neutron.pecan_wsgi.hooks.policy_enforcement [req-e5bb066c-3203-4d44-9b85-eaafa6269585 req-2400ac0f-e0ee-4e61-9a8e-5358a40817fd tempest-LiveMigrationTest-842523207 tempest-LiveMigrationTest-842523207-project] Attributes excluded by policy engine: ['standard_attr_id', 'binding:profile', 'binding:host_id', 'binding:vif_type', 'binding:vif_details'] {{(pid=109298) _exclude_attributes_by_policy /opt/stack/neutron/neutron/pecan_wsgi/hooks/policy_enforcement.py:255}}
Mar 31 22:52:28.534859 n-d-835855-2 neutron-server[109298]: INFO neutron.wsgi [req-e5bb066c-3203-4d44-9b85-eaafa6269585 req-2400ac0f-e0ee-4e61-9a8e-5358a40817fd tempest-LiveMigrationTest-842523207 tempest-LiveMigrationTest-842523207-project] 10.222.0.95 "GET /v2.0/ports?device_id=fac1fdb1-b78a-4c57-b94e-c0f9b6b7d050 HTTP/1.1" status: 200 len: 944 time: 0.1813617
Mar 31 22:52:28.622730 n-d-835855-2 neutron-server[109298]: INFO neutron.wsgi [req-e5bb066c-3203-4d44-9b85-eaafa6269585 req-e54e2e86-3553-40fa-9a6f-5cbaa93135ce tempest-LiveMigrationTest-842523207 tempest-LiveMigrationTest-842523207-project] 10.222.0.95 "GET /v2.0/security-groups?id=5c2ca81f-2683-4746-bf0a-f5b397ec51f0&fields=id&fields=name HTTP/1.1" status: 200 len: 286 time: 0.0818758
Mar 31 22:52:28.701690 n-d-835855-2 neutron-server[109299]: DEBUG neutron.wsgi [-] (109299) accepted ('10.222.0.95', 57186) {{(pid=109299) server /usr/local/lib/python3.8/dist-packages/eventlet/wsgi.py:982}}
Mar 31 22:52:28.717182 n-d-835855-2 neutron-server[109299]: DEBUG neutron_lib.callbacks.manager [None req-2e9a3a50-cb6e-48a1-8ebb-070c9c944009 admin admin] Notify callbacks [] for security_group, before_create {{(pid=109299) _notify_loop /usr/local/lib/python3.8/dist-packages/neutron_lib/callbacks/manager.py:192}}
Mar 31 22:52:28.728320 n-d-835855-2 neutron-server[109298]: DEBUG neutron.notifiers.nova [req-e7d4a39e-031d-4914-85eb-48f1cfcd3bb1 req-26133947-b1a7-4a66-a8c4-6a21610beee1 service neutron] Ignoring state change previous_port_status: DOWN current_port_status: DOWN port_id 07fd73ed-04d7-4e94-b1b7-b864f771e23b {{(pid=109298) record_port_status_changed /opt/stack/neutron/neutron/notifiers/nova.py:233}}
Mar 31 22:52:28.746322 n-d-835855-2 neutron-server[109298]: DEBUG neutron_lib.callbacks.manager [req-e7d4a39e-031d-4914-85eb-48f1cfcd3bb1 req-26133947-b1a7-4a66-a8c4-6a21610beee1 service neutron] Notify callbacks [] for port, precommit_update {{(pid=109298) _notify_loop /usr/local/lib/python3.8/dist-packages/neutron_lib/callbacks/manager.py:192}}
Mar 31 22:52:28.768963 n-d-835855-2 neutron-server[109298]: DEBUG neutron.db.provisioning_blocks [req-e7d4a39e-031d-4914-85eb-48f1cfcd3bb1 req-26133947-b1a7-4a66-a8c4-6a21610beee1 service neutron] Transition to ACTIVE for port object 07fd73ed-04d7-4e94-b1b7-b864f771e23b will not be triggered until provisioned by entity L2. {{(pid=109298) add_provisioning_component /opt/stack/neutron/neutron/db/provisioning_blocks.py:73}}
Mar 31 22:52:28.775464 n-d-835855-2 neutron-server[109298]: DEBUG neutron_lib.callbacks.manager [req-e7d4a39e-031d-4914-85eb-48f1cfcd3bb1 req-26133947-b1a7-4a66-a8c4-6a21610beee1 service neutron] Notify callbacks ['neutron.plugins.ml2.plugin.SecurityGroupServerNotifierRpcMixin._notify_sg_on_port_change-4171192', 'neutron.plugins.ml2.ovo_rpc._ObjectChangeHandler.handle_event-103659', 'neutron.api.rpc.agentnotifiers.dhcp_rpc_agent_api.DhcpAgentNotifyAPI._native_event_send_dhcp_notification-1037048', 'neutron.db.l3_db.L3RpcNotifierMixin._notify_gateway_port_ip_changed-8793242732207', 'neutron.db.l3_dvrscheduler_db._notify_l3_agent_port_update-8793242193390', 'neutron.db.l3_hascheduler_db._notify_l3_agent_ha_port_update-8793242193318'] for port, after_update {{(pid=109298) _notify_loop /usr/local/lib/python3.8/dist-packages/neutron_lib/callbacks/manager.py:192}}
Mar 31 22:52:28.852677 n-d-835855-2 neutron-server[109298]: DEBUG neutron.api.rpc.handlers.resources_rpc [None req-26133947-b1a7-4a66-a8c4-6a21610beee1 service neutron] Pushing event updated for resources: {'Port': ['ID=07fd73ed-04d7-4e94-b1b7-b864f771e23b,revision_number=2']} {{(pid=109298) push /opt/stack/neutron/neutron/api/rpc/handlers/resources_rpc.py:237}}
Mar 31 22:52:28.856989 n-d-835855-2 neutron-server[109299]: DEBUG neutron.pecan_wsgi.hooks.policy_enforcement [req-fe778d90-a48d-4dd2-a82d-ebbf2b36985c req-15e3ad9c-9ca4-4427-9a7e-b0f2143e69ae tempest-ServersWithSpecificFlavorTestJSON-975033311 tempest-ServersWithSpecificFlavorTestJSON-975033311-project] Attributes excluded by policy engine: ['standard_attr_id', 'binding:profile', 'binding:host_id', 'binding:vif_type', 'binding:vif_details'] {{(pid=109299) _exclude_attributes_by_policy /opt/stack/neutron/neutron/pecan_wsgi/hooks/policy_enforcement.py:255}}
Mar 31 22:52:28.859389 n-d-835855-2 neutron-server[109299]: INFO neutron.wsgi [req-fe778d90-a48d-4dd2-a82d-ebbf2b36985c req-15e3ad9c-9ca4-4427-9a7e-b0f2143e69ae tempest-ServersWithSpecificFlavorTestJSON-975033311 tempest-ServersWithSpecificFlavorTestJSON-975033311-project] 10.222.0.95 "GET /v2.0/ports?device_id=06a7249a-a1fb-4b8f-b8d9-6f3216b917b3 HTTP/1.1" status: 200 len: 966 time: 0.0774391
Mar 31 22:52:28.860755 n-d-835855-2 neutron-server[109299]: DEBUG neutron_lib.callbacks.manager [None req-2e9a3a50-cb6e-48a1-8ebb-070c9c944009 admin admin] Notify callbacks [] for security_group, precommit_create {{(pid=109299) _notify_loop /usr/local/lib/python3.8/dist-packages/neutron_lib/callbacks/manager.py:192}}
Mar 31 22:52:28.886820 n-d-835855-2 neutron-server[109299]: DEBUG neutron_lib.callbacks.manager [None req-2e9a3a50-cb6e-48a1-8ebb-070c9c944009 admin admin] Notify callbacks ['neutron.plugins.ml2.ovo_rpc._ObjectChangeHandler.handle_event-990958'] for security_group, after_create {{(pid=109299) _notify_loop /usr/local/lib/python3.8/dist-packages/neutron_lib/callbacks/manager.py:192}}
Mar 31 22:52:28.888351 n-d-835855-2 neutron-server[109298]: DEBUG neutron.plugins.ml2.managers [req-e7d4a39e-031d-4914-85eb-48f1cfcd3bb1 req-26133947-b1a7-4a66-a8c4-6a21610beee1 service neutron] Attempting to bind port 07fd73ed-04d7-4e94-b1b7-b864f771e23b on host n-h2-835855-2 for vnic_type normal with profile {{(pid=109298) bind_port /opt/stack/neutron/neutron/plugins/ml2/managers.py:790}}
Mar 31 22:52:28.888691 n-d-835855-2 neutron-server[109298]: DEBUG neutron.plugins.ml2.managers [req-e7d4a39e-031d-4914-85eb-48f1cfcd3bb1 req-26133947-b1a7-4a66-a8c4-6a21610beee1 service neutron] Attempting to bind port 07fd73ed-04d7-4e94-b1b7-b864f771e23b by drivers openvswitch,hyperv on host n-h2-835855-2 at level 0 using segments [{'id': '97e1eb03-4deb-4b56-af3d-412bab7bf9ac', 'network_type': 'vlan', 'physical_network': 'physnet1', 'segmentation_id': 1257, 'network_id': '67693356-b6f9-45ba-980b-1f2b6c1a05e1'}] {{(pid=109298) _bind_port_level /opt/stack/neutron/neutron/plugins/ml2/managers.py:815}}
Mar 31 22:52:28.889019 n-d-835855-2 neutron-server[109298]: DEBUG neutron.plugins.ml2.drivers.mech_agent [req-e7d4a39e-031d-4914-85eb-48f1cfcd3bb1 req-26133947-b1a7-4a66-a8c4-6a21610beee1 service neutron] Attempting to bind port 07fd73ed-04d7-4e94-b1b7-b864f771e23b on network 67693356-b6f9-45ba-980b-1f2b6c1a05e1 {{(pid=109298) bind_port /opt/stack/neutron/neutron/plugins/ml2/drivers/mech_agent.py:91}}
Mar 31 22:52:28.894474 n-d-835855-2 neutron-server[109298]: DEBUG neutron.plugins.ml2.drivers.mech_agent [req-e7d4a39e-031d-4914-85eb-48f1cfcd3bb1 req-26133947-b1a7-4a66-a8c4-6a21610beee1 service neutron] Port 07fd73ed-04d7-4e94-b1b7-b864f771e23b on network 67693356-b6f9-45ba-980b-1f2b6c1a05e1 not bound, no agent of type Open vSwitch agent registered on host n-h2-835855-2 {{(pid=109298) bind_port /opt/stack/neutron/neutron/plugins/ml2/drivers/mech_agent.py:103}}
Mar 31 22:52:28.895093 n-d-835855-2 neutron-server[109298]: DEBUG neutron.plugins.ml2.drivers.mech_agent [req-e7d4a39e-031d-4914-85eb-48f1cfcd3bb1 req-26133947-b1a7-4a66-a8c4-6a21610beee1 service neutron] Attempting to bind port 07fd73ed-04d7-4e94-b1b7-b864f771e23b on network 67693356-b6f9-45ba-980b-1f2b6c1a05e1 {{(pid=109298) bind_port /opt/stack/neutron/neutron/plugins/ml2/drivers/mech_agent.py:91}}
Mar 31 22:52:28.901611 n-d-835855-2 neutron-server[109298]: DEBUG neutron.plugins.ml2.drivers.mech_agent [req-e7d4a39e-031d-4914-85eb-48f1cfcd3bb1 req-26133947-b1a7-4a66-a8c4-6a21610beee1 service neutron] Checking agent: {'id': '3edc5a29-7105-44e6-aa28-618a574d72d3', 'agent_type': 'HyperV agent', 'binary': 'neutron-hyperv-agent', 'topic': 'N/A', 'host': 'n-h2-835855-2', 'admin_state_up': True, 'created_at': datetime.datetime(2022, 3, 31, 22, 48, 51), 'started_at': datetime.datetime(2022, 3, 31, 22, 48, 51), 'heartbeat_timestamp': datetime.datetime(2022, 3, 31, 22, 52, 21), 'description': None, 'resources_synced': None, 'availability_zone': None, 'alive': True, 'configurations': {'vswitch_mappings': {'physnet1$': 'br-data'}}, 'resource_versions': {}} {{(pid=109298) bind_port /opt/stack/neutron/neutron/plugins/ml2/drivers/mech_agent.py:110}}
Mar 31 22:52:28.901933 n-d-835855-2 neutron-server[109298]: DEBUG neutron.plugins.ml2.drivers.mech_agent [req-e7d4a39e-031d-4914-85eb-48f1cfcd3bb1 req-26133947-b1a7-4a66-a8c4-6a21610beee1 service neutron] Checking segment: {'id': '97e1eb03-4deb-4b56-af3d-412bab7bf9ac', 'network_type': 'vlan', 'physical_network': 'physnet1', 'segmentation_id': 1257, 'network_id': '67693356-b6f9-45ba-980b-1f2b6c1a05e1'} for mappings: {'physnet1$': 'br-data'} with network types: ['local', 'flat', 'vlan'] {{(pid=109298) check_segment_for_agent /opt/stack/neutron/neutron/plugins/ml2/drivers/mech_agent.py:360}}
Mar 31 22:52:28.902669 n-d-835855-2 neutron-server[109298]: DEBUG neutron.plugins.ml2.drivers.mech_agent [req-e7d4a39e-031d-4914-85eb-48f1cfcd3bb1 req-26133947-b1a7-4a66-a8c4-6a21610beee1 service neutron] Bound using segment: {'id': '97e1eb03-4deb-4b56-af3d-412bab7bf9ac', 'network_type': 'vlan', 'physical_network': 'physnet1', 'segmentation_id': 1257, 'network_id': '67693356-b6f9-45ba-980b-1f2b6c1a05e1'} {{(pid=109298) bind_port /opt/stack/neutron/neutron/plugins/ml2/drivers/mech_agent.py:120}}
Mar 31 22:52:28.902782 n-d-835855-2 neutron-server[109298]: DEBUG neutron.plugins.ml2.managers [req-e7d4a39e-031d-4914-85eb-48f1cfcd3bb1 req-26133947-b1a7-4a66-a8c4-6a21610beee1 service neutron] Bound port: 07fd73ed-04d7-4e94-b1b7-b864f771e23b, host: n-h2-835855-2, vif_type: hyperv, vif_details: {"connectivity": "legacy", "port_filter": false}, binding_levels: [{'bound_driver': 'hyperv', 'bound_segment': {'id': '97e1eb03-4deb-4b56-af3d-412bab7bf9ac', 'network_type': 'vlan', 'physical_network': 'physnet1', 'segmentation_id': 1257, 'network_id': '67693356-b6f9-45ba-980b-1f2b6c1a05e1'}}] {{(pid=109298) _bind_port_level /opt/stack/neutron/neutron/plugins/ml2/managers.py:928}}
Mar 31 22:52:28.903633 n-d-835855-2 neutron-server[109298]: DEBUG neutron_lib.callbacks.manager [req-e7d4a39e-031d-4914-85eb-48f1cfcd3bb1 req-26133947-b1a7-4a66-a8c4-6a21610beee1 service neutron] Notify callbacks ['neutron.plugins.ml2.plugin.SecurityGroupDbMixin._ensure_default_security_group_handler-4171129'] for port, before_update {{(pid=109298) _notify_loop /usr/local/lib/python3.8/dist-packages/neutron_lib/callbacks/manager.py:192}}
Mar 31 22:52:28.987122 n-d-835855-2 neutron-server[109298]: DEBUG neutron.plugins.ml2.db [req-e7d4a39e-031d-4914-85eb-48f1cfcd3bb1 req-26133947-b1a7-4a66-a8c4-6a21610beee1 service neutron] For port 07fd73ed-04d7-4e94-b1b7-b864f771e23b, host n-h2-835855-2, cleared binding levels {{(pid=109298) clear_binding_levels /opt/stack/neutron/neutron/plugins/ml2/db.py:87}}
Mar 31 22:52:28.992003 n-d-835855-2 neutron-server[109298]: DEBUG neutron.plugins.ml2.db [req-e7d4a39e-031d-4914-85eb-48f1cfcd3bb1 req-26133947-b1a7-4a66-a8c4-6a21610beee1 service neutron] For port 07fd73ed-04d7-4e94-b1b7-b864f771e23b, host n-h2-835855-2, set binding levels [PortBindingLevel(driver='hyperv',host='n-h2-835855-2',level=0,port_id=07fd73ed-04d7-4e94-b1b7-b864f771e23b,segment=NetworkSegment(97e1eb03-4deb-4b56-af3d-412bab7bf9ac),segment_id=97e1eb03-4deb-4b56-af3d-412bab7bf9ac)] {{(pid=109298) set_binding_levels /opt/stack/neutron/neutron/plugins/ml2/db.py:59}}
Mar 31 22:52:28.993818 n-d-835855-2 neutron-server[109299]: DEBUG neutron.api.rpc.handlers.resources_rpc [None req-2e9a3a50-cb6e-48a1-8ebb-070c9c944009 admin admin] Pushing event updated for resources: {'SecurityGroup': ['ID=dadd7eb4-2943-4c12-9cc3-a7d71d81bb2b,revision_number=1']} {{(pid=109299) push /opt/stack/neutron/neutron/api/rpc/handlers/resources_rpc.py:237}}
Mar 31 22:52:29.000165 n-d-835855-2 neutron-server[109298]: DEBUG neutron_lib.callbacks.manager [req-e7d4a39e-031d-4914-85eb-48f1cfcd3bb1 req-26133947-b1a7-4a66-a8c4-6a21610beee1 service neutron] Notify callbacks ['neutron.plugins.ml2.plugin.SecurityGroupServerNotifierRpcMixin._notify_sg_on_port_change-4171192', 'neutron.plugins.ml2.ovo_rpc._ObjectChangeHandler.handle_event-103659', 'neutron.api.rpc.agentnotifiers.dhcp_rpc_agent_api.DhcpAgentNotifyAPI._native_event_send_dhcp_notification-1037048', 'neutron.db.l3_db.L3RpcNotifierMixin._notify_gateway_port_ip_changed-8793242732207', 'neutron.db.l3_dvrscheduler_db._notify_l3_agent_port_update-8793242193390', 'neutron.db.l3_hascheduler_db._notify_l3_agent_ha_port_update-8793242193318'] for port, after_update {{(pid=109298) _notify_loop /usr/local/lib/python3.8/dist-packages/neutron_lib/callbacks/manager.py:192}}
Mar 31 22:52:29.004270 n-d-835855-2 neutron-server[109299]: INFO neutron.wsgi [None req-2e9a3a50-cb6e-48a1-8ebb-070c9c944009 admin admin] 10.222.0.95 "GET /v2.0/security-groups?tenant_id=554c34b405fb438e8c8094f2999060e3&name=default HTTP/1.1" status: 200 len: 2979 time: 0.2986784
Mar 31 22:52:29.004890 n-d-835855-2 neutron-server[109299]: DEBUG neutron.wsgi [-] (109299) accepted ('10.222.0.95', 57194) {{(pid=109299) server /usr/local/lib/python3.8/dist-packages/eventlet/wsgi.py:982}}
Mar 31 22:52:29.015466 n-d-835855-2 neutron-server[109299]: INFO neutron.wsgi [req-fe778d90-a48d-4dd2-a82d-ebbf2b36985c req-5630627a-c1d1-4186-9bc6-c907155d89ba tempest-ServersWithSpecificFlavorTestJSON-975033311 tempest-ServersWithSpecificFlavorTestJSON-975033311-project] 10.222.0.95 "GET /v2.0/security-groups?id=ad3b8f97-1e2f-406a-913e-fe71b783f627&fields=id&fields=name HTTP/1.1" status: 200 len: 313 time: 0.1372855
Mar 31 22:52:29.059731 n-d-835855-2 neutron-server[109298]: DEBUG neutron.pecan_wsgi.hooks.policy_enforcement [req-e7d4a39e-031d-4914-85eb-48f1cfcd3bb1 req-26133947-b1a7-4a66-a8c4-6a21610beee1 service neutron] Attributes excluded by policy engine: ['standard_attr_id'] {{(pid=109298) _exclude_attributes_by_policy /opt/stack/neutron/neutron/pecan_wsgi/hooks/policy_enforcement.py:255}}
Mar 31 22:52:29.060484 n-d-835855-2 neutron-server[109298]: DEBUG neutron_lib.callbacks.manager [req-e7d4a39e-031d-4914-85eb-48f1cfcd3bb1 req-26133947-b1a7-4a66-a8c4-6a21610beee1 service neutron] Notify callbacks ['neutron.notifiers.nova.Notifier._send_nova_notification-16001', 'neutron.api.rpc.agentnotifiers.dhcp_rpc_agent_api.DhcpAgentNotifyAPI._send_dhcp_notification-1038098'] for port, before_response {{(pid=109298) _notify_loop /usr/local/lib/python3.8/dist-packages/neutron_lib/callbacks/manager.py:192}}
Mar 31 22:52:29.062573 n-d-835855-2 neutron-server[109298]: INFO neutron.wsgi [req-e7d4a39e-031d-4914-85eb-48f1cfcd3bb1 req-26133947-b1a7-4a66-a8c4-6a21610beee1 service neutron] 10.222.0.60 "PUT /v2.0/ports/07fd73ed-04d7-4e94-b1b7-b864f771e23b HTTP/1.1" status: 200 len: 1114 time: 0.9604943
Mar 31 22:52:29.067126 n-d-835855-2 neutron-server[109298]: DEBUG neutron.notifiers.nova [-] Sending events: [{'name': 'network-changed', 'server_uuid': '06a7249a-a1fb-4b8f-b8d9-6f3216b917b3', 'tag': '07fd73ed-04d7-4e94-b1b7-b864f771e23b'}] {{(pid=109298) send_events /opt/stack/neutron/neutron/notifiers/nova.py:271}}
Mar 31 22:52:29.070422 n-d-835855-2 neutron-server[109298]: DEBUG novaclient.v2.client [-] REQ: curl -g -i --cacert "/opt/stack/data/ca-bundle.pem" -X POST http://10.222.0.95/compute/v2.1/os-server-external-events -H "Accept: application/json" -H "Content-Type: application/json" -H "User-Agent: python-novaclient" -H "X-Auth-Token: {SHA256}e53d1ce051a6cb2555612304e244e1aa9522e8b649e8e52c86e4ad66ce345016" -H "X-OpenStack-Nova-API-Version: 2.1" -H "X-OpenStack-Request-ID: req-3562f4fd-ad9a-484d-8591-0e3295eb8e6f" -d '{"events": [{"name": "network-changed", "server_uuid": "06a7249a-a1fb-4b8f-b8d9-6f3216b917b3", "tag": "07fd73ed-04d7-4e94-b1b7-b864f771e23b"}]}' {{(pid=109298) _http_log_request /usr/local/lib/python3.8/dist-packages/keystoneauth1/session.py:519}}
Mar 31 22:52:29.088027 n-d-835855-2 neutron-server[109299]: DEBUG neutron_lib.callbacks.manager [None req-51de5aab-0506-4f9e-904b-3efe29cc9ec3 admin admin] Notify callbacks [] for security_group, before_delete {{(pid=109299) _notify_loop /usr/local/lib/python3.8/dist-packages/neutron_lib/callbacks/manager.py:192}}
Mar 31 22:52:29.128013 n-d-835855-2 neutron-server[109298]: DEBUG neutron.api.rpc.handlers.resources_rpc [None req-26133947-b1a7-4a66-a8c4-6a21610beee1 service neutron] Pushing event updated for resources: {'Port': ['ID=07fd73ed-04d7-4e94-b1b7-b864f771e23b,revision_number=3']} {{(pid=109298) push /opt/stack/neutron/neutron/api/rpc/handlers/resources_rpc.py:237}}
Mar 31 22:52:29.150103 n-d-835855-2 neutron-server[109298]: DEBUG novaclient.v2.client [-] RESP: [200] Connection: close Content-Length: 179 Content-Type: application/json Date: Thu, 31 Mar 2022 22:52:29 GMT OpenStack-API-Version: compute 2.1 Server: Apache/2.4.41 (Ubuntu) Vary: OpenStack-API-Version,X-OpenStack-Nova-API-Version X-OpenStack-Nova-API-Version: 2.1 x-compute-request-id: req-3abf03b7-36b6-4082-a8e3-1e52e278cb78 x-openstack-request-id: req-3abf03b7-36b6-4082-a8e3-1e52e278cb78 {{(pid=109298) _http_log_response /usr/local/lib/python3.8/dist-packages/keystoneauth1/session.py:550}}
Mar 31 22:52:29.150348 n-d-835855-2 neutron-server[109298]: DEBUG novaclient.v2.client [-] RESP BODY: {"events": [{"name": "network-changed", "server_uuid": "06a7249a-a1fb-4b8f-b8d9-6f3216b917b3", "tag": "07fd73ed-04d7-4e94-b1b7-b864f771e23b", "status": "completed", "code": 200}]} {{(pid=109298) _http_log_response /usr/local/lib/python3.8/dist-packages/keystoneauth1/session.py:582}}
Mar 31 22:52:29.150603 n-d-835855-2 neutron-server[109298]: DEBUG novaclient.v2.client [-] POST call to compute for http://10.222.0.95/compute/v2.1/os-server-external-events used request id req-3abf03b7-36b6-4082-a8e3-1e52e278cb78 {{(pid=109298) request /usr/local/lib/python3.8/dist-packages/keystoneauth1/session.py:954}}
Mar 31 22:52:29.150999 n-d-835855-2 neutron-server[109298]: INFO neutron.notifiers.nova [-] Nova event matching ['req-3abf03b7-36b6-4082-a8e3-1e52e278cb78'] response: {'name': 'network-changed', 'server_uuid': '06a7249a-a1fb-4b8f-b8d9-6f3216b917b3', 'tag': '07fd73ed-04d7-4e94-b1b7-b864f771e23b', 'status': 'completed', 'code': 200}
Mar 31 22:52:29.152678 n-d-835855-2 neutron-server[109299]: DEBUG neutron_lib.callbacks.manager [None req-51de5aab-0506-4f9e-904b-3efe29cc9ec3 admin admin] Notify callbacks [] for security_group, precommit_delete {{(pid=109299) _notify_loop /usr/local/lib/python3.8/dist-packages/neutron_lib/callbacks/manager.py:192}}
Mar 31 22:52:29.196012 n-d-835855-2 neutron-server[109298]: DEBUG neutron.pecan_wsgi.hooks.policy_enforcement [req-e7d4a39e-031d-4914-85eb-48f1cfcd3bb1 req-1fd8f0d6-cdd5-49f4-98ef-2fea8ce00c5b service neutron] Attributes excluded by policy engine: ['standard_attr_id'] {{(pid=109298) _exclude_attributes_by_policy /opt/stack/neutron/neutron/pecan_wsgi/hooks/policy_enforcement.py:255}}
Mar 31 22:52:29.197799 n-d-835855-2 neutron-server[109298]: INFO neutron.wsgi [req-e7d4a39e-031d-4914-85eb-48f1cfcd3bb1 req-1fd8f0d6-cdd5-49f4-98ef-2fea8ce00c5b service neutron] 10.222.0.60 "GET /v2.0/ports?tenant_id=454f7aa6ace740cebf12b658cd1b17de&device_id=06a7249a-a1fb-4b8f-b8d9-6f3216b917b3 HTTP/1.1" status: 200 len: 1117 time: 0.0496206
Mar 31 22:52:29.250282 n-d-835855-2 neutron-server[109299]: DEBUG neutron_lib.callbacks.manager [None req-51de5aab-0506-4f9e-904b-3efe29cc9ec3 admin admin] Notify callbacks ['neutron.plugins.ml2.ovo_rpc._ObjectChangeHandler.handle_event-990958'] for security_group, after_delete {{(pid=109299) _notify_loop /usr/local/lib/python3.8/dist-packages/neutron_lib/callbacks/manager.py:192}}
Mar 31 22:52:29.253197 n-d-835855-2 neutron-server[109299]: DEBUG neutron_lib.callbacks.manager [None req-51de5aab-0506-4f9e-904b-3efe29cc9ec3 admin admin] Notify callbacks [] for security_group, before_response {{(pid=109299) _notify_loop /usr/local/lib/python3.8/dist-packages/neutron_lib/callbacks/manager.py:192}}
Mar 31 22:52:29.257349 n-d-835855-2 neutron-server[109299]: INFO neutron.wsgi [None req-51de5aab-0506-4f9e-904b-3efe29cc9ec3 admin admin] 10.222.0.95 "DELETE /v2.0/security-groups/dadd7eb4-2943-4c12-9cc3-a7d71d81bb2b HTTP/1.1" status: 204 len: 168 time: 0.2503705
Mar 31 22:52:29.264119 n-d-835855-2 neutron-server[109298]: INFO neutron.wsgi [req-e7d4a39e-031d-4914-85eb-48f1cfcd3bb1 req-4f248540-06c9-45ba-9075-f726377359a5 service neutron] 10.222.0.60 "GET /v2.0/floatingips?fixed_ip_address=172.20.0.12&port_id=07fd73ed-04d7-4e94-b1b7-b864f771e23b HTTP/1.1" status: 200 len: 217 time: 0.0554953
Mar 31 22:52:29.277857 n-d-835855-2 neutron-server[109299]: DEBUG neutron.api.rpc.handlers.resources_rpc [None req-51de5aab-0506-4f9e-904b-3efe29cc9ec3 admin admin] Pushing event deleted for resources: {'SecurityGroup': ['ID=dadd7eb4-2943-4c12-9cc3-a7d71d81bb2b,revision_number=None']} {{(pid=109299) push /opt/stack/neutron/neutron/api/rpc/handlers/resources_rpc.py:237}}
Mar 31 22:52:29.324109 n-d-835855-2 neutron-server[109299]: DEBUG neutron.pecan_wsgi.hooks.policy_enforcement [req-a471583c-54af-4ec6-9d00-a260f763ef65 req-6265601f-5647-4c22-87e0-1d7810d94b72 tempest-DeleteServersAdminTestJSON-299278167 tempest-DeleteServersAdminTestJSON-299278167-project] Attributes excluded by policy engine: ['standard_attr_id', 'binding:profile', 'binding:host_id', 'binding:vif_type', 'binding:vif_details'] {{(pid=109299) _exclude_attributes_by_policy /opt/stack/neutron/neutron/pecan_wsgi/hooks/policy_enforcement.py:255}}
Mar 31 22:52:29.326693 n-d-835855-2 neutron-server[109299]: INFO neutron.wsgi [req-a471583c-54af-4ec6-9d00-a260f763ef65 req-6265601f-5647-4c22-87e0-1d7810d94b72 tempest-DeleteServersAdminTestJSON-299278167 tempest-DeleteServersAdminTestJSON-299278167-project] 10.222.0.95 "GET /v2.0/ports?device_id=be5cd746-9f27-4b47-a3ce-4acc6c08883c HTTP/1.1" status: 200 len: 948 time: 0.1231298
Mar 31 22:52:29.412000 n-d-835855-2 neutron-server[109299]: INFO neutron.wsgi [req-a471583c-54af-4ec6-9d00-a260f763ef65 req-0f550b7d-abab-41a2-ab12-73ecb94d0871 tempest-DeleteServersAdminTestJSON-299278167 tempest-DeleteServersAdminTestJSON-299278167-project] 10.222.0.95 "GET /v2.0/security-groups?id=ebc34064-e951-43d8-bfb6-c52a5a9846fb&fields=id&fields=name HTTP/1.1" status: 200 len: 286 time: 0.0719039
Mar 31 22:52:29.412608 n-d-835855-2 neutron-server[109298]: INFO neutron.wsgi [req-eaa3627c-21c6-44ce-ad4f-3378ed850892 req-b6da09f0-a7f1-4784-ba55-107d27ccc6e1 tempest-LiveMigrationNegativeTest-1543415971 tempest-LiveMigrationNegativeTest-1543415971-project] 10.222.0.95 "GET /v2.0/ports?device_id=24970206-f504-42d4-b070-4d6a06dd3aca HTTP/1.1" status: 200 len: 210 time: 0.1426103
Mar 31 22:52:29.435786 n-d-835855-2 neutron-server[109298]: DEBUG neutron.wsgi [-] (109298) accepted ('10.222.0.60', 62418) {{(pid=109298) server /usr/local/lib/python3.8/dist-packages/eventlet/wsgi.py:982}}
Mar 31 22:52:29.461426 n-d-835855-2 neutron-server[109300]: DEBUG neutron.plugins.ml2.rpc [None req-348b8625-4f61-43db-98d3-c61d0c3204d0 None None] Device 120fddc0-38cb-4fd3-8e64-aa451645aebd details requested by agent hyperv_n-h2-835855-2 with host n-h2-835855-2 {{(pid=109300) get_device_details /opt/stack/neutron/neutron/plugins/ml2/rpc.py:102}}
Mar 31 22:52:29.463518 n-d-835855-2 neutron-server[109298]: DEBUG neutron.pecan_wsgi.hooks.policy_enforcement [req-e7d4a39e-031d-4914-85eb-48f1cfcd3bb1 req-395e5860-0e8d-499c-8f94-95b09f0fdf2e service neutron] Attributes excluded by policy engine: ['standard_attr_id', 'shared'] {{(pid=109298) _exclude_attributes_by_policy /opt/stack/neutron/neutron/pecan_wsgi/hooks/policy_enforcement.py:255}}
Mar 31 22:52:29.465212 n-d-835855-2 neutron-server[109298]: INFO neutron.wsgi [req-e7d4a39e-031d-4914-85eb-48f1cfcd3bb1 req-395e5860-0e8d-499c-8f94-95b09f0fdf2e service neutron] 10.222.0.60 "GET /v2.0/subnets?id=dc9a3803-2455-4119-ab29-27ea53b67936 HTTP/1.1" status: 200 len: 863 time: 0.1798415
Mar 31 22:52:29.467708 n-d-835855-2 neutron-server[109298]: INFO neutron.wsgi [req-3e9766a6-1ebb-46ef-bec0-c191915d952c req-82c3a1cf-8b3d-4171-9766-1901ee37d58c tempest-LiveMigrationNegativeTest-1543415971 tempest-LiveMigrationNegativeTest-1543415971-project] 10.222.0.60 "GET /v2.0/networks?tenant_id=f442e196ce3849f39ff57e9204403e2f&shared=False HTTP/1.1" status: 200 len: 213 time: 0.0291488
Mar 31 22:52:29.615524 n-d-835855-2 neutron-server[109298]: DEBUG neutron.pecan_wsgi.hooks.policy_enforcement [req-e7d4a39e-031d-4914-85eb-48f1cfcd3bb1 req-b18cd688-f625-4fbe-ac22-af1767b08d79 service neutron] Attributes excluded by policy engine: ['standard_attr_id'] {{(pid=109298) _exclude_attributes_by_policy /opt/stack/neutron/neutron/pecan_wsgi/hooks/policy_enforcement.py:255}}
Mar 31 22:52:29.617219 n-d-835855-2 neutron-server[109298]: INFO neutron.wsgi [req-e7d4a39e-031d-4914-85eb-48f1cfcd3bb1 req-b18cd688-f625-4fbe-ac22-af1767b08d79 service neutron] 10.222.0.60 "GET /v2.0/ports?network_id=67693356-b6f9-45ba-980b-1f2b6c1a05e1&device_owner=network%3Adhcp HTTP/1.1" status: 200 len: 1163 time: 0.1386843
Mar 31 22:52:29.629383 n-d-835855-2 neutron-server[109300]: DEBUG neutron.plugins.ml2.db [None req-348b8625-4f61-43db-98d3-c61d0c3204d0 None None] For port 120fddc0-38cb-4fd3-8e64-aa451645aebd, host n-h2-835855-2, got binding levels [PortBindingLevel(driver='hyperv',host='n-h2-835855-2',level=0,port_id=120fddc0-38cb-4fd3-8e64-aa451645aebd,segment=NetworkSegment(81e13abc-30e6-47d7-b520-36896ab04800),segment_id=81e13abc-30e6-47d7-b520-36896ab04800)] {{(pid=109300) get_binding_level_objs /opt/stack/neutron/neutron/plugins/ml2/db.py:74}}
Mar 31 22:52:29.665919 n-d-835855-2 neutron-server[109300]: DEBUG neutron.plugins.ml2.rpc [None req-348b8625-4f61-43db-98d3-c61d0c3204d0 None None] Returning: {'device': '120fddc0-38cb-4fd3-8e64-aa451645aebd', 'network_id': 'fce2bcf3-c252-40f1-ba0a-22fd89ecd0a0', 'port_id': '120fddc0-38cb-4fd3-8e64-aa451645aebd', 'mac_address': 'fa:16:3e:13:3f:b1', 'admin_state_up': True, 'network_type': 'vlan', 'segmentation_id': 1250, 'physical_network': 'physnet1', 'mtu': 1500, 'fixed_ips': [{'subnet_id': '567bb7a5-2b2a-46be-bb94-16f2393a76f7', 'ip_address': '192.168.233.179'}], 'device_owner': 'compute:tempest-test_az-1165543244', 'allowed_address_pairs': [], 'port_security_enabled': True, 'qos_policy_id': None, 'network_qos_policy_id': None, 'profile': {}, 'propagate_uplink_status': False} {{(pid=109300) _get_device_details /opt/stack/neutron/neutron/plugins/ml2/rpc.py:184}}
Mar 31 22:52:29.703328 n-d-835855-2 neutron-server[109298]: DEBUG neutron.pecan_wsgi.hooks.policy_enforcement [req-3e9766a6-1ebb-46ef-bec0-c191915d952c req-944fd465-d39b-4aca-8110-929ffbbfc43a tempest-LiveMigrationNegativeTest-1543415971 tempest-LiveMigrationNegativeTest-1543415971-project] Attributes excluded by policy engine: ['standard_attr_id', 'vlan_transparent', 'provider:network_type', 'provider:physical_network', 'provider:segmentation_id'] {{(pid=109298) _exclude_attributes_by_policy /opt/stack/neutron/neutron/pecan_wsgi/hooks/policy_enforcement.py:255}}
Mar 31 22:52:29.704636 n-d-835855-2 neutron-server[109298]: INFO neutron.wsgi [req-3e9766a6-1ebb-46ef-bec0-c191915d952c req-944fd465-d39b-4aca-8110-929ffbbfc43a tempest-LiveMigrationNegativeTest-1543415971 tempest-LiveMigrationNegativeTest-1543415971-project] 10.222.0.60 "GET /v2.0/networks?shared=True HTTP/1.1" status: 200 len: 769 time: 0.2278843
Mar 31 22:52:29.710943 n-d-835855-2 neutron-server[109300]: DEBUG neutron_lib.callbacks.manager [None req-348b8625-4f61-43db-98d3-c61d0c3204d0 None None] Notify callbacks ['neutron.plugins.ml2.plugin.SecurityGroupDbMixin._ensure_default_security_group_handler-4171129'] for port, before_update {{(pid=109300) _notify_loop /usr/local/lib/python3.8/dist-packages/neutron_lib/callbacks/manager.py:192}}
Mar 31 22:52:29.724751 n-d-835855-2 neutron-server[109300]: DEBUG neutron.notifiers.nova [None req-348b8625-4f61-43db-98d3-c61d0c3204d0 None None] Ignoring state change previous_port_status: DOWN current_port_status: BUILD port_id 120fddc0-38cb-4fd3-8e64-aa451645aebd {{(pid=109300) record_port_status_changed /opt/stack/neutron/neutron/notifiers/nova.py:233}}
Mar 31 22:52:29.762074 n-d-835855-2 neutron-server[109300]: DEBUG neutron.plugins.ml2.db [None req-348b8625-4f61-43db-98d3-c61d0c3204d0 None None] For port 120fddc0-38cb-4fd3-8e64-aa451645aebd, host n-h2-835855-2, got binding levels [PortBindingLevel(driver='hyperv',host='n-h2-835855-2',level=0,port_id=120fddc0-38cb-4fd3-8e64-aa451645aebd,segment=NetworkSegment(81e13abc-30e6-47d7-b520-36896ab04800),segment_id=81e13abc-30e6-47d7-b520-36896ab04800)] {{(pid=109300) get_binding_level_objs /opt/stack/neutron/neutron/plugins/ml2/db.py:74}}
Mar 31 22:52:29.774532 n-d-835855-2 neutron-server[109300]: DEBUG neutron_lib.callbacks.manager [None req-348b8625-4f61-43db-98d3-c61d0c3204d0 None None] Notify callbacks ['neutron.plugins.ml2.plugin.SecurityGroupServerNotifierRpcMixin._notify_sg_on_port_change-4171192', 'neutron.plugins.ml2.ovo_rpc._ObjectChangeHandler.handle_event-103659', 'neutron.api.rpc.agentnotifiers.dhcp_rpc_agent_api.DhcpAgentNotifyAPI._native_event_send_dhcp_notification-1037048', 'neutron.db.l3_db.L3RpcNotifierMixin._notify_gateway_port_ip_changed-8793242732207', 'neutron.db.l3_dvrscheduler_db._notify_l3_agent_port_update-8793242193390', 'neutron.db.l3_hascheduler_db._notify_l3_agent_ha_port_update-8793242193318'] for port, after_update {{(pid=109300) _notify_loop /usr/local/lib/python3.8/dist-packages/neutron_lib/callbacks/manager.py:192}}
Mar 31 22:52:29.780826 n-d-835855-2 neutron-server[109298]: DEBUG neutron.api.v2.base [req-3e9766a6-1ebb-46ef-bec0-c191915d952c req-c4927f4d-d714-45f9-a288-0bca40bdafbb tempest-LiveMigrationNegativeTest-1543415971 tempest-LiveMigrationNegativeTest-1543415971-project] Request body: {'port': {'device_id': '24970206-f504-42d4-b070-4d6a06dd3aca', 'network_id': 'fce2bcf3-c252-40f1-ba0a-22fd89ecd0a0', 'admin_state_up': True, 'tenant_id': 'f442e196ce3849f39ff57e9204403e2f'}} {{(pid=109298) prepare_request_body /opt/stack/neutron/neutron/api/v2/base.py:729}}
Mar 31 22:52:29.784582 n-d-835855-2 neutron-server[109298]: INFO neutron.wsgi [req-d9a5b1b1-e377-4802-9e14-21848424f9c8 req-2cf0bd5e-6b5d-4979-a6c2-ae54de6446d1 service neutron] 10.222.0.96 "GET /v2.0/floatingips?fixed_ip_address=172.20.0.11&port_id=78ec4207-4672-494c-9915-888d7764c731 HTTP/1.1" status: 200 len: 217 time: 0.1077964
Mar 31 22:52:29.786720 n-d-835855-2 neutron-server[109298]: INFO neutron.wsgi [req-510fd685-f482-43f9-8cd7-09641d9b57cf req-d6ea4066-cd0a-4cd7-aba8-78d19bddeebc service neutron] 10.222.0.96 "GET /v2.0/floatingips?fixed_ip_address=192.168.233.175&port_id=e16de086-63fb-4ad9-bcf1-aea5622e3e24 HTTP/1.1" status: 200 len: 217 time: 0.1111352
