Apr 11 21:17:28.771413 n-d-835739-3 devstack@placement-api.service[111628]: INFO placement.requestlog [req-ecfa9923-a202-44ba-9dbc-9d6ca0cbefe7 req-cc7858e2-b679-421a-ae20-5f5943511100 service placement] 10.222.0.58 "GET /placement/resource_providers/b8316c77-d4e9-4498-8b78-af08fe078dd3/allocations" status: 200 len: 55 microversion: 1.0
Apr 11 21:17:28.776814 n-d-835739-3 devstack@placement-api.service[111628]: [pid: 111628|app: 0|req: 504/1009] 10.222.0.58 () {58 vars in 1390 bytes} [Mon Apr 11 21:17:28 2022] GET /placement/resource_providers/b8316c77-d4e9-4498-8b78-af08fe078dd3/allocations => generated 55 bytes in 38 msecs (HTTP/1.1 200) 6 headers in 223 bytes (1 switches on core 0)
Apr 11 21:17:55.386709 n-d-835739-3 devstack@placement-api.service[111629]: DEBUG placement.requestlog [req-ce1ad826-773d-423c-8705-2578604ecebd req-75ae5eb0-2f3e-4239-a363-74320dca2046 None None] Starting request: 10.222.0.74 "GET /placement/allocation_candidates?limit=1000&resources=DISK_GB%3A1%2CMEMORY_MB%3A1024%2CVCPU%3A1&root_required=%21COMPUTE_STATUS_DISABLED" {{(pid=111629) __call__ /opt/stack/placement/placement/requestlog.py:55}}
Apr 11 21:17:55.790399 n-d-835739-3 devstack@placement-api.service[111629]: DEBUG placement.objects.research_context [req-ce1ad826-773d-423c-8705-2578604ecebd req-75ae5eb0-2f3e-4239-a363-74320dca2046 service placement] getting providers with 1 DISK_GB {{(pid=111629) __init__ /opt/stack/placement/placement/objects/research_context.py:136}}
Apr 11 21:17:55.816149 n-d-835739-3 devstack@placement-api.service[111629]: DEBUG placement.objects.research_context [req-ce1ad826-773d-423c-8705-2578604ecebd req-75ae5eb0-2f3e-4239-a363-74320dca2046 service placement] getting providers with 1024 MEMORY_MB {{(pid=111629) __init__ /opt/stack/placement/placement/objects/research_context.py:136}}
Apr 11 21:17:55.830123 n-d-835739-3 devstack@placement-api.service[111629]: DEBUG placement.objects.research_context [req-ce1ad826-773d-423c-8705-2578604ecebd req-75ae5eb0-2f3e-4239-a363-74320dca2046 service placement] getting providers with 1 VCPU {{(pid=111629) __init__ /opt/stack/placement/placement/objects/research_context.py:136}}
Apr 11 21:17:55.847261 n-d-835739-3 devstack@placement-api.service[111629]: DEBUG placement.objects.research_context [req-ce1ad826-773d-423c-8705-2578604ecebd req-75ae5eb0-2f3e-4239-a363-74320dca2046 service placement] found 2 providers with available 1 DISK_GB {{(pid=111629) get_provider_ids_matching /opt/stack/placement/placement/objects/research_context.py:559}}
Apr 11 21:17:55.849714 n-d-835739-3 devstack@placement-api.service[111629]: DEBUG placement.objects.research_context [req-ce1ad826-773d-423c-8705-2578604ecebd req-75ae5eb0-2f3e-4239-a363-74320dca2046 service placement] found 2 providers with available 1024 MEMORY_MB {{(pid=111629) get_provider_ids_matching /opt/stack/placement/placement/objects/research_context.py:559}}
Apr 11 21:17:55.850150 n-d-835739-3 devstack@placement-api.service[111629]: DEBUG placement.objects.research_context [req-ce1ad826-773d-423c-8705-2578604ecebd req-75ae5eb0-2f3e-4239-a363-74320dca2046 service placement] found 2 providers after filtering by previous result {{(pid=111629) get_provider_ids_matching /opt/stack/placement/placement/objects/research_context.py:590}}
Apr 11 21:17:55.850438 n-d-835739-3 devstack@placement-api.service[111629]: DEBUG placement.objects.research_context [req-ce1ad826-773d-423c-8705-2578604ecebd req-75ae5eb0-2f3e-4239-a363-74320dca2046 service placement] found 2 providers with available 1 VCPU {{(pid=111629) get_provider_ids_matching /opt/stack/placement/placement/objects/research_context.py:559}}
Apr 11 21:17:55.850697 n-d-835739-3 devstack@placement-api.service[111629]: DEBUG placement.objects.research_context [req-ce1ad826-773d-423c-8705-2578604ecebd req-75ae5eb0-2f3e-4239-a363-74320dca2046 service placement] found 2 providers after filtering by previous result {{(pid=111629) get_provider_ids_matching /opt/stack/placement/placement/objects/research_context.py:590}}
Apr 11 21:17:55.872398 n-d-835739-3 devstack@placement-api.service[111629]: DEBUG placement.objects.allocation_candidate [req-ce1ad826-773d-423c-8705-2578604ecebd req-75ae5eb0-2f3e-4239-a363-74320dca2046 service placement] RequestGroup(use_same_provider=False, resources={DISK_GB:1, MEMORY_MB:1024, VCPU:1}, traits=(), aggregates=[]) (suffix '') returned 2 matches {{(pid=111629) _get_by_requests /opt/stack/placement/placement/objects/allocation_candidate.py:156}}
Apr 11 21:17:55.872398 n-d-835739-3 devstack@placement-api.service[111629]: DEBUG placement.objects.allocation_candidate [req-ce1ad826-773d-423c-8705-2578604ecebd req-75ae5eb0-2f3e-4239-a363-74320dca2046 service placement] Merging candidates yields 2 allocation requests and 2 provider summaries {{(pid=111629) _merge_candidates /opt/stack/placement/placement/objects/allocation_candidate.py:809}}
Apr 11 21:17:55.877270 n-d-835739-3 devstack@placement-api.service[111629]: INFO placement.requestlog [req-ce1ad826-773d-423c-8705-2578604ecebd req-75ae5eb0-2f3e-4239-a363-74320dca2046 service placement] 10.222.0.74 "GET /placement/allocation_candidates?limit=1000&resources=DISK_GB%3A1%2CMEMORY_MB%3A1024%2CVCPU%3A1&root_required=%21COMPUTE_STATUS_DISABLED" status: 200 len: 1303 microversion: 1.36
Apr 11 21:17:55.877943 n-d-835739-3 devstack@placement-api.service[111629]: [pid: 111629|app: 0|req: 506/1010] 10.222.0.74 () {60 vars in 1506 bytes} [Mon Apr 11 21:17:55 2022] GET /placement/allocation_candidates?limit=1000&resources=DISK_GB%3A1%2CMEMORY_MB%3A1024%2CVCPU%3A1&root_required=%21COMPUTE_STATUS_DISABLED => generated 1303 bytes in 491 msecs (HTTP/1.1 200) 8 headers in 297 bytes (1 switches on core 0)
Apr 11 21:17:55.994041 n-d-835739-3 devstack@placement-api.service[111628]: DEBUG placement.requestlog [req-ce1ad826-773d-423c-8705-2578604ecebd req-87c283b7-598c-4b50-94b1-d3af35c0aba3 None None] Starting request: 10.222.0.74 "GET /placement/allocations/09d1118c-3de3-45aa-afe3-16800bbce55a" {{(pid=111628) __call__ /opt/stack/placement/placement/requestlog.py:55}}
Apr 11 21:17:56.071527 n-d-835739-3 devstack@placement-api.service[111628]: INFO placement.requestlog [req-ce1ad826-773d-423c-8705-2578604ecebd req-87c283b7-598c-4b50-94b1-d3af35c0aba3 service placement] 10.222.0.74 "GET /placement/allocations/09d1118c-3de3-45aa-afe3-16800bbce55a" status: 200 len: 19 microversion: 1.28
Apr 11 21:17:56.072875 n-d-835739-3 devstack@placement-api.service[111628]: [pid: 111628|app: 0|req: 505/1011] 10.222.0.74 () {60 vars in 1380 bytes} [Mon Apr 11 21:17:55 2022] GET /placement/allocations/09d1118c-3de3-45aa-afe3-16800bbce55a => generated 19 bytes in 79 msecs (HTTP/1.1 200) 8 headers in 295 bytes (1 switches on core 0)
Apr 11 21:17:56.077995 n-d-835739-3 devstack@placement-api.service[111629]: DEBUG placement.requestlog [req-ce1ad826-773d-423c-8705-2578604ecebd req-fa5e3fe4-aeb5-47d3-abbc-8ac82cd2c3a3 None None] Starting request: 10.222.0.74 "PUT /placement/allocations/09d1118c-3de3-45aa-afe3-16800bbce55a" {{(pid=111629) __call__ /opt/stack/placement/placement/requestlog.py:55}}
Apr 11 21:17:56.381240 n-d-835739-3 devstack@placement-api.service[111629]: DEBUG placement.handlers.allocation [req-ce1ad826-773d-423c-8705-2578604ecebd req-fa5e3fe4-aeb5-47d3-abbc-8ac82cd2c3a3 service placement] Successfully wrote allocations [, , ] {{(pid=111629) _update_consumers_and_create_allocations /opt/stack/placement/placement/handlers/allocation.py:462}}
Apr 11 21:17:56.546665 n-d-835739-3 devstack@placement-api.service[111629]: INFO placement.requestlog [req-ce1ad826-773d-423c-8705-2578604ecebd req-fa5e3fe4-aeb5-47d3-abbc-8ac82cd2c3a3 service placement] 10.222.0.74 "PUT /placement/allocations/09d1118c-3de3-45aa-afe3-16800bbce55a" status: 204 len: 0 microversion: 1.36
Apr 11 21:17:56.548054 n-d-835739-3 devstack@placement-api.service[111629]: [pid: 111629|app: 0|req: 507/1012] 10.222.0.74 () {64 vars in 1433 bytes} [Mon Apr 11 21:17:56 2022] PUT /placement/allocations/09d1118c-3de3-45aa-afe3-16800bbce55a => generated 0 bytes in 470 msecs (HTTP/1.1 204) 5 headers in 199 bytes (1 switches on core 0)
Apr 11 21:17:57.678433 n-d-835739-3 devstack@placement-api.service[111628]: DEBUG placement.requestlog [req-ce1ad826-773d-423c-8705-2578604ecebd req-be6ed75e-101d-46da-bdc0-0017bb92c304 None None] Starting request: 10.222.0.67 "GET /placement/allocations/09d1118c-3de3-45aa-afe3-16800bbce55a" {{(pid=111628) __call__ /opt/stack/placement/placement/requestlog.py:55}}
Apr 11 21:17:57.703604 n-d-835739-3 devstack@placement-api.service[111628]: INFO placement.requestlog [req-ce1ad826-773d-423c-8705-2578604ecebd req-be6ed75e-101d-46da-bdc0-0017bb92c304 service placement] 10.222.0.67 "GET /placement/allocations/09d1118c-3de3-45aa-afe3-16800bbce55a" status: 200 len: 260 microversion: 1.28
Apr 11 21:17:57.705996 n-d-835739-3 devstack@placement-api.service[111628]: [pid: 111628|app: 0|req: 506/1013] 10.222.0.67 () {60 vars in 1377 bytes} [Mon Apr 11 21:17:57 2022] GET /placement/allocations/09d1118c-3de3-45aa-afe3-16800bbce55a => generated 260 bytes in 28 msecs (HTTP/1.1 200) 8 headers in 296 bytes (1 switches on core 0)
Apr 11 21:18:10.637039 n-d-835739-3 devstack@placement-api.service[111629]: DEBUG placement.requestlog [req-cf301c9d-5882-4a19-bacc-c493849e3620 req-46cd9182-5d1b-4838-b51f-9ce9ee2d2f5f None None] Starting request: 10.222.0.74 "GET /placement/resource_providers?name=n-h2-835739-3" {{(pid=111629) __call__ /opt/stack/placement/placement/requestlog.py:55}}
Apr 11 21:18:10.840955 n-d-835739-3 devstack@placement-api.service[111629]: INFO placement.requestlog [req-cf301c9d-5882-4a19-bacc-c493849e3620 req-46cd9182-5d1b-4838-b51f-9ce9ee2d2f5f service placement] 10.222.0.74 "GET /placement/resource_providers?name=n-h2-835739-3" status: 200 len: 442 microversion: 1.0
Apr 11 21:18:10.842559 n-d-835739-3 devstack@placement-api.service[111629]: [pid: 111629|app: 0|req: 508/1014] 10.222.0.74 () {58 vars in 1274 bytes} [Mon Apr 11 21:18:10 2022] GET /placement/resource_providers?name=n-h2-835739-3 => generated 442 bytes in 206 msecs (HTTP/1.1 200) 6 headers in 224 bytes (1 switches on core 0)
Apr 11 21:18:10.850171 n-d-835739-3 devstack@placement-api.service[111628]: DEBUG placement.requestlog [req-cf301c9d-5882-4a19-bacc-c493849e3620 req-e0eb0fb9-ffb0-4023-979c-2ea1712a84ea None None] Starting request: 10.222.0.74 "GET /placement/resource_providers/96ccfb23-60b5-4973-958d-39d3a51a2dd4/aggregates" {{(pid=111628) __call__ /opt/stack/placement/placement/requestlog.py:55}}
Apr 11 21:18:10.879365 n-d-835739-3 devstack@placement-api.service[111628]: INFO placement.requestlog [req-cf301c9d-5882-4a19-bacc-c493849e3620 req-e0eb0fb9-ffb0-4023-979c-2ea1712a84ea service placement] 10.222.0.74 "GET /placement/resource_providers/96ccfb23-60b5-4973-958d-39d3a51a2dd4/aggregates" status: 200 len: 55 microversion: 1.19
Apr 11 21:18:10.880532 n-d-835739-3 devstack@placement-api.service[111628]: [pid: 111628|app: 0|req: 507/1015] 10.222.0.74 () {60 vars in 1425 bytes} [Mon Apr 11 21:18:10 2022] GET /placement/resource_providers/96ccfb23-60b5-4973-958d-39d3a51a2dd4/aggregates => generated 55 bytes in 31 msecs (HTTP/1.1 200) 8 headers in 295 bytes (1 switches on core 0)
Apr 11 21:18:10.888503 n-d-835739-3 devstack@placement-api.service[111629]: DEBUG placement.requestlog [req-cf301c9d-5882-4a19-bacc-c493849e3620 req-c65c9e8e-2155-440c-9386-7eae91e8d065 None None] Starting request: 10.222.0.74 "PUT /placement/resource_providers/96ccfb23-60b5-4973-958d-39d3a51a2dd4/aggregates" {{(pid=111629) __call__ /opt/stack/placement/placement/requestlog.py:55}}
Apr 11 21:18:10.913391 n-d-835739-3 devstack@placement-api.service[111629]: DEBUG placement.objects.resource_provider [req-cf301c9d-5882-4a19-bacc-c493849e3620 req-c65c9e8e-2155-440c-9386-7eae91e8d065 service placement] _ensure_aggregate() did not find aggregate 949d347e-0f2a-4b8a-bbd7-e93750f3d2c9. Attempting to create it. {{(pid=111629) _ensure_aggregate /opt/stack/placement/placement/objects/resource_provider.py:320}}
Apr 11 21:18:10.915938 n-d-835739-3 devstack@placement-api.service[111629]: DEBUG placement.objects.resource_provider [req-cf301c9d-5882-4a19-bacc-c493849e3620 req-c65c9e8e-2155-440c-9386-7eae91e8d065 service placement] _ensure_aggregate() created new aggregate 949d347e-0f2a-4b8a-bbd7-e93750f3d2c9 (id=8). {{(pid=111629) _ensure_aggregate /opt/stack/placement/placement/objects/resource_provider.py:326}}
Apr 11 21:18:10.917748 n-d-835739-3 devstack@placement-api.service[111629]: DEBUG placement.objects.resource_provider [req-cf301c9d-5882-4a19-bacc-c493849e3620 req-c65c9e8e-2155-440c-9386-7eae91e8d065 service placement] Setting aggregates for provider 96ccfb23-60b5-4973-958d-39d3a51a2dd4. Successfully associated aggregate 949d347e-0f2a-4b8a-bbd7-e93750f3d2c9. {{(pid=111629) _set_aggregates /opt/stack/placement/placement/objects/resource_provider.py:388}}
Apr 11 21:18:10.992613 n-d-835739-3 devstack@placement-api.service[111629]: INFO placement.requestlog [req-cf301c9d-5882-4a19-bacc-c493849e3620 req-c65c9e8e-2155-440c-9386-7eae91e8d065 service placement] 10.222.0.74 "PUT /placement/resource_providers/96ccfb23-60b5-4973-958d-39d3a51a2dd4/aggregates" status: 200 len: 93 microversion: 1.19
Apr 11 21:18:10.998135 n-d-835739-3 devstack@placement-api.service[111629]: [pid: 111629|app: 0|req: 509/1016] 10.222.0.74 () {64 vars in 1477 bytes} [Mon Apr 11 21:18:10 2022] PUT /placement/resource_providers/96ccfb23-60b5-4973-958d-39d3a51a2dd4/aggregates => generated 93 bytes in 108 msecs (HTTP/1.1 200) 8 headers in 295 bytes (1 switches on core 0)
Apr 11 21:18:11.931159 n-d-835739-3 devstack@placement-api.service[111628]: DEBUG placement.requestlog [req-b7ede96c-43ec-4fbd-9ad0-37d5f84d85af req-cf7dd337-46fd-4b82-b70a-d100302865c6 None None] Starting request: 10.222.0.74 "GET /placement/resource_providers?name=n-h2-835739-3" {{(pid=111628) __call__ /opt/stack/placement/placement/requestlog.py:55}}
Apr 11 21:18:11.943363 n-d-835739-3 devstack@placement-api.service[111628]: INFO placement.requestlog [req-b7ede96c-43ec-4fbd-9ad0-37d5f84d85af req-cf7dd337-46fd-4b82-b70a-d100302865c6 service placement] 10.222.0.74 "GET /placement/resource_providers?name=n-h2-835739-3" status: 200 len: 442 microversion: 1.0
Apr 11 21:18:11.944047 n-d-835739-3 devstack@placement-api.service[111628]: [pid: 111628|app: 0|req: 508/1017] 10.222.0.74 () {58 vars in 1274 bytes} [Mon Apr 11 21:18:11 2022] GET /placement/resource_providers?name=n-h2-835739-3 => generated 442 bytes in 13 msecs (HTTP/1.1 200) 6 headers in 224 bytes (1 switches on core 0)
Apr 11 21:18:11.954429 n-d-835739-3 devstack@placement-api.service[111629]: DEBUG placement.requestlog [req-b7ede96c-43ec-4fbd-9ad0-37d5f84d85af req-5c70bfc5-f6ef-4f89-bb77-e1b9cab73d29 None None] Starting request: 10.222.0.74 "GET /placement/resource_providers/96ccfb23-60b5-4973-958d-39d3a51a2dd4/aggregates" {{(pid=111629) __call__ /opt/stack/placement/placement/requestlog.py:55}}
Apr 11 21:18:11.974187 n-d-835739-3 devstack@placement-api.service[111629]: INFO placement.requestlog [req-b7ede96c-43ec-4fbd-9ad0-37d5f84d85af req-5c70bfc5-f6ef-4f89-bb77-e1b9cab73d29 service placement] 10.222.0.74 "GET /placement/resource_providers/96ccfb23-60b5-4973-958d-39d3a51a2dd4/aggregates" status: 200 len: 93 microversion: 1.19
Apr 11 21:18:11.975121 n-d-835739-3 devstack@placement-api.service[111629]: [pid: 111629|app: 0|req: 510/1018] 10.222.0.74 () {60 vars in 1425 bytes} [Mon Apr 11 21:18:11 2022] GET /placement/resource_providers/96ccfb23-60b5-4973-958d-39d3a51a2dd4/aggregates => generated 93 bytes in 21 msecs (HTTP/1.1 200) 8 headers in 295 bytes (1 switches on core 0)
Apr 11 21:18:11.983746 n-d-835739-3 devstack@placement-api.service[111628]: DEBUG placement.requestlog [req-b7ede96c-43ec-4fbd-9ad0-37d5f84d85af req-4f48cd63-f35b-4522-933e-e80e4f19aa31 None None] Starting request: 10.222.0.74 "PUT /placement/resource_providers/96ccfb23-60b5-4973-958d-39d3a51a2dd4/aggregates" {{(pid=111628) __call__ /opt/stack/placement/placement/requestlog.py:55}}
Apr 11 21:18:12.007286 n-d-835739-3 devstack@placement-api.service[111628]: DEBUG placement.objects.resource_provider [req-b7ede96c-43ec-4fbd-9ad0-37d5f84d85af req-4f48cd63-f35b-4522-933e-e80e4f19aa31 service placement] Setting aggregates for provider 96ccfb23-60b5-4973-958d-39d3a51a2dd4. Successfully disassociated aggregate 949d347e-0f2a-4b8a-bbd7-e93750f3d2c9. {{(pid=111628) _set_aggregates /opt/stack/placement/placement/objects/resource_provider.py:403}}
Apr 11 21:18:12.077554 n-d-835739-3 devstack@placement-api.service[111628]: INFO placement.requestlog [req-b7ede96c-43ec-4fbd-9ad0-37d5f84d85af req-4f48cd63-f35b-4522-933e-e80e4f19aa31 service placement] 10.222.0.74 "PUT /placement/resource_providers/96ccfb23-60b5-4973-958d-39d3a51a2dd4/aggregates" status: 200 len: 55 microversion: 1.19
Apr 11 21:18:12.078219 n-d-835739-3 devstack@placement-api.service[111628]: [pid: 111628|app: 0|req: 509/1019] 10.222.0.74 () {64 vars in 1477 bytes} [Mon Apr 11 21:18:11 2022] PUT /placement/resource_providers/96ccfb23-60b5-4973-958d-39d3a51a2dd4/aggregates => generated 55 bytes in 95 msecs (HTTP/1.1 200) 8 headers in 295 bytes (2 switches on core 0)
Apr 11 21:18:16.439589 n-d-835739-3 devstack@placement-api.service[111629]: DEBUG placement.requestlog [req-58e72971-e7e5-43b4-8af0-084ed1c10ac4 req-6340a302-a4c8-461c-a285-6d7e0f958114 None None] Starting request: 10.222.0.67 "GET /placement/resource_providers/96ccfb23-60b5-4973-958d-39d3a51a2dd4/allocations" {{(pid=111629) __call__ /opt/stack/placement/placement/requestlog.py:55}}
Apr 11 21:18:16.484581 n-d-835739-3 devstack@placement-api.service[111629]: INFO placement.requestlog [req-58e72971-e7e5-43b4-8af0-084ed1c10ac4 req-6340a302-a4c8-461c-a285-6d7e0f958114 service placement] 10.222.0.67 "GET /placement/resource_providers/96ccfb23-60b5-4973-958d-39d3a51a2dd4/allocations" status: 200 len: 155 microversion: 1.0
Apr 11 21:18:16.485717 n-d-835739-3 devstack@placement-api.service[111629]: [pid: 111629|app: 0|req: 511/1020] 10.222.0.67 () {58 vars in 1390 bytes} [Mon Apr 11 21:18:16 2022] GET /placement/resource_providers/96ccfb23-60b5-4973-958d-39d3a51a2dd4/allocations => generated 155 bytes in 46 msecs (HTTP/1.1 200) 6 headers in 224 bytes (1 switches on core 0)
Apr 11 21:18:29.830093 n-d-835739-3 devstack@placement-api.service[111628]: DEBUG placement.requestlog [req-8e12d297-16c7-4d33-8f8d-47db9e74ddcf req-9817f441-b9df-42ea-b628-bc340cccb8eb None None] Starting request: 10.222.0.58 "GET /placement/resource_providers/b8316c77-d4e9-4498-8b78-af08fe078dd3/allocations" {{(pid=111628) __call__ /opt/stack/placement/placement/requestlog.py:55}}
Apr 11 21:18:29.880703 n-d-835739-3 devstack@placement-api.service[111628]: INFO placement.requestlog [req-8e12d297-16c7-4d33-8f8d-47db9e74ddcf req-9817f441-b9df-42ea-b628-bc340cccb8eb service placement] 10.222.0.58 "GET /placement/resource_providers/b8316c77-d4e9-4498-8b78-af08fe078dd3/allocations" status: 200 len: 55 microversion: 1.0
Apr 11 21:18:29.881606 n-d-835739-3 devstack@placement-api.service[111628]: [pid: 111628|app: 0|req: 510/1021] 10.222.0.58 () {58 vars in 1390 bytes} [Mon Apr 11 21:18:29 2022] GET /placement/resource_providers/b8316c77-d4e9-4498-8b78-af08fe078dd3/allocations => generated 55 bytes in 52 msecs (HTTP/1.1 200) 6 headers in 223 bytes (1 switches on core 0)
Apr 11 21:18:50.148831 n-d-835739-3 devstack@placement-api.service[111629]: DEBUG placement.requestlog [req-ad0b2468-08ab-4990-92d7-1333d6ae0ecd req-d7276266-c6ed-4c50-ae05-ac53a1751617 None None] Starting request: 10.222.0.74 "GET /placement/allocation_candidates?in_tree=96ccfb23-60b5-4973-958d-39d3a51a2dd4&limit=1000&resources=DISK_GB%3A1%2CMEMORY_MB%3A1024%2CVCPU%3A1&root_required=%21COMPUTE_STATUS_DISABLED" {{(pid=111629) __call__ /opt/stack/placement/placement/requestlog.py:55}}
Apr 11 21:18:50.237855 n-d-835739-3 devstack@placement-api.service[111629]: DEBUG placement.objects.research_context [req-ad0b2468-08ab-4990-92d7-1333d6ae0ecd req-d7276266-c6ed-4c50-ae05-ac53a1751617 service placement] Group getting allocation candidates in the same tree with the root provider 96ccfb23-60b5-4973-958d-39d3a51a2dd4 {{(pid=111629) __init__ /opt/stack/placement/placement/objects/research_context.py:124}}
Apr 11 21:18:50.238553 n-d-835739-3 devstack@placement-api.service[111629]: DEBUG placement.objects.research_context [req-ad0b2468-08ab-4990-92d7-1333d6ae0ecd req-d7276266-c6ed-4c50-ae05-ac53a1751617 service placement] getting providers with 1 DISK_GB {{(pid=111629) __init__ /opt/stack/placement/placement/objects/research_context.py:136}}
Apr 11 21:18:50.254926 n-d-835739-3 devstack@placement-api.service[111629]: DEBUG placement.objects.research_context [req-ad0b2468-08ab-4990-92d7-1333d6ae0ecd req-d7276266-c6ed-4c50-ae05-ac53a1751617 service placement] getting providers with 1024 MEMORY_MB {{(pid=111629) __init__ /opt/stack/placement/placement/objects/research_context.py:136}}
Apr 11 21:18:50.269969 n-d-835739-3 devstack@placement-api.service[111629]: DEBUG placement.objects.research_context [req-ad0b2468-08ab-4990-92d7-1333d6ae0ecd req-d7276266-c6ed-4c50-ae05-ac53a1751617 service placement] getting providers with 1 VCPU {{(pid=111629) __init__ /opt/stack/placement/placement/objects/research_context.py:136}}
Apr 11 21:18:50.281596 n-d-835739-3 devstack@placement-api.service[111629]: DEBUG placement.objects.research_context [req-ad0b2468-08ab-4990-92d7-1333d6ae0ecd req-d7276266-c6ed-4c50-ae05-ac53a1751617 service placement] found 1 providers with available 1 DISK_GB {{(pid=111629) get_provider_ids_matching /opt/stack/placement/placement/objects/research_context.py:559}}
Apr 11 21:18:50.282185 n-d-835739-3 devstack@placement-api.service[111629]: DEBUG placement.objects.research_context [req-ad0b2468-08ab-4990-92d7-1333d6ae0ecd req-d7276266-c6ed-4c50-ae05-ac53a1751617 service placement] found 1 providers with available 1024 MEMORY_MB {{(pid=111629) get_provider_ids_matching /opt/stack/placement/placement/objects/research_context.py:559}}
Apr 11 21:18:50.282665 n-d-835739-3 devstack@placement-api.service[111629]: DEBUG placement.objects.research_context [req-ad0b2468-08ab-4990-92d7-1333d6ae0ecd req-d7276266-c6ed-4c50-ae05-ac53a1751617 service placement] found 1 providers after filtering by previous result {{(pid=111629) get_provider_ids_matching /opt/stack/placement/placement/objects/research_context.py:590}}
Apr 11 21:18:50.283784 n-d-835739-3 devstack@placement-api.service[111629]: DEBUG placement.objects.research_context [req-ad0b2468-08ab-4990-92d7-1333d6ae0ecd req-d7276266-c6ed-4c50-ae05-ac53a1751617 service placement] found 1 providers with available 1 VCPU {{(pid=111629) get_provider_ids_matching /opt/stack/placement/placement/objects/research_context.py:559}}
Apr 11 21:18:50.284906 n-d-835739-3 devstack@placement-api.service[111629]: DEBUG placement.objects.research_context [req-ad0b2468-08ab-4990-92d7-1333d6ae0ecd req-d7276266-c6ed-4c50-ae05-ac53a1751617 service placement] found 1 providers after filtering by previous result {{(pid=111629) get_provider_ids_matching /opt/stack/placement/placement/objects/research_context.py:590}}
Apr 11 21:18:50.307780 n-d-835739-3 devstack@placement-api.service[111629]: DEBUG placement.objects.allocation_candidate [req-ad0b2468-08ab-4990-92d7-1333d6ae0ecd req-d7276266-c6ed-4c50-ae05-ac53a1751617 service placement] RequestGroup(use_same_provider=False, resources={DISK_GB:1, MEMORY_MB:1024, VCPU:1}, traits=(), aggregates=[]) (suffix '') returned 1 matches {{(pid=111629) _get_by_requests /opt/stack/placement/placement/objects/allocation_candidate.py:156}}
Apr 11 21:18:50.308306 n-d-835739-3 devstack@placement-api.service[111629]: DEBUG placement.objects.allocation_candidate [req-ad0b2468-08ab-4990-92d7-1333d6ae0ecd req-d7276266-c6ed-4c50-ae05-ac53a1751617 service placement] Merging candidates yields 1 allocation requests and 1 provider summaries {{(pid=111629) _merge_candidates /opt/stack/placement/placement/objects/allocation_candidate.py:809}}
Apr 11 21:18:50.310519 n-d-835739-3 devstack@placement-api.service[111629]: INFO placement.requestlog [req-ad0b2468-08ab-4990-92d7-1333d6ae0ecd req-d7276266-c6ed-4c50-ae05-ac53a1751617 service placement] 10.222.0.74 "GET /placement/allocation_candidates?in_tree=96ccfb23-60b5-4973-958d-39d3a51a2dd4&limit=1000&resources=DISK_GB%3A1%2CMEMORY_MB%3A1024%2CVCPU%3A1&root_required=%21COMPUTE_STATUS_DISABLED" status: 200 len: 679 microversion: 1.36
Apr 11 21:18:50.312023 n-d-835739-3 devstack@placement-api.service[111629]: [pid: 111629|app: 0|req: 512/1022] 10.222.0.74 () {60 vars in 1596 bytes} [Mon Apr 11 21:18:50 2022] GET /placement/allocation_candidates?in_tree=96ccfb23-60b5-4973-958d-39d3a51a2dd4&limit=1000&resources=DISK_GB%3A1%2CMEMORY_MB%3A1024%2CVCPU%3A1&root_required=%21COMPUTE_STATUS_DISABLED => generated 679 bytes in 163 msecs (HTTP/1.1 200) 8 headers in 296 bytes (1 switches on core 0)
Apr 11 21:18:50.418147 n-d-835739-3 devstack@placement-api.service[111628]: DEBUG placement.requestlog [req-ad0b2468-08ab-4990-92d7-1333d6ae0ecd req-2ec0f3d0-36b1-47f4-9612-15f04be8d096 None None] Starting request: 10.222.0.74 "GET /placement/allocations/a94e2989-d380-4a07-b70f-e8ebe7edcdf6" {{(pid=111628) __call__ /opt/stack/placement/placement/requestlog.py:55}}
Apr 11 21:18:50.431984 n-d-835739-3 devstack@placement-api.service[111628]: INFO placement.requestlog [req-ad0b2468-08ab-4990-92d7-1333d6ae0ecd req-2ec0f3d0-36b1-47f4-9612-15f04be8d096 service placement] 10.222.0.74 "GET /placement/allocations/a94e2989-d380-4a07-b70f-e8ebe7edcdf6" status: 200 len: 19 microversion: 1.28
Apr 11 21:18:50.431984 n-d-835739-3 devstack@placement-api.service[111628]: [pid: 111628|app: 0|req: 511/1023] 10.222.0.74 () {60 vars in 1380 bytes} [Mon Apr 11 21:18:50 2022] GET /placement/allocations/a94e2989-d380-4a07-b70f-e8ebe7edcdf6 => generated 19 bytes in 12 msecs (HTTP/1.1 200) 8 headers in 295 bytes (1 switches on core 0)
Apr 11 21:18:50.438856 n-d-835739-3 devstack@placement-api.service[111629]: DEBUG placement.requestlog [req-ad0b2468-08ab-4990-92d7-1333d6ae0ecd req-61ff1387-986c-4862-8ec6-504a6277e73d None None] Starting request: 10.222.0.74 "PUT /placement/allocations/a94e2989-d380-4a07-b70f-e8ebe7edcdf6" {{(pid=111629) __call__ /opt/stack/placement/placement/requestlog.py:55}}
Apr 11 21:18:50.766688 n-d-835739-3 devstack@placement-api.service[111629]: DEBUG placement.handlers.allocation [req-ad0b2468-08ab-4990-92d7-1333d6ae0ecd req-61ff1387-986c-4862-8ec6-504a6277e73d service placement] Successfully wrote allocations [, , ] {{(pid=111629) _update_consumers_and_create_allocations /opt/stack/placement/placement/handlers/allocation.py:462}}
Apr 11 21:18:50.836450 n-d-835739-3 devstack@placement-api.service[111629]: INFO placement.requestlog [req-ad0b2468-08ab-4990-92d7-1333d6ae0ecd req-61ff1387-986c-4862-8ec6-504a6277e73d service placement] 10.222.0.74 "PUT /placement/allocations/a94e2989-d380-4a07-b70f-e8ebe7edcdf6" status: 204 len: 0 microversion: 1.36
Apr 11 21:18:50.840728 n-d-835739-3 devstack@placement-api.service[111629]: [pid: 111629|app: 0|req: 513/1024] 10.222.0.74 () {64 vars in 1433 bytes} [Mon Apr 11 21:18:50 2022] PUT /placement/allocations/a94e2989-d380-4a07-b70f-e8ebe7edcdf6 => generated 0 bytes in 399 msecs (HTTP/1.1 204) 5 headers in 199 bytes (1 switches on core 0)
Apr 11 21:18:51.813534 n-d-835739-3 devstack@placement-api.service[111628]: DEBUG placement.requestlog [req-ad0b2468-08ab-4990-92d7-1333d6ae0ecd req-b4797faa-d761-4fbd-ba96-06cb15b35889 None None] Starting request: 10.222.0.67 "GET /placement/allocations/a94e2989-d380-4a07-b70f-e8ebe7edcdf6" {{(pid=111628) __call__ /opt/stack/placement/placement/requestlog.py:55}}
Apr 11 21:18:51.838994 n-d-835739-3 devstack@placement-api.service[111628]: INFO placement.requestlog [req-ad0b2468-08ab-4990-92d7-1333d6ae0ecd req-b4797faa-d761-4fbd-ba96-06cb15b35889 service placement] 10.222.0.67 "GET /placement/allocations/a94e2989-d380-4a07-b70f-e8ebe7edcdf6" status: 200 len: 260 microversion: 1.28
Apr 11 21:18:51.839770 n-d-835739-3 devstack@placement-api.service[111628]: [pid: 111628|app: 0|req: 512/1025] 10.222.0.67 () {60 vars in 1377 bytes} [Mon Apr 11 21:18:51 2022] GET /placement/allocations/a94e2989-d380-4a07-b70f-e8ebe7edcdf6 => generated 260 bytes in 26 msecs (HTTP/1.1 200) 8 headers in 296 bytes (1 switches on core 0)
Apr 11 21:19:06.193708 n-d-835739-3 devstack@placement-api.service[111629]: DEBUG placement.requestlog [req-7ff2e359-3bdc-4e82-babb-5e7cf3e6e92a req-2d592303-b281-4ebf-97af-5ce2859d8f82 None None] Starting request: 10.222.0.74 "GET /placement/allocation_candidates?in_tree=b8316c77-d4e9-4498-8b78-af08fe078dd3&limit=1000&resources=DISK_GB%3A1%2CMEMORY_MB%3A1024%2CVCPU%3A1&root_required=%21COMPUTE_STATUS_DISABLED" {{(pid=111629) __call__ /opt/stack/placement/placement/requestlog.py:55}}
Apr 11 21:19:06.244906 n-d-835739-3 devstack@placement-api.service[111629]: DEBUG placement.objects.research_context [req-7ff2e359-3bdc-4e82-babb-5e7cf3e6e92a req-2d592303-b281-4ebf-97af-5ce2859d8f82 service placement] Group getting allocation candidates in the same tree with the root provider b8316c77-d4e9-4498-8b78-af08fe078dd3 {{(pid=111629) __init__ /opt/stack/placement/placement/objects/research_context.py:124}}
Apr 11 21:19:06.245355 n-d-835739-3 devstack@placement-api.service[111629]: DEBUG placement.objects.research_context [req-7ff2e359-3bdc-4e82-babb-5e7cf3e6e92a req-2d592303-b281-4ebf-97af-5ce2859d8f82 service placement] getting providers with 1 DISK_GB {{(pid=111629) __init__ /opt/stack/placement/placement/objects/research_context.py:136}}
Apr 11 21:19:06.252638 n-d-835739-3 devstack@placement-api.service[111629]: DEBUG placement.objects.research_context [req-7ff2e359-3bdc-4e82-babb-5e7cf3e6e92a req-2d592303-b281-4ebf-97af-5ce2859d8f82 service placement] getting providers with 1024 MEMORY_MB {{(pid=111629) __init__ /opt/stack/placement/placement/objects/research_context.py:136}}
Apr 11 21:19:06.258606 n-d-835739-3 devstack@placement-api.service[111629]: DEBUG placement.objects.research_context [req-7ff2e359-3bdc-4e82-babb-5e7cf3e6e92a req-2d592303-b281-4ebf-97af-5ce2859d8f82 service placement] getting providers with 1 VCPU {{(pid=111629) __init__ /opt/stack/placement/placement/objects/research_context.py:136}}
Apr 11 21:19:06.266696 n-d-835739-3 devstack@placement-api.service[111629]: DEBUG placement.objects.research_context [req-7ff2e359-3bdc-4e82-babb-5e7cf3e6e92a req-2d592303-b281-4ebf-97af-5ce2859d8f82 service placement] found 1 providers with available 1 DISK_GB {{(pid=111629) get_provider_ids_matching /opt/stack/placement/placement/objects/research_context.py:559}}
Apr 11 21:19:06.267187 n-d-835739-3 devstack@placement-api.service[111629]: DEBUG placement.objects.research_context [req-7ff2e359-3bdc-4e82-babb-5e7cf3e6e92a req-2d592303-b281-4ebf-97af-5ce2859d8f82 service placement] found 1 providers with available 1024 MEMORY_MB {{(pid=111629) get_provider_ids_matching /opt/stack/placement/placement/objects/research_context.py:559}}
Apr 11 21:19:06.267618 n-d-835739-3 devstack@placement-api.service[111629]: DEBUG placement.objects.research_context [req-7ff2e359-3bdc-4e82-babb-5e7cf3e6e92a req-2d592303-b281-4ebf-97af-5ce2859d8f82 service placement] found 1 providers after filtering by previous result {{(pid=111629) get_provider_ids_matching /opt/stack/placement/placement/objects/research_context.py:590}}
Apr 11 21:19:06.268063 n-d-835739-3 devstack@placement-api.service[111629]: DEBUG placement.objects.research_context [req-7ff2e359-3bdc-4e82-babb-5e7cf3e6e92a req-2d592303-b281-4ebf-97af-5ce2859d8f82 service placement] found 1 providers with available 1 VCPU {{(pid=111629) get_provider_ids_matching /opt/stack/placement/placement/objects/research_context.py:559}}
Apr 11 21:19:06.268520 n-d-835739-3 devstack@placement-api.service[111629]: DEBUG placement.objects.research_context [req-7ff2e359-3bdc-4e82-babb-5e7cf3e6e92a req-2d592303-b281-4ebf-97af-5ce2859d8f82 service placement] found 1 providers after filtering by previous result {{(pid=111629) get_provider_ids_matching /opt/stack/placement/placement/objects/research_context.py:590}}
Apr 11 21:19:06.279364 n-d-835739-3 devstack@placement-api.service[111629]: DEBUG placement.objects.allocation_candidate [req-7ff2e359-3bdc-4e82-babb-5e7cf3e6e92a req-2d592303-b281-4ebf-97af-5ce2859d8f82 service placement] RequestGroup(use_same_provider=False, resources={DISK_GB:1, MEMORY_MB:1024, VCPU:1}, traits=(), aggregates=[]) (suffix '') returned 1 matches {{(pid=111629) _get_by_requests /opt/stack/placement/placement/objects/allocation_candidate.py:156}}
Apr 11 21:19:06.279944 n-d-835739-3 devstack@placement-api.service[111629]: DEBUG placement.objects.allocation_candidate [req-7ff2e359-3bdc-4e82-babb-5e7cf3e6e92a req-2d592303-b281-4ebf-97af-5ce2859d8f82 service placement] Merging candidates yields 1 allocation requests and 1 provider summaries {{(pid=111629) _merge_candidates /opt/stack/placement/placement/objects/allocation_candidate.py:809}}
Apr 11 21:19:06.281671 n-d-835739-3 devstack@placement-api.service[111629]: INFO placement.requestlog [req-7ff2e359-3bdc-4e82-babb-5e7cf3e6e92a req-2d592303-b281-4ebf-97af-5ce2859d8f82 service placement] 10.222.0.74 "GET /placement/allocation_candidates?in_tree=b8316c77-d4e9-4498-8b78-af08fe078dd3&limit=1000&resources=DISK_GB%3A1%2CMEMORY_MB%3A1024%2CVCPU%3A1&root_required=%21COMPUTE_STATUS_DISABLED" status: 200 len: 676 microversion: 1.36
Apr 11 21:19:06.287518 n-d-835739-3 devstack@placement-api.service[111629]: [pid: 111629|app: 0|req: 514/1026] 10.222.0.74 () {60 vars in 1596 bytes} [Mon Apr 11 21:19:06 2022] GET /placement/allocation_candidates?in_tree=b8316c77-d4e9-4498-8b78-af08fe078dd3&limit=1000&resources=DISK_GB%3A1%2CMEMORY_MB%3A1024%2CVCPU%3A1&root_required=%21COMPUTE_STATUS_DISABLED => generated 676 bytes in 94 msecs (HTTP/1.1 200) 8 headers in 296 bytes (1 switches on core 0)
Apr 11 21:19:06.324145 n-d-835739-3 devstack@placement-api.service[111628]: DEBUG placement.requestlog [req-7ff2e359-3bdc-4e82-babb-5e7cf3e6e92a req-a1e3b9d1-90f3-402d-ba08-fb2dd927869d None None] Starting request: 10.222.0.74 "GET /placement/allocations/93eed4ae-424f-4fbc-9001-ef61f6e4cb35" {{(pid=111628) __call__ /opt/stack/placement/placement/requestlog.py:55}}
Apr 11 21:19:06.346577 n-d-835739-3 devstack@placement-api.service[111628]: INFO placement.requestlog [req-7ff2e359-3bdc-4e82-babb-5e7cf3e6e92a req-a1e3b9d1-90f3-402d-ba08-fb2dd927869d service placement] 10.222.0.74 "GET /placement/allocations/93eed4ae-424f-4fbc-9001-ef61f6e4cb35" status: 200 len: 19 microversion: 1.28
Apr 11 21:19:06.347272 n-d-835739-3 devstack@placement-api.service[111628]: [pid: 111628|app: 0|req: 513/1027] 10.222.0.74 () {60 vars in 1380 bytes} [Mon Apr 11 21:19:06 2022] GET /placement/allocations/93eed4ae-424f-4fbc-9001-ef61f6e4cb35 => generated 19 bytes in 23 msecs (HTTP/1.1 200) 8 headers in 295 bytes (1 switches on core 0)
Apr 11 21:19:06.354698 n-d-835739-3 devstack@placement-api.service[111629]: DEBUG placement.requestlog [req-7ff2e359-3bdc-4e82-babb-5e7cf3e6e92a req-c5e8ba5d-d47b-4cf2-bb39-a9d934da08e7 None None] Starting request: 10.222.0.74 "PUT /placement/allocations/93eed4ae-424f-4fbc-9001-ef61f6e4cb35" {{(pid=111629) __call__ /opt/stack/placement/placement/requestlog.py:55}}
Apr 11 21:19:06.528674 n-d-835739-3 devstack@placement-api.service[111629]: DEBUG placement.handlers.allocation [req-7ff2e359-3bdc-4e82-babb-5e7cf3e6e92a req-c5e8ba5d-d47b-4cf2-bb39-a9d934da08e7 service placement] Successfully wrote allocations [, , ] {{(pid=111629) _update_consumers_and_create_allocations /opt/stack/placement/placement/handlers/allocation.py:462}}
Apr 11 21:19:06.612592 n-d-835739-3 devstack@placement-api.service[111629]: INFO placement.requestlog [req-7ff2e359-3bdc-4e82-babb-5e7cf3e6e92a req-c5e8ba5d-d47b-4cf2-bb39-a9d934da08e7 service placement] 10.222.0.74 "PUT /placement/allocations/93eed4ae-424f-4fbc-9001-ef61f6e4cb35" status: 204 len: 0 microversion: 1.36
Apr 11 21:19:06.613087 n-d-835739-3 devstack@placement-api.service[111629]: [pid: 111629|app: 0|req: 515/1028] 10.222.0.74 () {64 vars in 1433 bytes} [Mon Apr 11 21:19:06 2022] PUT /placement/allocations/93eed4ae-424f-4fbc-9001-ef61f6e4cb35 => generated 0 bytes in 259 msecs (HTTP/1.1 204) 5 headers in 199 bytes (1 switches on core 0)
Apr 11 21:19:07.777519 n-d-835739-3 devstack@placement-api.service[111628]: DEBUG placement.requestlog [req-7ff2e359-3bdc-4e82-babb-5e7cf3e6e92a req-d23c5c2c-a76f-4ebc-88f8-55d45d83fbff None None] Starting request: 10.222.0.58 "GET /placement/allocations/93eed4ae-424f-4fbc-9001-ef61f6e4cb35" {{(pid=111628) __call__ /opt/stack/placement/placement/requestlog.py:55}}
Apr 11 21:19:07.823683 n-d-835739-3 devstack@placement-api.service[111628]: INFO placement.requestlog [req-7ff2e359-3bdc-4e82-babb-5e7cf3e6e92a req-d23c5c2c-a76f-4ebc-88f8-55d45d83fbff service placement] 10.222.0.58 "GET /placement/allocations/93eed4ae-424f-4fbc-9001-ef61f6e4cb35" status: 200 len: 259 microversion: 1.28
Apr 11 21:19:07.824235 n-d-835739-3 devstack@placement-api.service[111628]: [pid: 111628|app: 0|req: 514/1029] 10.222.0.58 () {60 vars in 1377 bytes} [Mon Apr 11 21:19:07 2022] GET /placement/allocations/93eed4ae-424f-4fbc-9001-ef61f6e4cb35 => generated 259 bytes in 47 msecs (HTTP/1.1 200) 8 headers in 296 bytes (1 switches on core 0)
Apr 11 21:19:18.085117 n-d-835739-3 devstack@placement-api.service[111629]: DEBUG placement.requestlog [req-ca23e03b-6971-467e-b002-f0ebc9b50240 req-d9f0496b-e0ec-43f6-b364-ff120c330c05 None None] Starting request: 10.222.0.67 "GET /placement/resource_providers/96ccfb23-60b5-4973-958d-39d3a51a2dd4/allocations" {{(pid=111629) __call__ /opt/stack/placement/placement/requestlog.py:55}}
Apr 11 21:19:18.104276 n-d-835739-3 devstack@placement-api.service[111629]: INFO placement.requestlog [req-ca23e03b-6971-467e-b002-f0ebc9b50240 req-d9f0496b-e0ec-43f6-b364-ff120c330c05 service placement] 10.222.0.67 "GET /placement/resource_providers/96ccfb23-60b5-4973-958d-39d3a51a2dd4/allocations" status: 200 len: 256 microversion: 1.0
Apr 11 21:19:18.104605 n-d-835739-3 devstack@placement-api.service[111629]: [pid: 111629|app: 0|req: 516/1030] 10.222.0.67 () {58 vars in 1390 bytes} [Mon Apr 11 21:19:18 2022] GET /placement/resource_providers/96ccfb23-60b5-4973-958d-39d3a51a2dd4/allocations => generated 256 bytes in 20 msecs (HTTP/1.1 200) 6 headers in 224 bytes (1 switches on core 0)
Apr 11 21:19:23.250075 n-d-835739-3 devstack@placement-api.service[111628]: DEBUG placement.requestlog [req-7eb08210-59e1-4f93-af77-8bc8e15c7a78 req-167c5be0-e935-4e31-8463-ec8306f9733a None None] Starting request: 10.222.0.58 "DELETE /placement/allocations/93eed4ae-424f-4fbc-9001-ef61f6e4cb35" {{(pid=111628) __call__ /opt/stack/placement/placement/requestlog.py:55}}
Apr 11 21:19:23.480722 n-d-835739-3 devstack@placement-api.service[111628]: DEBUG placement.handlers.allocation [req-7eb08210-59e1-4f93-af77-8bc8e15c7a78 req-167c5be0-e935-4e31-8463-ec8306f9733a service placement] Successfully deleted allocations [, , ] {{(pid=111628) delete_allocations /opt/stack/placement/placement/handlers/allocation.py:627}}
Apr 11 21:19:23.485236 n-d-835739-3 devstack@placement-api.service[111628]: INFO placement.requestlog [req-7eb08210-59e1-4f93-af77-8bc8e15c7a78 req-167c5be0-e935-4e31-8463-ec8306f9733a service placement] 10.222.0.58 "DELETE /placement/allocations/93eed4ae-424f-4fbc-9001-ef61f6e4cb35" status: 204 len: 0 microversion: 1.0
Apr 11 21:19:23.485236 n-d-835739-3 devstack@placement-api.service[111628]: [pid: 111628|app: 0|req: 515/1031] 10.222.0.58 () {60 vars in 1355 bytes} [Mon Apr 11 21:19:23 2022] DELETE /placement/allocations/93eed4ae-424f-4fbc-9001-ef61f6e4cb35 => generated 0 bytes in 233 msecs (HTTP/1.1 204) 5 headers in 198 bytes (2 switches on core 0)
Apr 11 21:19:27.455803 n-d-835739-3 devstack@placement-api.service[111629]: DEBUG placement.requestlog [req-0c894cd4-4008-4a36-855b-8af3142e401b req-839a9c99-d26c-484b-8cc8-bd96858da1fc None None] Starting request: 10.222.0.67 "DELETE /placement/allocations/a94e2989-d380-4a07-b70f-e8ebe7edcdf6" {{(pid=111629) __call__ /opt/stack/placement/placement/requestlog.py:55}}
Apr 11 21:19:27.651589 n-d-835739-3 devstack@placement-api.service[111629]: DEBUG placement.handlers.allocation [req-0c894cd4-4008-4a36-855b-8af3142e401b req-839a9c99-d26c-484b-8cc8-bd96858da1fc service placement] Successfully deleted allocations [, , ] {{(pid=111629) delete_allocations /opt/stack/placement/placement/handlers/allocation.py:627}}
Apr 11 21:19:27.652076 n-d-835739-3 devstack@placement-api.service[111629]: INFO placement.requestlog [req-0c894cd4-4008-4a36-855b-8af3142e401b req-839a9c99-d26c-484b-8cc8-bd96858da1fc service placement] 10.222.0.67 "DELETE /placement/allocations/a94e2989-d380-4a07-b70f-e8ebe7edcdf6" status: 204 len: 0 microversion: 1.0
Apr 11 21:19:27.652453 n-d-835739-3 devstack@placement-api.service[111629]: [pid: 111629|app: 0|req: 517/1032] 10.222.0.67 () {60 vars in 1355 bytes} [Mon Apr 11 21:19:27 2022] DELETE /placement/allocations/a94e2989-d380-4a07-b70f-e8ebe7edcdf6 => generated 0 bytes in 197 msecs (HTTP/1.1 204) 5 headers in 198 bytes (1 switches on core 0)
Apr 11 21:19:31.798986 n-d-835739-3 devstack@placement-api.service[111628]: DEBUG placement.requestlog [req-7c723fb0-b028-493b-b1a5-502ff32b36d8 req-ab46f551-d37a-4719-b8ed-99e687e9c269 None None] Starting request: 10.222.0.58 "GET /placement/resource_providers/b8316c77-d4e9-4498-8b78-af08fe078dd3/allocations" {{(pid=111628) __call__ /opt/stack/placement/placement/requestlog.py:55}}
Apr 11 21:19:31.828921 n-d-835739-3 devstack@placement-api.service[111628]: INFO placement.requestlog [req-7c723fb0-b028-493b-b1a5-502ff32b36d8 req-ab46f551-d37a-4719-b8ed-99e687e9c269 service placement] 10.222.0.58 "GET /placement/resource_providers/b8316c77-d4e9-4498-8b78-af08fe078dd3/allocations" status: 200 len: 55 microversion: 1.0
Apr 11 21:19:31.829618 n-d-835739-3 devstack@placement-api.service[111628]: [pid: 111628|app: 0|req: 516/1033] 10.222.0.58 () {58 vars in 1390 bytes} [Mon Apr 11 21:19:31 2022] GET /placement/resource_providers/b8316c77-d4e9-4498-8b78-af08fe078dd3/allocations => generated 55 bytes in 31 msecs (HTTP/1.1 200) 6 headers in 223 bytes (1 switches on core 0)
Apr 11 21:19:35.291267 n-d-835739-3 devstack@placement-api.service[111629]: DEBUG placement.requestlog [req-945e63b9-6673-48f3-97c4-59ce5f4df808 req-de2afacb-347b-456a-ba28-2a38c22757c0 None None] Starting request: 10.222.0.74 "GET /placement/allocation_candidates?limit=1000&resources=DISK_GB%3A1%2CMEMORY_MB%3A1024%2CVCPU%3A1&root_required=%21COMPUTE_STATUS_DISABLED" {{(pid=111629) __call__ /opt/stack/placement/placement/requestlog.py:55}}
Apr 11 21:19:35.383539 n-d-835739-3 devstack@placement-api.service[111629]: DEBUG placement.objects.research_context [req-945e63b9-6673-48f3-97c4-59ce5f4df808 req-de2afacb-347b-456a-ba28-2a38c22757c0 service placement] getting providers with 1 DISK_GB {{(pid=111629) __init__ /opt/stack/placement/placement/objects/research_context.py:136}}
Apr 11 21:19:35.396376 n-d-835739-3 devstack@placement-api.service[111629]: DEBUG placement.objects.research_context [req-945e63b9-6673-48f3-97c4-59ce5f4df808 req-de2afacb-347b-456a-ba28-2a38c22757c0 service placement] getting providers with 1024 MEMORY_MB {{(pid=111629) __init__ /opt/stack/placement/placement/objects/research_context.py:136}}
Apr 11 21:19:35.419882 n-d-835739-3 devstack@placement-api.service[111629]: DEBUG placement.objects.research_context [req-945e63b9-6673-48f3-97c4-59ce5f4df808 req-de2afacb-347b-456a-ba28-2a38c22757c0 service placement] getting providers with 1 VCPU {{(pid=111629) __init__ /opt/stack/placement/placement/objects/research_context.py:136}}
Apr 11 21:19:35.427561 n-d-835739-3 devstack@placement-api.service[111629]: DEBUG placement.objects.research_context [req-945e63b9-6673-48f3-97c4-59ce5f4df808 req-de2afacb-347b-456a-ba28-2a38c22757c0 service placement] found 2 providers with available 1 DISK_GB {{(pid=111629) get_provider_ids_matching /opt/stack/placement/placement/objects/research_context.py:559}}
Apr 11 21:19:35.428122 n-d-835739-3 devstack@placement-api.service[111629]: DEBUG placement.objects.research_context [req-945e63b9-6673-48f3-97c4-59ce5f4df808 req-de2afacb-347b-456a-ba28-2a38c22757c0 service placement] found 2 providers with available 1024 MEMORY_MB {{(pid=111629) get_provider_ids_matching /opt/stack/placement/placement/objects/research_context.py:559}}
Apr 11 21:19:35.428560 n-d-835739-3 devstack@placement-api.service[111629]: DEBUG placement.objects.research_context [req-945e63b9-6673-48f3-97c4-59ce5f4df808 req-de2afacb-347b-456a-ba28-2a38c22757c0 service placement] found 2 providers after filtering by previous result {{(pid=111629) get_provider_ids_matching /opt/stack/placement/placement/objects/research_context.py:590}}
Apr 11 21:19:35.429220 n-d-835739-3 devstack@placement-api.service[111629]: DEBUG placement.objects.research_context [req-945e63b9-6673-48f3-97c4-59ce5f4df808 req-de2afacb-347b-456a-ba28-2a38c22757c0 service placement] found 2 providers with available 1 VCPU {{(pid=111629) get_provider_ids_matching /opt/stack/placement/placement/objects/research_context.py:559}}
Apr 11 21:19:35.429637 n-d-835739-3 devstack@placement-api.service[111629]: DEBUG placement.objects.research_context [req-945e63b9-6673-48f3-97c4-59ce5f4df808 req-de2afacb-347b-456a-ba28-2a38c22757c0 service placement] found 2 providers after filtering by previous result {{(pid=111629) get_provider_ids_matching /opt/stack/placement/placement/objects/research_context.py:590}}
Apr 11 21:19:35.445889 n-d-835739-3 devstack@placement-api.service[111629]: DEBUG placement.objects.allocation_candidate [req-945e63b9-6673-48f3-97c4-59ce5f4df808 req-de2afacb-347b-456a-ba28-2a38c22757c0 service placement] RequestGroup(use_same_provider=False, resources={DISK_GB:1, MEMORY_MB:1024, VCPU:1}, traits=(), aggregates=[]) (suffix '') returned 2 matches {{(pid=111629) _get_by_requests /opt/stack/placement/placement/objects/allocation_candidate.py:156}}
Apr 11 21:19:35.446750 n-d-835739-3 devstack@placement-api.service[111629]: DEBUG placement.objects.allocation_candidate [req-945e63b9-6673-48f3-97c4-59ce5f4df808 req-de2afacb-347b-456a-ba28-2a38c22757c0 service placement] Merging candidates yields 2 allocation requests and 2 provider summaries {{(pid=111629) _merge_candidates /opt/stack/placement/placement/objects/allocation_candidate.py:809}}
Apr 11 21:19:35.448997 n-d-835739-3 devstack@placement-api.service[111629]: INFO placement.requestlog [req-945e63b9-6673-48f3-97c4-59ce5f4df808 req-de2afacb-347b-456a-ba28-2a38c22757c0 service placement] 10.222.0.74 "GET /placement/allocation_candidates?limit=1000&resources=DISK_GB%3A1%2CMEMORY_MB%3A1024%2CVCPU%3A1&root_required=%21COMPUTE_STATUS_DISABLED" status: 200 len: 1306 microversion: 1.36
Apr 11 21:19:35.450557 n-d-835739-3 devstack@placement-api.service[111629]: [pid: 111629|app: 0|req: 518/1034] 10.222.0.74 () {60 vars in 1506 bytes} [Mon Apr 11 21:19:35 2022] GET /placement/allocation_candidates?limit=1000&resources=DISK_GB%3A1%2CMEMORY_MB%3A1024%2CVCPU%3A1&root_required=%21COMPUTE_STATUS_DISABLED => generated 1306 bytes in 159 msecs (HTTP/1.1 200) 8 headers in 297 bytes (1 switches on core 0)
Apr 11 21:19:35.559834 n-d-835739-3 devstack@placement-api.service[111628]: DEBUG placement.requestlog [req-945e63b9-6673-48f3-97c4-59ce5f4df808 req-65cf96a8-ac5c-4a0c-9a25-78f4ffe13475 None None] Starting request: 10.222.0.74 "GET /placement/allocations/d4001bc6-9896-408b-b0c1-217463ca1fc2" {{(pid=111628) __call__ /opt/stack/placement/placement/requestlog.py:55}}
Apr 11 21:19:35.571931 n-d-835739-3 devstack@placement-api.service[111628]: INFO placement.requestlog [req-945e63b9-6673-48f3-97c4-59ce5f4df808 req-65cf96a8-ac5c-4a0c-9a25-78f4ffe13475 service placement] 10.222.0.74 "GET /placement/allocations/d4001bc6-9896-408b-b0c1-217463ca1fc2" status: 200 len: 19 microversion: 1.28
Apr 11 21:19:35.572850 n-d-835739-3 devstack@placement-api.service[111628]: [pid: 111628|app: 0|req: 517/1035] 10.222.0.74 () {60 vars in 1380 bytes} [Mon Apr 11 21:19:35 2022] GET /placement/allocations/d4001bc6-9896-408b-b0c1-217463ca1fc2 => generated 19 bytes in 15 msecs (HTTP/1.1 200) 8 headers in 295 bytes (1 switches on core 0)
Apr 11 21:19:35.578904 n-d-835739-3 devstack@placement-api.service[111629]: DEBUG placement.requestlog [req-945e63b9-6673-48f3-97c4-59ce5f4df808 req-e428851d-2a7c-4e43-9a00-8622f5a1be7a None None] Starting request: 10.222.0.74 "PUT /placement/allocations/d4001bc6-9896-408b-b0c1-217463ca1fc2" {{(pid=111629) __call__ /opt/stack/placement/placement/requestlog.py:55}}
Apr 11 21:19:35.771937 n-d-835739-3 devstack@placement-api.service[111629]: DEBUG placement.handlers.allocation [req-945e63b9-6673-48f3-97c4-59ce5f4df808 req-e428851d-2a7c-4e43-9a00-8622f5a1be7a service placement] Successfully wrote allocations [, , ] {{(pid=111629) _update_consumers_and_create_allocations /opt/stack/placement/placement/handlers/allocation.py:462}}
Apr 11 21:19:35.863042 n-d-835739-3 devstack@placement-api.service[111629]: INFO placement.requestlog [req-945e63b9-6673-48f3-97c4-59ce5f4df808 req-e428851d-2a7c-4e43-9a00-8622f5a1be7a service placement] 10.222.0.74 "PUT /placement/allocations/d4001bc6-9896-408b-b0c1-217463ca1fc2" status: 204 len: 0 microversion: 1.36
Apr 11 21:19:35.863566 n-d-835739-3 devstack@placement-api.service[111629]: [pid: 111629|app: 0|req: 519/1036] 10.222.0.74 () {64 vars in 1433 bytes} [Mon Apr 11 21:19:35 2022] PUT /placement/allocations/d4001bc6-9896-408b-b0c1-217463ca1fc2 => generated 0 bytes in 285 msecs (HTTP/1.1 204) 5 headers in 199 bytes (2 switches on core 0)
