Apr 11 20:49:03.867802 n-d-835739-3 devstack@placement-api.service[111628]: [pid: 111628|app: 0|req: 193/384] 10.222.0.58 () {60 vars in 1377 bytes} [Mon Apr 11 20:49:03 2022] GET /placement/allocations/c7bacdb0-b708-4890-a81a-db66ff59d7fa => generated 259 bytes in 28 msecs (HTTP/1.1 200) 8 headers in 296 bytes (1 switches on core 0)
Apr 11 20:49:13.372177 n-d-835739-3 devstack@placement-api.service[111629]: DEBUG placement.requestlog [req-ca89a4fe-e33e-4cb8-8ce9-4980521527ed req-7346542b-6d35-4e78-92ba-a4c70081bab9 None None] Starting request: 10.222.0.58 "DELETE /placement/allocations/c7bacdb0-b708-4890-a81a-db66ff59d7fa" {{(pid=111629) __call__ /opt/stack/placement/placement/requestlog.py:55}}
Apr 11 20:49:13.563852 n-d-835739-3 devstack@placement-api.service[111629]: DEBUG placement.handlers.allocation [req-ca89a4fe-e33e-4cb8-8ce9-4980521527ed req-7346542b-6d35-4e78-92ba-a4c70081bab9 service placement] Successfully deleted allocations [, , ] {{(pid=111629) delete_allocations /opt/stack/placement/placement/handlers/allocation.py:627}}
Apr 11 20:49:13.564353 n-d-835739-3 devstack@placement-api.service[111629]: INFO placement.requestlog [req-ca89a4fe-e33e-4cb8-8ce9-4980521527ed req-7346542b-6d35-4e78-92ba-a4c70081bab9 service placement] 10.222.0.58 "DELETE /placement/allocations/c7bacdb0-b708-4890-a81a-db66ff59d7fa" status: 204 len: 0 microversion: 1.0
Apr 11 20:49:13.564726 n-d-835739-3 devstack@placement-api.service[111629]: [pid: 111629|app: 0|req: 192/385] 10.222.0.58 () {60 vars in 1355 bytes} [Mon Apr 11 20:49:13 2022] DELETE /placement/allocations/c7bacdb0-b708-4890-a81a-db66ff59d7fa => generated 0 bytes in 193 msecs (HTTP/1.1 204) 5 headers in 198 bytes (1 switches on core 0)
Apr 11 20:49:16.034561 n-d-835739-3 devstack@placement-api.service[111628]: DEBUG placement.requestlog [req-1c43ea7c-100c-4fa6-a4c8-26aac7fcfb4c req-089f33b3-acd7-4fa3-9b46-bc15812667c2 None None] Starting request: 10.222.0.67 "GET /placement/allocations/f02166f7-80d9-40ce-a16d-dc5c3a91c85e" {{(pid=111628) __call__ /opt/stack/placement/placement/requestlog.py:55}}
Apr 11 20:49:16.060921 n-d-835739-3 devstack@placement-api.service[111628]: INFO placement.requestlog [req-1c43ea7c-100c-4fa6-a4c8-26aac7fcfb4c req-089f33b3-acd7-4fa3-9b46-bc15812667c2 service placement] 10.222.0.67 "GET /placement/allocations/f02166f7-80d9-40ce-a16d-dc5c3a91c85e" status: 200 len: 259 microversion: 1.28
Apr 11 20:49:16.062095 n-d-835739-3 devstack@placement-api.service[111628]: [pid: 111628|app: 0|req: 194/386] 10.222.0.67 () {60 vars in 1377 bytes} [Mon Apr 11 20:49:16 2022] GET /placement/allocations/f02166f7-80d9-40ce-a16d-dc5c3a91c85e => generated 259 bytes in 28 msecs (HTTP/1.1 200) 8 headers in 296 bytes (1 switches on core 0)
Apr 11 20:49:18.635993 n-d-835739-3 devstack@placement-api.service[111629]: DEBUG placement.requestlog [req-66fac430-3d98-4c81-ab6b-3608d2a8e8f2 req-aba87ca8-1e93-4c31-b108-570ec9b0dcc3 None None] Starting request: 10.222.0.67 "DELETE /placement/allocations/8a212ce5-ec99-416b-a274-42517c78c230" {{(pid=111629) __call__ /opt/stack/placement/placement/requestlog.py:55}}
Apr 11 20:49:18.940790 n-d-835739-3 devstack@placement-api.service[111629]: DEBUG placement.handlers.allocation [req-66fac430-3d98-4c81-ab6b-3608d2a8e8f2 req-aba87ca8-1e93-4c31-b108-570ec9b0dcc3 service placement] Successfully deleted allocations [, , ] {{(pid=111629) delete_allocations /opt/stack/placement/placement/handlers/allocation.py:627}}
Apr 11 20:49:18.944571 n-d-835739-3 devstack@placement-api.service[111629]: INFO placement.requestlog [req-66fac430-3d98-4c81-ab6b-3608d2a8e8f2 req-aba87ca8-1e93-4c31-b108-570ec9b0dcc3 service placement] 10.222.0.67 "DELETE /placement/allocations/8a212ce5-ec99-416b-a274-42517c78c230" status: 204 len: 0 microversion: 1.0
Apr 11 20:49:18.944571 n-d-835739-3 devstack@placement-api.service[111629]: [pid: 111629|app: 0|req: 193/387] 10.222.0.67 () {60 vars in 1355 bytes} [Mon Apr 11 20:49:18 2022] DELETE /placement/allocations/8a212ce5-ec99-416b-a274-42517c78c230 => generated 0 bytes in 306 msecs (HTTP/1.1 204) 5 headers in 198 bytes (1 switches on core 0)
Apr 11 20:49:19.038072 n-d-835739-3 devstack@placement-api.service[111628]: DEBUG placement.requestlog [req-80fa6f67-7e6c-46f4-849d-c84d9bec6b62 req-4b8fb88b-8958-4cfe-b718-c90a9cb85b2b None None] Starting request: 10.222.0.67 "DELETE /placement/allocations/cb932c1a-ab9d-496a-99f5-2c4f77c0bf42" {{(pid=111628) __call__ /opt/stack/placement/placement/requestlog.py:55}}
Apr 11 20:49:19.307583 n-d-835739-3 devstack@placement-api.service[111628]: DEBUG placement.handlers.allocation [req-80fa6f67-7e6c-46f4-849d-c84d9bec6b62 req-4b8fb88b-8958-4cfe-b718-c90a9cb85b2b service placement] Successfully deleted allocations [, , ] {{(pid=111628) delete_allocations /opt/stack/placement/placement/handlers/allocation.py:627}}
Apr 11 20:49:19.310550 n-d-835739-3 devstack@placement-api.service[111628]: INFO placement.requestlog [req-80fa6f67-7e6c-46f4-849d-c84d9bec6b62 req-4b8fb88b-8958-4cfe-b718-c90a9cb85b2b service placement] 10.222.0.67 "DELETE /placement/allocations/cb932c1a-ab9d-496a-99f5-2c4f77c0bf42" status: 204 len: 0 microversion: 1.0
Apr 11 20:49:19.317206 n-d-835739-3 devstack@placement-api.service[111628]: [pid: 111628|app: 0|req: 195/388] 10.222.0.67 () {60 vars in 1355 bytes} [Mon Apr 11 20:49:19 2022] DELETE /placement/allocations/cb932c1a-ab9d-496a-99f5-2c4f77c0bf42 => generated 0 bytes in 275 msecs (HTTP/1.1 204) 5 headers in 198 bytes (1 switches on core 0)
Apr 11 20:49:19.710721 n-d-835739-3 devstack@placement-api.service[111629]: DEBUG placement.requestlog [req-4c8196d8-7a77-4bdf-8964-0f77644a760c req-186b21ff-8822-4eb8-bc33-cb08c80139ce None None] Starting request: 10.222.0.58 "GET /placement/resource_providers/b8316c77-d4e9-4498-8b78-af08fe078dd3/allocations" {{(pid=111629) __call__ /opt/stack/placement/placement/requestlog.py:55}}
Apr 11 20:49:19.734795 n-d-835739-3 devstack@placement-api.service[111629]: INFO placement.requestlog [req-4c8196d8-7a77-4bdf-8964-0f77644a760c req-186b21ff-8822-4eb8-bc33-cb08c80139ce service placement] 10.222.0.58 "GET /placement/resource_providers/b8316c77-d4e9-4498-8b78-af08fe078dd3/allocations" status: 200 len: 746 microversion: 1.0
Apr 11 20:49:19.735171 n-d-835739-3 devstack@placement-api.service[111629]: [pid: 111629|app: 0|req: 194/389] 10.222.0.58 () {58 vars in 1390 bytes} [Mon Apr 11 20:49:19 2022] GET /placement/resource_providers/b8316c77-d4e9-4498-8b78-af08fe078dd3/allocations => generated 746 bytes in 25 msecs (HTTP/1.1 200) 6 headers in 224 bytes (1 switches on core 0)
Apr 11 20:49:20.355504 n-d-835739-3 devstack@placement-api.service[111628]: DEBUG placement.requestlog [req-4c8196d8-7a77-4bdf-8964-0f77644a760c req-98f9507d-0fb9-4340-a5c2-0a133cb1200e None None] Starting request: 10.222.0.58 "GET /placement/allocations/97707725-e1f5-4bdb-9158-6bbf48c7d8d7" {{(pid=111628) __call__ /opt/stack/placement/placement/requestlog.py:55}}
Apr 11 20:49:20.377402 n-d-835739-3 devstack@placement-api.service[111628]: INFO placement.requestlog [req-4c8196d8-7a77-4bdf-8964-0f77644a760c req-98f9507d-0fb9-4340-a5c2-0a133cb1200e service placement] 10.222.0.58 "GET /placement/allocations/97707725-e1f5-4bdb-9158-6bbf48c7d8d7" status: 200 len: 259 microversion: 1.28
Apr 11 20:49:20.377402 n-d-835739-3 devstack@placement-api.service[111628]: [pid: 111628|app: 0|req: 196/390] 10.222.0.58 () {60 vars in 1377 bytes} [Mon Apr 11 20:49:20 2022] GET /placement/allocations/97707725-e1f5-4bdb-9158-6bbf48c7d8d7 => generated 259 bytes in 19 msecs (HTTP/1.1 200) 8 headers in 296 bytes (1 switches on core 0)
Apr 11 20:49:20.384923 n-d-835739-3 devstack@placement-api.service[111629]: DEBUG placement.requestlog [req-4c8196d8-7a77-4bdf-8964-0f77644a760c req-388cc0a8-c499-4fc4-8547-f53b6ed0613c None None] Starting request: 10.222.0.58 "PUT /placement/allocations/97707725-e1f5-4bdb-9158-6bbf48c7d8d7" {{(pid=111629) __call__ /opt/stack/placement/placement/requestlog.py:55}}
Apr 11 20:49:20.428978 n-d-835739-3 devstack@placement-api.service[111629]: DEBUG placement.handlers.allocation [req-4c8196d8-7a77-4bdf-8964-0f77644a760c req-388cc0a8-c499-4fc4-8547-f53b6ed0613c service placement] Successfully wrote allocations [, , ] {{(pid=111629) _update_consumers_and_create_allocations /opt/stack/placement/placement/handlers/allocation.py:462}}
Apr 11 20:49:20.553273 n-d-835739-3 devstack@placement-api.service[111628]: DEBUG placement.requestlog [req-0d47bffe-5261-4bde-821f-bb96086065ba req-c725aacc-e21c-41fc-9dd3-b0e4250569a6 None None] Starting request: 10.222.0.74 "GET /placement/allocation_candidates?limit=1000&resources=DISK_GB%3A1%2CMEMORY_MB%3A1024%2CVCPU%3A1&root_required=%21COMPUTE_STATUS_DISABLED" {{(pid=111628) __call__ /opt/stack/placement/placement/requestlog.py:55}}
Apr 11 20:49:20.587966 n-d-835739-3 devstack@placement-api.service[111629]: INFO placement.requestlog [req-4c8196d8-7a77-4bdf-8964-0f77644a760c req-388cc0a8-c499-4fc4-8547-f53b6ed0613c service placement] 10.222.0.58 "PUT /placement/allocations/97707725-e1f5-4bdb-9158-6bbf48c7d8d7" status: 204 len: 0 microversion: 1.28
Apr 11 20:49:20.587966 n-d-835739-3 devstack@placement-api.service[111629]: [pid: 111629|app: 0|req: 195/391] 10.222.0.58 () {64 vars in 1430 bytes} [Mon Apr 11 20:49:20 2022] PUT /placement/allocations/97707725-e1f5-4bdb-9158-6bbf48c7d8d7 => generated 0 bytes in 198 msecs (HTTP/1.1 204) 5 headers in 199 bytes (1 switches on core 0)
Apr 11 20:49:20.604421 n-d-835739-3 devstack@placement-api.service[111628]: DEBUG placement.objects.research_context [req-0d47bffe-5261-4bde-821f-bb96086065ba req-c725aacc-e21c-41fc-9dd3-b0e4250569a6 service placement] getting providers with 1 DISK_GB {{(pid=111628) __init__ /opt/stack/placement/placement/objects/research_context.py:136}}
Apr 11 20:49:20.610625 n-d-835739-3 devstack@placement-api.service[111628]: DEBUG placement.objects.research_context [req-0d47bffe-5261-4bde-821f-bb96086065ba req-c725aacc-e21c-41fc-9dd3-b0e4250569a6 service placement] getting providers with 1024 MEMORY_MB {{(pid=111628) __init__ /opt/stack/placement/placement/objects/research_context.py:136}}
Apr 11 20:49:20.617566 n-d-835739-3 devstack@placement-api.service[111628]: DEBUG placement.objects.research_context [req-0d47bffe-5261-4bde-821f-bb96086065ba req-c725aacc-e21c-41fc-9dd3-b0e4250569a6 service placement] getting providers with 1 VCPU {{(pid=111628) __init__ /opt/stack/placement/placement/objects/research_context.py:136}}
Apr 11 20:49:20.626820 n-d-835739-3 devstack@placement-api.service[111628]: DEBUG placement.objects.research_context [req-0d47bffe-5261-4bde-821f-bb96086065ba req-c725aacc-e21c-41fc-9dd3-b0e4250569a6 service placement] found 2 providers with available 1 DISK_GB {{(pid=111628) get_provider_ids_matching /opt/stack/placement/placement/objects/research_context.py:559}}
Apr 11 20:49:20.627581 n-d-835739-3 devstack@placement-api.service[111628]: DEBUG placement.objects.research_context [req-0d47bffe-5261-4bde-821f-bb96086065ba req-c725aacc-e21c-41fc-9dd3-b0e4250569a6 service placement] found 2 providers with available 1024 MEMORY_MB {{(pid=111628) get_provider_ids_matching /opt/stack/placement/placement/objects/research_context.py:559}}
Apr 11 20:49:20.627876 n-d-835739-3 devstack@placement-api.service[111628]: DEBUG placement.objects.research_context [req-0d47bffe-5261-4bde-821f-bb96086065ba req-c725aacc-e21c-41fc-9dd3-b0e4250569a6 service placement] found 2 providers after filtering by previous result {{(pid=111628) get_provider_ids_matching /opt/stack/placement/placement/objects/research_context.py:590}}
Apr 11 20:49:20.628200 n-d-835739-3 devstack@placement-api.service[111628]: DEBUG placement.objects.research_context [req-0d47bffe-5261-4bde-821f-bb96086065ba req-c725aacc-e21c-41fc-9dd3-b0e4250569a6 service placement] found 2 providers with available 1 VCPU {{(pid=111628) get_provider_ids_matching /opt/stack/placement/placement/objects/research_context.py:559}}
Apr 11 20:49:20.628528 n-d-835739-3 devstack@placement-api.service[111628]: DEBUG placement.objects.research_context [req-0d47bffe-5261-4bde-821f-bb96086065ba req-c725aacc-e21c-41fc-9dd3-b0e4250569a6 service placement] found 2 providers after filtering by previous result {{(pid=111628) get_provider_ids_matching /opt/stack/placement/placement/objects/research_context.py:590}}
Apr 11 20:49:20.658081 n-d-835739-3 devstack@placement-api.service[111628]: DEBUG placement.objects.allocation_candidate [req-0d47bffe-5261-4bde-821f-bb96086065ba req-c725aacc-e21c-41fc-9dd3-b0e4250569a6 service placement] RequestGroup(use_same_provider=False, resources={DISK_GB:1, MEMORY_MB:1024, VCPU:1}, traits=(), aggregates=[]) (suffix '') returned 2 matches {{(pid=111628) _get_by_requests /opt/stack/placement/placement/objects/allocation_candidate.py:156}}
Apr 11 20:49:20.658484 n-d-835739-3 devstack@placement-api.service[111628]: DEBUG placement.objects.allocation_candidate [req-0d47bffe-5261-4bde-821f-bb96086065ba req-c725aacc-e21c-41fc-9dd3-b0e4250569a6 service placement] Merging candidates yields 2 allocation requests and 2 provider summaries {{(pid=111628) _merge_candidates /opt/stack/placement/placement/objects/allocation_candidate.py:809}}
Apr 11 20:49:20.661011 n-d-835739-3 devstack@placement-api.service[111628]: INFO placement.requestlog [req-0d47bffe-5261-4bde-821f-bb96086065ba req-c725aacc-e21c-41fc-9dd3-b0e4250569a6 service placement] 10.222.0.74 "GET /placement/allocation_candidates?limit=1000&resources=DISK_GB%3A1%2CMEMORY_MB%3A1024%2CVCPU%3A1&root_required=%21COMPUTE_STATUS_DISABLED" status: 200 len: 1309 microversion: 1.36
Apr 11 20:49:20.661892 n-d-835739-3 devstack@placement-api.service[111628]: [pid: 111628|app: 0|req: 197/392] 10.222.0.74 () {60 vars in 1506 bytes} [Mon Apr 11 20:49:20 2022] GET /placement/allocation_candidates?limit=1000&resources=DISK_GB%3A1%2CMEMORY_MB%3A1024%2CVCPU%3A1&root_required=%21COMPUTE_STATUS_DISABLED => generated 1309 bytes in 109 msecs (HTTP/1.1 200) 8 headers in 297 bytes (2 switches on core 0)
Apr 11 20:49:20.747712 n-d-835739-3 devstack@placement-api.service[111629]: DEBUG placement.requestlog [req-0d47bffe-5261-4bde-821f-bb96086065ba req-a998be3a-5484-4628-b5cc-f3dcab40d2cc None None] Starting request: 10.222.0.74 "GET /placement/allocations/1591adc5-37cf-4da4-bf78-5b4b5f9167ab" {{(pid=111629) __call__ /opt/stack/placement/placement/requestlog.py:55}}
Apr 11 20:49:20.760346 n-d-835739-3 devstack@placement-api.service[111629]: INFO placement.requestlog [req-0d47bffe-5261-4bde-821f-bb96086065ba req-a998be3a-5484-4628-b5cc-f3dcab40d2cc service placement] 10.222.0.74 "GET /placement/allocations/1591adc5-37cf-4da4-bf78-5b4b5f9167ab" status: 200 len: 19 microversion: 1.28
Apr 11 20:49:20.760882 n-d-835739-3 devstack@placement-api.service[111629]: [pid: 111629|app: 0|req: 196/393] 10.222.0.74 () {60 vars in 1380 bytes} [Mon Apr 11 20:49:20 2022] GET /placement/allocations/1591adc5-37cf-4da4-bf78-5b4b5f9167ab => generated 19 bytes in 14 msecs (HTTP/1.1 200) 8 headers in 295 bytes (1 switches on core 0)
Apr 11 20:49:20.768180 n-d-835739-3 devstack@placement-api.service[111628]: DEBUG placement.requestlog [req-0d47bffe-5261-4bde-821f-bb96086065ba req-86d28403-5ddb-4200-aabe-d753e772b378 None None] Starting request: 10.222.0.74 "PUT /placement/allocations/1591adc5-37cf-4da4-bf78-5b4b5f9167ab" {{(pid=111628) __call__ /opt/stack/placement/placement/requestlog.py:55}}
Apr 11 20:49:21.195537 n-d-835739-3 devstack@placement-api.service[111629]: DEBUG placement.requestlog [req-a3658e5e-d7d2-4d8e-ab0c-fff57a8caa94 req-fc20ea18-da6d-4ded-84d4-55502153c804 None None] Starting request: 10.222.0.67 "DELETE /placement/allocations/1a2cb307-ff90-4f9e-81bd-72a9c59688a4" {{(pid=111629) __call__ /opt/stack/placement/placement/requestlog.py:55}}
Apr 11 20:49:21.235173 n-d-835739-3 devstack@placement-api.service[111628]: DEBUG placement.handlers.allocation [req-0d47bffe-5261-4bde-821f-bb96086065ba req-86d28403-5ddb-4200-aabe-d753e772b378 service placement] Successfully wrote allocations [, , ] {{(pid=111628) _update_consumers_and_create_allocations /opt/stack/placement/placement/handlers/allocation.py:462}}
Apr 11 20:49:21.342103 n-d-835739-3 devstack@placement-api.service[111628]: INFO placement.requestlog [req-0d47bffe-5261-4bde-821f-bb96086065ba req-86d28403-5ddb-4200-aabe-d753e772b378 service placement] 10.222.0.74 "PUT /placement/allocations/1591adc5-37cf-4da4-bf78-5b4b5f9167ab" status: 204 len: 0 microversion: 1.36
Apr 11 20:49:21.343341 n-d-835739-3 devstack@placement-api.service[111628]: [pid: 111628|app: 0|req: 198/394] 10.222.0.74 () {64 vars in 1433 bytes} [Mon Apr 11 20:49:20 2022] PUT /placement/allocations/1591adc5-37cf-4da4-bf78-5b4b5f9167ab => generated 0 bytes in 575 msecs (HTTP/1.1 204) 5 headers in 199 bytes (1 switches on core 0)
Apr 11 20:49:21.483742 n-d-835739-3 devstack@placement-api.service[111629]: DEBUG placement.handlers.allocation [req-a3658e5e-d7d2-4d8e-ab0c-fff57a8caa94 req-fc20ea18-da6d-4ded-84d4-55502153c804 service placement] Successfully deleted allocations [, , ] {{(pid=111629) delete_allocations /opt/stack/placement/placement/handlers/allocation.py:627}}
Apr 11 20:49:21.484522 n-d-835739-3 devstack@placement-api.service[111629]: INFO placement.requestlog [req-a3658e5e-d7d2-4d8e-ab0c-fff57a8caa94 req-fc20ea18-da6d-4ded-84d4-55502153c804 service placement] 10.222.0.67 "DELETE /placement/allocations/1a2cb307-ff90-4f9e-81bd-72a9c59688a4" status: 204 len: 0 microversion: 1.0
Apr 11 20:49:21.484908 n-d-835739-3 devstack@placement-api.service[111629]: [pid: 111629|app: 0|req: 197/395] 10.222.0.67 () {60 vars in 1355 bytes} [Mon Apr 11 20:49:21 2022] DELETE /placement/allocations/1a2cb307-ff90-4f9e-81bd-72a9c59688a4 => generated 0 bytes in 290 msecs (HTTP/1.1 204) 5 headers in 198 bytes (1 switches on core 0)
Apr 11 20:49:22.789492 n-d-835739-3 devstack@placement-api.service[111628]: DEBUG placement.requestlog [req-9b22bd99-43c3-489d-a003-18f20d96f9ce req-f51ad854-3814-4f5c-870e-c4405eeb0780 None None] Starting request: 10.222.0.74 "GET /placement/allocation_candidates?limit=1000&resources=DISK_GB%3A1%2CMEMORY_MB%3A1024%2CVCPU%3A1&root_required=%21COMPUTE_STATUS_DISABLED" {{(pid=111628) __call__ /opt/stack/placement/placement/requestlog.py:55}}
Apr 11 20:49:22.823523 n-d-835739-3 devstack@placement-api.service[111628]: DEBUG placement.objects.research_context [req-9b22bd99-43c3-489d-a003-18f20d96f9ce req-f51ad854-3814-4f5c-870e-c4405eeb0780 service placement] getting providers with 1 DISK_GB {{(pid=111628) __init__ /opt/stack/placement/placement/objects/research_context.py:136}}
Apr 11 20:49:22.829336 n-d-835739-3 devstack@placement-api.service[111628]: DEBUG placement.objects.research_context [req-9b22bd99-43c3-489d-a003-18f20d96f9ce req-f51ad854-3814-4f5c-870e-c4405eeb0780 service placement] getting providers with 1024 MEMORY_MB {{(pid=111628) __init__ /opt/stack/placement/placement/objects/research_context.py:136}}
Apr 11 20:49:22.834983 n-d-835739-3 devstack@placement-api.service[111628]: DEBUG placement.objects.research_context [req-9b22bd99-43c3-489d-a003-18f20d96f9ce req-f51ad854-3814-4f5c-870e-c4405eeb0780 service placement] getting providers with 1 VCPU {{(pid=111628) __init__ /opt/stack/placement/placement/objects/research_context.py:136}}
Apr 11 20:49:22.844233 n-d-835739-3 devstack@placement-api.service[111628]: DEBUG placement.objects.research_context [req-9b22bd99-43c3-489d-a003-18f20d96f9ce req-f51ad854-3814-4f5c-870e-c4405eeb0780 service placement] found 2 providers with available 1 DISK_GB {{(pid=111628) get_provider_ids_matching /opt/stack/placement/placement/objects/research_context.py:559}}
Apr 11 20:49:22.844233 n-d-835739-3 devstack@placement-api.service[111628]: DEBUG placement.objects.research_context [req-9b22bd99-43c3-489d-a003-18f20d96f9ce req-f51ad854-3814-4f5c-870e-c4405eeb0780 service placement] found 2 providers with available 1024 MEMORY_MB {{(pid=111628) get_provider_ids_matching /opt/stack/placement/placement/objects/research_context.py:559}}
Apr 11 20:49:22.844631 n-d-835739-3 devstack@placement-api.service[111628]: DEBUG placement.objects.research_context [req-9b22bd99-43c3-489d-a003-18f20d96f9ce req-f51ad854-3814-4f5c-870e-c4405eeb0780 service placement] found 2 providers after filtering by previous result {{(pid=111628) get_provider_ids_matching /opt/stack/placement/placement/objects/research_context.py:590}}
Apr 11 20:49:22.844729 n-d-835739-3 devstack@placement-api.service[111628]: DEBUG placement.objects.research_context [req-9b22bd99-43c3-489d-a003-18f20d96f9ce req-f51ad854-3814-4f5c-870e-c4405eeb0780 service placement] found 2 providers with available 1 VCPU {{(pid=111628) get_provider_ids_matching /opt/stack/placement/placement/objects/research_context.py:559}}
Apr 11 20:49:22.844960 n-d-835739-3 devstack@placement-api.service[111628]: DEBUG placement.objects.research_context [req-9b22bd99-43c3-489d-a003-18f20d96f9ce req-f51ad854-3814-4f5c-870e-c4405eeb0780 service placement] found 2 providers after filtering by previous result {{(pid=111628) get_provider_ids_matching /opt/stack/placement/placement/objects/research_context.py:590}}
Apr 11 20:49:22.856556 n-d-835739-3 devstack@placement-api.service[111628]: DEBUG placement.objects.allocation_candidate [req-9b22bd99-43c3-489d-a003-18f20d96f9ce req-f51ad854-3814-4f5c-870e-c4405eeb0780 service placement] RequestGroup(use_same_provider=False, resources={DISK_GB:1, MEMORY_MB:1024, VCPU:1}, traits=(), aggregates=[]) (suffix '') returned 2 matches {{(pid=111628) _get_by_requests /opt/stack/placement/placement/objects/allocation_candidate.py:156}}
Apr 11 20:49:22.857702 n-d-835739-3 devstack@placement-api.service[111628]: DEBUG placement.objects.allocation_candidate [req-9b22bd99-43c3-489d-a003-18f20d96f9ce req-f51ad854-3814-4f5c-870e-c4405eeb0780 service placement] Merging candidates yields 2 allocation requests and 2 provider summaries {{(pid=111628) _merge_candidates /opt/stack/placement/placement/objects/allocation_candidate.py:809}}
Apr 11 20:49:22.859415 n-d-835739-3 devstack@placement-api.service[111628]: INFO placement.requestlog [req-9b22bd99-43c3-489d-a003-18f20d96f9ce req-f51ad854-3814-4f5c-870e-c4405eeb0780 service placement] 10.222.0.74 "GET /placement/allocation_candidates?limit=1000&resources=DISK_GB%3A1%2CMEMORY_MB%3A1024%2CVCPU%3A1&root_required=%21COMPUTE_STATUS_DISABLED" status: 200 len: 1309 microversion: 1.36
Apr 11 20:49:22.859844 n-d-835739-3 devstack@placement-api.service[111628]: [pid: 111628|app: 0|req: 199/396] 10.222.0.74 () {60 vars in 1506 bytes} [Mon Apr 11 20:49:22 2022] GET /placement/allocation_candidates?limit=1000&resources=DISK_GB%3A1%2CMEMORY_MB%3A1024%2CVCPU%3A1&root_required=%21COMPUTE_STATUS_DISABLED => generated 1309 bytes in 71 msecs (HTTP/1.1 200) 8 headers in 297 bytes (1 switches on core 0)
Apr 11 20:49:22.897346 n-d-835739-3 devstack@placement-api.service[111629]: DEBUG placement.requestlog [req-0d47bffe-5261-4bde-821f-bb96086065ba req-99b8ec9a-9f20-450b-baeb-fa57240c2861 None None] Starting request: 10.222.0.58 "GET /placement/allocations/1591adc5-37cf-4da4-bf78-5b4b5f9167ab" {{(pid=111629) __call__ /opt/stack/placement/placement/requestlog.py:55}}
Apr 11 20:49:22.922784 n-d-835739-3 devstack@placement-api.service[111629]: INFO placement.requestlog [req-0d47bffe-5261-4bde-821f-bb96086065ba req-99b8ec9a-9f20-450b-baeb-fa57240c2861 service placement] 10.222.0.58 "GET /placement/allocations/1591adc5-37cf-4da4-bf78-5b4b5f9167ab" status: 200 len: 259 microversion: 1.28
Apr 11 20:49:22.923569 n-d-835739-3 devstack@placement-api.service[111629]: [pid: 111629|app: 0|req: 198/397] 10.222.0.58 () {60 vars in 1377 bytes} [Mon Apr 11 20:49:22 2022] GET /placement/allocations/1591adc5-37cf-4da4-bf78-5b4b5f9167ab => generated 259 bytes in 27 msecs (HTTP/1.1 200) 8 headers in 296 bytes (1 switches on core 0)
Apr 11 20:49:22.925861 n-d-835739-3 devstack@placement-api.service[111628]: DEBUG placement.requestlog [req-9b22bd99-43c3-489d-a003-18f20d96f9ce req-3c662a37-84f6-4182-baab-b0b746866d12 None None] Starting request: 10.222.0.74 "GET /placement/allocations/0dc0b7c1-4aed-43d2-ae56-a0f0fed2c5a7" {{(pid=111628) __call__ /opt/stack/placement/placement/requestlog.py:55}}
Apr 11 20:49:22.937126 n-d-835739-3 devstack@placement-api.service[111628]: INFO placement.requestlog [req-9b22bd99-43c3-489d-a003-18f20d96f9ce req-3c662a37-84f6-4182-baab-b0b746866d12 service placement] 10.222.0.74 "GET /placement/allocations/0dc0b7c1-4aed-43d2-ae56-a0f0fed2c5a7" status: 200 len: 19 microversion: 1.28
Apr 11 20:49:22.938118 n-d-835739-3 devstack@placement-api.service[111628]: [pid: 111628|app: 0|req: 200/398] 10.222.0.74 () {60 vars in 1380 bytes} [Mon Apr 11 20:49:22 2022] GET /placement/allocations/0dc0b7c1-4aed-43d2-ae56-a0f0fed2c5a7 => generated 19 bytes in 12 msecs (HTTP/1.1 200) 8 headers in 295 bytes (1 switches on core 0)
Apr 11 20:49:22.948085 n-d-835739-3 devstack@placement-api.service[111629]: DEBUG placement.requestlog [req-9b22bd99-43c3-489d-a003-18f20d96f9ce req-6402f400-75a3-4a4f-ac97-b95f58503741 None None] Starting request: 10.222.0.74 "PUT /placement/allocations/0dc0b7c1-4aed-43d2-ae56-a0f0fed2c5a7" {{(pid=111629) __call__ /opt/stack/placement/placement/requestlog.py:55}}
Apr 11 20:49:22.990912 n-d-835739-3 devstack@placement-api.service[111628]: DEBUG placement.requestlog [req-6d06e27c-a14b-4e4d-83c7-b1e941ebcb7b req-9f432b20-0c57-461d-b175-08d3b909bd6f None None] Starting request: 10.222.0.74 "GET /placement/allocation_candidates?limit=1000&resources=DISK_GB%3A1%2CMEMORY_MB%3A1024%2CVCPU%3A1&root_required=%21COMPUTE_STATUS_DISABLED" {{(pid=111628) __call__ /opt/stack/placement/placement/requestlog.py:55}}
Apr 11 20:49:23.030566 n-d-835739-3 devstack@placement-api.service[111628]: DEBUG placement.objects.research_context [req-6d06e27c-a14b-4e4d-83c7-b1e941ebcb7b req-9f432b20-0c57-461d-b175-08d3b909bd6f service placement] getting providers with 1 DISK_GB {{(pid=111628) __init__ /opt/stack/placement/placement/objects/research_context.py:136}}
Apr 11 20:49:23.040588 n-d-835739-3 devstack@placement-api.service[111628]: DEBUG placement.objects.research_context [req-6d06e27c-a14b-4e4d-83c7-b1e941ebcb7b req-9f432b20-0c57-461d-b175-08d3b909bd6f service placement] getting providers with 1024 MEMORY_MB {{(pid=111628) __init__ /opt/stack/placement/placement/objects/research_context.py:136}}
Apr 11 20:49:23.048609 n-d-835739-3 devstack@placement-api.service[111628]: DEBUG placement.objects.research_context [req-6d06e27c-a14b-4e4d-83c7-b1e941ebcb7b req-9f432b20-0c57-461d-b175-08d3b909bd6f service placement] getting providers with 1 VCPU {{(pid=111628) __init__ /opt/stack/placement/placement/objects/research_context.py:136}}
Apr 11 20:49:23.055040 n-d-835739-3 devstack@placement-api.service[111628]: DEBUG placement.objects.research_context [req-6d06e27c-a14b-4e4d-83c7-b1e941ebcb7b req-9f432b20-0c57-461d-b175-08d3b909bd6f service placement] found 2 providers with available 1 DISK_GB {{(pid=111628) get_provider_ids_matching /opt/stack/placement/placement/objects/research_context.py:559}}
Apr 11 20:49:23.055622 n-d-835739-3 devstack@placement-api.service[111628]: DEBUG placement.objects.research_context [req-6d06e27c-a14b-4e4d-83c7-b1e941ebcb7b req-9f432b20-0c57-461d-b175-08d3b909bd6f service placement] found 2 providers with available 1024 MEMORY_MB {{(pid=111628) get_provider_ids_matching /opt/stack/placement/placement/objects/research_context.py:559}}
Apr 11 20:49:23.056239 n-d-835739-3 devstack@placement-api.service[111628]: DEBUG placement.objects.research_context [req-6d06e27c-a14b-4e4d-83c7-b1e941ebcb7b req-9f432b20-0c57-461d-b175-08d3b909bd6f service placement] found 2 providers after filtering by previous result {{(pid=111628) get_provider_ids_matching /opt/stack/placement/placement/objects/research_context.py:590}}
Apr 11 20:49:23.057110 n-d-835739-3 devstack@placement-api.service[111628]: DEBUG placement.objects.research_context [req-6d06e27c-a14b-4e4d-83c7-b1e941ebcb7b req-9f432b20-0c57-461d-b175-08d3b909bd6f service placement] found 2 providers with available 1 VCPU {{(pid=111628) get_provider_ids_matching /opt/stack/placement/placement/objects/research_context.py:559}}
Apr 11 20:49:23.057597 n-d-835739-3 devstack@placement-api.service[111628]: DEBUG placement.objects.research_context [req-6d06e27c-a14b-4e4d-83c7-b1e941ebcb7b req-9f432b20-0c57-461d-b175-08d3b909bd6f service placement] found 2 providers after filtering by previous result {{(pid=111628) get_provider_ids_matching /opt/stack/placement/placement/objects/research_context.py:590}}
Apr 11 20:49:23.071176 n-d-835739-3 devstack@placement-api.service[111628]: DEBUG placement.objects.allocation_candidate [req-6d06e27c-a14b-4e4d-83c7-b1e941ebcb7b req-9f432b20-0c57-461d-b175-08d3b909bd6f service placement] RequestGroup(use_same_provider=False, resources={DISK_GB:1, MEMORY_MB:1024, VCPU:1}, traits=(), aggregates=[]) (suffix '') returned 2 matches {{(pid=111628) _get_by_requests /opt/stack/placement/placement/objects/allocation_candidate.py:156}}
Apr 11 20:49:23.072249 n-d-835739-3 devstack@placement-api.service[111628]: DEBUG placement.objects.allocation_candidate [req-6d06e27c-a14b-4e4d-83c7-b1e941ebcb7b req-9f432b20-0c57-461d-b175-08d3b909bd6f service placement] Merging candidates yields 2 allocation requests and 2 provider summaries {{(pid=111628) _merge_candidates /opt/stack/placement/placement/objects/allocation_candidate.py:809}}
Apr 11 20:49:23.075394 n-d-835739-3 devstack@placement-api.service[111628]: INFO placement.requestlog [req-6d06e27c-a14b-4e4d-83c7-b1e941ebcb7b req-9f432b20-0c57-461d-b175-08d3b909bd6f service placement] 10.222.0.74 "GET /placement/allocation_candidates?limit=1000&resources=DISK_GB%3A1%2CMEMORY_MB%3A1024%2CVCPU%3A1&root_required=%21COMPUTE_STATUS_DISABLED" status: 200 len: 1309 microversion: 1.36
Apr 11 20:49:23.076382 n-d-835739-3 devstack@placement-api.service[111628]: [pid: 111628|app: 0|req: 201/399] 10.222.0.74 () {60 vars in 1506 bytes} [Mon Apr 11 20:49:22 2022] GET /placement/allocation_candidates?limit=1000&resources=DISK_GB%3A1%2CMEMORY_MB%3A1024%2CVCPU%3A1&root_required=%21COMPUTE_STATUS_DISABLED => generated 1309 bytes in 87 msecs (HTTP/1.1 200) 8 headers in 297 bytes (1 switches on core 0)
Apr 11 20:49:23.148126 n-d-835739-3 devstack@placement-api.service[111628]: DEBUG placement.requestlog [req-6d06e27c-a14b-4e4d-83c7-b1e941ebcb7b req-35bfb28f-ef5d-4565-b599-1a72d4bb5e31 None None] Starting request: 10.222.0.74 "GET /placement/allocations/11f774af-31c4-441a-b09e-b8260bd57031" {{(pid=111628) __call__ /opt/stack/placement/placement/requestlog.py:55}}
Apr 11 20:49:23.173560 n-d-835739-3 devstack@placement-api.service[111628]: INFO placement.requestlog [req-6d06e27c-a14b-4e4d-83c7-b1e941ebcb7b req-35bfb28f-ef5d-4565-b599-1a72d4bb5e31 service placement] 10.222.0.74 "GET /placement/allocations/11f774af-31c4-441a-b09e-b8260bd57031" status: 200 len: 19 microversion: 1.28
Apr 11 20:49:23.174496 n-d-835739-3 devstack@placement-api.service[111628]: [pid: 111628|app: 0|req: 202/400] 10.222.0.74 () {60 vars in 1380 bytes} [Mon Apr 11 20:49:23 2022] GET /placement/allocations/11f774af-31c4-441a-b09e-b8260bd57031 => generated 19 bytes in 26 msecs (HTTP/1.1 200) 8 headers in 295 bytes (2 switches on core 0)
Apr 11 20:49:23.180530 n-d-835739-3 devstack@placement-api.service[111628]: DEBUG placement.requestlog [req-6d06e27c-a14b-4e4d-83c7-b1e941ebcb7b req-b1dd4cf8-d5ba-4306-a32d-fb631efb1311 None None] Starting request: 10.222.0.74 "PUT /placement/allocations/11f774af-31c4-441a-b09e-b8260bd57031" {{(pid=111628) __call__ /opt/stack/placement/placement/requestlog.py:55}}
Apr 11 20:49:23.310023 n-d-835739-3 devstack@placement-api.service[111629]: DEBUG placement.handlers.allocation [req-9b22bd99-43c3-489d-a003-18f20d96f9ce req-6402f400-75a3-4a4f-ac97-b95f58503741 service placement] Successfully wrote allocations [, , ] {{(pid=111629) _update_consumers_and_create_allocations /opt/stack/placement/placement/handlers/allocation.py:462}}
Apr 11 20:49:23.369190 n-d-835739-3 devstack@placement-api.service[111628]: DEBUG placement.objects.allocation [req-6d06e27c-a14b-4e4d-83c7-b1e941ebcb7b req-b1dd4cf8-d5ba-4306-a32d-fb631efb1311 service placement] Retrying allocations write on resource provider generation conflict {{(pid=111628) replace_all /opt/stack/placement/placement/objects/allocation.py:507}}
Apr 11 20:49:23.369939 n-d-835739-3 devstack@placement-api.service[111629]: INFO placement.requestlog [req-9b22bd99-43c3-489d-a003-18f20d96f9ce req-6402f400-75a3-4a4f-ac97-b95f58503741 service placement] 10.222.0.74 "PUT /placement/allocations/0dc0b7c1-4aed-43d2-ae56-a0f0fed2c5a7" status: 204 len: 0 microversion: 1.36
Apr 11 20:49:23.371306 n-d-835739-3 devstack@placement-api.service[111629]: [pid: 111629|app: 0|req: 199/401] 10.222.0.74 () {64 vars in 1433 bytes} [Mon Apr 11 20:49:22 2022] PUT /placement/allocations/0dc0b7c1-4aed-43d2-ae56-a0f0fed2c5a7 => generated 0 bytes in 423 msecs (HTTP/1.1 204) 5 headers in 199 bytes (1 switches on core 0)
Apr 11 20:49:23.397050 n-d-835739-3 devstack@placement-api.service[111628]: DEBUG placement.handlers.allocation [req-6d06e27c-a14b-4e4d-83c7-b1e941ebcb7b req-b1dd4cf8-d5ba-4306-a32d-fb631efb1311 service placement] Successfully wrote allocations [, , ] {{(pid=111628) _update_consumers_and_create_allocations /opt/stack/placement/placement/handlers/allocation.py:462}}
Apr 11 20:49:23.467579 n-d-835739-3 devstack@placement-api.service[111628]: INFO placement.requestlog [req-6d06e27c-a14b-4e4d-83c7-b1e941ebcb7b req-b1dd4cf8-d5ba-4306-a32d-fb631efb1311 service placement] 10.222.0.74 "PUT /placement/allocations/11f774af-31c4-441a-b09e-b8260bd57031" status: 204 len: 0 microversion: 1.36
Apr 11 20:49:23.468538 n-d-835739-3 devstack@placement-api.service[111628]: [pid: 111628|app: 0|req: 203/402] 10.222.0.74 () {64 vars in 1433 bytes} [Mon Apr 11 20:49:23 2022] PUT /placement/allocations/11f774af-31c4-441a-b09e-b8260bd57031 => generated 0 bytes in 288 msecs (HTTP/1.1 204) 5 headers in 199 bytes (1 switches on core 0)
Apr 11 20:49:24.857185 n-d-835739-3 devstack@placement-api.service[111629]: DEBUG placement.requestlog [req-ff8c3eb5-4397-4cb6-9c34-71aa91cb2890 req-0e6e9103-f85e-4990-9ddf-dbcc1c71d803 None None] Starting request: 10.222.0.58 "DELETE /placement/allocations/f1dfff9b-11bb-4d10-ab8e-2fe65a3b920c" {{(pid=111629) __call__ /opt/stack/placement/placement/requestlog.py:55}}
Apr 11 20:49:24.858178 n-d-835739-3 devstack@placement-api.service[111628]: DEBUG placement.requestlog [req-9b22bd99-43c3-489d-a003-18f20d96f9ce req-d6188c11-9866-4e11-92a1-108c47213156 None None] Starting request: 10.222.0.58 "GET /placement/allocations/0dc0b7c1-4aed-43d2-ae56-a0f0fed2c5a7" {{(pid=111628) __call__ /opt/stack/placement/placement/requestlog.py:55}}
Apr 11 20:49:24.875435 n-d-835739-3 devstack@placement-api.service[111628]: INFO placement.requestlog [req-9b22bd99-43c3-489d-a003-18f20d96f9ce req-d6188c11-9866-4e11-92a1-108c47213156 service placement] 10.222.0.58 "GET /placement/allocations/0dc0b7c1-4aed-43d2-ae56-a0f0fed2c5a7" status: 200 len: 259 microversion: 1.28
Apr 11 20:49:24.876287 n-d-835739-3 devstack@placement-api.service[111628]: [pid: 111628|app: 0|req: 204/403] 10.222.0.58 () {60 vars in 1377 bytes} [Mon Apr 11 20:49:24 2022] GET /placement/allocations/0dc0b7c1-4aed-43d2-ae56-a0f0fed2c5a7 => generated 259 bytes in 19 msecs (HTTP/1.1 200) 8 headers in 296 bytes (1 switches on core 0)
Apr 11 20:49:24.941507 n-d-835739-3 devstack@placement-api.service[111628]: DEBUG placement.requestlog [req-6d06e27c-a14b-4e4d-83c7-b1e941ebcb7b req-a379ca76-5c1d-4239-ae1a-ff3c623dee88 None None] Starting request: 10.222.0.58 "GET /placement/allocations/11f774af-31c4-441a-b09e-b8260bd57031" {{(pid=111628) __call__ /opt/stack/placement/placement/requestlog.py:55}}
Apr 11 20:49:24.960679 n-d-835739-3 devstack@placement-api.service[111628]: INFO placement.requestlog [req-6d06e27c-a14b-4e4d-83c7-b1e941ebcb7b req-a379ca76-5c1d-4239-ae1a-ff3c623dee88 service placement] 10.222.0.58 "GET /placement/allocations/11f774af-31c4-441a-b09e-b8260bd57031" status: 200 len: 259 microversion: 1.28
Apr 11 20:49:24.961415 n-d-835739-3 devstack@placement-api.service[111628]: [pid: 111628|app: 0|req: 205/404] 10.222.0.58 () {60 vars in 1377 bytes} [Mon Apr 11 20:49:24 2022] GET /placement/allocations/11f774af-31c4-441a-b09e-b8260bd57031 => generated 259 bytes in 20 msecs (HTTP/1.1 200) 8 headers in 296 bytes (2 switches on core 0)
Apr 11 20:49:25.066484 n-d-835739-3 devstack@placement-api.service[111629]: DEBUG placement.handlers.allocation [req-ff8c3eb5-4397-4cb6-9c34-71aa91cb2890 req-0e6e9103-f85e-4990-9ddf-dbcc1c71d803 service placement] Successfully deleted allocations [, , ] {{(pid=111629) delete_allocations /opt/stack/placement/placement/handlers/allocation.py:627}}
Apr 11 20:49:25.067802 n-d-835739-3 devstack@placement-api.service[111629]: INFO placement.requestlog [req-ff8c3eb5-4397-4cb6-9c34-71aa91cb2890 req-0e6e9103-f85e-4990-9ddf-dbcc1c71d803 service placement] 10.222.0.58 "DELETE /placement/allocations/f1dfff9b-11bb-4d10-ab8e-2fe65a3b920c" status: 204 len: 0 microversion: 1.0
Apr 11 20:49:25.068313 n-d-835739-3 devstack@placement-api.service[111629]: [pid: 111629|app: 0|req: 200/405] 10.222.0.58 () {60 vars in 1355 bytes} [Mon Apr 11 20:49:24 2022] DELETE /placement/allocations/f1dfff9b-11bb-4d10-ab8e-2fe65a3b920c => generated 0 bytes in 212 msecs (HTTP/1.1 204) 5 headers in 198 bytes (1 switches on core 0)
Apr 11 20:49:26.756479 n-d-835739-3 devstack@placement-api.service[111628]: DEBUG placement.requestlog [req-4635665c-6941-4aa3-9f1c-7e854a781f56 req-ea25a612-5a40-4128-baa7-adb2760333c5 None None] Starting request: 10.222.0.67 "DELETE /placement/allocations/3ca22be5-ae93-43b6-93d6-1d618367a789" {{(pid=111628) __call__ /opt/stack/placement/placement/requestlog.py:55}}
Apr 11 20:49:27.070707 n-d-835739-3 devstack@placement-api.service[111628]: DEBUG placement.handlers.allocation [req-4635665c-6941-4aa3-9f1c-7e854a781f56 req-ea25a612-5a40-4128-baa7-adb2760333c5 service placement] Successfully deleted allocations [, , ] {{(pid=111628) delete_allocations /opt/stack/placement/placement/handlers/allocation.py:627}}
Apr 11 20:49:27.071119 n-d-835739-3 devstack@placement-api.service[111628]: INFO placement.requestlog [req-4635665c-6941-4aa3-9f1c-7e854a781f56 req-ea25a612-5a40-4128-baa7-adb2760333c5 service placement] 10.222.0.67 "DELETE /placement/allocations/3ca22be5-ae93-43b6-93d6-1d618367a789" status: 204 len: 0 microversion: 1.0
Apr 11 20:49:27.071508 n-d-835739-3 devstack@placement-api.service[111628]: [pid: 111628|app: 0|req: 206/406] 10.222.0.67 () {60 vars in 1355 bytes} [Mon Apr 11 20:49:26 2022] DELETE /placement/allocations/3ca22be5-ae93-43b6-93d6-1d618367a789 => generated 0 bytes in 315 msecs (HTTP/1.1 204) 5 headers in 198 bytes (1 switches on core 0)
Apr 11 20:49:28.694686 n-d-835739-3 devstack@placement-api.service[111629]: DEBUG placement.requestlog [req-677ede60-c8d5-4ec2-894e-b733a845c004 req-6a39e3b4-6712-4b24-a7c0-ce7f65d0ac3a None None] Starting request: 10.222.0.67 "DELETE /placement/allocations/d62c777b-cf70-4426-b5a0-7e352dcb52e6" {{(pid=111629) __call__ /opt/stack/placement/placement/requestlog.py:55}}
Apr 11 20:49:29.049096 n-d-835739-3 devstack@placement-api.service[111629]: DEBUG placement.handlers.allocation [req-677ede60-c8d5-4ec2-894e-b733a845c004 req-6a39e3b4-6712-4b24-a7c0-ce7f65d0ac3a service placement] Successfully deleted allocations [, , ] {{(pid=111629) delete_allocations /opt/stack/placement/placement/handlers/allocation.py:627}}
Apr 11 20:49:29.049701 n-d-835739-3 devstack@placement-api.service[111629]: INFO placement.requestlog [req-677ede60-c8d5-4ec2-894e-b733a845c004 req-6a39e3b4-6712-4b24-a7c0-ce7f65d0ac3a service placement] 10.222.0.67 "DELETE /placement/allocations/d62c777b-cf70-4426-b5a0-7e352dcb52e6" status: 204 len: 0 microversion: 1.0
Apr 11 20:49:29.050356 n-d-835739-3 devstack@placement-api.service[111629]: [pid: 111629|app: 0|req: 201/407] 10.222.0.67 () {60 vars in 1355 bytes} [Mon Apr 11 20:49:28 2022] DELETE /placement/allocations/d62c777b-cf70-4426-b5a0-7e352dcb52e6 => generated 0 bytes in 356 msecs (HTTP/1.1 204) 5 headers in 198 bytes (1 switches on core 0)
Apr 11 20:49:30.653169 n-d-835739-3 devstack@placement-api.service[111628]: DEBUG placement.requestlog [req-daebc693-db62-46e3-80c0-faaf5cdb7268 req-76ad7a3d-5494-4d59-8e5d-218a7ace7ec4 None None] Starting request: 10.222.0.58 "DELETE /placement/allocations/9154374b-6a3a-43ba-ae16-34517b8ea17b" {{(pid=111628) __call__ /opt/stack/placement/placement/requestlog.py:55}}
Apr 11 20:49:30.956046 n-d-835739-3 devstack@placement-api.service[111628]: DEBUG placement.handlers.allocation [req-daebc693-db62-46e3-80c0-faaf5cdb7268 req-76ad7a3d-5494-4d59-8e5d-218a7ace7ec4 service placement] Successfully deleted allocations [, , ] {{(pid=111628) delete_allocations /opt/stack/placement/placement/handlers/allocation.py:627}}
Apr 11 20:49:30.956554 n-d-835739-3 devstack@placement-api.service[111628]: INFO placement.requestlog [req-daebc693-db62-46e3-80c0-faaf5cdb7268 req-76ad7a3d-5494-4d59-8e5d-218a7ace7ec4 service placement] 10.222.0.58 "DELETE /placement/allocations/9154374b-6a3a-43ba-ae16-34517b8ea17b" status: 204 len: 0 microversion: 1.0
Apr 11 20:49:30.959037 n-d-835739-3 devstack@placement-api.service[111628]: [pid: 111628|app: 0|req: 207/408] 10.222.0.58 () {60 vars in 1355 bytes} [Mon Apr 11 20:49:30 2022] DELETE /placement/allocations/9154374b-6a3a-43ba-ae16-34517b8ea17b => generated 0 bytes in 306 msecs (HTTP/1.1 204) 5 headers in 198 bytes (1 switches on core 0)
Apr 11 20:49:38.249964 n-d-835739-3 devstack@placement-api.service[111629]: DEBUG placement.requestlog [req-56b868b8-1194-46d8-8709-07f26fc6d7e7 req-5f71c19c-ccfc-43ac-80f6-a184c8f254fd None None] Starting request: 10.222.0.67 "GET /placement/resource_providers/96ccfb23-60b5-4973-958d-39d3a51a2dd4/allocations" {{(pid=111629) __call__ /opt/stack/placement/placement/requestlog.py:55}}
Apr 11 20:49:38.347556 n-d-835739-3 devstack@placement-api.service[111629]: INFO placement.requestlog [req-56b868b8-1194-46d8-8709-07f26fc6d7e7 req-5f71c19c-ccfc-43ac-80f6-a184c8f254fd service placement] 10.222.0.67 "GET /placement/resource_providers/96ccfb23-60b5-4973-958d-39d3a51a2dd4/allocations" status: 200 len: 342 microversion: 1.0
Apr 11 20:49:38.348500 n-d-835739-3 devstack@placement-api.service[111629]: [pid: 111629|app: 0|req: 202/409] 10.222.0.67 () {58 vars in 1390 bytes} [Mon Apr 11 20:49:38 2022] GET /placement/resource_providers/96ccfb23-60b5-4973-958d-39d3a51a2dd4/allocations => generated 342 bytes in 99 msecs (HTTP/1.1 200) 6 headers in 224 bytes (1 switches on core 0)
Apr 11 20:49:38.848387 n-d-835739-3 devstack@placement-api.service[111628]: DEBUG placement.requestlog [req-56b868b8-1194-46d8-8709-07f26fc6d7e7 req-ca354219-cefd-47f4-8f98-443fcfef57ab None None] Starting request: 10.222.0.67 "GET /placement/allocations/d02b84c2-6cf0-4855-aec5-4075db744326" {{(pid=111628) __call__ /opt/stack/placement/placement/requestlog.py:55}}
Apr 11 20:49:38.876286 n-d-835739-3 devstack@placement-api.service[111628]: INFO placement.requestlog [req-56b868b8-1194-46d8-8709-07f26fc6d7e7 req-ca354219-cefd-47f4-8f98-443fcfef57ab service placement] 10.222.0.67 "GET /placement/allocations/d02b84c2-6cf0-4855-aec5-4075db744326" status: 200 len: 245 microversion: 1.28
Apr 11 20:49:38.876678 n-d-835739-3 devstack@placement-api.service[111628]: [pid: 111628|app: 0|req: 208/410] 10.222.0.67 () {60 vars in 1377 bytes} [Mon Apr 11 20:49:38 2022] GET /placement/allocations/d02b84c2-6cf0-4855-aec5-4075db744326 => generated 245 bytes in 29 msecs (HTTP/1.1 200) 8 headers in 296 bytes (1 switches on core 0)
Apr 11 20:49:38.888037 n-d-835739-3 devstack@placement-api.service[111629]: DEBUG placement.requestlog [req-56b868b8-1194-46d8-8709-07f26fc6d7e7 req-5e66b60b-e2f6-46df-9d48-a6350a129fe4 None None] Starting request: 10.222.0.67 "PUT /placement/allocations/d02b84c2-6cf0-4855-aec5-4075db744326" {{(pid=111629) __call__ /opt/stack/placement/placement/requestlog.py:55}}
Apr 11 20:49:38.991387 n-d-835739-3 devstack@placement-api.service[111629]: DEBUG placement.handlers.allocation [req-56b868b8-1194-46d8-8709-07f26fc6d7e7 req-5e66b60b-e2f6-46df-9d48-a6350a129fe4 service placement] Successfully wrote allocations [, ] {{(pid=111629) _update_consumers_and_create_allocations /opt/stack/placement/placement/handlers/allocation.py:462}}
Apr 11 20:49:39.058771 n-d-835739-3 devstack@placement-api.service[111629]: INFO placement.requestlog [req-56b868b8-1194-46d8-8709-07f26fc6d7e7 req-5e66b60b-e2f6-46df-9d48-a6350a129fe4 service placement] 10.222.0.67 "PUT /placement/allocations/d02b84c2-6cf0-4855-aec5-4075db744326" status: 204 len: 0 microversion: 1.28
Apr 11 20:49:39.062774 n-d-835739-3 devstack@placement-api.service[111629]: [pid: 111629|app: 0|req: 203/411] 10.222.0.67 () {64 vars in 1430 bytes} [Mon Apr 11 20:49:38 2022] PUT /placement/allocations/d02b84c2-6cf0-4855-aec5-4075db744326 => generated 0 bytes in 171 msecs (HTTP/1.1 204) 5 headers in 199 bytes (1 switches on core 0)
Apr 11 20:49:45.132773 n-d-835739-3 devstack@placement-api.service[111628]: DEBUG placement.requestlog [req-5c0b7142-0d26-493f-a034-9d6bde6f4345 req-4a6036f7-9a37-48cb-afd8-76b26b933ded None None] Starting request: 10.222.0.74 "GET /placement/allocation_candidates?limit=1000&resources=DISK_GB%3A1%2CMEMORY_MB%3A1024%2CVCPU%3A1&root_required=%21COMPUTE_STATUS_DISABLED" {{(pid=111628) __call__ /opt/stack/placement/placement/requestlog.py:55}}
Apr 11 20:49:45.198258 n-d-835739-3 devstack@placement-api.service[111628]: DEBUG placement.objects.research_context [req-5c0b7142-0d26-493f-a034-9d6bde6f4345 req-4a6036f7-9a37-48cb-afd8-76b26b933ded service placement] getting providers with 1 DISK_GB {{(pid=111628) __init__ /opt/stack/placement/placement/objects/research_context.py:136}}
Apr 11 20:49:45.217635 n-d-835739-3 devstack@placement-api.service[111628]: DEBUG placement.objects.research_context [req-5c0b7142-0d26-493f-a034-9d6bde6f4345 req-4a6036f7-9a37-48cb-afd8-76b26b933ded service placement] getting providers with 1024 MEMORY_MB {{(pid=111628) __init__ /opt/stack/placement/placement/objects/research_context.py:136}}
Apr 11 20:49:45.236620 n-d-835739-3 devstack@placement-api.service[111628]: DEBUG placement.objects.research_context [req-5c0b7142-0d26-493f-a034-9d6bde6f4345 req-4a6036f7-9a37-48cb-afd8-76b26b933ded service placement] getting providers with 1 VCPU {{(pid=111628) __init__ /opt/stack/placement/placement/objects/research_context.py:136}}
Apr 11 20:49:45.251365 n-d-835739-3 devstack@placement-api.service[111628]: DEBUG placement.objects.research_context [req-5c0b7142-0d26-493f-a034-9d6bde6f4345 req-4a6036f7-9a37-48cb-afd8-76b26b933ded service placement] found 2 providers with available 1 DISK_GB {{(pid=111628) get_provider_ids_matching /opt/stack/placement/placement/objects/research_context.py:559}}
Apr 11 20:49:45.256392 n-d-835739-3 devstack@placement-api.service[111628]: DEBUG placement.objects.research_context [req-5c0b7142-0d26-493f-a034-9d6bde6f4345 req-4a6036f7-9a37-48cb-afd8-76b26b933ded service placement] found 2 providers with available 1024 MEMORY_MB {{(pid=111628) get_provider_ids_matching /opt/stack/placement/placement/objects/research_context.py:559}}
Apr 11 20:49:45.256733 n-d-835739-3 devstack@placement-api.service[111628]: DEBUG placement.objects.research_context [req-5c0b7142-0d26-493f-a034-9d6bde6f4345 req-4a6036f7-9a37-48cb-afd8-76b26b933ded service placement] found 2 providers after filtering by previous result {{(pid=111628) get_provider_ids_matching /opt/stack/placement/placement/objects/research_context.py:590}}
Apr 11 20:49:45.256977 n-d-835739-3 devstack@placement-api.service[111628]: DEBUG placement.objects.research_context [req-5c0b7142-0d26-493f-a034-9d6bde6f4345 req-4a6036f7-9a37-48cb-afd8-76b26b933ded service placement] found 2 providers with available 1 VCPU {{(pid=111628) get_provider_ids_matching /opt/stack/placement/placement/objects/research_context.py:559}}
Apr 11 20:49:45.257262 n-d-835739-3 devstack@placement-api.service[111628]: DEBUG placement.objects.research_context [req-5c0b7142-0d26-493f-a034-9d6bde6f4345 req-4a6036f7-9a37-48cb-afd8-76b26b933ded service placement] found 2 providers after filtering by previous result {{(pid=111628) get_provider_ids_matching /opt/stack/placement/placement/objects/research_context.py:590}}
Apr 11 20:49:45.515274 n-d-835739-3 devstack@placement-api.service[111628]: DEBUG placement.objects.allocation_candidate [req-5c0b7142-0d26-493f-a034-9d6bde6f4345 req-4a6036f7-9a37-48cb-afd8-76b26b933ded service placement] RequestGroup(use_same_provider=False, resources={DISK_GB:1, MEMORY_MB:1024, VCPU:1}, traits=(), aggregates=[]) (suffix '') returned 2 matches {{(pid=111628) _get_by_requests /opt/stack/placement/placement/objects/allocation_candidate.py:156}}
Apr 11 20:49:45.518999 n-d-835739-3 devstack@placement-api.service[111628]: DEBUG placement.objects.allocation_candidate [req-5c0b7142-0d26-493f-a034-9d6bde6f4345 req-4a6036f7-9a37-48cb-afd8-76b26b933ded service placement] Merging candidates yields 2 allocation requests and 2 provider summaries {{(pid=111628) _merge_candidates /opt/stack/placement/placement/objects/allocation_candidate.py:809}}
Apr 11 20:49:45.525878 n-d-835739-3 devstack@placement-api.service[111628]: INFO placement.requestlog [req-5c0b7142-0d26-493f-a034-9d6bde6f4345 req-4a6036f7-9a37-48cb-afd8-76b26b933ded service placement] 10.222.0.74 "GET /placement/allocation_candidates?limit=1000&resources=DISK_GB%3A1%2CMEMORY_MB%3A1024%2CVCPU%3A1&root_required=%21COMPUTE_STATUS_DISABLED" status: 200 len: 1309 microversion: 1.36
