Apr 11 20:42:05.811401 n-d-835739-3 devstack@n-api.service[135927]: [pid: 135927|app: 0|req: 2/4] 10.222.0.74 () {60 vars in 1186 bytes} [Mon Apr 11 20:42:05 2022] GET /compute/v2.1/os-hypervisors => generated 191 bytes in 454 msecs (HTTP/1.1 200) 9 headers in 359 bytes (1 switches on core 0)
Apr 11 20:42:05.872155 n-d-835739-3 devstack@n-api.service[135927]: DEBUG nova.api.openstack.wsgi [None req-b34bcbc7-7189-487f-adb7-8bc1cd250d52 tempest-FlavorMetadataValidation-1448553235 tempest-FlavorMetadataValidation-1448553235-project-admin] Action: 'create', calling method: >, body: {"flavor": {"ram": 512, "vcpus": 1, "disk": 10, "name": "tempest-test_flavor_validate_metadata_-1321735019", "id": 148386962, "os-flavor-access:is_public": "True"}} {{(pid=135927) _process_stack /opt/stack/nova/nova/api/openstack/wsgi.py:511}}
Apr 11 20:42:05.898292 n-d-835739-3 devstack@n-api.service[135927]: /usr/local/lib/python3.8/dist-packages/oslo_policy/policy.py:1119: UserWarning: Policy "os_compute_api:os-flavor-manage:create": "rule:context_is_admin" failed scope check. The token used to make the request was project scoped but the policy requires ['system'] scope. This behavior may change in the future where using the intended scope is required
Apr 11 20:42:05.898292 n-d-835739-3 devstack@n-api.service[135927]: warnings.warn(msg)
Apr 11 20:42:05.988100 n-d-835739-3 devstack@n-api.service[135927]: INFO nova.api.openstack.requestlog [None req-b34bcbc7-7189-487f-adb7-8bc1cd250d52 tempest-FlavorMetadataValidation-1448553235 tempest-FlavorMetadataValidation-1448553235-project-admin] 10.222.0.74 "POST /compute/v2.1/flavors" status: 200 len: 468 microversion: 2.86 time: 0.176851
Apr 11 20:42:05.988675 n-d-835739-3 devstack@n-api.service[135927]: [pid: 135927|app: 0|req: 3/5] 10.222.0.74 () {62 vars in 1187 bytes} [Mon Apr 11 20:42:05 2022] POST /compute/v2.1/flavors => generated 468 bytes in 178 msecs (HTTP/1.1 200) 9 headers in 359 bytes (1 switches on core 0)
Apr 11 20:42:06.041139 n-d-835739-3 devstack@n-api.service[135927]: DEBUG nova.api.openstack.wsgi [None req-982e1018-7266-44c4-ab16-111c5d7e6a24 tempest-AZAdminV2TestJSON-1936479756 tempest-AZAdminV2TestJSON-1936479756-project-admin] Calling method '>' {{(pid=135927) _process_stack /opt/stack/nova/nova/api/openstack/wsgi.py:513}}
Apr 11 20:42:06.042795 n-d-835739-3 devstack@n-api.service[135927]: DEBUG oslo_concurrency.lockutils [None req-982e1018-7266-44c4-ab16-111c5d7e6a24 tempest-AZAdminV2TestJSON-1936479756 tempest-AZAdminV2TestJSON-1936479756-project-admin] Lock "00000000-0000-0000-0000-000000000000" acquired by "nova.context.set_target_cell..get_or_set_cached_cell_and_set_connections" :: waited 0.000s {{(pid=135927) inner /usr/local/lib/python3.8/dist-packages/oslo_concurrency/lockutils.py:386}}
Apr 11 20:42:06.043238 n-d-835739-3 devstack@n-api.service[135927]: DEBUG oslo_concurrency.lockutils [None req-982e1018-7266-44c4-ab16-111c5d7e6a24 tempest-AZAdminV2TestJSON-1936479756 tempest-AZAdminV2TestJSON-1936479756-project-admin] Lock "00000000-0000-0000-0000-000000000000" "released" by "nova.context.set_target_cell..get_or_set_cached_cell_and_set_connections" :: held 0.000s {{(pid=135927) inner /usr/local/lib/python3.8/dist-packages/oslo_concurrency/lockutils.py:400}}
Apr 11 20:42:06.044054 n-d-835739-3 devstack@n-api.service[135927]: DEBUG oslo_concurrency.lockutils [None req-982e1018-7266-44c4-ab16-111c5d7e6a24 tempest-AZAdminV2TestJSON-1936479756 tempest-AZAdminV2TestJSON-1936479756-project-admin] Lock "1194e670-84b7-4a0a-b56e-08434d4e4c3f" acquired by "nova.context.set_target_cell..get_or_set_cached_cell_and_set_connections" :: waited 0.000s {{(pid=135927) inner /usr/local/lib/python3.8/dist-packages/oslo_concurrency/lockutils.py:386}}
Apr 11 20:42:06.044481 n-d-835739-3 devstack@n-api.service[135927]: DEBUG oslo_concurrency.lockutils [None req-982e1018-7266-44c4-ab16-111c5d7e6a24 tempest-AZAdminV2TestJSON-1936479756 tempest-AZAdminV2TestJSON-1936479756-project-admin] Lock "1194e670-84b7-4a0a-b56e-08434d4e4c3f" "released" by "nova.context.set_target_cell..get_or_set_cached_cell_and_set_connections" :: held 0.000s {{(pid=135927) inner /usr/local/lib/python3.8/dist-packages/oslo_concurrency/lockutils.py:400}}
Apr 11 20:42:06.088488 n-d-835739-3 devstack@n-api.service[135927]: INFO nova.api.openstack.requestlog [None req-982e1018-7266-44c4-ab16-111c5d7e6a24 tempest-AZAdminV2TestJSON-1936479756 tempest-AZAdminV2TestJSON-1936479756-project-admin] 10.222.0.74 "GET /compute/v2.1/os-availability-zone" status: 200 len: 97 microversion: 2.1 time: 0.098797
Apr 11 20:42:06.089065 n-d-835739-3 devstack@n-api.service[135927]: [pid: 135927|app: 0|req: 4/6] 10.222.0.74 () {58 vars in 1163 bytes} [Mon Apr 11 20:42:05 2022] GET /compute/v2.1/os-availability-zone => generated 97 bytes in 100 msecs (HTTP/1.1 200) 9 headers in 356 bytes (1 switches on core 0)
Apr 11 20:42:06.145542 n-d-835739-3 devstack@n-api.service[135928]: INFO nova.api.openstack.requestlog [None req-3dab2858-4d6f-4713-a1c7-91e866331164 tempest-AggregatesAdminNegativeTestJSON-2133337803 tempest-AggregatesAdminNegativeTestJSON-2133337803-project-admin] 10.222.0.74 "POST /compute/v2.1/os-aggregates/1/action" status: 200 len: 242 microversion: 2.1 time: 0.629410
Apr 11 20:42:06.146325 n-d-835739-3 devstack@n-api.service[135928]: [pid: 135928|app: 0|req: 3/7] 10.222.0.74 () {60 vars in 1190 bytes} [Mon Apr 11 20:42:05 2022] POST /compute/v2.1/os-aggregates/1/action => generated 242 bytes in 631 msecs (HTTP/1.1 200) 9 headers in 357 bytes (1 switches on core 0)
Apr 11 20:42:06.250592 n-d-835739-3 devstack@n-api.service[135927]: DEBUG nova.api.openstack.wsgi [None req-ba948129-58a1-4c17-bd2d-57318e5dbf06 tempest-DeleteServersAdminTestJSON-1738020904 tempest-DeleteServersAdminTestJSON-1738020904-project] Action: 'create', calling method: >, body: {"server": {"name": "tempest-DeleteServersAdminTestJSON-server-1351966493", "imageRef": "f751d0f1-d5e8-4b07-bfc2-43f9eb008fbc", "flavorRef": "452"}} {{(pid=135927) _process_stack /opt/stack/nova/nova/api/openstack/wsgi.py:511}}
Apr 11 20:42:06.305155 n-d-835739-3 devstack@n-api.service[135928]: DEBUG nova.api.openstack.wsgi [None req-4b2c4528-3676-4626-83f5-555fc94d954b tempest-AggregatesAdminTestV241-1655356629 tempest-AggregatesAdminTestV241-1655356629-project-admin] Calling method '.version_select at 0x7f5839019a60>' {{(pid=135928) _process_stack /opt/stack/nova/nova/api/openstack/wsgi.py:513}}
Apr 11 20:42:06.307334 n-d-835739-3 devstack@n-api.service[135928]: /usr/local/lib/python3.8/dist-packages/oslo_policy/policy.py:1119: UserWarning: Policy "os_compute_api:os-hypervisors:list-detail": "rule:context_is_admin" failed scope check. The token used to make the request was project scoped but the policy requires ['system'] scope. This behavior may change in the future where using the intended scope is required
Apr 11 20:42:06.307334 n-d-835739-3 devstack@n-api.service[135928]: warnings.warn(msg)
Apr 11 20:42:06.313500 n-d-835739-3 devstack@n-api.service[135928]: DEBUG nova.compute.api [None req-4b2c4528-3676-4626-83f5-555fc94d954b tempest-AggregatesAdminTestV241-1655356629 tempest-AggregatesAdminTestV241-1655356629-project-admin] Found 2 cells: 00000000-0000-0000-0000-000000000000(cell0),1194e670-84b7-4a0a-b56e-08434d4e4c3f(cell1) {{(pid=135928) load_cells /opt/stack/nova/nova/compute/api.py:306}}
Apr 11 20:42:06.314572 n-d-835739-3 devstack@n-api.service[135928]: DEBUG oslo_concurrency.lockutils [None req-4b2c4528-3676-4626-83f5-555fc94d954b tempest-AggregatesAdminTestV241-1655356629 tempest-AggregatesAdminTestV241-1655356629-project-admin] Lock "1194e670-84b7-4a0a-b56e-08434d4e4c3f" acquired by "nova.context.set_target_cell..get_or_set_cached_cell_and_set_connections" :: waited 0.000s {{(pid=135928) inner /usr/local/lib/python3.8/dist-packages/oslo_concurrency/lockutils.py:386}}
Apr 11 20:42:06.315026 n-d-835739-3 devstack@n-api.service[135928]: DEBUG oslo_concurrency.lockutils [None req-4b2c4528-3676-4626-83f5-555fc94d954b tempest-AggregatesAdminTestV241-1655356629 tempest-AggregatesAdminTestV241-1655356629-project-admin] Lock "1194e670-84b7-4a0a-b56e-08434d4e4c3f" "released" by "nova.context.set_target_cell..get_or_set_cached_cell_and_set_connections" :: held 0.001s {{(pid=135928) inner /usr/local/lib/python3.8/dist-packages/oslo_concurrency/lockutils.py:400}}
Apr 11 20:42:06.331538 n-d-835739-3 devstack@n-api.service[135928]: DEBUG oslo_concurrency.lockutils [None req-4b2c4528-3676-4626-83f5-555fc94d954b tempest-AggregatesAdminTestV241-1655356629 tempest-AggregatesAdminTestV241-1655356629-project-admin] Lock "1194e670-84b7-4a0a-b56e-08434d4e4c3f" acquired by "nova.context.set_target_cell..get_or_set_cached_cell_and_set_connections" :: waited 0.000s {{(pid=135928) inner /usr/local/lib/python3.8/dist-packages/oslo_concurrency/lockutils.py:386}}
Apr 11 20:42:06.332063 n-d-835739-3 devstack@n-api.service[135928]: DEBUG oslo_concurrency.lockutils [None req-4b2c4528-3676-4626-83f5-555fc94d954b tempest-AggregatesAdminTestV241-1655356629 tempest-AggregatesAdminTestV241-1655356629-project-admin] Lock "1194e670-84b7-4a0a-b56e-08434d4e4c3f" "released" by "nova.context.set_target_cell..get_or_set_cached_cell_and_set_connections" :: held 0.001s {{(pid=135928) inner /usr/local/lib/python3.8/dist-packages/oslo_concurrency/lockutils.py:400}}
Apr 11 20:42:06.346171 n-d-835739-3 devstack@n-api.service[135928]: DEBUG oslo_concurrency.lockutils [None req-4b2c4528-3676-4626-83f5-555fc94d954b tempest-AggregatesAdminTestV241-1655356629 tempest-AggregatesAdminTestV241-1655356629-project-admin] Lock "1194e670-84b7-4a0a-b56e-08434d4e4c3f" acquired by "nova.context.set_target_cell..get_or_set_cached_cell_and_set_connections" :: waited 0.000s {{(pid=135928) inner /usr/local/lib/python3.8/dist-packages/oslo_concurrency/lockutils.py:386}}
Apr 11 20:42:06.346699 n-d-835739-3 devstack@n-api.service[135928]: DEBUG oslo_concurrency.lockutils [None req-4b2c4528-3676-4626-83f5-555fc94d954b tempest-AggregatesAdminTestV241-1655356629 tempest-AggregatesAdminTestV241-1655356629-project-admin] Lock "1194e670-84b7-4a0a-b56e-08434d4e4c3f" "released" by "nova.context.set_target_cell..get_or_set_cached_cell_and_set_connections" :: held 0.004s {{(pid=135928) inner /usr/local/lib/python3.8/dist-packages/oslo_concurrency/lockutils.py:400}}
Apr 11 20:42:06.354047 n-d-835739-3 devstack@n-api.service[135928]: INFO nova.api.openstack.requestlog [None req-4b2c4528-3676-4626-83f5-555fc94d954b tempest-AggregatesAdminTestV241-1655356629 tempest-AggregatesAdminTestV241-1655356629-project-admin] 10.222.0.74 "GET /compute/v2.1/os-hypervisors/detail" status: 200 len: 1423 microversion: 2.41 time: 0.206439
Apr 11 20:42:06.354582 n-d-835739-3 devstack@n-api.service[135928]: [pid: 135928|app: 0|req: 4/8] 10.222.0.74 () {60 vars in 1207 bytes} [Mon Apr 11 20:42:06 2022] GET /compute/v2.1/os-hypervisors/detail => generated 1423 bytes in 208 msecs (HTTP/1.1 200) 9 headers in 360 bytes (1 switches on core 0)
Apr 11 20:42:06.363075 n-d-835739-3 devstack@n-api.service[135928]: DEBUG nova.api.openstack.wsgi [None req-015050c7-ecb3-46e3-b23b-50973bdfda7c tempest-HypervisorAdminV228Test-767598354 tempest-HypervisorAdminV228Test-767598354-project-admin] Calling method '.version_select at 0x7f5839019b80>' {{(pid=135928) _process_stack /opt/stack/nova/nova/api/openstack/wsgi.py:513}}
Apr 11 20:42:06.363963 n-d-835739-3 devstack@n-api.service[135928]: /usr/local/lib/python3.8/dist-packages/oslo_policy/policy.py:1119: UserWarning: Policy "os_compute_api:os-hypervisors:show": "rule:context_is_admin" failed scope check. The token used to make the request was project scoped but the policy requires ['system'] scope. This behavior may change in the future where using the intended scope is required
Apr 11 20:42:06.363963 n-d-835739-3 devstack@n-api.service[135928]: warnings.warn(msg)
Apr 11 20:42:06.365265 n-d-835739-3 devstack@n-api.service[135928]: DEBUG oslo_concurrency.lockutils [None req-015050c7-ecb3-46e3-b23b-50973bdfda7c tempest-HypervisorAdminV228Test-767598354 tempest-HypervisorAdminV228Test-767598354-project-admin] Lock "1194e670-84b7-4a0a-b56e-08434d4e4c3f" acquired by "nova.context.set_target_cell..get_or_set_cached_cell_and_set_connections" :: waited 0.000s {{(pid=135928) inner /usr/local/lib/python3.8/dist-packages/oslo_concurrency/lockutils.py:386}}
Apr 11 20:42:06.366140 n-d-835739-3 devstack@n-api.service[135928]: DEBUG oslo_concurrency.lockutils [None req-015050c7-ecb3-46e3-b23b-50973bdfda7c tempest-HypervisorAdminV228Test-767598354 tempest-HypervisorAdminV228Test-767598354-project-admin] Lock "1194e670-84b7-4a0a-b56e-08434d4e4c3f" "released" by "nova.context.set_target_cell..get_or_set_cached_cell_and_set_connections" :: held 0.001s {{(pid=135928) inner /usr/local/lib/python3.8/dist-packages/oslo_concurrency/lockutils.py:400}}
Apr 11 20:42:06.381761 n-d-835739-3 devstack@n-api.service[135928]: DEBUG oslo_concurrency.lockutils [None req-015050c7-ecb3-46e3-b23b-50973bdfda7c tempest-HypervisorAdminV228Test-767598354 tempest-HypervisorAdminV228Test-767598354-project-admin] Lock "1194e670-84b7-4a0a-b56e-08434d4e4c3f" acquired by "nova.context.set_target_cell..get_or_set_cached_cell_and_set_connections" :: waited 0.000s {{(pid=135928) inner /usr/local/lib/python3.8/dist-packages/oslo_concurrency/lockutils.py:386}}
Apr 11 20:42:06.382671 n-d-835739-3 devstack@n-api.service[135928]: DEBUG oslo_concurrency.lockutils [None req-015050c7-ecb3-46e3-b23b-50973bdfda7c tempest-HypervisorAdminV228Test-767598354 tempest-HypervisorAdminV228Test-767598354-project-admin] Lock "1194e670-84b7-4a0a-b56e-08434d4e4c3f" "released" by "nova.context.set_target_cell..get_or_set_cached_cell_and_set_connections" :: held 0.001s {{(pid=135928) inner /usr/local/lib/python3.8/dist-packages/oslo_concurrency/lockutils.py:400}}
Apr 11 20:42:06.389094 n-d-835739-3 devstack@n-api.service[135928]: INFO nova.api.openstack.requestlog [None req-015050c7-ecb3-46e3-b23b-50973bdfda7c tempest-HypervisorAdminV228Test-767598354 tempest-HypervisorAdminV228Test-767598354-project-admin] 10.222.0.74 "GET /compute/v2.1/os-hypervisors/1" status: 200 len: 717 microversion: 2.28 time: 0.033428
Apr 11 20:42:06.397380 n-d-835739-3 devstack@n-api.service[135928]: [pid: 135928|app: 0|req: 5/9] 10.222.0.74 () {60 vars in 1192 bytes} [Mon Apr 11 20:42:06 2022] GET /compute/v2.1/os-hypervisors/1 => generated 717 bytes in 35 msecs (HTTP/1.1 200) 9 headers in 359 bytes (1 switches on core 0)
Apr 11 20:42:06.397380 n-d-835739-3 devstack@n-api.service[135928]: DEBUG nova.api.openstack.wsgi [None req-f376c434-6c7b-49e6-9e9b-d5f398a556ba tempest-FlavorMetadataValidation-1448553235 tempest-FlavorMetadataValidation-1448553235-project-admin] Action: 'create', calling method: >, body: {"extra_specs": {"hw:cpu_policy": "shared", "foo:bar": "baz"}} {{(pid=135928) _process_stack /opt/stack/nova/nova/api/openstack/wsgi.py:511}}
Apr 11 20:42:06.398268 n-d-835739-3 devstack@n-api.service[135928]: /usr/local/lib/python3.8/dist-packages/oslo_policy/policy.py:1119: UserWarning: Policy "os_compute_api:os-flavor-extra-specs:create": "rule:context_is_admin" failed scope check. The token used to make the request was project scoped but the policy requires ['system'] scope. This behavior may change in the future where using the intended scope is required
Apr 11 20:42:06.398268 n-d-835739-3 devstack@n-api.service[135928]: warnings.warn(msg)
Apr 11 20:42:06.503583 n-d-835739-3 devstack@n-api.service[135927]: DEBUG nova.network.neutron [None req-ba948129-58a1-4c17-bd2d-57318e5dbf06 tempest-DeleteServersAdminTestJSON-1738020904 tempest-DeleteServersAdminTestJSON-1738020904-project] validate_networks() for None {{(pid=135927) validate_networks /opt/stack/nova/nova/network/neutron.py:2632}}
Apr 11 20:42:06.708298 n-d-835739-3 devstack@n-api.service[135928]: INFO nova.api.openstack.requestlog [None req-f376c434-6c7b-49e6-9e9b-d5f398a556ba tempest-FlavorMetadataValidation-1448553235 tempest-FlavorMetadataValidation-1448553235-project-admin] 10.222.0.74 "POST /compute/v2.1/flavors/148386962/os-extra_specs" status: 200 len: 62 microversion: 2.86 time: 0.316597
Apr 11 20:42:06.708917 n-d-835739-3 devstack@n-api.service[135928]: [pid: 135928|app: 0|req: 6/10] 10.222.0.74 () {62 vars in 1261 bytes} [Mon Apr 11 20:42:06 2022] POST /compute/v2.1/flavors/148386962/os-extra_specs => generated 62 bytes in 318 msecs (HTTP/1.1 200) 9 headers in 358 bytes (1 switches on core 0)
Apr 11 20:42:06.714335 n-d-835739-3 devstack@n-api.service[135928]: DEBUG nova.api.openstack.wsgi [None req-107b0a9b-c66d-427c-a822-e9159e5affeb tempest-AZAdminV2TestJSON-1936479756 tempest-AZAdminV2TestJSON-1936479756-project-admin] Calling method '>' {{(pid=135928) _process_stack /opt/stack/nova/nova/api/openstack/wsgi.py:513}}
Apr 11 20:42:06.715178 n-d-835739-3 devstack@n-api.service[135928]: /usr/local/lib/python3.8/dist-packages/oslo_policy/policy.py:1119: UserWarning: Policy "os_compute_api:os-availability-zone:detail": "rule:context_is_admin" failed scope check. The token used to make the request was project scoped but the policy requires ['system'] scope. This behavior may change in the future where using the intended scope is required
Apr 11 20:42:06.715178 n-d-835739-3 devstack@n-api.service[135928]: warnings.warn(msg)
Apr 11 20:42:06.716430 n-d-835739-3 devstack@n-api.service[135928]: DEBUG oslo_concurrency.lockutils [None req-107b0a9b-c66d-427c-a822-e9159e5affeb tempest-AZAdminV2TestJSON-1936479756 tempest-AZAdminV2TestJSON-1936479756-project-admin] Lock "00000000-0000-0000-0000-000000000000" acquired by "nova.context.set_target_cell..get_or_set_cached_cell_and_set_connections" :: waited 0.000s {{(pid=135928) inner /usr/local/lib/python3.8/dist-packages/oslo_concurrency/lockutils.py:386}}
Apr 11 20:42:06.716967 n-d-835739-3 devstack@n-api.service[135928]: DEBUG oslo_concurrency.lockutils [None req-107b0a9b-c66d-427c-a822-e9159e5affeb tempest-AZAdminV2TestJSON-1936479756 tempest-AZAdminV2TestJSON-1936479756-project-admin] Lock "00000000-0000-0000-0000-000000000000" "released" by "nova.context.set_target_cell..get_or_set_cached_cell_and_set_connections" :: held 0.000s {{(pid=135928) inner /usr/local/lib/python3.8/dist-packages/oslo_concurrency/lockutils.py:400}}
Apr 11 20:42:06.717827 n-d-835739-3 devstack@n-api.service[135928]: DEBUG oslo_concurrency.lockutils [None req-107b0a9b-c66d-427c-a822-e9159e5affeb tempest-AZAdminV2TestJSON-1936479756 tempest-AZAdminV2TestJSON-1936479756-project-admin] Lock "1194e670-84b7-4a0a-b56e-08434d4e4c3f" acquired by "nova.context.set_target_cell..get_or_set_cached_cell_and_set_connections" :: waited 0.000s {{(pid=135928) inner /usr/local/lib/python3.8/dist-packages/oslo_concurrency/lockutils.py:386}}
Apr 11 20:42:06.718283 n-d-835739-3 devstack@n-api.service[135928]: DEBUG oslo_concurrency.lockutils [None req-107b0a9b-c66d-427c-a822-e9159e5affeb tempest-AZAdminV2TestJSON-1936479756 tempest-AZAdminV2TestJSON-1936479756-project-admin] Lock "1194e670-84b7-4a0a-b56e-08434d4e4c3f" "released" by "nova.context.set_target_cell..get_or_set_cached_cell_and_set_connections" :: held 0.000s {{(pid=135928) inner /usr/local/lib/python3.8/dist-packages/oslo_concurrency/lockutils.py:400}}
Apr 11 20:42:06.742885 n-d-835739-3 devstack@n-api.service[135928]: INFO nova.api.openstack.requestlog [None req-107b0a9b-c66d-427c-a822-e9159e5affeb tempest-AZAdminV2TestJSON-1936479756 tempest-AZAdminV2TestJSON-1936479756-project-admin] 10.222.0.74 "GET /compute/v2.1/os-availability-zone/detail" status: 200 len: 612 microversion: 2.1 time: 0.032308
Apr 11 20:42:06.743480 n-d-835739-3 devstack@n-api.service[135928]: [pid: 135928|app: 0|req: 7/11] 10.222.0.74 () {58 vars in 1184 bytes} [Mon Apr 11 20:42:06 2022] GET /compute/v2.1/os-availability-zone/detail => generated 612 bytes in 34 msecs (HTTP/1.1 200) 9 headers in 357 bytes (1 switches on core 0)
Apr 11 20:42:06.755012 n-d-835739-3 devstack@n-api.service[135928]: DEBUG nova.api.openstack.wsgi [None req-0253bb7f-d4e1-4236-bbfa-84e6a567bcca tempest-AggregatesAdminNegativeTestJSON-2133337803 tempest-AggregatesAdminNegativeTestJSON-2133337803-project-admin] Action: 'action', calling method: >, body: {"add_host": {"host": "n-h2-835739-3"}} {{(pid=135928) _process_stack /opt/stack/nova/nova/api/openstack/wsgi.py:511}}
Apr 11 20:42:06.756490 n-d-835739-3 devstack@n-api.service[135928]: /usr/local/lib/python3.8/dist-packages/oslo_policy/policy.py:1119: UserWarning: Policy "os_compute_api:os-aggregates:add_host": "rule:context_is_admin" failed scope check. The token used to make the request was project scoped but the policy requires ['system'] scope. This behavior may change in the future where using the intended scope is required
Apr 11 20:42:06.756490 n-d-835739-3 devstack@n-api.service[135928]: warnings.warn(msg)
Apr 11 20:42:06.764884 n-d-835739-3 devstack@n-api.service[135928]: DEBUG oslo_concurrency.lockutils [None req-0253bb7f-d4e1-4236-bbfa-84e6a567bcca tempest-AggregatesAdminNegativeTestJSON-2133337803 tempest-AggregatesAdminNegativeTestJSON-2133337803-project-admin] Lock "1194e670-84b7-4a0a-b56e-08434d4e4c3f" acquired by "nova.context.set_target_cell..get_or_set_cached_cell_and_set_connections" :: waited 0.000s {{(pid=135928) inner /usr/local/lib/python3.8/dist-packages/oslo_concurrency/lockutils.py:386}}
Apr 11 20:42:06.765894 n-d-835739-3 devstack@n-api.service[135928]: DEBUG oslo_concurrency.lockutils [None req-0253bb7f-d4e1-4236-bbfa-84e6a567bcca tempest-AggregatesAdminNegativeTestJSON-2133337803 tempest-AggregatesAdminNegativeTestJSON-2133337803-project-admin] Lock "1194e670-84b7-4a0a-b56e-08434d4e4c3f" "released" by "nova.context.set_target_cell..get_or_set_cached_cell_and_set_connections" :: held 0.001s {{(pid=135928) inner /usr/local/lib/python3.8/dist-packages/oslo_concurrency/lockutils.py:400}}
Apr 11 20:42:06.818895 n-d-835739-3 devstack@n-api.service[135927]: DEBUG nova.virt.hardware [None req-ba948129-58a1-4c17-bd2d-57318e5dbf06 tempest-DeleteServersAdminTestJSON-1738020904 tempest-DeleteServersAdminTestJSON-1738020904-project] Flavor limits 0:0:0 {{(pid=135927) get_cpu_topology_constraints /opt/stack/nova/nova/virt/hardware.py:343}}
Apr 11 20:42:06.818895 n-d-835739-3 devstack@n-api.service[135927]: DEBUG nova.virt.hardware [None req-ba948129-58a1-4c17-bd2d-57318e5dbf06 tempest-DeleteServersAdminTestJSON-1738020904 tempest-DeleteServersAdminTestJSON-1738020904-project] Image limits 0:0:0 {{(pid=135927) get_cpu_topology_constraints /opt/stack/nova/nova/virt/hardware.py:347}}
Apr 11 20:42:06.818895 n-d-835739-3 devstack@n-api.service[135927]: DEBUG nova.virt.hardware [None req-ba948129-58a1-4c17-bd2d-57318e5dbf06 tempest-DeleteServersAdminTestJSON-1738020904 tempest-DeleteServersAdminTestJSON-1738020904-project] Flavor pref 0:0:0 {{(pid=135927) get_cpu_topology_constraints /opt/stack/nova/nova/virt/hardware.py:383}}
Apr 11 20:42:06.818895 n-d-835739-3 devstack@n-api.service[135927]: DEBUG nova.virt.hardware [None req-ba948129-58a1-4c17-bd2d-57318e5dbf06 tempest-DeleteServersAdminTestJSON-1738020904 tempest-DeleteServersAdminTestJSON-1738020904-project] Image pref 0:0:0 {{(pid=135927) get_cpu_topology_constraints /opt/stack/nova/nova/virt/hardware.py:387}}
Apr 11 20:42:06.818895 n-d-835739-3 devstack@n-api.service[135927]: DEBUG nova.virt.hardware [None req-ba948129-58a1-4c17-bd2d-57318e5dbf06 tempest-DeleteServersAdminTestJSON-1738020904 tempest-DeleteServersAdminTestJSON-1738020904-project] Chose sockets=0, cores=0, threads=0; limits were sockets=65536, cores=65536, threads=65536 {{(pid=135927) get_cpu_topology_constraints /opt/stack/nova/nova/virt/hardware.py:425}}
Apr 11 20:42:06.839412 n-d-835739-3 devstack@n-api.service[135927]: DEBUG oslo_concurrency.lockutils [None req-ba948129-58a1-4c17-bd2d-57318e5dbf06 tempest-DeleteServersAdminTestJSON-1738020904 tempest-DeleteServersAdminTestJSON-1738020904-project] Lock "00000000-0000-0000-0000-000000000000" acquired by "nova.context.set_target_cell..get_or_set_cached_cell_and_set_connections" :: waited 0.000s {{(pid=135927) inner /usr/local/lib/python3.8/dist-packages/oslo_concurrency/lockutils.py:386}}
Apr 11 20:42:06.840470 n-d-835739-3 devstack@n-api.service[135927]: DEBUG oslo_concurrency.lockutils [None req-ba948129-58a1-4c17-bd2d-57318e5dbf06 tempest-DeleteServersAdminTestJSON-1738020904 tempest-DeleteServersAdminTestJSON-1738020904-project] Lock "00000000-0000-0000-0000-000000000000" "released" by "nova.context.set_target_cell..get_or_set_cached_cell_and_set_connections" :: held 0.001s {{(pid=135927) inner /usr/local/lib/python3.8/dist-packages/oslo_concurrency/lockutils.py:400}}
Apr 11 20:42:06.841776 n-d-835739-3 devstack@n-api.service[135927]: DEBUG oslo_concurrency.lockutils [None req-ba948129-58a1-4c17-bd2d-57318e5dbf06 tempest-DeleteServersAdminTestJSON-1738020904 tempest-DeleteServersAdminTestJSON-1738020904-project] Lock "1194e670-84b7-4a0a-b56e-08434d4e4c3f" acquired by "nova.context.set_target_cell..get_or_set_cached_cell_and_set_connections" :: waited 0.000s {{(pid=135927) inner /usr/local/lib/python3.8/dist-packages/oslo_concurrency/lockutils.py:386}}
Apr 11 20:42:06.841911 n-d-835739-3 devstack@n-api.service[135928]: INFO nova.api.openstack.wsgi [None req-0253bb7f-d4e1-4236-bbfa-84e6a567bcca tempest-AggregatesAdminNegativeTestJSON-2133337803 tempest-AggregatesAdminNegativeTestJSON-2133337803-project-admin] HTTP exception thrown: Aggregate 1 already has host n-h2-835739-3.
Apr 11 20:42:06.842545 n-d-835739-3 devstack@n-api.service[135928]: DEBUG nova.api.openstack.wsgi [None req-0253bb7f-d4e1-4236-bbfa-84e6a567bcca tempest-AggregatesAdminNegativeTestJSON-2133337803 tempest-AggregatesAdminNegativeTestJSON-2133337803-project-admin] Returning 409 to user: Aggregate 1 already has host n-h2-835739-3. {{(pid=135928) __call__ /opt/stack/nova/nova/api/openstack/wsgi.py:936}}
Apr 11 20:42:06.842796 n-d-835739-3 devstack@n-api.service[135927]: DEBUG oslo_concurrency.lockutils [None req-ba948129-58a1-4c17-bd2d-57318e5dbf06 tempest-DeleteServersAdminTestJSON-1738020904 tempest-DeleteServersAdminTestJSON-1738020904-project] Lock "1194e670-84b7-4a0a-b56e-08434d4e4c3f" "released" by "nova.context.set_target_cell..get_or_set_cached_cell_and_set_connections" :: held 0.001s {{(pid=135927) inner /usr/local/lib/python3.8/dist-packages/oslo_concurrency/lockutils.py:400}}
Apr 11 20:42:06.846957 n-d-835739-3 devstack@n-api.service[135928]: INFO nova.api.openstack.requestlog [None req-0253bb7f-d4e1-4236-bbfa-84e6a567bcca tempest-AggregatesAdminNegativeTestJSON-2133337803 tempest-AggregatesAdminNegativeTestJSON-2133337803-project-admin] 10.222.0.74 "POST /compute/v2.1/os-aggregates/1/action" status: 409 len: 95 microversion: 2.1 time: 0.102408
Apr 11 20:42:06.851185 n-d-835739-3 devstack@n-api.service[135928]: [pid: 135928|app: 0|req: 8/12] 10.222.0.74 () {60 vars in 1190 bytes} [Mon Apr 11 20:42:06 2022] POST /compute/v2.1/os-aggregates/1/action => generated 95 bytes in 104 msecs (HTTP/1.1 409) 9 headers in 377 bytes (1 switches on core 0)
Apr 11 20:42:06.853260 n-d-835739-3 devstack@n-api.service[135928]: DEBUG nova.api.openstack.wsgi [None req-dbb98d83-4883-4c40-af37-52ee1df8c47f tempest-FlavorMetadataValidation-1448553235 tempest-FlavorMetadataValidation-1448553235-project-admin] Calling method '>' {{(pid=135928) _process_stack /opt/stack/nova/nova/api/openstack/wsgi.py:513}}
Apr 11 20:42:06.854242 n-d-835739-3 devstack@n-api.service[135928]: /usr/local/lib/python3.8/dist-packages/oslo_policy/policy.py:1119: UserWarning: Policy "os_compute_api:os-flavor-manage:delete": "rule:context_is_admin" failed scope check. The token used to make the request was project scoped but the policy requires ['system'] scope. This behavior may change in the future where using the intended scope is required
Apr 11 20:42:06.854242 n-d-835739-3 devstack@n-api.service[135928]: warnings.warn(msg)
Apr 11 20:42:06.882986 n-d-835739-3 devstack@n-api.service[135927]: DEBUG nova.quota [None req-ba948129-58a1-4c17-bd2d-57318e5dbf06 tempest-DeleteServersAdminTestJSON-1738020904 tempest-DeleteServersAdminTestJSON-1738020904-project] Getting quotas for project 8ec16d3d3eaf4cfd93d128ff0b011809. Resources: {'cores', 'ram', 'instances'} {{(pid=135927) _get_quotas /opt/stack/nova/nova/quota.py:393}}
Apr 11 20:42:06.889380 n-d-835739-3 devstack@n-api.service[135927]: DEBUG nova.quota [None req-ba948129-58a1-4c17-bd2d-57318e5dbf06 tempest-DeleteServersAdminTestJSON-1738020904 tempest-DeleteServersAdminTestJSON-1738020904-project] Getting quotas for user dc93c54338334d9f8096a67c10cff726 and project 8ec16d3d3eaf4cfd93d128ff0b011809. Resources: {'cores', 'ram', 'instances'} {{(pid=135927) _get_quotas /opt/stack/nova/nova/quota.py:383}}
Apr 11 20:42:06.901581 n-d-835739-3 devstack@n-api.service[135927]: DEBUG nova.compute.api [None req-ba948129-58a1-4c17-bd2d-57318e5dbf06 tempest-DeleteServersAdminTestJSON-1738020904 tempest-DeleteServersAdminTestJSON-1738020904-project] Going to run 1 instances... {{(pid=135927) _provision_instances /opt/stack/nova/nova/compute/api.py:1389}}
Apr 11 20:42:06.906716 n-d-835739-3 devstack@n-api.service[135927]: DEBUG nova.compute.api [None req-ba948129-58a1-4c17-bd2d-57318e5dbf06 tempest-DeleteServersAdminTestJSON-1738020904 tempest-DeleteServersAdminTestJSON-1738020904-project] [instance: 33ff5c01-6fe9-4178-bb6b-0863f33cebbd] block_device_mapping [BlockDeviceMapping(attachment_id=,boot_index=0,connection_info=None,created_at=,delete_on_termination=True,deleted=,deleted_at=,destination_type='local',device_name=None,device_type='disk',disk_bus=None,guest_format=None,id=,image_id='f751d0f1-d5e8-4b07-bfc2-43f9eb008fbc',instance=,instance_uuid=,no_device=False,snapshot_id=None,source_type='image',tag=None,updated_at=,uuid=,volume_id=None,volume_size=None,volume_type=None)] {{(pid=135927) _bdm_validate_set_size_and_instance /opt/stack/nova/nova/compute/api.py:1807}}
Apr 11 20:42:06.974532 n-d-835739-3 devstack@n-api.service[135928]: INFO nova.api.openstack.requestlog [None req-dbb98d83-4883-4c40-af37-52ee1df8c47f tempest-FlavorMetadataValidation-1448553235 tempest-FlavorMetadataValidation-1448553235-project-admin] 10.222.0.74 "DELETE /compute/v2.1/flavors/148386962" status: 202 len: 0 microversion: 2.86 time: 0.125525
Apr 11 20:42:06.975374 n-d-835739-3 devstack@n-api.service[135928]: [pid: 135928|app: 0|req: 9/13] 10.222.0.74 () {60 vars in 1198 bytes} [Mon Apr 11 20:42:06 2022] DELETE /compute/v2.1/flavors/148386962 => generated 0 bytes in 127 msecs (HTTP/1.1 202) 9 headers in 363 bytes (1 switches on core 0)
Apr 11 20:42:06.980651 n-d-835739-3 devstack@n-api.service[135928]: DEBUG nova.api.openstack.wsgi [None req-bf1ea3aa-ae00-4976-bcd2-2b2e125e612b tempest-AggregatesAdminNegativeTestJSON-2133337803 tempest-AggregatesAdminNegativeTestJSON-2133337803-project-admin] Action: 'action', calling method: >, body: {"remove_host": {"host": "n-h2-835739-3"}} {{(pid=135928) _process_stack /opt/stack/nova/nova/api/openstack/wsgi.py:511}}
Apr 11 20:42:06.982162 n-d-835739-3 devstack@n-api.service[135928]: /usr/local/lib/python3.8/dist-packages/oslo_policy/policy.py:1119: UserWarning: Policy "os_compute_api:os-aggregates:remove_host": "rule:context_is_admin" failed scope check. The token used to make the request was project scoped but the policy requires ['system'] scope. This behavior may change in the future where using the intended scope is required
Apr 11 20:42:06.982162 n-d-835739-3 devstack@n-api.service[135928]: warnings.warn(msg)
Apr 11 20:42:06.990708 n-d-835739-3 devstack@n-api.service[135928]: DEBUG oslo_concurrency.lockutils [None req-bf1ea3aa-ae00-4976-bcd2-2b2e125e612b tempest-AggregatesAdminNegativeTestJSON-2133337803 tempest-AggregatesAdminNegativeTestJSON-2133337803-project-admin] Lock "1194e670-84b7-4a0a-b56e-08434d4e4c3f" acquired by "nova.context.set_target_cell..get_or_set_cached_cell_and_set_connections" :: waited 0.000s {{(pid=135928) inner /usr/local/lib/python3.8/dist-packages/oslo_concurrency/lockutils.py:386}}
Apr 11 20:42:06.991162 n-d-835739-3 devstack@n-api.service[135928]: DEBUG oslo_concurrency.lockutils [None req-bf1ea3aa-ae00-4976-bcd2-2b2e125e612b tempest-AggregatesAdminNegativeTestJSON-2133337803 tempest-AggregatesAdminNegativeTestJSON-2133337803-project-admin] Lock "1194e670-84b7-4a0a-b56e-08434d4e4c3f" "released" by "nova.context.set_target_cell..get_or_set_cached_cell_and_set_connections" :: held 0.001s {{(pid=135928) inner /usr/local/lib/python3.8/dist-packages/oslo_concurrency/lockutils.py:400}}
Apr 11 20:42:07.073052 n-d-835739-3 devstack@n-api.service[135927]: INFO nova.api.openstack.requestlog [None req-ba948129-58a1-4c17-bd2d-57318e5dbf06 tempest-DeleteServersAdminTestJSON-1738020904 tempest-DeleteServersAdminTestJSON-1738020904-project] 10.222.0.74 "POST /compute/v2.1/servers" status: 202 len: 380 microversion: 2.1 time: 0.982878
Apr 11 20:42:07.074464 n-d-835739-3 devstack@n-api.service[135927]: [pid: 135927|app: 0|req: 5/14] 10.222.0.74 () {60 vars in 1146 bytes} [Mon Apr 11 20:42:06 2022] POST /compute/v2.1/servers => generated 380 bytes in 985 msecs (HTTP/1.1 202) 10 headers in 451 bytes (1 switches on core 0)
Apr 11 20:42:07.087249 n-d-835739-3 devstack@n-api.service[135927]: DEBUG nova.api.openstack.wsgi [None req-d16d1bd0-d718-417e-9443-5779dd3ddaae tempest-FlavorMetadataValidation-1448553235 tempest-FlavorMetadataValidation-1448553235-project-admin] Calling method '>' {{(pid=135927) _process_stack /opt/stack/nova/nova/api/openstack/wsgi.py:513}}
Apr 11 20:42:07.130626 n-d-835739-3 devstack@n-api.service[135927]: INFO nova.api.openstack.requestlog [None req-d16d1bd0-d718-417e-9443-5779dd3ddaae tempest-FlavorMetadataValidation-1448553235 tempest-FlavorMetadataValidation-1448553235-project-admin] 10.222.0.74 "GET /compute/v2.1/flavors/detail" status: 200 len: 5777 microversion: 2.86 time: 0.053689
Apr 11 20:42:07.131672 n-d-835739-3 devstack@n-api.service[135927]: [pid: 135927|app: 0|req: 6/15] 10.222.0.74 () {60 vars in 1186 bytes} [Mon Apr 11 20:42:07 2022] GET /compute/v2.1/flavors/detail => generated 5777 bytes in 56 msecs (HTTP/1.1 200) 9 headers in 360 bytes (1 switches on core 0)
Apr 11 20:42:07.138106 n-d-835739-3 devstack@n-api.service[135927]: DEBUG nova.api.openstack.wsgi [None req-020495d5-6839-453a-9763-0a8393db11fa tempest-DeleteServersAdminTestJSON-1738020904 tempest-DeleteServersAdminTestJSON-1738020904-project] Calling method '>' {{(pid=135927) _process_stack /opt/stack/nova/nova/api/openstack/wsgi.py:513}}
Apr 11 20:42:07.138705 n-d-835739-3 devstack@n-api.service[135927]: DEBUG nova.compute.api [None req-020495d5-6839-453a-9763-0a8393db11fa tempest-DeleteServersAdminTestJSON-1738020904 tempest-DeleteServersAdminTestJSON-1738020904-project] [instance: 33ff5c01-6fe9-4178-bb6b-0863f33cebbd] Fetching instance by UUID {{(pid=135927) get /opt/stack/nova/nova/compute/api.py:2918}}
Apr 11 20:42:07.257964 n-d-835739-3 devstack@n-api.service[135927]: DEBUG nova.policy [None req-020495d5-6839-453a-9763-0a8393db11fa tempest-DeleteServersAdminTestJSON-1738020904 tempest-DeleteServersAdminTestJSON-1738020904-project] Policy check for os_compute_api:os-extended-server-attributes failed with credentials {'is_admin': False, 'user_id': 'dc93c54338334d9f8096a67c10cff726', 'user_domain_id': 'default', 'system_scope': None, 'domain_id': None, 'project_id': '8ec16d3d3eaf4cfd93d128ff0b011809', 'project_domain_id': 'default', 'roles': ['member', 'reader'], 'is_admin_project': True, 'service_user_id': None, 'service_user_domain_id': None, 'service_project_id': None, 'service_project_domain_id': None, 'service_roles': []} {{(pid=135927) authorize /opt/stack/nova/nova/policy.py:199}}
Apr 11 20:42:07.276506 n-d-835739-3 devstack@n-api.service[135927]: INFO nova.api.openstack.requestlog [None req-020495d5-6839-453a-9763-0a8393db11fa tempest-DeleteServersAdminTestJSON-1738020904 tempest-DeleteServersAdminTestJSON-1738020904-project] 10.222.0.74 "GET /compute/v2.1/servers/33ff5c01-6fe9-4178-bb6b-0863f33cebbd" status: 200 len: 1220 microversion: 2.1 time: 0.143386
Apr 11 20:42:07.277459 n-d-835739-3 devstack@n-api.service[135927]: [pid: 135927|app: 0|req: 7/16] 10.222.0.74 () {58 vars in 1235 bytes} [Mon Apr 11 20:42:07 2022] GET /compute/v2.1/servers/33ff5c01-6fe9-4178-bb6b-0863f33cebbd => generated 1220 bytes in 145 msecs (HTTP/1.1 200) 9 headers in 358 bytes (1 switches on core 0)
Apr 11 20:42:07.342626 n-d-835739-3 devstack@n-api.service[135928]: INFO nova.api.openstack.requestlog [None req-bf1ea3aa-ae00-4976-bcd2-2b2e125e612b tempest-AggregatesAdminNegativeTestJSON-2133337803 tempest-AggregatesAdminNegativeTestJSON-2133337803-project-admin] 10.222.0.74 "POST /compute/v2.1/os-aggregates/1/action" status: 200 len: 227 microversion: 2.1 time: 0.365343
Apr 11 20:42:07.350779 n-d-835739-3 devstack@n-api.service[135928]: [pid: 135928|app: 0|req: 10/17] 10.222.0.74 () {60 vars in 1190 bytes} [Mon Apr 11 20:42:06 2022] POST /compute/v2.1/os-aggregates/1/action => generated 227 bytes in 375 msecs (HTTP/1.1 200) 9 headers in 357 bytes (1 switches on core 0)
Apr 11 20:42:07.357476 n-d-835739-3 devstack@n-api.service[135927]: DEBUG nova.api.openstack.wsgi [None req-c245002a-fb5c-4d30-a407-1ee99f4def51 tempest-AggregatesAdminNegativeTestJSON-2133337803 tempest-AggregatesAdminNegativeTestJSON-2133337803-project-admin] Calling method '>' {{(pid=135927) _process_stack /opt/stack/nova/nova/api/openstack/wsgi.py:513}}
Apr 11 20:42:07.359892 n-d-835739-3 devstack@n-api.service[135927]: /usr/local/lib/python3.8/dist-packages/oslo_policy/policy.py:1119: UserWarning: Policy "os_compute_api:os-aggregates:delete": "rule:context_is_admin" failed scope check. The token used to make the request was project scoped but the policy requires ['system'] scope. This behavior may change in the future where using the intended scope is required
Apr 11 20:42:07.359892 n-d-835739-3 devstack@n-api.service[135927]: warnings.warn(msg)
Apr 11 20:42:07.471359 n-d-835739-3 devstack@n-api.service[135927]: INFO nova.api.openstack.requestlog [None req-c245002a-fb5c-4d30-a407-1ee99f4def51 tempest-AggregatesAdminNegativeTestJSON-2133337803 tempest-AggregatesAdminNegativeTestJSON-2133337803-project-admin] 10.222.0.74 "DELETE /compute/v2.1/os-aggregates/1" status: 200 len: 0 microversion: 2.1 time: 0.119034
Apr 11 20:42:07.471941 n-d-835739-3 devstack@n-api.service[135927]: [pid: 135927|app: 0|req: 8/18] 10.222.0.74 () {58 vars in 1151 bytes} [Mon Apr 11 20:42:07 2022] DELETE /compute/v2.1/os-aggregates/1 => generated 0 bytes in 120 msecs (HTTP/1.1 200) 9 headers in 355 bytes (1 switches on core 0)
Apr 11 20:42:07.482949 n-d-835739-3 devstack@n-api.service[135928]: DEBUG nova.api.openstack.wsgi [None req-2a9b8c4c-bd63-4103-9b6d-7da0ed91ab4b tempest-AggregatesAdminNegativeTestJSON-2133337803 tempest-AggregatesAdminNegativeTestJSON-2133337803-project-admin] Action: 'create', calling method: >, body: {"aggregate": {"name": "tempest-test_aggregate-351310729"}} {{(pid=135928) _process_stack /opt/stack/nova/nova/api/openstack/wsgi.py:511}}
Apr 11 20:42:07.495001 n-d-835739-3 devstack@n-api.service[135927]: DEBUG nova.api.openstack.wsgi [None req-f273e5a2-000e-4bf9-9c95-53bf1da69ae0 tempest-AggregatesAdminTestJSON-1297165423 tempest-AggregatesAdminTestJSON-1297165423-project-admin] Action: 'create', calling method: >, body: {"aggregate": {"availability_zone": "tempest-test_az-1229850113", "name": "tempest-test_aggregate-1314321232"}} {{(pid=135927) _process_stack /opt/stack/nova/nova/api/openstack/wsgi.py:511}}
Apr 11 20:42:07.534594 n-d-835739-3 devstack@n-api.service[135927]: /usr/local/lib/python3.8/dist-packages/oslo_policy/policy.py:1119: UserWarning: Policy "os_compute_api:os-aggregates:create": "rule:context_is_admin" failed scope check. The token used to make the request was project scoped but the policy requires ['system'] scope. This behavior may change in the future where using the intended scope is required
Apr 11 20:42:07.534594 n-d-835739-3 devstack@n-api.service[135927]: warnings.warn(msg)
Apr 11 20:42:07.539142 n-d-835739-3 devstack@n-api.service[135928]: /usr/local/lib/python3.8/dist-packages/oslo_policy/policy.py:1119: UserWarning: Policy "os_compute_api:os-aggregates:create": "rule:context_is_admin" failed scope check. The token used to make the request was project scoped but the policy requires ['system'] scope. This behavior may change in the future where using the intended scope is required
Apr 11 20:42:07.539142 n-d-835739-3 devstack@n-api.service[135928]: warnings.warn(msg)
Apr 11 20:42:07.542168 n-d-835739-3 devstack@n-api.service[135928]: DEBUG nova.objects.aggregate [None req-2a9b8c4c-bd63-4103-9b6d-7da0ed91ab4b tempest-AggregatesAdminNegativeTestJSON-2133337803 tempest-AggregatesAdminNegativeTestJSON-2133337803-project-admin] Generated uuid f3fc2d3d-07dd-4dd9-9e2c-a937b516c281 for aggregate {{(pid=135928) create /opt/stack/nova/nova/objects/aggregate.py:298}}
Apr 11 20:42:07.545284 n-d-835739-3 devstack@n-api.service[135927]: DEBUG nova.objects.aggregate [None req-f273e5a2-000e-4bf9-9c95-53bf1da69ae0 tempest-AggregatesAdminTestJSON-1297165423 tempest-AggregatesAdminTestJSON-1297165423-project-admin] Generated uuid 6041a100-1b31-4f43-8bac-457b375ddd2d for aggregate {{(pid=135927) create /opt/stack/nova/nova/objects/aggregate.py:298}}
Apr 11 20:42:07.660846 n-d-835739-3 devstack@n-api.service[135928]: INFO nova.api.openstack.requestlog [None req-2a9b8c4c-bd63-4103-9b6d-7da0ed91ab4b tempest-AggregatesAdminNegativeTestJSON-2133337803 tempest-AggregatesAdminNegativeTestJSON-2133337803-project-admin] 10.222.0.74 "POST /compute/v2.1/os-aggregates" status: 200 len: 197 microversion: 2.1 time: 0.180470
Apr 11 20:42:07.665160 n-d-835739-3 devstack@n-api.service[135928]: [pid: 135928|app: 0|req: 11/19] 10.222.0.74 () {60 vars in 1163 bytes} [Mon Apr 11 20:42:07 2022] POST /compute/v2.1/os-aggregates => generated 197 bytes in 188 msecs (HTTP/1.1 200) 9 headers in 357 bytes (1 switches on core 0)
Apr 11 20:42:07.705328 n-d-835739-3 devstack@n-api.service[135927]: INFO nova.api.openstack.requestlog [None req-f273e5a2-000e-4bf9-9c95-53bf1da69ae0 tempest-AggregatesAdminTestJSON-1297165423 tempest-AggregatesAdminTestJSON-1297165423-project-admin] 10.222.0.74 "POST /compute/v2.1/os-aggregates" status: 200 len: 222 microversion: 2.1 time: 0.217605
Apr 11 20:42:07.706958 n-d-835739-3 devstack@n-api.service[135927]: [pid: 135927|app: 0|req: 9/20] 10.222.0.74 () {60 vars in 1164 bytes} [Mon Apr 11 20:42:07 2022] POST /compute/v2.1/os-aggregates => generated 222 bytes in 220 msecs (HTTP/1.1 200) 9 headers in 357 bytes (1 switches on core 0)
Apr 11 20:42:07.719032 n-d-835739-3 devstack@n-api.service[135927]: DEBUG nova.api.openstack.wsgi [None req-899c1b08-cd90-4962-ad79-c35866fab58f tempest-AggregatesAdminTestJSON-1297165423 tempest-AggregatesAdminTestJSON-1297165423-project-admin] Calling method '>' {{(pid=135927) _process_stack /opt/stack/nova/nova/api/openstack/wsgi.py:513}}
Apr 11 20:42:07.720946 n-d-835739-3 devstack@n-api.service[135927]: /usr/local/lib/python3.8/dist-packages/oslo_policy/policy.py:1119: UserWarning: Policy "os_compute_api:os-aggregates:index": "rule:context_is_admin" failed scope check. The token used to make the request was project scoped but the policy requires ['system'] scope. This behavior may change in the future where using the intended scope is required
Apr 11 20:42:07.720946 n-d-835739-3 devstack@n-api.service[135927]: warnings.warn(msg)
Apr 11 20:42:07.765512 n-d-835739-3 devstack@n-api.service[135927]: INFO nova.api.openstack.requestlog [None req-899c1b08-cd90-4962-ad79-c35866fab58f tempest-AggregatesAdminTestJSON-1297165423 tempest-AggregatesAdminTestJSON-1297165423-project-admin] 10.222.0.74 "GET /compute/v2.1/os-aggregates" status: 200 len: 516 microversion: 2.1 time: 0.052614
Apr 11 20:42:07.766274 n-d-835739-3 devstack@n-api.service[135927]: [pid: 135927|app: 0|req: 10/21] 10.222.0.74 () {58 vars in 1142 bytes} [Mon Apr 11 20:42:07 2022] GET /compute/v2.1/os-aggregates => generated 516 bytes in 54 msecs (HTTP/1.1 200) 9 headers in 357 bytes (2 switches on core 0)
Apr 11 20:42:07.780238 n-d-835739-3 devstack@n-api.service[135927]: DEBUG nova.api.openstack.wsgi [None req-b9c6468f-4e9c-4553-afe1-b9d31d811ee2 tempest-AggregatesAdminTestJSON-1297165423 tempest-AggregatesAdminTestJSON-1297165423-project-admin] Action: 'action', calling method: >, body: {"add_host": {"host": "n-h2-835739-3"}} {{(pid=135927) _process_stack /opt/stack/nova/nova/api/openstack/wsgi.py:511}}
Apr 11 20:42:07.782835 n-d-835739-3 devstack@n-api.service[135927]: /usr/local/lib/python3.8/dist-packages/oslo_policy/policy.py:1119: UserWarning: Policy "os_compute_api:os-aggregates:add_host": "rule:context_is_admin" failed scope check. The token used to make the request was project scoped but the policy requires ['system'] scope. This behavior may change in the future where using the intended scope is required
Apr 11 20:42:07.782835 n-d-835739-3 devstack@n-api.service[135927]: warnings.warn(msg)
Apr 11 20:42:07.793911 n-d-835739-3 devstack@n-api.service[135927]: DEBUG oslo_concurrency.lockutils [None req-b9c6468f-4e9c-4553-afe1-b9d31d811ee2 tempest-AggregatesAdminTestJSON-1297165423 tempest-AggregatesAdminTestJSON-1297165423-project-admin] Lock "1194e670-84b7-4a0a-b56e-08434d4e4c3f" acquired by "nova.context.set_target_cell..get_or_set_cached_cell_and_set_connections" :: waited 0.000s {{(pid=135927) inner /usr/local/lib/python3.8/dist-packages/oslo_concurrency/lockutils.py:386}}
Apr 11 20:42:07.794874 n-d-835739-3 devstack@n-api.service[135927]: DEBUG oslo_concurrency.lockutils [None req-b9c6468f-4e9c-4553-afe1-b9d31d811ee2 tempest-AggregatesAdminTestJSON-1297165423 tempest-AggregatesAdminTestJSON-1297165423-project-admin] Lock "1194e670-84b7-4a0a-b56e-08434d4e4c3f" "released" by "nova.context.set_target_cell..get_or_set_cached_cell_and_set_connections" :: held 0.001s {{(pid=135927) inner /usr/local/lib/python3.8/dist-packages/oslo_concurrency/lockutils.py:400}}
Apr 11 20:42:08.163917 n-d-835739-3 devstack@n-api.service[135928]: DEBUG nova.api.openstack.wsgi [None req-813bd20e-1f15-4b17-b021-df75e8d93922 tempest-AggregatesAdminNegativeTestJSON-574756161 tempest-AggregatesAdminNegativeTestJSON-574756161-project] Action: 'action', calling method: >, body: {"add_host": {"host": "n-h2-835739-3"}} {{(pid=135928) _process_stack /opt/stack/nova/nova/api/openstack/wsgi.py:511}}
Apr 11 20:42:08.165161 n-d-835739-3 devstack@n-api.service[135928]: /usr/local/lib/python3.8/dist-packages/oslo_policy/policy.py:1119: UserWarning: Policy "os_compute_api:os-aggregates:add_host": "rule:context_is_admin" failed scope check. The token used to make the request was project scoped but the policy requires ['system'] scope. This behavior may change in the future where using the intended scope is required
Apr 11 20:42:08.165161 n-d-835739-3 devstack@n-api.service[135928]: warnings.warn(msg)
Apr 11 20:42:08.166024 n-d-835739-3 devstack@n-api.service[135928]: DEBUG nova.policy [None req-813bd20e-1f15-4b17-b021-df75e8d93922 tempest-AggregatesAdminNegativeTestJSON-574756161 tempest-AggregatesAdminNegativeTestJSON-574756161-project] Policy check for os_compute_api:os-aggregates:add_host failed with credentials {'is_admin': False, 'user_id': 'b175cf1cfa6246fa8773ae14c0880a5d', 'user_domain_id': 'default', 'system_scope': None, 'domain_id': None, 'project_id': 'ee28ab80e5144d08955c165ada5caec3', 'project_domain_id': 'default', 'roles': ['member', 'reader'], 'is_admin_project': True, 'service_user_id': None, 'service_user_domain_id': None, 'service_project_id': None, 'service_project_domain_id': None, 'service_roles': []} {{(pid=135928) authorize /opt/stack/nova/nova/policy.py:199}}
Apr 11 20:42:08.166769 n-d-835739-3 devstack@n-api.service[135928]: DEBUG nova.api.openstack.wsgi [None req-813bd20e-1f15-4b17-b021-df75e8d93922 tempest-AggregatesAdminNegativeTestJSON-574756161 tempest-AggregatesAdminNegativeTestJSON-574756161-project] Returning 403 to user: Policy doesn't allow os_compute_api:os-aggregates:add_host to be performed. {{(pid=135928) __call__ /opt/stack/nova/nova/api/openstack/wsgi.py:936}}
Apr 11 20:42:08.167567 n-d-835739-3 devstack@n-api.service[135928]: INFO nova.api.openstack.requestlog [None req-813bd20e-1f15-4b17-b021-df75e8d93922 tempest-AggregatesAdminNegativeTestJSON-574756161 tempest-AggregatesAdminNegativeTestJSON-574756161-project] 10.222.0.74 "POST /compute/v2.1/os-aggregates/2/action" status: 403 len: 118 microversion: 2.1 time: 0.500494
Apr 11 20:42:08.177044 n-d-835739-3 devstack@n-api.service[135928]: [pid: 135928|app: 0|req: 12/22] 10.222.0.74 () {60 vars in 1190 bytes} [Mon Apr 11 20:42:07 2022] POST /compute/v2.1/os-aggregates/2/action => generated 118 bytes in 508 msecs (HTTP/1.1 403) 9 headers in 379 bytes (1 switches on core 0)
Apr 11 20:42:08.187723 n-d-835739-3 devstack@n-api.service[135928]: DEBUG nova.api.openstack.wsgi [None req-f82b3113-5fda-4aee-a44d-5ac55771c910 tempest-AggregatesAdminNegativeTestJSON-2133337803 tempest-AggregatesAdminNegativeTestJSON-2133337803-project-admin] Calling method '>' {{(pid=135928) _process_stack /opt/stack/nova/nova/api/openstack/wsgi.py:513}}
Apr 11 20:42:08.190565 n-d-835739-3 devstack@n-api.service[135928]: /usr/local/lib/python3.8/dist-packages/oslo_policy/policy.py:1119: UserWarning: Policy "os_compute_api:os-aggregates:delete": "rule:context_is_admin" failed scope check. The token used to make the request was project scoped but the policy requires ['system'] scope. This behavior may change in the future where using the intended scope is required
Apr 11 20:42:08.190565 n-d-835739-3 devstack@n-api.service[135928]: warnings.warn(msg)
