Apr 11 20:30:39.579190 n-d-835739-3 devstack@n-api.service[107241]: DEBUG oslo_concurrency.lockutils [None req-c4480a41-13e4-4fd6-b1d2-be0c9f22f319 None None] Lock "1194e670-84b7-4a0a-b56e-08434d4e4c3f" "released" by "nova.context.set_target_cell..get_or_set_cached_cell_and_set_connections" :: held 0.002s {{(pid=107241) inner /usr/local/lib/python3.8/dist-packages/oslo_concurrency/lockutils.py:400}}
Apr 11 20:30:39.581341 n-d-835739-3 devstack@n-api.service[107242]: DEBUG oslo_db.sqlalchemy.engines [None req-39e0000d-1e46-48c3-90f6-e2e138f49a67 None None] MySQL server mode set to STRICT_TRANS_TABLES,STRICT_ALL_TABLES,NO_ZERO_IN_DATE,NO_ZERO_DATE,ERROR_FOR_DIVISION_BY_ZERO,TRADITIONAL,NO_ENGINE_SUBSTITUTION {{(pid=107242) _check_effective_sql_mode /usr/local/lib/python3.8/dist-packages/oslo_db/sqlalchemy/engines.py:314}}
Apr 11 20:30:39.592787 n-d-835739-3 devstack@n-api.service[107241]: DEBUG oslo_db.sqlalchemy.engines [None req-c4480a41-13e4-4fd6-b1d2-be0c9f22f319 None None] MySQL server mode set to STRICT_TRANS_TABLES,STRICT_ALL_TABLES,NO_ZERO_IN_DATE,NO_ZERO_DATE,ERROR_FOR_DIVISION_BY_ZERO,TRADITIONAL,NO_ENGINE_SUBSTITUTION {{(pid=107241) _check_effective_sql_mode /usr/local/lib/python3.8/dist-packages/oslo_db/sqlalchemy/engines.py:314}}
Apr 11 20:30:39.599013 n-d-835739-3 devstack@n-api.service[107241]: DEBUG oslo_db.sqlalchemy.engines [None req-c4480a41-13e4-4fd6-b1d2-be0c9f22f319 None None] MySQL server mode set to STRICT_TRANS_TABLES,STRICT_ALL_TABLES,NO_ZERO_IN_DATE,NO_ZERO_DATE,ERROR_FOR_DIVISION_BY_ZERO,TRADITIONAL,NO_ENGINE_SUBSTITUTION {{(pid=107241) _check_effective_sql_mode /usr/local/lib/python3.8/dist-packages/oslo_db/sqlalchemy/engines.py:314}}
Apr 11 20:30:39.743897 n-d-835739-3 devstack@n-api.service[107242]: DEBUG oslo_db.sqlalchemy.engines [None req-39e0000d-1e46-48c3-90f6-e2e138f49a67 None None] MySQL server mode set to STRICT_TRANS_TABLES,STRICT_ALL_TABLES,NO_ZERO_IN_DATE,NO_ZERO_DATE,ERROR_FOR_DIVISION_BY_ZERO,TRADITIONAL,NO_ENGINE_SUBSTITUTION {{(pid=107242) _check_effective_sql_mode /usr/local/lib/python3.8/dist-packages/oslo_db/sqlalchemy/engines.py:314}}
Apr 11 20:30:39.768473 n-d-835739-3 devstack@n-api.service[107241]: DEBUG oslo_db.sqlalchemy.engines [None req-c4480a41-13e4-4fd6-b1d2-be0c9f22f319 None None] MySQL server mode set to STRICT_TRANS_TABLES,STRICT_ALL_TABLES,NO_ZERO_IN_DATE,NO_ZERO_DATE,ERROR_FOR_DIVISION_BY_ZERO,TRADITIONAL,NO_ENGINE_SUBSTITUTION {{(pid=107241) _check_effective_sql_mode /usr/local/lib/python3.8/dist-packages/oslo_db/sqlalchemy/engines.py:314}}
Apr 11 20:30:40.301346 n-d-835739-3 devstack@n-api.service[107242]: WARNING keystonemiddleware.auth_token [None req-39e0000d-1e46-48c3-90f6-e2e138f49a67 None None] AuthToken middleware is set with keystone_authtoken.service_token_roles_required set to False. This is backwards compatible but deprecated behaviour. Please set this to True.
Apr 11 20:30:40.308549 n-d-835739-3 devstack@n-api.service[107242]: WARNING keystonemiddleware.auth_token [None req-39e0000d-1e46-48c3-90f6-e2e138f49a67 None None] Configuring www_authenticate_uri to point to the public identity endpoint is required; clients may not be able to authenticate against an admin endpoint
Apr 11 20:30:40.352658 n-d-835739-3 devstack@n-api.service[107241]: WARNING keystonemiddleware.auth_token [None req-c4480a41-13e4-4fd6-b1d2-be0c9f22f319 None None] AuthToken middleware is set with keystone_authtoken.service_token_roles_required set to False. This is backwards compatible but deprecated behaviour. Please set this to True.
Apr 11 20:30:40.359295 n-d-835739-3 devstack@n-api.service[107241]: WARNING keystonemiddleware.auth_token [None req-c4480a41-13e4-4fd6-b1d2-be0c9f22f319 None None] Configuring www_authenticate_uri to point to the public identity endpoint is required; clients may not be able to authenticate against an admin endpoint
Apr 11 20:30:40.534853 n-d-835739-3 devstack@n-api.service[107242]: WARNING keystonemiddleware.auth_token [None req-39e0000d-1e46-48c3-90f6-e2e138f49a67 None None] AuthToken middleware is set with keystone_authtoken.service_token_roles_required set to False. This is backwards compatible but deprecated behaviour. Please set this to True.
Apr 11 20:30:40.540179 n-d-835739-3 devstack@n-api.service[107242]: WARNING keystonemiddleware.auth_token [None req-39e0000d-1e46-48c3-90f6-e2e138f49a67 None None] Configuring www_authenticate_uri to point to the public identity endpoint is required; clients may not be able to authenticate against an admin endpoint
Apr 11 20:30:40.545366 n-d-835739-3 devstack@n-api.service[107242]: WSGI app 0 (mountpoint='') ready in 6 seconds on interpreter 0x55a9843549c0 pid: 107242 (default app)
Apr 11 20:30:40.547494 n-d-835739-3 devstack@n-api.service[107242]: DEBUG nova.api.openstack.wsgi [None req-39e0000d-1e46-48c3-90f6-e2e138f49a67 None None] Calling method '>' {{(pid=107242) _process_stack /opt/stack/nova/nova/api/openstack/wsgi.py:513}}
Apr 11 20:30:40.548664 n-d-835739-3 devstack@n-api.service[107242]: INFO nova.api.openstack.requestlog [None req-39e0000d-1e46-48c3-90f6-e2e138f49a67 None None] 10.222.0.74 "GET /compute/v2.1/" status: 200 len: 388 microversion: 2.1 time: 0.001781
Apr 11 20:30:40.549078 n-d-835739-3 devstack@n-api.service[107242]: [pid: 107242|app: 0|req: 1/1] 10.222.0.74 () {50 vars in 788 bytes} [Mon Apr 11 20:30:40 2022] GET /compute/v2.1/ => generated 388 bytes in 3 msecs (HTTP/1.1 200) 9 headers in 357 bytes (1 switches on core 0)
Apr 11 20:30:40.587195 n-d-835739-3 devstack@n-api.service[107241]: WARNING keystonemiddleware.auth_token [None req-c4480a41-13e4-4fd6-b1d2-be0c9f22f319 None None] AuthToken middleware is set with keystone_authtoken.service_token_roles_required set to False. This is backwards compatible but deprecated behaviour. Please set this to True.
Apr 11 20:30:40.592757 n-d-835739-3 devstack@n-api.service[107241]: WARNING keystonemiddleware.auth_token [None req-c4480a41-13e4-4fd6-b1d2-be0c9f22f319 None None] Configuring www_authenticate_uri to point to the public identity endpoint is required; clients may not be able to authenticate against an admin endpoint
Apr 11 20:30:40.597739 n-d-835739-3 devstack@n-api.service[107241]: WSGI app 0 (mountpoint='') ready in 6 seconds on interpreter 0x55a9843549c0 pid: 107241 (default app)
Apr 11 20:32:03.210290 n-d-835739-3 devstack@n-api.service[107242]: DEBUG nova.api.openstack.wsgi [None req-39e0000d-1e46-48c3-90f6-e2e138f49a67 None None] Calling method '>' {{(pid=107242) _process_stack /opt/stack/nova/nova/api/openstack/wsgi.py:513}}
Apr 11 20:32:03.211272 n-d-835739-3 devstack@n-api.service[107242]: INFO nova.api.openstack.requestlog [None req-39e0000d-1e46-48c3-90f6-e2e138f49a67 None None] 10.222.0.74 "GET /compute/v2.1" status: 200 len: 388 microversion: 2.1 time: 0.001483
Apr 11 20:32:03.211664 n-d-835739-3 devstack@n-api.service[107242]: [pid: 107242|app: 0|req: 2/2] 10.222.0.74 () {54 vars in 930 bytes} [Mon Apr 11 20:32:03 2022] GET /compute/v2.1 => generated 388 bytes in 2 msecs (HTTP/1.1 200) 9 headers in 357 bytes (1 switches on core 0)
Apr 11 20:32:03.636355 n-d-835739-3 devstack@n-api.service[107241]: DEBUG nova.api.openstack.wsgi [None req-571eea13-09cb-4436-a167-c146745b7657 admin admin] Calling method '>' {{(pid=107241) _process_stack /opt/stack/nova/nova/api/openstack/wsgi.py:513}}
Apr 11 20:32:03.666613 n-d-835739-3 devstack@n-api.service[107241]: INFO nova.api.openstack.requestlog [None req-571eea13-09cb-4436-a167-c146745b7657 admin admin] 10.222.0.74 "GET /compute/v2.1/flavors/detail?is_public=True" status: 200 len: 15 microversion: 2.61 time: 0.446666
Apr 11 20:32:03.667800 n-d-835739-3 devstack@n-api.service[107241]: [pid: 107241|app: 0|req: 1/3] 10.222.0.74 () {60 vars in 1291 bytes} [Mon Apr 11 20:32:03 2022] GET /compute/v2.1/flavors/detail?is_public=True => generated 15 bytes in 449 msecs (HTTP/1.1 200) 9 headers in 358 bytes (2 switches on core 0)
Apr 11 20:32:06.059706 n-d-835739-3 devstack@n-api.service[107242]: DEBUG nova.api.openstack.wsgi [None req-39e0000d-1e46-48c3-90f6-e2e138f49a67 None None] Calling method '>' {{(pid=107242) _process_stack /opt/stack/nova/nova/api/openstack/wsgi.py:513}}
Apr 11 20:32:06.060713 n-d-835739-3 devstack@n-api.service[107242]: INFO nova.api.openstack.requestlog [None req-39e0000d-1e46-48c3-90f6-e2e138f49a67 None None] 10.222.0.74 "GET /compute/v2.1" status: 200 len: 388 microversion: 2.1 time: 0.001404
Apr 11 20:32:06.061284 n-d-835739-3 devstack@n-api.service[107242]: [pid: 107242|app: 0|req: 3/4] 10.222.0.74 () {54 vars in 930 bytes} [Mon Apr 11 20:32:06 2022] GET /compute/v2.1 => generated 388 bytes in 2 msecs (HTTP/1.1 200) 9 headers in 357 bytes (1 switches on core 0)
Apr 11 20:32:06.123285 n-d-835739-3 devstack@n-api.service[107241]: DEBUG nova.api.openstack.wsgi [None req-babbd573-1483-45ba-8669-51157041ba04 admin admin] Action: 'create', calling method: >, body: {"flavor": {"name": "cirros256", "swap": 0, "disk": 1, "ram": 256, "OS-FLV-EXT-DATA:ephemeral": 0, "rxtx_factor": 1.0, "vcpus": 1, "id": "c1", "os-flavor-access:is_public": true}} {{(pid=107241) _process_stack /opt/stack/nova/nova/api/openstack/wsgi.py:511}}
Apr 11 20:32:06.141359 n-d-835739-3 devstack@n-api.service[107241]: /usr/local/lib/python3.8/dist-packages/oslo_policy/policy.py:1119: UserWarning: Policy "os_compute_api:os-flavor-manage:create": "rule:context_is_admin" failed scope check. The token used to make the request was project scoped but the policy requires ['system'] scope. This behavior may change in the future where using the intended scope is required
Apr 11 20:32:06.141359 n-d-835739-3 devstack@n-api.service[107241]: warnings.warn(msg)
Apr 11 20:32:06.249121 n-d-835739-3 devstack@n-api.service[107241]: INFO nova.api.openstack.requestlog [None req-babbd573-1483-45ba-8669-51157041ba04 admin admin] 10.222.0.74 "POST /compute/v2.1/flavors" status: 200 len: 407 microversion: 2.61 time: 0.181917
Apr 11 20:32:06.254581 n-d-835739-3 devstack@n-api.service[107241]: [pid: 107241|app: 0|req: 2/5] 10.222.0.74 () {64 vars in 1282 bytes} [Mon Apr 11 20:32:06 2022] POST /compute/v2.1/flavors => generated 407 bytes in 188 msecs (HTTP/1.1 200) 9 headers in 359 bytes (1 switches on core 0)
Apr 11 20:32:06.465025 n-d-835739-3 devstack@n-api.service[107242]: DEBUG nova.api.openstack.wsgi [None req-8cb3602c-dfc1-4b44-900d-76625bbb50e3 admin admin] Action: 'create', calling method: >, body: {"extra_specs": {"hw_rng:allowed": "True"}} {{(pid=107242) _process_stack /opt/stack/nova/nova/api/openstack/wsgi.py:511}}
Apr 11 20:32:06.467465 n-d-835739-3 devstack@n-api.service[107242]: /usr/local/lib/python3.8/dist-packages/oslo_policy/policy.py:1119: UserWarning: Policy "os_compute_api:os-flavor-extra-specs:create": "rule:context_is_admin" failed scope check. The token used to make the request was project scoped but the policy requires ['system'] scope. This behavior may change in the future where using the intended scope is required
Apr 11 20:32:06.467465 n-d-835739-3 devstack@n-api.service[107242]: warnings.warn(msg)
Apr 11 20:32:06.588662 n-d-835739-3 devstack@n-api.service[107242]: INFO nova.api.openstack.requestlog [None req-8cb3602c-dfc1-4b44-900d-76625bbb50e3 admin admin] 10.222.0.74 "POST /compute/v2.1/flavors/c1/os-extra_specs" status: 200 len: 43 microversion: 2.61 time: 0.331002
Apr 11 20:32:06.602318 n-d-835739-3 devstack@n-api.service[107242]: [pid: 107242|app: 0|req: 4/6] 10.222.0.74 () {64 vars in 1335 bytes} [Mon Apr 11 20:32:06 2022] POST /compute/v2.1/flavors/c1/os-extra_specs => generated 43 bytes in 333 msecs (HTTP/1.1 200) 9 headers in 358 bytes (1 switches on core 0)
Apr 11 20:32:08.928857 n-d-835739-3 devstack@n-api.service[107241]: DEBUG nova.api.openstack.wsgi [None req-babbd573-1483-45ba-8669-51157041ba04 admin admin] Calling method '>' {{(pid=107241) _process_stack /opt/stack/nova/nova/api/openstack/wsgi.py:513}}
Apr 11 20:32:08.929967 n-d-835739-3 devstack@n-api.service[107241]: INFO nova.api.openstack.requestlog [None req-babbd573-1483-45ba-8669-51157041ba04 admin admin] 10.222.0.74 "GET /compute/v2.1" status: 200 len: 388 microversion: 2.1 time: 0.001560
Apr 11 20:32:08.930491 n-d-835739-3 devstack@n-api.service[107241]: [pid: 107241|app: 0|req: 3/7] 10.222.0.74 () {54 vars in 930 bytes} [Mon Apr 11 20:32:08 2022] GET /compute/v2.1 => generated 388 bytes in 3 msecs (HTTP/1.1 200) 9 headers in 357 bytes (1 switches on core 0)
Apr 11 20:32:09.064283 n-d-835739-3 devstack@n-api.service[107242]: DEBUG nova.api.openstack.wsgi [None req-5022802f-fb1c-42bd-93b4-ee26b1656387 admin admin] Action: 'create', calling method: >, body: {"flavor": {"rxtx_factor": 1.0, "id": "d1", "name": "ds512M", "vcpus": 1, "ram": 512, "disk": 5, "OS-FLV-EXT-DATA:ephemeral": 0, "os-flavor-access:is_public": true, "swap": 0}} {{(pid=107242) _process_stack /opt/stack/nova/nova/api/openstack/wsgi.py:511}}
Apr 11 20:32:09.082550 n-d-835739-3 devstack@n-api.service[107242]: /usr/local/lib/python3.8/dist-packages/oslo_policy/policy.py:1119: UserWarning: Policy "os_compute_api:os-flavor-manage:create": "rule:context_is_admin" failed scope check. The token used to make the request was project scoped but the policy requires ['system'] scope. This behavior may change in the future where using the intended scope is required
Apr 11 20:32:09.082550 n-d-835739-3 devstack@n-api.service[107242]: warnings.warn(msg)
Apr 11 20:32:09.175730 n-d-835739-3 devstack@n-api.service[107242]: INFO nova.api.openstack.requestlog [None req-5022802f-fb1c-42bd-93b4-ee26b1656387 admin admin] 10.222.0.74 "POST /compute/v2.1/flavors" status: 200 len: 404 microversion: 2.61 time: 0.235557
Apr 11 20:32:09.175730 n-d-835739-3 devstack@n-api.service[107242]: [pid: 107242|app: 0|req: 5/8] 10.222.0.74 () {64 vars in 1282 bytes} [Mon Apr 11 20:32:08 2022] POST /compute/v2.1/flavors => generated 404 bytes in 237 msecs (HTTP/1.1 200) 9 headers in 359 bytes (1 switches on core 0)
Apr 11 20:32:09.191219 n-d-835739-3 devstack@n-api.service[107241]: DEBUG nova.api.openstack.wsgi [None req-cd0a1c8f-8fd6-49b5-8b66-0a33b3fddf0d admin admin] Action: 'create', calling method: >, body: {"extra_specs": {"hw_rng:allowed": "True"}} {{(pid=107241) _process_stack /opt/stack/nova/nova/api/openstack/wsgi.py:511}}
Apr 11 20:32:09.192841 n-d-835739-3 devstack@n-api.service[107241]: /usr/local/lib/python3.8/dist-packages/oslo_policy/policy.py:1119: UserWarning: Policy "os_compute_api:os-flavor-extra-specs:create": "rule:context_is_admin" failed scope check. The token used to make the request was project scoped but the policy requires ['system'] scope. This behavior may change in the future where using the intended scope is required
Apr 11 20:32:09.192841 n-d-835739-3 devstack@n-api.service[107241]: warnings.warn(msg)
Apr 11 20:32:09.288313 n-d-835739-3 devstack@n-api.service[107241]: INFO nova.api.openstack.requestlog [None req-cd0a1c8f-8fd6-49b5-8b66-0a33b3fddf0d admin admin] 10.222.0.74 "POST /compute/v2.1/flavors/d1/os-extra_specs" status: 200 len: 43 microversion: 2.61 time: 0.101269
Apr 11 20:32:09.289097 n-d-835739-3 devstack@n-api.service[107241]: [pid: 107241|app: 0|req: 4/9] 10.222.0.74 () {64 vars in 1335 bytes} [Mon Apr 11 20:32:09 2022] POST /compute/v2.1/flavors/d1/os-extra_specs => generated 43 bytes in 103 msecs (HTTP/1.1 200) 9 headers in 358 bytes (1 switches on core 0)
Apr 11 20:32:11.817671 n-d-835739-3 devstack@n-api.service[107242]: DEBUG nova.api.openstack.wsgi [None req-5022802f-fb1c-42bd-93b4-ee26b1656387 admin admin] Calling method '>' {{(pid=107242) _process_stack /opt/stack/nova/nova/api/openstack/wsgi.py:513}}
Apr 11 20:32:11.819311 n-d-835739-3 devstack@n-api.service[107242]: INFO nova.api.openstack.requestlog [None req-5022802f-fb1c-42bd-93b4-ee26b1656387 admin admin] 10.222.0.74 "GET /compute/v2.1" status: 200 len: 388 microversion: 2.1 time: 0.002394
Apr 11 20:32:11.824793 n-d-835739-3 devstack@n-api.service[107242]: [pid: 107242|app: 0|req: 6/10] 10.222.0.74 () {54 vars in 930 bytes} [Mon Apr 11 20:32:11 2022] GET /compute/v2.1 => generated 388 bytes in 8 msecs (HTTP/1.1 200) 9 headers in 357 bytes (1 switches on core 0)
Apr 11 20:32:11.884200 n-d-835739-3 devstack@n-api.service[107241]: DEBUG nova.api.openstack.wsgi [None req-1e088d16-e930-4168-b732-ae0428ecb780 admin admin] Action: 'create', calling method: >, body: {"flavor": {"name": "ds1G", "disk": 10, "OS-FLV-EXT-DATA:ephemeral": 0, "ram": 1024, "os-flavor-access:is_public": true, "id": "d2", "vcpus": 1, "swap": 0, "rxtx_factor": 1.0}} {{(pid=107241) _process_stack /opt/stack/nova/nova/api/openstack/wsgi.py:511}}
Apr 11 20:32:11.980334 n-d-835739-3 devstack@n-api.service[107241]: INFO nova.api.openstack.requestlog [None req-1e088d16-e930-4168-b732-ae0428ecb780 admin admin] 10.222.0.74 "POST /compute/v2.1/flavors" status: 200 len: 404 microversion: 2.61 time: 0.153995
Apr 11 20:32:11.990776 n-d-835739-3 devstack@n-api.service[107241]: [pid: 107241|app: 0|req: 5/11] 10.222.0.74 () {64 vars in 1282 bytes} [Mon Apr 11 20:32:11 2022] POST /compute/v2.1/flavors => generated 404 bytes in 165 msecs (HTTP/1.1 200) 9 headers in 359 bytes (2 switches on core 0)
Apr 11 20:32:11.994736 n-d-835739-3 devstack@n-api.service[107242]: DEBUG nova.api.openstack.wsgi [None req-c62ca65e-2b9a-4a29-aaad-5a45ca1715ab admin admin] Action: 'create', calling method: >, body: {"extra_specs": {"hw_rng:allowed": "True"}} {{(pid=107242) _process_stack /opt/stack/nova/nova/api/openstack/wsgi.py:511}}
Apr 11 20:32:12.091044 n-d-835739-3 devstack@n-api.service[107242]: INFO nova.api.openstack.requestlog [None req-c62ca65e-2b9a-4a29-aaad-5a45ca1715ab admin admin] 10.222.0.74 "POST /compute/v2.1/flavors/d2/os-extra_specs" status: 200 len: 43 microversion: 2.61 time: 0.099912
Apr 11 20:32:12.093756 n-d-835739-3 devstack@n-api.service[107242]: [pid: 107242|app: 0|req: 7/12] 10.222.0.74 () {64 vars in 1335 bytes} [Mon Apr 11 20:32:11 2022] POST /compute/v2.1/flavors/d2/os-extra_specs => generated 43 bytes in 103 msecs (HTTP/1.1 200) 9 headers in 358 bytes (1 switches on core 0)
Apr 11 20:32:14.764347 n-d-835739-3 devstack@n-api.service[107241]: DEBUG nova.api.openstack.wsgi [None req-1e088d16-e930-4168-b732-ae0428ecb780 admin admin] Calling method '>' {{(pid=107241) _process_stack /opt/stack/nova/nova/api/openstack/wsgi.py:513}}
Apr 11 20:32:14.767099 n-d-835739-3 devstack@n-api.service[107241]: INFO nova.api.openstack.requestlog [None req-1e088d16-e930-4168-b732-ae0428ecb780 admin admin] 10.222.0.74 "GET /compute/v2.1" status: 200 len: 388 microversion: 2.1 time: 0.003205
Apr 11 20:32:14.780576 n-d-835739-3 devstack@n-api.service[107241]: [pid: 107241|app: 0|req: 6/13] 10.222.0.74 () {54 vars in 930 bytes} [Mon Apr 11 20:32:14 2022] GET /compute/v2.1 => generated 388 bytes in 17 msecs (HTTP/1.1 200) 9 headers in 357 bytes (1 switches on core 0)
Apr 11 20:32:14.851996 n-d-835739-3 devstack@n-api.service[107242]: DEBUG nova.api.openstack.wsgi [None req-69bb1f58-5751-4ed6-93cf-fb945a9317a9 admin admin] Action: 'create', calling method: >, body: {"flavor": {"ram": 2048, "os-flavor-access:is_public": true, "swap": 0, "vcpus": 2, "name": "ds2G", "disk": 10, "OS-FLV-EXT-DATA:ephemeral": 0, "id": "d3", "rxtx_factor": 1.0}} {{(pid=107242) _process_stack /opt/stack/nova/nova/api/openstack/wsgi.py:511}}
Apr 11 20:32:15.046946 n-d-835739-3 devstack@n-api.service[107242]: INFO nova.api.openstack.requestlog [None req-69bb1f58-5751-4ed6-93cf-fb945a9317a9 admin admin] 10.222.0.74 "POST /compute/v2.1/flavors" status: 200 len: 404 microversion: 2.61 time: 0.271029
Apr 11 20:32:15.061032 n-d-835739-3 devstack@n-api.service[107241]: DEBUG nova.api.openstack.wsgi [None req-790d8847-c9f4-4551-bbc0-54faa4ad98b6 admin admin] Action: 'create', calling method: >, body: {"extra_specs": {"hw_rng:allowed": "True"}} {{(pid=107241) _process_stack /opt/stack/nova/nova/api/openstack/wsgi.py:511}}
Apr 11 20:32:15.069276 n-d-835739-3 devstack@n-api.service[107242]: [pid: 107242|app: 0|req: 8/14] 10.222.0.74 () {64 vars in 1282 bytes} [Mon Apr 11 20:32:14 2022] POST /compute/v2.1/flavors => generated 404 bytes in 295 msecs (HTTP/1.1 200) 9 headers in 359 bytes (1 switches on core 0)
Apr 11 20:32:15.187752 n-d-835739-3 devstack@n-api.service[107241]: INFO nova.api.openstack.requestlog [None req-790d8847-c9f4-4551-bbc0-54faa4ad98b6 admin admin] 10.222.0.74 "POST /compute/v2.1/flavors/d3/os-extra_specs" status: 200 len: 43 microversion: 2.61 time: 0.131267
Apr 11 20:32:15.191972 n-d-835739-3 devstack@n-api.service[107241]: [pid: 107241|app: 0|req: 7/15] 10.222.0.74 () {64 vars in 1335 bytes} [Mon Apr 11 20:32:15 2022] POST /compute/v2.1/flavors/d3/os-extra_specs => generated 43 bytes in 136 msecs (HTTP/1.1 200) 9 headers in 358 bytes (2 switches on core 0)
Apr 11 20:32:17.684797 n-d-835739-3 devstack@n-api.service[107242]: DEBUG nova.api.openstack.wsgi [None req-69bb1f58-5751-4ed6-93cf-fb945a9317a9 admin admin] Calling method '>' {{(pid=107242) _process_stack /opt/stack/nova/nova/api/openstack/wsgi.py:513}}
Apr 11 20:32:17.686111 n-d-835739-3 devstack@n-api.service[107242]: INFO nova.api.openstack.requestlog [None req-69bb1f58-5751-4ed6-93cf-fb945a9317a9 admin admin] 10.222.0.74 "GET /compute/v2.1" status: 200 len: 388 microversion: 2.1 time: 0.001467
Apr 11 20:32:17.690866 n-d-835739-3 devstack@n-api.service[107242]: [pid: 107242|app: 0|req: 9/16] 10.222.0.74 () {54 vars in 930 bytes} [Mon Apr 11 20:32:17 2022] GET /compute/v2.1 => generated 388 bytes in 7 msecs (HTTP/1.1 200) 9 headers in 357 bytes (2 switches on core 0)
Apr 11 20:32:17.753841 n-d-835739-3 devstack@n-api.service[107241]: DEBUG nova.api.openstack.wsgi [None req-d8ede375-d799-4388-a2ea-17c0487c97cf admin admin] Action: 'create', calling method: >, body: {"flavor": {"disk": 20, "name": "ds4G", "os-flavor-access:is_public": true, "swap": 0, "id": "d4", "vcpus": 4, "OS-FLV-EXT-DATA:ephemeral": 0, "ram": 4096, "rxtx_factor": 1.0}} {{(pid=107241) _process_stack /opt/stack/nova/nova/api/openstack/wsgi.py:511}}
Apr 11 20:32:17.831019 n-d-835739-3 devstack@n-api.service[107241]: INFO nova.api.openstack.requestlog [None req-d8ede375-d799-4388-a2ea-17c0487c97cf admin admin] 10.222.0.74 "POST /compute/v2.1/flavors" status: 200 len: 404 microversion: 2.61 time: 0.136914
Apr 11 20:32:17.831931 n-d-835739-3 devstack@n-api.service[107241]: [pid: 107241|app: 0|req: 8/17] 10.222.0.74 () {64 vars in 1282 bytes} [Mon Apr 11 20:32:17 2022] POST /compute/v2.1/flavors => generated 404 bytes in 140 msecs (HTTP/1.1 200) 9 headers in 359 bytes (1 switches on core 0)
Apr 11 20:32:17.845172 n-d-835739-3 devstack@n-api.service[107242]: DEBUG nova.api.openstack.wsgi [None req-705aff43-fbfe-4b2d-9994-c944d4f85cc9 admin admin] Action: 'create', calling method: >, body: {"extra_specs": {"hw_rng:allowed": "True"}} {{(pid=107242) _process_stack /opt/stack/nova/nova/api/openstack/wsgi.py:511}}
Apr 11 20:32:17.971054 n-d-835739-3 devstack@n-api.service[107242]: INFO nova.api.openstack.requestlog [None req-705aff43-fbfe-4b2d-9994-c944d4f85cc9 admin admin] 10.222.0.74 "POST /compute/v2.1/flavors/d4/os-extra_specs" status: 200 len: 43 microversion: 2.61 time: 0.130854
Apr 11 20:32:17.986538 n-d-835739-3 devstack@n-api.service[107242]: [pid: 107242|app: 0|req: 10/18] 10.222.0.74 () {64 vars in 1335 bytes} [Mon Apr 11 20:32:17 2022] POST /compute/v2.1/flavors/d4/os-extra_specs => generated 43 bytes in 133 msecs (HTTP/1.1 200) 9 headers in 358 bytes (1 switches on core 0)
Apr 11 20:32:20.482126 n-d-835739-3 devstack@n-api.service[107241]: DEBUG nova.api.openstack.wsgi [None req-d8ede375-d799-4388-a2ea-17c0487c97cf admin admin] Calling method '>' {{(pid=107241) _process_stack /opt/stack/nova/nova/api/openstack/wsgi.py:513}}
Apr 11 20:32:20.482126 n-d-835739-3 devstack@n-api.service[107241]: INFO nova.api.openstack.requestlog [None req-d8ede375-d799-4388-a2ea-17c0487c97cf admin admin] 10.222.0.74 "GET /compute/v2.1" status: 200 len: 388 microversion: 2.1 time: 0.002387
Apr 11 20:32:20.484054 n-d-835739-3 devstack@n-api.service[107241]: [pid: 107241|app: 0|req: 9/19] 10.222.0.74 () {54 vars in 930 bytes} [Mon Apr 11 20:32:20 2022] GET /compute/v2.1 => generated 388 bytes in 6 msecs (HTTP/1.1 200) 9 headers in 357 bytes (1 switches on core 0)
Apr 11 20:32:20.562760 n-d-835739-3 devstack@n-api.service[107242]: DEBUG nova.api.openstack.wsgi [None req-02d751d9-c48e-4b0e-9173-e9cc9c70a58a admin admin] Calling method '>' {{(pid=107242) _process_stack /opt/stack/nova/nova/api/openstack/wsgi.py:513}}
Apr 11 20:32:20.589884 n-d-835739-3 devstack@n-api.service[107242]: INFO nova.api.openstack.requestlog [None req-02d751d9-c48e-4b0e-9173-e9cc9c70a58a admin admin] 10.222.0.74 "GET /compute/v2.1/flavors/detail?is_public=True" status: 200 len: 2106 microversion: 2.61 time: 0.100138
Apr 11 20:32:20.594483 n-d-835739-3 devstack@n-api.service[107242]: [pid: 107242|app: 0|req: 11/20] 10.222.0.74 () {60 vars in 1291 bytes} [Mon Apr 11 20:32:20 2022] GET /compute/v2.1/flavors/detail?is_public=True => generated 2106 bytes in 105 msecs (HTTP/1.1 200) 9 headers in 360 bytes (1 switches on core 0)
Apr 11 20:32:23.052413 n-d-835739-3 devstack@n-api.service[107241]: DEBUG nova.api.openstack.wsgi [None req-d8ede375-d799-4388-a2ea-17c0487c97cf admin admin] Calling method '>' {{(pid=107241) _process_stack /opt/stack/nova/nova/api/openstack/wsgi.py:513}}
Apr 11 20:32:23.054256 n-d-835739-3 devstack@n-api.service[107241]: INFO nova.api.openstack.requestlog [None req-d8ede375-d799-4388-a2ea-17c0487c97cf admin admin] 10.222.0.74 "GET /compute/v2.1" status: 200 len: 388 microversion: 2.1 time: 0.002327
Apr 11 20:32:23.055190 n-d-835739-3 devstack@n-api.service[107241]: [pid: 107241|app: 0|req: 10/21] 10.222.0.74 () {54 vars in 930 bytes} [Mon Apr 11 20:32:23 2022] GET /compute/v2.1 => generated 388 bytes in 4 msecs (HTTP/1.1 200) 9 headers in 357 bytes (1 switches on core 0)
Apr 11 20:32:23.136306 n-d-835739-3 devstack@n-api.service[107242]: DEBUG nova.api.openstack.wsgi [None req-3539d38e-aaca-425f-850a-0c2f9c57f5f3 admin admin] Action: 'create', calling method: >, body: {"flavor": {"ram": 512, "os-flavor-access:is_public": true, "disk": 1, "id": "1", "OS-FLV-EXT-DATA:ephemeral": 0, "rxtx_factor": 1.0, "swap": 0, "vcpus": 1, "name": "m1.tiny"}} {{(pid=107242) _process_stack /opt/stack/nova/nova/api/openstack/wsgi.py:511}}
Apr 11 20:32:23.258704 n-d-835739-3 devstack@n-api.service[107242]: INFO nova.api.openstack.requestlog [None req-3539d38e-aaca-425f-850a-0c2f9c57f5f3 admin admin] 10.222.0.74 "POST /compute/v2.1/flavors" status: 200 len: 402 microversion: 2.61 time: 0.197578
Apr 11 20:32:23.260431 n-d-835739-3 devstack@n-api.service[107242]: [pid: 107242|app: 0|req: 12/22] 10.222.0.74 () {64 vars in 1282 bytes} [Mon Apr 11 20:32:23 2022] POST /compute/v2.1/flavors => generated 402 bytes in 200 msecs (HTTP/1.1 200) 9 headers in 359 bytes (2 switches on core 0)
Apr 11 20:32:23.272586 n-d-835739-3 devstack@n-api.service[107241]: DEBUG nova.api.openstack.wsgi [None req-60df6e98-9522-4891-aa75-1078d274a00f admin admin] Action: 'create', calling method: >, body: {"extra_specs": {"hw_rng:allowed": "True"}} {{(pid=107241) _process_stack /opt/stack/nova/nova/api/openstack/wsgi.py:511}}
Apr 11 20:32:23.418188 n-d-835739-3 devstack@n-api.service[107241]: INFO nova.api.openstack.requestlog [None req-60df6e98-9522-4891-aa75-1078d274a00f admin admin] 10.222.0.74 "POST /compute/v2.1/flavors/1/os-extra_specs" status: 200 len: 43 microversion: 2.61 time: 0.149786
Apr 11 20:32:23.419410 n-d-835739-3 devstack@n-api.service[107241]: [pid: 107241|app: 0|req: 11/23] 10.222.0.74 () {64 vars in 1332 bytes} [Mon Apr 11 20:32:23 2022] POST /compute/v2.1/flavors/1/os-extra_specs => generated 43 bytes in 152 msecs (HTTP/1.1 200) 9 headers in 358 bytes (1 switches on core 0)
Apr 11 20:32:25.890356 n-d-835739-3 devstack@n-api.service[107242]: DEBUG nova.api.openstack.wsgi [None req-3539d38e-aaca-425f-850a-0c2f9c57f5f3 admin admin] Calling method '>' {{(pid=107242) _process_stack /opt/stack/nova/nova/api/openstack/wsgi.py:513}}
Apr 11 20:32:25.891378 n-d-835739-3 devstack@n-api.service[107242]: INFO nova.api.openstack.requestlog [None req-3539d38e-aaca-425f-850a-0c2f9c57f5f3 admin admin] 10.222.0.74 "GET /compute/v2.1" status: 200 len: 388 microversion: 2.1 time: 0.001493
Apr 11 20:32:25.891791 n-d-835739-3 devstack@n-api.service[107242]: [pid: 107242|app: 0|req: 13/24] 10.222.0.74 () {54 vars in 930 bytes} [Mon Apr 11 20:32:25 2022] GET /compute/v2.1 => generated 388 bytes in 2 msecs (HTTP/1.1 200) 9 headers in 357 bytes (1 switches on core 0)
Apr 11 20:32:25.964393 n-d-835739-3 devstack@n-api.service[107241]: DEBUG nova.api.openstack.wsgi [None req-0ed17f4b-a7b8-4272-b5eb-a8915a6c88fc admin admin] Action: 'create', calling method: >, body: {"flavor": {"name": "m1.small", "disk": 20, "vcpus": 1, "id": "2", "OS-FLV-EXT-DATA:ephemeral": 0, "rxtx_factor": 1.0, "ram": 2048, "os-flavor-access:is_public": true, "swap": 0}} {{(pid=107241) _process_stack /opt/stack/nova/nova/api/openstack/wsgi.py:511}}
Apr 11 20:32:26.052241 n-d-835739-3 devstack@n-api.service[107241]: INFO nova.api.openstack.requestlog [None req-0ed17f4b-a7b8-4272-b5eb-a8915a6c88fc admin admin] 10.222.0.74 "POST /compute/v2.1/flavors" status: 200 len: 405 microversion: 2.61 time: 0.151452
Apr 11 20:32:26.053070 n-d-835739-3 devstack@n-api.service[107241]: [pid: 107241|app: 0|req: 12/25] 10.222.0.74 () {64 vars in 1282 bytes} [Mon Apr 11 20:32:25 2022] POST /compute/v2.1/flavors => generated 405 bytes in 153 msecs (HTTP/1.1 200) 9 headers in 359 bytes (1 switches on core 0)
Apr 11 20:32:26.066287 n-d-835739-3 devstack@n-api.service[107242]: DEBUG nova.api.openstack.wsgi [None req-6e40f916-d91e-4217-9a92-ce0f6a4df4d7 admin admin] Action: 'create', calling method: >, body: {"extra_specs": {"hw_rng:allowed": "True"}} {{(pid=107242) _process_stack /opt/stack/nova/nova/api/openstack/wsgi.py:511}}
Apr 11 20:32:26.186145 n-d-835739-3 devstack@n-api.service[107242]: INFO nova.api.openstack.requestlog [None req-6e40f916-d91e-4217-9a92-ce0f6a4df4d7 admin admin] 10.222.0.74 "POST /compute/v2.1/flavors/2/os-extra_specs" status: 200 len: 43 microversion: 2.61 time: 0.125000
Apr 11 20:32:26.187599 n-d-835739-3 devstack@n-api.service[107242]: [pid: 107242|app: 0|req: 14/26] 10.222.0.74 () {64 vars in 1332 bytes} [Mon Apr 11 20:32:26 2022] POST /compute/v2.1/flavors/2/os-extra_specs => generated 43 bytes in 127 msecs (HTTP/1.1 200) 9 headers in 358 bytes (1 switches on core 0)
Apr 11 20:32:28.728344 n-d-835739-3 devstack@n-api.service[107241]: DEBUG nova.api.openstack.wsgi [None req-0ed17f4b-a7b8-4272-b5eb-a8915a6c88fc admin admin] Calling method '>' {{(pid=107241) _process_stack /opt/stack/nova/nova/api/openstack/wsgi.py:513}}
Apr 11 20:32:28.729701 n-d-835739-3 devstack@n-api.service[107241]: INFO nova.api.openstack.requestlog [None req-0ed17f4b-a7b8-4272-b5eb-a8915a6c88fc admin admin] 10.222.0.74 "GET /compute/v2.1" status: 200 len: 388 microversion: 2.1 time: 0.001935
Apr 11 20:32:28.730574 n-d-835739-3 devstack@n-api.service[107241]: [pid: 107241|app: 0|req: 13/27] 10.222.0.74 () {54 vars in 930 bytes} [Mon Apr 11 20:32:28 2022] GET /compute/v2.1 => generated 388 bytes in 3 msecs (HTTP/1.1 200) 9 headers in 357 bytes (2 switches on core 0)
Apr 11 20:32:28.807833 n-d-835739-3 devstack@n-api.service[107242]: DEBUG nova.api.openstack.wsgi [None req-3b81d1d7-5d0a-4cfe-8033-f88784d7a409 admin admin] Action: 'create', calling method: >, body: {"flavor": {"rxtx_factor": 1.0, "OS-FLV-EXT-DATA:ephemeral": 0, "swap": 0, "name": "m1.medium", "ram": 4096, "disk": 40, "os-flavor-access:is_public": true, "vcpus": 2, "id": "3"}} {{(pid=107242) _process_stack /opt/stack/nova/nova/api/openstack/wsgi.py:511}}
Apr 11 20:32:28.890884 n-d-835739-3 devstack@n-api.service[107242]: INFO nova.api.openstack.requestlog [None req-3b81d1d7-5d0a-4cfe-8033-f88784d7a409 admin admin] 10.222.0.74 "POST /compute/v2.1/flavors" status: 200 len: 406 microversion: 2.61 time: 0.153701
Apr 11 20:32:28.891436 n-d-835739-3 devstack@n-api.service[107242]: [pid: 107242|app: 0|req: 15/28] 10.222.0.74 () {64 vars in 1282 bytes} [Mon Apr 11 20:32:28 2022] POST /compute/v2.1/flavors => generated 406 bytes in 155 msecs (HTTP/1.1 200) 9 headers in 359 bytes (1 switches on core 0)
Apr 11 20:32:28.903672 n-d-835739-3 devstack@n-api.service[107241]: DEBUG nova.api.openstack.wsgi [None req-9845fe38-7ad4-4d65-bd8d-55d51ee15fd6 admin admin] Action: 'create', calling method: >, body: {"extra_specs": {"hw_rng:allowed": "True"}} {{(pid=107241) _process_stack /opt/stack/nova/nova/api/openstack/wsgi.py:511}}
Apr 11 20:32:28.985887 n-d-835739-3 devstack@n-api.service[107241]: INFO nova.api.openstack.requestlog [None req-9845fe38-7ad4-4d65-bd8d-55d51ee15fd6 admin admin] 10.222.0.74 "POST /compute/v2.1/flavors/3/os-extra_specs" status: 200 len: 43 microversion: 2.61 time: 0.085983
Apr 11 20:32:28.986523 n-d-835739-3 devstack@n-api.service[107241]: [pid: 107241|app: 0|req: 14/29] 10.222.0.74 () {64 vars in 1332 bytes} [Mon Apr 11 20:32:28 2022] POST /compute/v2.1/flavors/3/os-extra_specs => generated 43 bytes in 87 msecs (HTTP/1.1 200) 9 headers in 358 bytes (1 switches on core 0)
Apr 11 20:32:31.391760 n-d-835739-3 devstack@n-api.service[107242]: DEBUG nova.api.openstack.wsgi [None req-3b81d1d7-5d0a-4cfe-8033-f88784d7a409 admin admin] Calling method '>' {{(pid=107242) _process_stack /opt/stack/nova/nova/api/openstack/wsgi.py:513}}
Apr 11 20:32:31.393388 n-d-835739-3 devstack@n-api.service[107242]: INFO nova.api.openstack.requestlog [None req-3b81d1d7-5d0a-4cfe-8033-f88784d7a409 admin admin] 10.222.0.74 "GET /compute/v2.1" status: 200 len: 388 microversion: 2.1 time: 0.002086
Apr 11 20:32:31.393980 n-d-835739-3 devstack@n-api.service[107242]: [pid: 107242|app: 0|req: 16/30] 10.222.0.74 () {54 vars in 930 bytes} [Mon Apr 11 20:32:31 2022] GET /compute/v2.1 => generated 388 bytes in 3 msecs (HTTP/1.1 200) 9 headers in 357 bytes (1 switches on core 0)
Apr 11 20:32:31.455633 n-d-835739-3 devstack@n-api.service[107241]: DEBUG nova.api.openstack.wsgi [None req-46065aa5-0b94-45ca-8373-2536f02cab44 admin admin] Action: 'create', calling method: >, body: {"flavor": {"OS-FLV-EXT-DATA:ephemeral": 0, "id": "4", "vcpus": 4, "ram": 8192, "rxtx_factor": 1.0, "os-flavor-access:is_public": true, "name": "m1.large", "swap": 0, "disk": 80}} {{(pid=107241) _process_stack /opt/stack/nova/nova/api/openstack/wsgi.py:511}}
Apr 11 20:32:31.633098 n-d-835739-3 devstack@n-api.service[107241]: INFO nova.api.openstack.requestlog [None req-46065aa5-0b94-45ca-8373-2536f02cab44 admin admin] 10.222.0.74 "POST /compute/v2.1/flavors" status: 200 len: 405 microversion: 2.61 time: 0.232201
Apr 11 20:32:31.633718 n-d-835739-3 devstack@n-api.service[107241]: [pid: 107241|app: 0|req: 15/31] 10.222.0.74 () {64 vars in 1282 bytes} [Mon Apr 11 20:32:31 2022] POST /compute/v2.1/flavors => generated 405 bytes in 234 msecs (HTTP/1.1 200) 9 headers in 359 bytes (1 switches on core 0)
Apr 11 20:32:31.645597 n-d-835739-3 devstack@n-api.service[107242]: DEBUG nova.api.openstack.wsgi [None req-e479e983-f297-457f-aa1f-2f8e6f77671c admin admin] Action: 'create', calling method: >, body: {"extra_specs": {"hw_rng:allowed": "True"}} {{(pid=107242) _process_stack /opt/stack/nova/nova/api/openstack/wsgi.py:511}}
Apr 11 20:32:31.760572 n-d-835739-3 devstack@n-api.service[107242]: INFO nova.api.openstack.requestlog [None req-e479e983-f297-457f-aa1f-2f8e6f77671c admin admin] 10.222.0.74 "POST /compute/v2.1/flavors/4/os-extra_specs" status: 200 len: 43 microversion: 2.61 time: 0.118706
Apr 11 20:32:31.761157 n-d-835739-3 devstack@n-api.service[107242]: [pid: 107242|app: 0|req: 17/32] 10.222.0.74 () {64 vars in 1332 bytes} [Mon Apr 11 20:32:31 2022] POST /compute/v2.1/flavors/4/os-extra_specs => generated 43 bytes in 120 msecs (HTTP/1.1 200) 9 headers in 358 bytes (1 switches on core 0)
Apr 11 20:32:34.161941 n-d-835739-3 devstack@n-api.service[107241]: DEBUG nova.api.openstack.wsgi [None req-46065aa5-0b94-45ca-8373-2536f02cab44 admin admin] Calling method '>' {{(pid=107241) _process_stack /opt/stack/nova/nova/api/openstack/wsgi.py:513}}
Apr 11 20:32:34.163081 n-d-835739-3 devstack@n-api.service[107241]: INFO nova.api.openstack.requestlog [None req-46065aa5-0b94-45ca-8373-2536f02cab44 admin admin] 10.222.0.74 "GET /compute/v2.1" status: 200 len: 388 microversion: 2.1 time: 0.001597
Apr 11 20:32:34.163596 n-d-835739-3 devstack@n-api.service[107241]: [pid: 107241|app: 0|req: 16/33] 10.222.0.74 () {54 vars in 930 bytes} [Mon Apr 11 20:32:34 2022] GET /compute/v2.1 => generated 388 bytes in 3 msecs (HTTP/1.1 200) 9 headers in 357 bytes (1 switches on core 0)
Apr 11 20:32:34.222453 n-d-835739-3 devstack@n-api.service[107242]: DEBUG nova.api.openstack.wsgi [None req-5496ae5b-5e3a-46fa-8ec1-481124871b66 admin admin] Action: 'create', calling method: >, body: {"flavor": {"vcpus": 8, "ram": 16384, "OS-FLV-EXT-DATA:ephemeral": 0, "os-flavor-access:is_public": true, "swap": 0, "id": "5", "name": "m1.xlarge", "disk": 160, "rxtx_factor": 1.0}} {{(pid=107242) _process_stack /opt/stack/nova/nova/api/openstack/wsgi.py:511}}
Apr 11 20:32:34.329937 n-d-835739-3 devstack@n-api.service[107242]: INFO nova.api.openstack.requestlog [None req-5496ae5b-5e3a-46fa-8ec1-481124871b66 admin admin] 10.222.0.74 "POST /compute/v2.1/flavors" status: 200 len: 408 microversion: 2.61 time: 0.159806
Apr 11 20:32:34.330525 n-d-835739-3 devstack@n-api.service[107242]: [pid: 107242|app: 0|req: 18/34] 10.222.0.74 () {64 vars in 1282 bytes} [Mon Apr 11 20:32:34 2022] POST /compute/v2.1/flavors => generated 408 bytes in 161 msecs (HTTP/1.1 200) 9 headers in 359 bytes (1 switches on core 0)
Apr 11 20:32:34.342539 n-d-835739-3 devstack@n-api.service[107241]: DEBUG nova.api.openstack.wsgi [None req-423edb25-5831-445b-bbcd-604242dc7f2a admin admin] Action: 'create', calling method: >, body: {"extra_specs": {"hw_rng:allowed": "True"}} {{(pid=107241) _process_stack /opt/stack/nova/nova/api/openstack/wsgi.py:511}}
Apr 11 20:32:34.469343 n-d-835739-3 devstack@n-api.service[107241]: INFO nova.api.openstack.requestlog [None req-423edb25-5831-445b-bbcd-604242dc7f2a admin admin] 10.222.0.74 "POST /compute/v2.1/flavors/5/os-extra_specs" status: 200 len: 43 microversion: 2.61 time: 0.130291
Apr 11 20:32:34.469930 n-d-835739-3 devstack@n-api.service[107241]: [pid: 107241|app: 0|req: 17/35] 10.222.0.74 () {64 vars in 1332 bytes} [Mon Apr 11 20:32:34 2022] POST /compute/v2.1/flavors/5/os-extra_specs => generated 43 bytes in 132 msecs (HTTP/1.1 200) 9 headers in 358 bytes (1 switches on core 0)
Apr 11 20:33:03.623648 n-d-835739-3 devstack@n-api.service[107242]: DEBUG nova.api.openstack.wsgi [None req-5496ae5b-5e3a-46fa-8ec1-481124871b66 admin admin] Calling method '>' {{(pid=107242) _process_stack /opt/stack/nova/nova/api/openstack/wsgi.py:513}}
Apr 11 20:33:03.624663 n-d-835739-3 devstack@n-api.service[107242]: INFO nova.api.openstack.requestlog [None req-5496ae5b-5e3a-46fa-8ec1-481124871b66 admin admin] 10.222.0.74 "GET /compute/v2.1" status: 200 len: 388 microversion: 2.1 time: 0.001446
Apr 11 20:33:03.625061 n-d-835739-3 devstack@n-api.service[107242]: [pid: 107242|app: 0|req: 19/36] 10.222.0.74 () {54 vars in 930 bytes} [Mon Apr 11 20:33:03 2022] GET /compute/v2.1 => generated 388 bytes in 2 msecs (HTTP/1.1 200) 9 headers in 357 bytes (1 switches on core 0)
Apr 11 20:33:03.682134 n-d-835739-3 devstack@n-api.service[107241]: DEBUG nova.api.openstack.wsgi [None req-9462a2f2-94ab-442c-a838-a61cfef9addb admin admin] Calling method '>' {{(pid=107241) _process_stack /opt/stack/nova/nova/api/openstack/wsgi.py:513}}
Apr 11 20:33:03.701237 n-d-835739-3 devstack@n-api.service[107241]: INFO nova.api.openstack.requestlog [None req-9462a2f2-94ab-442c-a838-a61cfef9addb admin admin] 10.222.0.74 "GET /compute/v2.1/flavors/detail?is_public=True" status: 200 len: 4202 microversion: 2.61 time: 0.070114
Apr 11 20:33:03.701890 n-d-835739-3 devstack@n-api.service[107241]: [pid: 107241|app: 0|req: 18/37] 10.222.0.74 () {60 vars in 1291 bytes} [Mon Apr 11 20:33:03 2022] GET /compute/v2.1/flavors/detail?is_public=True => generated 4202 bytes in 71 msecs (HTTP/1.1 200) 9 headers in 360 bytes (1 switches on core 0)
Apr 11 20:33:05.100680 n-d-835739-3 devstack@n-api.service[107242]: DEBUG nova.api.openstack.wsgi [None req-5496ae5b-5e3a-46fa-8ec1-481124871b66 admin admin] Calling method '>' {{(pid=107242) _process_stack /opt/stack/nova/nova/api/openstack/wsgi.py:513}}
Apr 11 20:33:05.101687 n-d-835739-3 devstack@n-api.service[107242]: INFO nova.api.openstack.requestlog [None req-5496ae5b-5e3a-46fa-8ec1-481124871b66 admin admin] 10.222.0.74 "GET /compute/v2.1" status: 200 len: 388 microversion: 2.1 time: 0.001453
Apr 11 20:33:05.102085 n-d-835739-3 devstack@n-api.service[107242]: [pid: 107242|app: 0|req: 20/38] 10.222.0.74 () {56 vars in 1074 bytes} [Mon Apr 11 20:33:05 2022] GET /compute/v2.1 => generated 388 bytes in 2 msecs (HTTP/1.1 200) 9 headers in 357 bytes (1 switches on core 0)
Apr 11 20:33:05.310979 n-d-835739-3 devstack@n-api.service[107241]: DEBUG nova.api.openstack.wsgi [None req-cdc55090-4bf0-4048-9403-18ff6f04079d admin admin] Calling method '>' {{(pid=107241) _process_stack /opt/stack/nova/nova/api/openstack/wsgi.py:513}}
Apr 11 20:33:05.316455 n-d-835739-3 devstack@n-api.service[107241]: INFO nova.api.openstack.wsgi [None req-cdc55090-4bf0-4048-9403-18ff6f04079d admin admin] HTTP exception thrown: Flavor 42 could not be found.
Apr 11 20:33:05.317028 n-d-835739-3 devstack@n-api.service[107241]: DEBUG nova.api.openstack.wsgi [None req-cdc55090-4bf0-4048-9403-18ff6f04079d admin admin] Returning 404 to user: Flavor 42 could not be found. {{(pid=107241) __call__ /opt/stack/nova/nova/api/openstack/wsgi.py:936}}
Apr 11 20:33:05.317840 n-d-835739-3 devstack@n-api.service[107241]: INFO nova.api.openstack.requestlog [None req-cdc55090-4bf0-4048-9403-18ff6f04079d admin admin] 10.222.0.74 "GET /compute/v2.1/flavors/42" status: 404 len: 75 microversion: 2.90 time: 0.058955
Apr 11 20:33:05.318390 n-d-835739-3 devstack@n-api.service[107241]: [pid: 107241|app: 0|req: 19/39] 10.222.0.74 () {60 vars in 1190 bytes} [Mon Apr 11 20:33:05 2022] GET /compute/v2.1/flavors/42 => generated 75 bytes in 60 msecs (HTTP/1.1 404) 9 headers in 380 bytes (1 switches on core 0)
Apr 11 20:33:05.327989 n-d-835739-3 devstack@n-api.service[107242]: DEBUG nova.api.openstack.wsgi [None req-d2fcf7c2-642c-49f3-9ddf-1a57ec39181c admin admin] Calling method '>' {{(pid=107242) _process_stack /opt/stack/nova/nova/api/openstack/wsgi.py:513}}
Apr 11 20:33:05.348509 n-d-835739-3 devstack@n-api.service[107242]: INFO nova.api.openstack.requestlog [None req-d2fcf7c2-642c-49f3-9ddf-1a57ec39181c admin admin] 10.222.0.74 "GET /compute/v2.1/flavors?is_public=None" status: 200 len: 2056 microversion: 2.90 time: 0.024117
Apr 11 20:33:05.349041 n-d-835739-3 devstack@n-api.service[107242]: [pid: 107242|app: 0|req: 21/40] 10.222.0.74 () {60 vars in 1210 bytes} [Mon Apr 11 20:33:05 2022] GET /compute/v2.1/flavors?is_public=None => generated 2056 bytes in 25 msecs (HTTP/1.1 200) 9 headers in 360 bytes (1 switches on core 0)
Apr 11 20:33:05.362401 n-d-835739-3 devstack@n-api.service[107241]: DEBUG nova.api.openstack.wsgi [None req-40696c02-9a25-4b4f-b54e-75f1067ead7f admin admin] Calling method '>' {{(pid=107241) _process_stack /opt/stack/nova/nova/api/openstack/wsgi.py:513}}
Apr 11 20:33:05.383839 n-d-835739-3 devstack@n-api.service[107241]: INFO nova.api.openstack.requestlog [None req-40696c02-9a25-4b4f-b54e-75f1067ead7f admin admin] 10.222.0.74 "GET /compute/v2.1/flavors?is_public=None" status: 200 len: 2056 microversion: 2.90 time: 0.024959
Apr 11 20:33:05.384387 n-d-835739-3 devstack@n-api.service[107241]: [pid: 107241|app: 0|req: 20/41] 10.222.0.74 () {60 vars in 1210 bytes} [Mon Apr 11 20:33:05 2022] GET /compute/v2.1/flavors?is_public=None => generated 2056 bytes in 26 msecs (HTTP/1.1 200) 9 headers in 360 bytes (1 switches on core 0)
Apr 11 20:33:05.393572 n-d-835739-3 devstack@n-api.service[107242]: DEBUG nova.api.openstack.wsgi [None req-914644ed-bee0-4fcd-87c2-c2937f505d5a admin admin] Calling method '>' {{(pid=107242) _process_stack /opt/stack/nova/nova/api/openstack/wsgi.py:513}}
Apr 11 20:33:05.399125 n-d-835739-3 devstack@n-api.service[107242]: INFO nova.api.openstack.wsgi [None req-914644ed-bee0-4fcd-87c2-c2937f505d5a admin admin] HTTP exception thrown: Flavor 42 could not be found.
Apr 11 20:33:05.399688 n-d-835739-3 devstack@n-api.service[107242]: DEBUG nova.api.openstack.wsgi [None req-914644ed-bee0-4fcd-87c2-c2937f505d5a admin admin] Returning 404 to user: Flavor 42 could not be found. {{(pid=107242) __call__ /opt/stack/nova/nova/api/openstack/wsgi.py:936}}
Apr 11 20:33:05.400468 n-d-835739-3 devstack@n-api.service[107242]: INFO nova.api.openstack.requestlog [None req-914644ed-bee0-4fcd-87c2-c2937f505d5a admin admin] 10.222.0.74 "GET /compute/v2.1/flavors/42" status: 404 len: 75 microversion: 2.90 time: 0.010512
Apr 11 20:33:05.400955 n-d-835739-3 devstack@n-api.service[107242]: [pid: 107242|app: 0|req: 22/42] 10.222.0.74 () {60 vars in 1190 bytes} [Mon Apr 11 20:33:05 2022] GET /compute/v2.1/flavors/42 => generated 75 bytes in 11 msecs (HTTP/1.1 404) 9 headers in 380 bytes (2 switches on core 0)
Apr 11 20:33:06.663839 n-d-835739-3 devstack@n-api.service[107241]: DEBUG nova.api.openstack.wsgi [None req-40696c02-9a25-4b4f-b54e-75f1067ead7f admin admin] Calling method '>' {{(pid=107241) _process_stack /opt/stack/nova/nova/api/openstack/wsgi.py:513}}
Apr 11 20:33:06.664908 n-d-835739-3 devstack@n-api.service[107241]: INFO nova.api.openstack.requestlog [None req-40696c02-9a25-4b4f-b54e-75f1067ead7f admin admin] 10.222.0.74 "GET /compute/v2.1" status: 200 len: 388 microversion: 2.1 time: 0.002142
Apr 11 20:33:06.665329 n-d-835739-3 devstack@n-api.service[107241]: [pid: 107241|app: 0|req: 21/43] 10.222.0.74 () {56 vars in 1074 bytes} [Mon Apr 11 20:33:06 2022] GET /compute/v2.1 => generated 388 bytes in 3 msecs (HTTP/1.1 200) 9 headers in 357 bytes (1 switches on core 0)
Apr 11 20:33:06.854598 n-d-835739-3 devstack@n-api.service[107242]: DEBUG nova.api.openstack.wsgi [None req-827e9680-c769-46e6-865a-e475a0834ecd admin admin] Calling method '>' {{(pid=107242) _process_stack /opt/stack/nova/nova/api/openstack/wsgi.py:513}}
Apr 11 20:33:06.859855 n-d-835739-3 devstack@n-api.service[107242]: INFO nova.api.openstack.wsgi [None req-827e9680-c769-46e6-865a-e475a0834ecd admin admin] HTTP exception thrown: Flavor 84 could not be found.
Apr 11 20:33:06.860443 n-d-835739-3 devstack@n-api.service[107242]: DEBUG nova.api.openstack.wsgi [None req-827e9680-c769-46e6-865a-e475a0834ecd admin admin] Returning 404 to user: Flavor 84 could not be found. {{(pid=107242) __call__ /opt/stack/nova/nova/api/openstack/wsgi.py:936}}
Apr 11 20:33:06.861227 n-d-835739-3 devstack@n-api.service[107242]: INFO nova.api.openstack.requestlog [None req-827e9680-c769-46e6-865a-e475a0834ecd admin admin] 10.222.0.74 "GET /compute/v2.1/flavors/84" status: 404 len: 75 microversion: 2.90 time: 0.059995
Apr 11 20:33:06.861739 n-d-835739-3 devstack@n-api.service[107242]: [pid: 107242|app: 0|req: 23/44] 10.222.0.74 () {60 vars in 1190 bytes} [Mon Apr 11 20:33:06 2022] GET /compute/v2.1/flavors/84 => generated 75 bytes in 61 msecs (HTTP/1.1 404) 9 headers in 380 bytes (1 switches on core 0)
Apr 11 20:33:06.871351 n-d-835739-3 devstack@n-api.service[107241]: DEBUG nova.api.openstack.wsgi [None req-070173f9-5ba4-4e79-9033-ec7e87b5de16 admin admin] Calling method '>' {{(pid=107241) _process_stack /opt/stack/nova/nova/api/openstack/wsgi.py:513}}
Apr 11 20:33:06.885228 n-d-835739-3 devstack@n-api.service[107241]: INFO nova.api.openstack.requestlog [None req-070173f9-5ba4-4e79-9033-ec7e87b5de16 admin admin] 10.222.0.74 "GET /compute/v2.1/flavors?is_public=None" status: 200 len: 2056 microversion: 2.90 time: 0.017387
Apr 11 20:33:06.885783 n-d-835739-3 devstack@n-api.service[107241]: [pid: 107241|app: 0|req: 22/45] 10.222.0.74 () {60 vars in 1210 bytes} [Mon Apr 11 20:33:06 2022] GET /compute/v2.1/flavors?is_public=None => generated 2056 bytes in 18 msecs (HTTP/1.1 200) 9 headers in 360 bytes (1 switches on core 0)
Apr 11 20:33:06.895475 n-d-835739-3 devstack@n-api.service[107242]: DEBUG nova.api.openstack.wsgi [None req-5a3126c7-8855-4815-863d-b62911da8da5 admin admin] Calling method '>' {{(pid=107242) _process_stack /opt/stack/nova/nova/api/openstack/wsgi.py:513}}
Apr 11 20:33:06.909746 n-d-835739-3 devstack@n-api.service[107242]: INFO nova.api.openstack.requestlog [None req-5a3126c7-8855-4815-863d-b62911da8da5 admin admin] 10.222.0.74 "GET /compute/v2.1/flavors?is_public=None" status: 200 len: 2056 microversion: 2.90 time: 0.017842
Apr 11 20:33:06.910285 n-d-835739-3 devstack@n-api.service[107242]: [pid: 107242|app: 0|req: 24/46] 10.222.0.74 () {60 vars in 1210 bytes} [Mon Apr 11 20:33:06 2022] GET /compute/v2.1/flavors?is_public=None => generated 2056 bytes in 19 msecs (HTTP/1.1 200) 9 headers in 360 bytes (1 switches on core 0)
Apr 11 20:33:06.919517 n-d-835739-3 devstack@n-api.service[107241]: DEBUG nova.api.openstack.wsgi [None req-88d11134-86ec-4b35-b450-d6096b92bd32 admin admin] Calling method '>' {{(pid=107241) _process_stack /opt/stack/nova/nova/api/openstack/wsgi.py:513}}
Apr 11 20:33:06.924778 n-d-835739-3 devstack@n-api.service[107241]: INFO nova.api.openstack.wsgi [None req-88d11134-86ec-4b35-b450-d6096b92bd32 admin admin] HTTP exception thrown: Flavor 84 could not be found.
Apr 11 20:33:06.925338 n-d-835739-3 devstack@n-api.service[107241]: DEBUG nova.api.openstack.wsgi [None req-88d11134-86ec-4b35-b450-d6096b92bd32 admin admin] Returning 404 to user: Flavor 84 could not be found. {{(pid=107241) __call__ /opt/stack/nova/nova/api/openstack/wsgi.py:936}}
Apr 11 20:33:06.926117 n-d-835739-3 devstack@n-api.service[107241]: INFO nova.api.openstack.requestlog [None req-88d11134-86ec-4b35-b450-d6096b92bd32 admin admin] 10.222.0.74 "GET /compute/v2.1/flavors/84" status: 404 len: 75 microversion: 2.90 time: 0.010235
