Mar 30 12:35:31.287168 n-d-835739-2 devstack@placement-api.service[104559]: DEBUG placement.objects.resource_provider [req-d5d9ac5c-c8cc-452b-8dfc-e4d666ff4644 req-386d111c-8ba7-474e-a18d-aa6e7c982f63 service placement] Setting aggregates for provider b40740da-b229-4f19-8ca3-cf95d7e22477. Successfully associated aggregate d2d73b4e-40dd-463f-9fd1-7ff6b4c1534a. {{(pid=104559) _set_aggregates /opt/stack/placement/placement/objects/resource_provider.py:388}}
Mar 30 12:35:31.292479 n-d-835739-2 devstack@placement-api.service[104559]: INFO placement.requestlog [req-d5d9ac5c-c8cc-452b-8dfc-e4d666ff4644 req-386d111c-8ba7-474e-a18d-aa6e7c982f63 service placement] 10.222.0.24 "PUT /placement/resource_providers/b40740da-b229-4f19-8ca3-cf95d7e22477/aggregates" status: 200 len: 92 microversion: 1.19
Mar 30 12:35:31.293199 n-d-835739-2 devstack@placement-api.service[104559]: [pid: 104559|app: 0|req: 28/61] 10.222.0.24 () {64 vars in 1477 bytes} [Wed Mar 30 12:35:31 2022] PUT /placement/resource_providers/b40740da-b229-4f19-8ca3-cf95d7e22477/aggregates => generated 92 bytes in 41 msecs (HTTP/1.1 200) 8 headers in 295 bytes (1 switches on core 0)
Mar 30 12:35:31.368685 n-d-835739-2 devstack@placement-api.service[104558]: DEBUG placement.requestlog [req-c8cb388f-8724-4fe2-881f-418c31839ec6 req-fce54582-6918-47d8-9ce7-914e46012193 None None] Starting request: 10.222.0.24 "GET /placement/resource_providers?name=n-h1-835739-2" {{(pid=104558) __call__ /opt/stack/placement/placement/requestlog.py:55}}
Mar 30 12:35:31.379419 n-d-835739-2 devstack@placement-api.service[104558]: INFO placement.requestlog [req-c8cb388f-8724-4fe2-881f-418c31839ec6 req-fce54582-6918-47d8-9ce7-914e46012193 service placement] 10.222.0.24 "GET /placement/resource_providers?name=n-h1-835739-2" status: 200 len: 441 microversion: 1.0
Mar 30 12:35:31.386019 n-d-835739-2 devstack@placement-api.service[104558]: [pid: 104558|app: 0|req: 34/62] 10.222.0.24 () {58 vars in 1274 bytes} [Wed Mar 30 12:35:31 2022] GET /placement/resource_providers?name=n-h1-835739-2 => generated 441 bytes in 18 msecs (HTTP/1.1 200) 6 headers in 224 bytes (1 switches on core 0)
Mar 30 12:35:31.388322 n-d-835739-2 devstack@placement-api.service[104559]: DEBUG placement.requestlog [req-c8cb388f-8724-4fe2-881f-418c31839ec6 req-f5eb38a3-176c-4050-9074-2d972f274c6c None None] Starting request: 10.222.0.24 "GET /placement/resource_providers/b40740da-b229-4f19-8ca3-cf95d7e22477/aggregates" {{(pid=104559) __call__ /opt/stack/placement/placement/requestlog.py:55}}
Mar 30 12:35:31.405225 n-d-835739-2 devstack@placement-api.service[104559]: INFO placement.requestlog [req-c8cb388f-8724-4fe2-881f-418c31839ec6 req-f5eb38a3-176c-4050-9074-2d972f274c6c service placement] 10.222.0.24 "GET /placement/resource_providers/b40740da-b229-4f19-8ca3-cf95d7e22477/aggregates" status: 200 len: 92 microversion: 1.19
Mar 30 12:35:31.411020 n-d-835739-2 devstack@placement-api.service[104559]: [pid: 104559|app: 0|req: 29/63] 10.222.0.24 () {60 vars in 1425 bytes} [Wed Mar 30 12:35:31 2022] GET /placement/resource_providers/b40740da-b229-4f19-8ca3-cf95d7e22477/aggregates => generated 92 bytes in 23 msecs (HTTP/1.1 200) 8 headers in 295 bytes (1 switches on core 0)
Mar 30 12:35:31.412781 n-d-835739-2 devstack@placement-api.service[104558]: DEBUG placement.requestlog [req-c8cb388f-8724-4fe2-881f-418c31839ec6 req-89437af5-3c63-4612-ab95-6771e39ff572 None None] Starting request: 10.222.0.24 "PUT /placement/resource_providers/b40740da-b229-4f19-8ca3-cf95d7e22477/aggregates" {{(pid=104558) __call__ /opt/stack/placement/placement/requestlog.py:55}}
Mar 30 12:35:31.431585 n-d-835739-2 devstack@placement-api.service[104558]: DEBUG placement.objects.resource_provider [req-c8cb388f-8724-4fe2-881f-418c31839ec6 req-89437af5-3c63-4612-ab95-6771e39ff572 service placement] Setting aggregates for provider b40740da-b229-4f19-8ca3-cf95d7e22477. Successfully disassociated aggregate d2d73b4e-40dd-463f-9fd1-7ff6b4c1534a. {{(pid=104558) _set_aggregates /opt/stack/placement/placement/objects/resource_provider.py:403}}
Mar 30 12:35:31.439809 n-d-835739-2 devstack@placement-api.service[104558]: INFO placement.requestlog [req-c8cb388f-8724-4fe2-881f-418c31839ec6 req-89437af5-3c63-4612-ab95-6771e39ff572 service placement] 10.222.0.24 "PUT /placement/resource_providers/b40740da-b229-4f19-8ca3-cf95d7e22477/aggregates" status: 200 len: 54 microversion: 1.19
Mar 30 12:35:31.440679 n-d-835739-2 devstack@placement-api.service[104558]: [pid: 104558|app: 0|req: 35/64] 10.222.0.24 () {64 vars in 1477 bytes} [Wed Mar 30 12:35:31 2022] PUT /placement/resource_providers/b40740da-b229-4f19-8ca3-cf95d7e22477/aggregates => generated 54 bytes in 28 msecs (HTTP/1.1 200) 8 headers in 295 bytes (1 switches on core 0)
Mar 30 12:35:31.650202 n-d-835739-2 devstack@placement-api.service[104559]: DEBUG placement.requestlog [req-7623df17-ce21-4cb7-b7f4-907442003317 req-6a9bd67a-c0ad-40fd-af7e-a4b4f90a8d1b None None] Starting request: 10.222.0.24 "GET /placement/resource_providers?name=n-h1-835739-2" {{(pid=104559) __call__ /opt/stack/placement/placement/requestlog.py:55}}
Mar 30 12:35:31.667104 n-d-835739-2 devstack@placement-api.service[104559]: INFO placement.requestlog [req-7623df17-ce21-4cb7-b7f4-907442003317 req-6a9bd67a-c0ad-40fd-af7e-a4b4f90a8d1b service placement] 10.222.0.24 "GET /placement/resource_providers?name=n-h1-835739-2" status: 200 len: 441 microversion: 1.0
Mar 30 12:35:31.667472 n-d-835739-2 devstack@placement-api.service[104559]: [pid: 104559|app: 0|req: 30/65] 10.222.0.24 () {58 vars in 1274 bytes} [Wed Mar 30 12:35:31 2022] GET /placement/resource_providers?name=n-h1-835739-2 => generated 441 bytes in 17 msecs (HTTP/1.1 200) 6 headers in 224 bytes (1 switches on core 0)
Mar 30 12:35:31.675053 n-d-835739-2 devstack@placement-api.service[104558]: DEBUG placement.requestlog [req-7623df17-ce21-4cb7-b7f4-907442003317 req-5dfe7839-43b3-49aa-9f66-ece7a9bbf883 None None] Starting request: 10.222.0.24 "GET /placement/resource_providers/b40740da-b229-4f19-8ca3-cf95d7e22477/aggregates" {{(pid=104558) __call__ /opt/stack/placement/placement/requestlog.py:55}}
Mar 30 12:35:31.700038 n-d-835739-2 devstack@placement-api.service[104558]: INFO placement.requestlog [req-7623df17-ce21-4cb7-b7f4-907442003317 req-5dfe7839-43b3-49aa-9f66-ece7a9bbf883 service placement] 10.222.0.24 "GET /placement/resource_providers/b40740da-b229-4f19-8ca3-cf95d7e22477/aggregates" status: 200 len: 54 microversion: 1.19
Mar 30 12:35:31.700483 n-d-835739-2 devstack@placement-api.service[104558]: [pid: 104558|app: 0|req: 36/66] 10.222.0.24 () {60 vars in 1425 bytes} [Wed Mar 30 12:35:31 2022] GET /placement/resource_providers/b40740da-b229-4f19-8ca3-cf95d7e22477/aggregates => generated 54 bytes in 26 msecs (HTTP/1.1 200) 8 headers in 295 bytes (1 switches on core 0)
Mar 30 12:35:31.707301 n-d-835739-2 devstack@placement-api.service[104559]: DEBUG placement.requestlog [req-7623df17-ce21-4cb7-b7f4-907442003317 req-d6300f22-d37a-413d-b88d-ec7b576a4635 None None] Starting request: 10.222.0.24 "PUT /placement/resource_providers/b40740da-b229-4f19-8ca3-cf95d7e22477/aggregates" {{(pid=104559) __call__ /opt/stack/placement/placement/requestlog.py:55}}
Mar 30 12:35:31.725015 n-d-835739-2 devstack@placement-api.service[104559]: DEBUG placement.objects.resource_provider [req-7623df17-ce21-4cb7-b7f4-907442003317 req-d6300f22-d37a-413d-b88d-ec7b576a4635 service placement] _ensure_aggregate() did not find aggregate b1aef25e-83a4-4fcb-910a-2ffa6678dcbc. Attempting to create it. {{(pid=104559) _ensure_aggregate /opt/stack/placement/placement/objects/resource_provider.py:320}}
Mar 30 12:35:31.726599 n-d-835739-2 devstack@placement-api.service[104559]: DEBUG placement.objects.resource_provider [req-7623df17-ce21-4cb7-b7f4-907442003317 req-d6300f22-d37a-413d-b88d-ec7b576a4635 service placement] _ensure_aggregate() created new aggregate b1aef25e-83a4-4fcb-910a-2ffa6678dcbc (id=5). {{(pid=104559) _ensure_aggregate /opt/stack/placement/placement/objects/resource_provider.py:326}}
Mar 30 12:35:31.727987 n-d-835739-2 devstack@placement-api.service[104559]: DEBUG placement.objects.resource_provider [req-7623df17-ce21-4cb7-b7f4-907442003317 req-d6300f22-d37a-413d-b88d-ec7b576a4635 service placement] Setting aggregates for provider b40740da-b229-4f19-8ca3-cf95d7e22477. Successfully associated aggregate b1aef25e-83a4-4fcb-910a-2ffa6678dcbc. {{(pid=104559) _set_aggregates /opt/stack/placement/placement/objects/resource_provider.py:388}}
Mar 30 12:35:31.735588 n-d-835739-2 devstack@placement-api.service[104559]: INFO placement.requestlog [req-7623df17-ce21-4cb7-b7f4-907442003317 req-d6300f22-d37a-413d-b88d-ec7b576a4635 service placement] 10.222.0.24 "PUT /placement/resource_providers/b40740da-b229-4f19-8ca3-cf95d7e22477/aggregates" status: 200 len: 92 microversion: 1.19
Mar 30 12:35:31.740947 n-d-835739-2 devstack@placement-api.service[104559]: [pid: 104559|app: 0|req: 31/67] 10.222.0.24 () {64 vars in 1477 bytes} [Wed Mar 30 12:35:31 2022] PUT /placement/resource_providers/b40740da-b229-4f19-8ca3-cf95d7e22477/aggregates => generated 92 bytes in 34 msecs (HTTP/1.1 200) 8 headers in 295 bytes (1 switches on core 0)
Mar 30 12:35:31.838434 n-d-835739-2 devstack@placement-api.service[104558]: DEBUG placement.requestlog [req-c81d683e-e710-42e4-8c09-5fd2eedbe365 req-103bde7d-e209-4d07-9287-ccdc45007f06 None None] Starting request: 10.222.0.24 "GET /placement/resource_providers?name=n-h1-835739-2" {{(pid=104558) __call__ /opt/stack/placement/placement/requestlog.py:55}}
Mar 30 12:35:31.852297 n-d-835739-2 devstack@placement-api.service[104558]: INFO placement.requestlog [req-c81d683e-e710-42e4-8c09-5fd2eedbe365 req-103bde7d-e209-4d07-9287-ccdc45007f06 service placement] 10.222.0.24 "GET /placement/resource_providers?name=n-h1-835739-2" status: 200 len: 441 microversion: 1.0
Mar 30 12:35:31.852874 n-d-835739-2 devstack@placement-api.service[104558]: [pid: 104558|app: 0|req: 37/68] 10.222.0.24 () {58 vars in 1274 bytes} [Wed Mar 30 12:35:31 2022] GET /placement/resource_providers?name=n-h1-835739-2 => generated 441 bytes in 15 msecs (HTTP/1.1 200) 6 headers in 224 bytes (1 switches on core 0)
Mar 30 12:35:31.859688 n-d-835739-2 devstack@placement-api.service[104559]: DEBUG placement.requestlog [req-c81d683e-e710-42e4-8c09-5fd2eedbe365 req-0534ff1d-3faa-44e9-bbf5-146d99f62c67 None None] Starting request: 10.222.0.24 "GET /placement/resource_providers/b40740da-b229-4f19-8ca3-cf95d7e22477/aggregates" {{(pid=104559) __call__ /opt/stack/placement/placement/requestlog.py:55}}
Mar 30 12:35:31.878962 n-d-835739-2 devstack@placement-api.service[104559]: INFO placement.requestlog [req-c81d683e-e710-42e4-8c09-5fd2eedbe365 req-0534ff1d-3faa-44e9-bbf5-146d99f62c67 service placement] 10.222.0.24 "GET /placement/resource_providers/b40740da-b229-4f19-8ca3-cf95d7e22477/aggregates" status: 200 len: 92 microversion: 1.19
Mar 30 12:35:31.879339 n-d-835739-2 devstack@placement-api.service[104559]: [pid: 104559|app: 0|req: 32/69] 10.222.0.24 () {60 vars in 1425 bytes} [Wed Mar 30 12:35:31 2022] GET /placement/resource_providers/b40740da-b229-4f19-8ca3-cf95d7e22477/aggregates => generated 92 bytes in 20 msecs (HTTP/1.1 200) 8 headers in 295 bytes (2 switches on core 0)
Mar 30 12:35:31.886059 n-d-835739-2 devstack@placement-api.service[104558]: DEBUG placement.requestlog [req-c81d683e-e710-42e4-8c09-5fd2eedbe365 req-8e41e018-9f2b-48fc-99e2-bce05647df51 None None] Starting request: 10.222.0.24 "PUT /placement/resource_providers/b40740da-b229-4f19-8ca3-cf95d7e22477/aggregates" {{(pid=104558) __call__ /opt/stack/placement/placement/requestlog.py:55}}
Mar 30 12:35:31.915160 n-d-835739-2 devstack@placement-api.service[104559]: DEBUG placement.requestlog [req-0867a448-53ee-4d85-9890-00456a4c0247 req-8bc14629-55c6-4e5e-8c47-540d5cda61ce None None] Starting request: 10.222.0.24 "GET /placement/allocation_candidates?limit=1000&resources=DISK_GB%3A1%2CMEMORY_MB%3A1024%2CVCPU%3A1&root_required=%21COMPUTE_STATUS_DISABLED" {{(pid=104559) __call__ /opt/stack/placement/placement/requestlog.py:55}}
Mar 30 12:35:31.922273 n-d-835739-2 devstack@placement-api.service[104558]: DEBUG placement.objects.resource_provider [req-c81d683e-e710-42e4-8c09-5fd2eedbe365 req-8e41e018-9f2b-48fc-99e2-bce05647df51 service placement] Setting aggregates for provider b40740da-b229-4f19-8ca3-cf95d7e22477. Successfully disassociated aggregate b1aef25e-83a4-4fcb-910a-2ffa6678dcbc. {{(pid=104558) _set_aggregates /opt/stack/placement/placement/objects/resource_provider.py:403}}
Mar 30 12:35:31.945413 n-d-835739-2 devstack@placement-api.service[104558]: INFO placement.requestlog [req-c81d683e-e710-42e4-8c09-5fd2eedbe365 req-8e41e018-9f2b-48fc-99e2-bce05647df51 service placement] 10.222.0.24 "PUT /placement/resource_providers/b40740da-b229-4f19-8ca3-cf95d7e22477/aggregates" status: 200 len: 54 microversion: 1.19
Mar 30 12:35:31.945413 n-d-835739-2 devstack@placement-api.service[104558]: [pid: 104558|app: 0|req: 38/70] 10.222.0.24 () {64 vars in 1477 bytes} [Wed Mar 30 12:35:31 2022] PUT /placement/resource_providers/b40740da-b229-4f19-8ca3-cf95d7e22477/aggregates => generated 54 bytes in 59 msecs (HTTP/1.1 200) 8 headers in 295 bytes (2 switches on core 0)
Mar 30 12:35:31.969166 n-d-835739-2 devstack@placement-api.service[104559]: DEBUG placement.objects.research_context [req-0867a448-53ee-4d85-9890-00456a4c0247 req-8bc14629-55c6-4e5e-8c47-540d5cda61ce service placement] getting providers with 1 DISK_GB {{(pid=104559) __init__ /opt/stack/placement/placement/objects/research_context.py:136}}
Mar 30 12:35:31.981928 n-d-835739-2 devstack@placement-api.service[104559]: DEBUG placement.objects.research_context [req-0867a448-53ee-4d85-9890-00456a4c0247 req-8bc14629-55c6-4e5e-8c47-540d5cda61ce service placement] getting providers with 1024 MEMORY_MB {{(pid=104559) __init__ /opt/stack/placement/placement/objects/research_context.py:136}}
Mar 30 12:35:32.002340 n-d-835739-2 devstack@placement-api.service[104559]: DEBUG placement.objects.research_context [req-0867a448-53ee-4d85-9890-00456a4c0247 req-8bc14629-55c6-4e5e-8c47-540d5cda61ce service placement] getting providers with 1 VCPU {{(pid=104559) __init__ /opt/stack/placement/placement/objects/research_context.py:136}}
Mar 30 12:35:32.004979 n-d-835739-2 devstack@placement-api.service[104559]: DEBUG placement.objects.research_context [req-0867a448-53ee-4d85-9890-00456a4c0247 req-8bc14629-55c6-4e5e-8c47-540d5cda61ce service placement] found 2 providers with available 1 DISK_GB {{(pid=104559) get_provider_ids_matching /opt/stack/placement/placement/objects/research_context.py:559}}
Mar 30 12:35:32.006770 n-d-835739-2 devstack@placement-api.service[104559]: DEBUG placement.objects.research_context [req-0867a448-53ee-4d85-9890-00456a4c0247 req-8bc14629-55c6-4e5e-8c47-540d5cda61ce service placement] found 2 providers with available 1024 MEMORY_MB {{(pid=104559) get_provider_ids_matching /opt/stack/placement/placement/objects/research_context.py:559}}
Mar 30 12:35:32.007613 n-d-835739-2 devstack@placement-api.service[104559]: DEBUG placement.objects.research_context [req-0867a448-53ee-4d85-9890-00456a4c0247 req-8bc14629-55c6-4e5e-8c47-540d5cda61ce service placement] found 2 providers after filtering by previous result {{(pid=104559) get_provider_ids_matching /opt/stack/placement/placement/objects/research_context.py:590}}
Mar 30 12:35:32.008748 n-d-835739-2 devstack@placement-api.service[104559]: DEBUG placement.objects.research_context [req-0867a448-53ee-4d85-9890-00456a4c0247 req-8bc14629-55c6-4e5e-8c47-540d5cda61ce service placement] found 2 providers with available 1 VCPU {{(pid=104559) get_provider_ids_matching /opt/stack/placement/placement/objects/research_context.py:559}}
Mar 30 12:35:32.009886 n-d-835739-2 devstack@placement-api.service[104559]: DEBUG placement.objects.research_context [req-0867a448-53ee-4d85-9890-00456a4c0247 req-8bc14629-55c6-4e5e-8c47-540d5cda61ce service placement] found 2 providers after filtering by previous result {{(pid=104559) get_provider_ids_matching /opt/stack/placement/placement/objects/research_context.py:590}}
Mar 30 12:35:32.026319 n-d-835739-2 devstack@placement-api.service[104559]: DEBUG placement.objects.allocation_candidate [req-0867a448-53ee-4d85-9890-00456a4c0247 req-8bc14629-55c6-4e5e-8c47-540d5cda61ce service placement] RequestGroup(use_same_provider=False, resources={DISK_GB:1, MEMORY_MB:1024, VCPU:1}, traits=(), aggregates=[]) (suffix '') returned 2 matches {{(pid=104559) _get_by_requests /opt/stack/placement/placement/objects/allocation_candidate.py:156}}
Mar 30 12:35:32.026946 n-d-835739-2 devstack@placement-api.service[104559]: DEBUG placement.objects.allocation_candidate [req-0867a448-53ee-4d85-9890-00456a4c0247 req-8bc14629-55c6-4e5e-8c47-540d5cda61ce service placement] Merging candidates yields 2 allocation requests and 2 provider summaries {{(pid=104559) _merge_candidates /opt/stack/placement/placement/objects/allocation_candidate.py:809}}
Mar 30 12:35:32.029832 n-d-835739-2 devstack@placement-api.service[104559]: INFO placement.requestlog [req-0867a448-53ee-4d85-9890-00456a4c0247 req-8bc14629-55c6-4e5e-8c47-540d5cda61ce service placement] 10.222.0.24 "GET /placement/allocation_candidates?limit=1000&resources=DISK_GB%3A1%2CMEMORY_MB%3A1024%2CVCPU%3A1&root_required=%21COMPUTE_STATUS_DISABLED" status: 200 len: 1306 microversion: 1.36
Mar 30 12:35:32.030711 n-d-835739-2 devstack@placement-api.service[104559]: [pid: 104559|app: 0|req: 33/71] 10.222.0.24 () {60 vars in 1506 bytes} [Wed Mar 30 12:35:31 2022] GET /placement/allocation_candidates?limit=1000&resources=DISK_GB%3A1%2CMEMORY_MB%3A1024%2CVCPU%3A1&root_required=%21COMPUTE_STATUS_DISABLED => generated 1306 bytes in 117 msecs (HTTP/1.1 200) 8 headers in 297 bytes (1 switches on core 0)
Mar 30 12:35:32.130883 n-d-835739-2 devstack@placement-api.service[104558]: DEBUG placement.requestlog [req-0867a448-53ee-4d85-9890-00456a4c0247 req-406ebd47-588c-40a7-9e37-d1e927702557 None None] Starting request: 10.222.0.24 "GET /placement/allocations/91f7e4d1-0e8c-4cac-ad4f-2b8234726b73" {{(pid=104558) __call__ /opt/stack/placement/placement/requestlog.py:55}}
Mar 30 12:35:32.149813 n-d-835739-2 devstack@placement-api.service[104558]: INFO placement.requestlog [req-0867a448-53ee-4d85-9890-00456a4c0247 req-406ebd47-588c-40a7-9e37-d1e927702557 service placement] 10.222.0.24 "GET /placement/allocations/91f7e4d1-0e8c-4cac-ad4f-2b8234726b73" status: 200 len: 19 microversion: 1.28
Mar 30 12:35:32.150195 n-d-835739-2 devstack@placement-api.service[104558]: [pid: 104558|app: 0|req: 39/72] 10.222.0.24 () {60 vars in 1380 bytes} [Wed Mar 30 12:35:32 2022] GET /placement/allocations/91f7e4d1-0e8c-4cac-ad4f-2b8234726b73 => generated 19 bytes in 20 msecs (HTTP/1.1 200) 8 headers in 295 bytes (1 switches on core 0)
Mar 30 12:35:32.160654 n-d-835739-2 devstack@placement-api.service[104559]: DEBUG placement.requestlog [req-0867a448-53ee-4d85-9890-00456a4c0247 req-5f586039-ceac-4358-8121-2b50c853016c None None] Starting request: 10.222.0.24 "PUT /placement/allocations/91f7e4d1-0e8c-4cac-ad4f-2b8234726b73" {{(pid=104559) __call__ /opt/stack/placement/placement/requestlog.py:55}}
Mar 30 12:35:32.202014 n-d-835739-2 devstack@placement-api.service[104558]: DEBUG placement.requestlog [req-978eafcf-9c34-4681-b1f9-a2c9d2d6f5ed req-22d247c0-cc75-4fcc-9df5-5021a294d28c None None] Starting request: 10.222.0.24 "GET /placement/resource_providers?name=n-h1-835739-2" {{(pid=104558) __call__ /opt/stack/placement/placement/requestlog.py:55}}
Mar 30 12:35:32.217555 n-d-835739-2 devstack@placement-api.service[104558]: INFO placement.requestlog [req-978eafcf-9c34-4681-b1f9-a2c9d2d6f5ed req-22d247c0-cc75-4fcc-9df5-5021a294d28c service placement] 10.222.0.24 "GET /placement/resource_providers?name=n-h1-835739-2" status: 200 len: 441 microversion: 1.0
Mar 30 12:35:32.217932 n-d-835739-2 devstack@placement-api.service[104558]: [pid: 104558|app: 0|req: 40/73] 10.222.0.24 () {58 vars in 1274 bytes} [Wed Mar 30 12:35:32 2022] GET /placement/resource_providers?name=n-h1-835739-2 => generated 441 bytes in 16 msecs (HTTP/1.1 200) 6 headers in 224 bytes (2 switches on core 0)
Mar 30 12:35:32.224913 n-d-835739-2 devstack@placement-api.service[104558]: DEBUG placement.requestlog [req-978eafcf-9c34-4681-b1f9-a2c9d2d6f5ed req-8d8da5dc-6060-4d78-9b3c-2799d4453c96 None None] Starting request: 10.222.0.24 "GET /placement/resource_providers/b40740da-b229-4f19-8ca3-cf95d7e22477/aggregates" {{(pid=104558) __call__ /opt/stack/placement/placement/requestlog.py:55}}
Mar 30 12:35:32.246033 n-d-835739-2 devstack@placement-api.service[104559]: DEBUG placement.handlers.allocation [req-0867a448-53ee-4d85-9890-00456a4c0247 req-5f586039-ceac-4358-8121-2b50c853016c service placement] Successfully wrote allocations [, , ] {{(pid=104559) _update_consumers_and_create_allocations /opt/stack/placement/placement/handlers/allocation.py:462}}
Mar 30 12:35:32.251800 n-d-835739-2 devstack@placement-api.service[104558]: INFO placement.requestlog [req-978eafcf-9c34-4681-b1f9-a2c9d2d6f5ed req-8d8da5dc-6060-4d78-9b3c-2799d4453c96 service placement] 10.222.0.24 "GET /placement/resource_providers/b40740da-b229-4f19-8ca3-cf95d7e22477/aggregates" status: 200 len: 54 microversion: 1.19
Mar 30 12:35:32.253224 n-d-835739-2 devstack@placement-api.service[104559]: INFO placement.requestlog [req-0867a448-53ee-4d85-9890-00456a4c0247 req-5f586039-ceac-4358-8121-2b50c853016c service placement] 10.222.0.24 "PUT /placement/allocations/91f7e4d1-0e8c-4cac-ad4f-2b8234726b73" status: 204 len: 0 microversion: 1.36
Mar 30 12:35:32.253683 n-d-835739-2 devstack@placement-api.service[104559]: [pid: 104559|app: 0|req: 34/74] 10.222.0.24 () {64 vars in 1433 bytes} [Wed Mar 30 12:35:32 2022] PUT /placement/allocations/91f7e4d1-0e8c-4cac-ad4f-2b8234726b73 => generated 0 bytes in 93 msecs (HTTP/1.1 204) 5 headers in 199 bytes (1 switches on core 0)
Mar 30 12:35:32.259803 n-d-835739-2 devstack@placement-api.service[104558]: [pid: 104558|app: 0|req: 41/75] 10.222.0.24 () {60 vars in 1425 bytes} [Wed Mar 30 12:35:32 2022] GET /placement/resource_providers/b40740da-b229-4f19-8ca3-cf95d7e22477/aggregates => generated 54 bytes in 35 msecs (HTTP/1.1 200) 8 headers in 295 bytes (2 switches on core 0)
Mar 30 12:35:32.260654 n-d-835739-2 devstack@placement-api.service[104559]: DEBUG placement.requestlog [req-978eafcf-9c34-4681-b1f9-a2c9d2d6f5ed req-c0add82b-861c-46bd-aea6-a0bbdb7e5f5d None None] Starting request: 10.222.0.24 "PUT /placement/resource_providers/b40740da-b229-4f19-8ca3-cf95d7e22477/aggregates" {{(pid=104559) __call__ /opt/stack/placement/placement/requestlog.py:55}}
Mar 30 12:35:32.273013 n-d-835739-2 devstack@placement-api.service[104559]: DEBUG placement.wsgi_wrapper [req-978eafcf-9c34-4681-b1f9-a2c9d2d6f5ed req-c0add82b-861c-46bd-aea6-a0bbdb7e5f5d service placement] Placement API returning an error response: Resource provider's generation already changed. Please update the generation and try again. {{(pid=104559) call_func /opt/stack/placement/placement/wsgi_wrapper.py:31}}
Mar 30 12:35:32.274000 n-d-835739-2 devstack@placement-api.service[104559]: INFO placement.requestlog [req-978eafcf-9c34-4681-b1f9-a2c9d2d6f5ed req-c0add82b-861c-46bd-aea6-a0bbdb7e5f5d service placement] 10.222.0.24 "PUT /placement/resource_providers/b40740da-b229-4f19-8ca3-cf95d7e22477/aggregates" status: 409 len: 278 microversion: 1.19
Mar 30 12:35:32.274862 n-d-835739-2 devstack@placement-api.service[104559]: [pid: 104559|app: 0|req: 35/76] 10.222.0.24 () {64 vars in 1477 bytes} [Wed Mar 30 12:35:32 2022] PUT /placement/resource_providers/b40740da-b229-4f19-8ca3-cf95d7e22477/aggregates => generated 278 bytes in 15 msecs (HTTP/1.1 409) 6 headers in 231 bytes (2 switches on core 0)
Mar 30 12:35:32.283454 n-d-835739-2 devstack@placement-api.service[104558]: DEBUG placement.requestlog [req-978eafcf-9c34-4681-b1f9-a2c9d2d6f5ed req-04e0a065-cf53-446e-b853-e2b8507db152 None None] Starting request: 10.222.0.24 "GET /placement/resource_providers?name=n-h1-835739-2" {{(pid=104558) __call__ /opt/stack/placement/placement/requestlog.py:55}}
Mar 30 12:35:32.295217 n-d-835739-2 devstack@placement-api.service[104558]: INFO placement.requestlog [req-978eafcf-9c34-4681-b1f9-a2c9d2d6f5ed req-04e0a065-cf53-446e-b853-e2b8507db152 service placement] 10.222.0.24 "GET /placement/resource_providers?name=n-h1-835739-2" status: 200 len: 441 microversion: 1.0
Mar 30 12:35:32.302735 n-d-835739-2 devstack@placement-api.service[104558]: [pid: 104558|app: 0|req: 42/77] 10.222.0.24 () {58 vars in 1274 bytes} [Wed Mar 30 12:35:32 2022] GET /placement/resource_providers?name=n-h1-835739-2 => generated 441 bytes in 20 msecs (HTTP/1.1 200) 6 headers in 224 bytes (1 switches on core 0)
Mar 30 12:35:32.303605 n-d-835739-2 devstack@placement-api.service[104559]: DEBUG placement.requestlog [req-978eafcf-9c34-4681-b1f9-a2c9d2d6f5ed req-d5e4caed-9d2a-4efa-ba48-61755e8158e4 None None] Starting request: 10.222.0.24 "GET /placement/resource_providers/b40740da-b229-4f19-8ca3-cf95d7e22477/aggregates" {{(pid=104559) __call__ /opt/stack/placement/placement/requestlog.py:55}}
Mar 30 12:35:32.321131 n-d-835739-2 devstack@placement-api.service[104559]: INFO placement.requestlog [req-978eafcf-9c34-4681-b1f9-a2c9d2d6f5ed req-d5e4caed-9d2a-4efa-ba48-61755e8158e4 service placement] 10.222.0.24 "GET /placement/resource_providers/b40740da-b229-4f19-8ca3-cf95d7e22477/aggregates" status: 200 len: 54 microversion: 1.19
Mar 30 12:35:32.321702 n-d-835739-2 devstack@placement-api.service[104559]: [pid: 104559|app: 0|req: 36/78] 10.222.0.24 () {60 vars in 1425 bytes} [Wed Mar 30 12:35:32 2022] GET /placement/resource_providers/b40740da-b229-4f19-8ca3-cf95d7e22477/aggregates => generated 54 bytes in 19 msecs (HTTP/1.1 200) 8 headers in 295 bytes (2 switches on core 0)
Mar 30 12:35:32.331051 n-d-835739-2 devstack@placement-api.service[104558]: DEBUG placement.requestlog [req-978eafcf-9c34-4681-b1f9-a2c9d2d6f5ed req-719d19a5-c8d3-4a6c-8780-7133e03ffcb5 None None] Starting request: 10.222.0.24 "PUT /placement/resource_providers/b40740da-b229-4f19-8ca3-cf95d7e22477/aggregates" {{(pid=104558) __call__ /opt/stack/placement/placement/requestlog.py:55}}
Mar 30 12:35:32.348579 n-d-835739-2 devstack@placement-api.service[104558]: DEBUG placement.objects.resource_provider [req-978eafcf-9c34-4681-b1f9-a2c9d2d6f5ed req-719d19a5-c8d3-4a6c-8780-7133e03ffcb5 service placement] _ensure_aggregate() did not find aggregate c483d8aa-e023-4004-8e0c-5f66ec98f7d1. Attempting to create it. {{(pid=104558) _ensure_aggregate /opt/stack/placement/placement/objects/resource_provider.py:320}}
Mar 30 12:35:32.350590 n-d-835739-2 devstack@placement-api.service[104558]: DEBUG placement.objects.resource_provider [req-978eafcf-9c34-4681-b1f9-a2c9d2d6f5ed req-719d19a5-c8d3-4a6c-8780-7133e03ffcb5 service placement] _ensure_aggregate() created new aggregate c483d8aa-e023-4004-8e0c-5f66ec98f7d1 (id=6). {{(pid=104558) _ensure_aggregate /opt/stack/placement/placement/objects/resource_provider.py:326}}
Mar 30 12:35:32.352254 n-d-835739-2 devstack@placement-api.service[104558]: DEBUG placement.objects.resource_provider [req-978eafcf-9c34-4681-b1f9-a2c9d2d6f5ed req-719d19a5-c8d3-4a6c-8780-7133e03ffcb5 service placement] Setting aggregates for provider b40740da-b229-4f19-8ca3-cf95d7e22477. Successfully associated aggregate c483d8aa-e023-4004-8e0c-5f66ec98f7d1. {{(pid=104558) _set_aggregates /opt/stack/placement/placement/objects/resource_provider.py:388}}
Mar 30 12:35:32.359386 n-d-835739-2 devstack@placement-api.service[104558]: INFO placement.requestlog [req-978eafcf-9c34-4681-b1f9-a2c9d2d6f5ed req-719d19a5-c8d3-4a6c-8780-7133e03ffcb5 service placement] 10.222.0.24 "PUT /placement/resource_providers/b40740da-b229-4f19-8ca3-cf95d7e22477/aggregates" status: 200 len: 92 microversion: 1.19
Mar 30 12:35:32.363270 n-d-835739-2 devstack@placement-api.service[104558]: [pid: 104558|app: 0|req: 43/79] 10.222.0.24 () {64 vars in 1477 bytes} [Wed Mar 30 12:35:32 2022] PUT /placement/resource_providers/b40740da-b229-4f19-8ca3-cf95d7e22477/aggregates => generated 92 bytes in 30 msecs (HTTP/1.1 200) 8 headers in 295 bytes (1 switches on core 0)
Mar 30 12:35:32.545920 n-d-835739-2 devstack@placement-api.service[104559]: DEBUG placement.requestlog [req-89e81155-36b3-4663-8ed7-537bae1bdf4b req-cf014309-8dc9-4d06-9155-1aacf19893f0 None None] Starting request: 10.222.0.24 "GET /placement/resource_providers?name=n-h1-835739-2" {{(pid=104559) __call__ /opt/stack/placement/placement/requestlog.py:55}}
Mar 30 12:35:32.579875 n-d-835739-2 devstack@placement-api.service[104559]: INFO placement.requestlog [req-89e81155-36b3-4663-8ed7-537bae1bdf4b req-cf014309-8dc9-4d06-9155-1aacf19893f0 service placement] 10.222.0.24 "GET /placement/resource_providers?name=n-h1-835739-2" status: 200 len: 441 microversion: 1.0
Mar 30 12:35:32.580608 n-d-835739-2 devstack@placement-api.service[104559]: [pid: 104559|app: 0|req: 37/80] 10.222.0.24 () {58 vars in 1274 bytes} [Wed Mar 30 12:35:32 2022] GET /placement/resource_providers?name=n-h1-835739-2 => generated 441 bytes in 35 msecs (HTTP/1.1 200) 6 headers in 224 bytes (1 switches on core 0)
Mar 30 12:35:32.592054 n-d-835739-2 devstack@placement-api.service[104558]: DEBUG placement.requestlog [req-89e81155-36b3-4663-8ed7-537bae1bdf4b req-27f7218d-7971-4017-b66a-0aa56c80983a None None] Starting request: 10.222.0.24 "GET /placement/resource_providers/b40740da-b229-4f19-8ca3-cf95d7e22477/aggregates" {{(pid=104558) __call__ /opt/stack/placement/placement/requestlog.py:55}}
Mar 30 12:35:32.613235 n-d-835739-2 devstack@placement-api.service[104558]: INFO placement.requestlog [req-89e81155-36b3-4663-8ed7-537bae1bdf4b req-27f7218d-7971-4017-b66a-0aa56c80983a service placement] 10.222.0.24 "GET /placement/resource_providers/b40740da-b229-4f19-8ca3-cf95d7e22477/aggregates" status: 200 len: 92 microversion: 1.19
Mar 30 12:35:32.614246 n-d-835739-2 devstack@placement-api.service[104558]: [pid: 104558|app: 0|req: 44/81] 10.222.0.24 () {60 vars in 1425 bytes} [Wed Mar 30 12:35:32 2022] GET /placement/resource_providers/b40740da-b229-4f19-8ca3-cf95d7e22477/aggregates => generated 92 bytes in 23 msecs (HTTP/1.1 200) 8 headers in 295 bytes (2 switches on core 0)
Mar 30 12:35:32.622078 n-d-835739-2 devstack@placement-api.service[104559]: DEBUG placement.requestlog [req-89e81155-36b3-4663-8ed7-537bae1bdf4b req-8aaba625-44e2-4e0a-8ab2-dc31f14539fc None None] Starting request: 10.222.0.24 "PUT /placement/resource_providers/b40740da-b229-4f19-8ca3-cf95d7e22477/aggregates" {{(pid=104559) __call__ /opt/stack/placement/placement/requestlog.py:55}}
Mar 30 12:35:32.667487 n-d-835739-2 devstack@placement-api.service[104559]: DEBUG placement.objects.resource_provider [req-89e81155-36b3-4663-8ed7-537bae1bdf4b req-8aaba625-44e2-4e0a-8ab2-dc31f14539fc service placement] Setting aggregates for provider b40740da-b229-4f19-8ca3-cf95d7e22477. Successfully disassociated aggregate c483d8aa-e023-4004-8e0c-5f66ec98f7d1. {{(pid=104559) _set_aggregates /opt/stack/placement/placement/objects/resource_provider.py:403}}
Mar 30 12:35:32.682210 n-d-835739-2 devstack@placement-api.service[104559]: INFO placement.requestlog [req-89e81155-36b3-4663-8ed7-537bae1bdf4b req-8aaba625-44e2-4e0a-8ab2-dc31f14539fc service placement] 10.222.0.24 "PUT /placement/resource_providers/b40740da-b229-4f19-8ca3-cf95d7e22477/aggregates" status: 200 len: 54 microversion: 1.19
Mar 30 12:35:32.683529 n-d-835739-2 devstack@placement-api.service[104559]: [pid: 104559|app: 0|req: 38/82] 10.222.0.24 () {64 vars in 1477 bytes} [Wed Mar 30 12:35:32 2022] PUT /placement/resource_providers/b40740da-b229-4f19-8ca3-cf95d7e22477/aggregates => generated 54 bytes in 63 msecs (HTTP/1.1 200) 8 headers in 295 bytes (2 switches on core 0)
Mar 30 12:35:32.687952 n-d-835739-2 devstack@placement-api.service[104558]: DEBUG placement.requestlog [req-0867a448-53ee-4d85-9890-00456a4c0247 req-08f90cef-d1da-42f0-8239-efb463c5352b None None] Starting request: 10.222.0.18 "GET /placement/allocations/91f7e4d1-0e8c-4cac-ad4f-2b8234726b73" {{(pid=104558) __call__ /opt/stack/placement/placement/requestlog.py:55}}
Mar 30 12:35:32.733281 n-d-835739-2 devstack@placement-api.service[104558]: INFO placement.requestlog [req-0867a448-53ee-4d85-9890-00456a4c0247 req-08f90cef-d1da-42f0-8239-efb463c5352b service placement] 10.222.0.18 "GET /placement/allocations/91f7e4d1-0e8c-4cac-ad4f-2b8234726b73" status: 200 len: 259 microversion: 1.28
Mar 30 12:35:32.735393 n-d-835739-2 devstack@placement-api.service[104558]: [pid: 104558|app: 0|req: 45/83] 10.222.0.18 () {60 vars in 1377 bytes} [Wed Mar 30 12:35:32 2022] GET /placement/allocations/91f7e4d1-0e8c-4cac-ad4f-2b8234726b73 => generated 259 bytes in 47 msecs (HTTP/1.1 200) 8 headers in 296 bytes (1 switches on core 0)
Mar 30 12:35:33.233831 n-d-835739-2 devstack@placement-api.service[104559]: DEBUG placement.requestlog [req-1361d25e-73c7-41a3-b9ec-466ff8ea51d9 req-608f8338-5520-40e5-93a6-5e5f5167e9f7 None None] Starting request: 10.222.0.24 "GET /placement/resource_providers?name=n-h1-835739-2" {{(pid=104559) __call__ /opt/stack/placement/placement/requestlog.py:55}}
Mar 30 12:35:33.253221 n-d-835739-2 devstack@placement-api.service[104559]: INFO placement.requestlog [req-1361d25e-73c7-41a3-b9ec-466ff8ea51d9 req-608f8338-5520-40e5-93a6-5e5f5167e9f7 service placement] 10.222.0.24 "GET /placement/resource_providers?name=n-h1-835739-2" status: 200 len: 441 microversion: 1.0
Mar 30 12:35:33.253945 n-d-835739-2 devstack@placement-api.service[104559]: [pid: 104559|app: 0|req: 39/84] 10.222.0.24 () {58 vars in 1274 bytes} [Wed Mar 30 12:35:33 2022] GET /placement/resource_providers?name=n-h1-835739-2 => generated 441 bytes in 20 msecs (HTTP/1.1 200) 6 headers in 224 bytes (1 switches on core 0)
Mar 30 12:35:33.266213 n-d-835739-2 devstack@placement-api.service[104558]: DEBUG placement.requestlog [req-1361d25e-73c7-41a3-b9ec-466ff8ea51d9 req-00e4ae6c-82a9-4b35-b8aa-4446a41d4fea None None] Starting request: 10.222.0.24 "GET /placement/resource_providers/b40740da-b229-4f19-8ca3-cf95d7e22477/aggregates" {{(pid=104558) __call__ /opt/stack/placement/placement/requestlog.py:55}}
Mar 30 12:35:33.290202 n-d-835739-2 devstack@placement-api.service[104558]: INFO placement.requestlog [req-1361d25e-73c7-41a3-b9ec-466ff8ea51d9 req-00e4ae6c-82a9-4b35-b8aa-4446a41d4fea service placement] 10.222.0.24 "GET /placement/resource_providers/b40740da-b229-4f19-8ca3-cf95d7e22477/aggregates" status: 200 len: 54 microversion: 1.19
Mar 30 12:35:33.290941 n-d-835739-2 devstack@placement-api.service[104558]: [pid: 104558|app: 0|req: 46/85] 10.222.0.24 () {60 vars in 1425 bytes} [Wed Mar 30 12:35:33 2022] GET /placement/resource_providers/b40740da-b229-4f19-8ca3-cf95d7e22477/aggregates => generated 54 bytes in 25 msecs (HTTP/1.1 200) 8 headers in 295 bytes (1 switches on core 0)
Mar 30 12:35:33.299301 n-d-835739-2 devstack@placement-api.service[104559]: DEBUG placement.requestlog [req-1361d25e-73c7-41a3-b9ec-466ff8ea51d9 req-55a0d637-c5d1-4c47-8bda-718cb5535259 None None] Starting request: 10.222.0.24 "PUT /placement/resource_providers/b40740da-b229-4f19-8ca3-cf95d7e22477/aggregates" {{(pid=104559) __call__ /opt/stack/placement/placement/requestlog.py:55}}
Mar 30 12:35:33.326666 n-d-835739-2 devstack@placement-api.service[104559]: DEBUG placement.objects.resource_provider [req-1361d25e-73c7-41a3-b9ec-466ff8ea51d9 req-55a0d637-c5d1-4c47-8bda-718cb5535259 service placement] _ensure_aggregate() did not find aggregate 304968d7-01ce-4fc3-b789-b3d4bca631c2. Attempting to create it. {{(pid=104559) _ensure_aggregate /opt/stack/placement/placement/objects/resource_provider.py:320}}
Mar 30 12:35:33.327929 n-d-835739-2 devstack@placement-api.service[104559]: DEBUG placement.objects.resource_provider [req-1361d25e-73c7-41a3-b9ec-466ff8ea51d9 req-55a0d637-c5d1-4c47-8bda-718cb5535259 service placement] _ensure_aggregate() created new aggregate 304968d7-01ce-4fc3-b789-b3d4bca631c2 (id=7). {{(pid=104559) _ensure_aggregate /opt/stack/placement/placement/objects/resource_provider.py:326}}
Mar 30 12:35:33.329303 n-d-835739-2 devstack@placement-api.service[104559]: DEBUG placement.objects.resource_provider [req-1361d25e-73c7-41a3-b9ec-466ff8ea51d9 req-55a0d637-c5d1-4c47-8bda-718cb5535259 service placement] Setting aggregates for provider b40740da-b229-4f19-8ca3-cf95d7e22477. Successfully associated aggregate 304968d7-01ce-4fc3-b789-b3d4bca631c2. {{(pid=104559) _set_aggregates /opt/stack/placement/placement/objects/resource_provider.py:388}}
Mar 30 12:35:33.341034 n-d-835739-2 devstack@placement-api.service[104559]: INFO placement.requestlog [req-1361d25e-73c7-41a3-b9ec-466ff8ea51d9 req-55a0d637-c5d1-4c47-8bda-718cb5535259 service placement] 10.222.0.24 "PUT /placement/resource_providers/b40740da-b229-4f19-8ca3-cf95d7e22477/aggregates" status: 200 len: 92 microversion: 1.19
Mar 30 12:35:33.346771 n-d-835739-2 devstack@placement-api.service[104559]: [pid: 104559|app: 0|req: 40/86] 10.222.0.24 () {64 vars in 1477 bytes} [Wed Mar 30 12:35:33 2022] PUT /placement/resource_providers/b40740da-b229-4f19-8ca3-cf95d7e22477/aggregates => generated 92 bytes in 47 msecs (HTTP/1.1 200) 8 headers in 295 bytes (1 switches on core 0)
Mar 30 12:35:33.618780 n-d-835739-2 devstack@placement-api.service[104558]: DEBUG placement.requestlog [req-4b3090a6-8536-4828-b6f6-beef9c80afbb req-fcfb29d2-b5f8-4051-9c0c-04f9484d5837 None None] Starting request: 10.222.0.24 "GET /placement/resource_providers?name=n-h1-835739-2" {{(pid=104558) __call__ /opt/stack/placement/placement/requestlog.py:55}}
Mar 30 12:35:33.639783 n-d-835739-2 devstack@placement-api.service[104558]: INFO placement.requestlog [req-4b3090a6-8536-4828-b6f6-beef9c80afbb req-fcfb29d2-b5f8-4051-9c0c-04f9484d5837 service placement] 10.222.0.24 "GET /placement/resource_providers?name=n-h1-835739-2" status: 200 len: 441 microversion: 1.0
Mar 30 12:35:33.640330 n-d-835739-2 devstack@placement-api.service[104558]: [pid: 104558|app: 0|req: 47/87] 10.222.0.24 () {58 vars in 1274 bytes} [Wed Mar 30 12:35:33 2022] GET /placement/resource_providers?name=n-h1-835739-2 => generated 441 bytes in 23 msecs (HTTP/1.1 200) 6 headers in 224 bytes (1 switches on core 0)
Mar 30 12:35:33.649956 n-d-835739-2 devstack@placement-api.service[104559]: DEBUG placement.requestlog [req-4b3090a6-8536-4828-b6f6-beef9c80afbb req-10be879d-7623-4479-9029-510aefb4e948 None None] Starting request: 10.222.0.24 "GET /placement/resource_providers/b40740da-b229-4f19-8ca3-cf95d7e22477/aggregates" {{(pid=104559) __call__ /opt/stack/placement/placement/requestlog.py:55}}
Mar 30 12:35:33.675929 n-d-835739-2 devstack@placement-api.service[104559]: INFO placement.requestlog [req-4b3090a6-8536-4828-b6f6-beef9c80afbb req-10be879d-7623-4479-9029-510aefb4e948 service placement] 10.222.0.24 "GET /placement/resource_providers/b40740da-b229-4f19-8ca3-cf95d7e22477/aggregates" status: 200 len: 92 microversion: 1.19
Mar 30 12:35:33.676324 n-d-835739-2 devstack@placement-api.service[104559]: [pid: 104559|app: 0|req: 41/88] 10.222.0.24 () {60 vars in 1425 bytes} [Wed Mar 30 12:35:33 2022] GET /placement/resource_providers/b40740da-b229-4f19-8ca3-cf95d7e22477/aggregates => generated 92 bytes in 27 msecs (HTTP/1.1 200) 8 headers in 295 bytes (1 switches on core 0)
Mar 30 12:35:33.683470 n-d-835739-2 devstack@placement-api.service[104558]: DEBUG placement.requestlog [req-4b3090a6-8536-4828-b6f6-beef9c80afbb req-5d4e82a2-c201-4e16-8faa-8abf9fda42f5 None None] Starting request: 10.222.0.24 "PUT /placement/resource_providers/b40740da-b229-4f19-8ca3-cf95d7e22477/aggregates" {{(pid=104558) __call__ /opt/stack/placement/placement/requestlog.py:55}}
Mar 30 12:35:33.704686 n-d-835739-2 devstack@placement-api.service[104558]: DEBUG placement.objects.resource_provider [req-4b3090a6-8536-4828-b6f6-beef9c80afbb req-5d4e82a2-c201-4e16-8faa-8abf9fda42f5 service placement] Setting aggregates for provider b40740da-b229-4f19-8ca3-cf95d7e22477. Successfully disassociated aggregate 304968d7-01ce-4fc3-b789-b3d4bca631c2. {{(pid=104558) _set_aggregates /opt/stack/placement/placement/objects/resource_provider.py:403}}
Mar 30 12:35:33.712258 n-d-835739-2 devstack@placement-api.service[104558]: INFO placement.requestlog [req-4b3090a6-8536-4828-b6f6-beef9c80afbb req-5d4e82a2-c201-4e16-8faa-8abf9fda42f5 service placement] 10.222.0.24 "PUT /placement/resource_providers/b40740da-b229-4f19-8ca3-cf95d7e22477/aggregates" status: 200 len: 54 microversion: 1.19
Mar 30 12:35:33.712696 n-d-835739-2 devstack@placement-api.service[104558]: [pid: 104558|app: 0|req: 48/89] 10.222.0.24 () {64 vars in 1477 bytes} [Wed Mar 30 12:35:33 2022] PUT /placement/resource_providers/b40740da-b229-4f19-8ca3-cf95d7e22477/aggregates => generated 54 bytes in 30 msecs (HTTP/1.1 200) 8 headers in 295 bytes (1 switches on core 0)
Mar 30 12:35:37.900159 n-d-835739-2 devstack@placement-api.service[104559]: DEBUG placement.requestlog [req-b78b5889-bc37-4289-96f8-04a0b986d831 req-246a715e-3cae-4b50-b61f-dba0a2f4e24f None None] Starting request: 10.222.0.24 "GET /placement/allocation_candidates?limit=1000&resources=DISK_GB%3A1%2CMEMORY_MB%3A1024%2CVCPU%3A1&root_required=%21COMPUTE_STATUS_DISABLED" {{(pid=104559) __call__ /opt/stack/placement/placement/requestlog.py:55}}
Mar 30 12:35:37.970942 n-d-835739-2 devstack@placement-api.service[104559]: DEBUG placement.objects.research_context [req-b78b5889-bc37-4289-96f8-04a0b986d831 req-246a715e-3cae-4b50-b61f-dba0a2f4e24f service placement] getting providers with 1 DISK_GB {{(pid=104559) __init__ /opt/stack/placement/placement/objects/research_context.py:136}}
Mar 30 12:35:38.002040 n-d-835739-2 devstack@placement-api.service[104559]: DEBUG placement.objects.research_context [req-b78b5889-bc37-4289-96f8-04a0b986d831 req-246a715e-3cae-4b50-b61f-dba0a2f4e24f service placement] getting providers with 1024 MEMORY_MB {{(pid=104559) __init__ /opt/stack/placement/placement/objects/research_context.py:136}}
Mar 30 12:35:38.014847 n-d-835739-2 devstack@placement-api.service[104559]: DEBUG placement.objects.research_context [req-b78b5889-bc37-4289-96f8-04a0b986d831 req-246a715e-3cae-4b50-b61f-dba0a2f4e24f service placement] getting providers with 1 VCPU {{(pid=104559) __init__ /opt/stack/placement/placement/objects/research_context.py:136}}
Mar 30 12:35:38.023069 n-d-835739-2 devstack@placement-api.service[104559]: DEBUG placement.objects.research_context [req-b78b5889-bc37-4289-96f8-04a0b986d831 req-246a715e-3cae-4b50-b61f-dba0a2f4e24f service placement] found 2 providers with available 1 DISK_GB {{(pid=104559) get_provider_ids_matching /opt/stack/placement/placement/objects/research_context.py:559}}
Mar 30 12:35:38.023627 n-d-835739-2 devstack@placement-api.service[104559]: DEBUG placement.objects.research_context [req-b78b5889-bc37-4289-96f8-04a0b986d831 req-246a715e-3cae-4b50-b61f-dba0a2f4e24f service placement] found 2 providers with available 1024 MEMORY_MB {{(pid=104559) get_provider_ids_matching /opt/stack/placement/placement/objects/research_context.py:559}}
Mar 30 12:35:38.025545 n-d-835739-2 devstack@placement-api.service[104559]: DEBUG placement.objects.research_context [req-b78b5889-bc37-4289-96f8-04a0b986d831 req-246a715e-3cae-4b50-b61f-dba0a2f4e24f service placement] found 2 providers after filtering by previous result {{(pid=104559) get_provider_ids_matching /opt/stack/placement/placement/objects/research_context.py:590}}
Mar 30 12:35:38.025808 n-d-835739-2 devstack@placement-api.service[104559]: DEBUG placement.objects.research_context [req-b78b5889-bc37-4289-96f8-04a0b986d831 req-246a715e-3cae-4b50-b61f-dba0a2f4e24f service placement] found 2 providers with available 1 VCPU {{(pid=104559) get_provider_ids_matching /opt/stack/placement/placement/objects/research_context.py:559}}
Mar 30 12:35:38.026098 n-d-835739-2 devstack@placement-api.service[104559]: DEBUG placement.objects.research_context [req-b78b5889-bc37-4289-96f8-04a0b986d831 req-246a715e-3cae-4b50-b61f-dba0a2f4e24f service placement] found 2 providers after filtering by previous result {{(pid=104559) get_provider_ids_matching /opt/stack/placement/placement/objects/research_context.py:590}}
Mar 30 12:35:38.051424 n-d-835739-2 devstack@placement-api.service[104559]: DEBUG placement.objects.allocation_candidate [req-b78b5889-bc37-4289-96f8-04a0b986d831 req-246a715e-3cae-4b50-b61f-dba0a2f4e24f service placement] RequestGroup(use_same_provider=False, resources={DISK_GB:1, MEMORY_MB:1024, VCPU:1}, traits=(), aggregates=[]) (suffix '') returned 2 matches {{(pid=104559) _get_by_requests /opt/stack/placement/placement/objects/allocation_candidate.py:156}}
Mar 30 12:35:38.052193 n-d-835739-2 devstack@placement-api.service[104559]: DEBUG placement.objects.allocation_candidate [req-b78b5889-bc37-4289-96f8-04a0b986d831 req-246a715e-3cae-4b50-b61f-dba0a2f4e24f service placement] Merging candidates yields 2 allocation requests and 2 provider summaries {{(pid=104559) _merge_candidates /opt/stack/placement/placement/objects/allocation_candidate.py:809}}
Mar 30 12:35:38.054474 n-d-835739-2 devstack@placement-api.service[104559]: INFO placement.requestlog [req-b78b5889-bc37-4289-96f8-04a0b986d831 req-246a715e-3cae-4b50-b61f-dba0a2f4e24f service placement] 10.222.0.24 "GET /placement/allocation_candidates?limit=1000&resources=DISK_GB%3A1%2CMEMORY_MB%3A1024%2CVCPU%3A1&root_required=%21COMPUTE_STATUS_DISABLED" status: 200 len: 1309 microversion: 1.36
Mar 30 12:35:38.062327 n-d-835739-2 devstack@placement-api.service[104559]: [pid: 104559|app: 0|req: 42/90] 10.222.0.24 () {60 vars in 1506 bytes} [Wed Mar 30 12:35:37 2022] GET /placement/allocation_candidates?limit=1000&resources=DISK_GB%3A1%2CMEMORY_MB%3A1024%2CVCPU%3A1&root_required=%21COMPUTE_STATUS_DISABLED => generated 1309 bytes in 162 msecs (HTTP/1.1 200) 8 headers in 297 bytes (1 switches on core 0)
Mar 30 12:35:38.175808 n-d-835739-2 devstack@placement-api.service[104558]: DEBUG placement.requestlog [req-b78b5889-bc37-4289-96f8-04a0b986d831 req-b0cb7787-684d-4eb1-b3ce-3867e89cf5db None None] Starting request: 10.222.0.24 "GET /placement/allocations/d29f04cc-62d8-4f61-a911-9d7750219570" {{(pid=104558) __call__ /opt/stack/placement/placement/requestlog.py:55}}
Mar 30 12:35:38.203087 n-d-835739-2 devstack@placement-api.service[104558]: INFO placement.requestlog [req-b78b5889-bc37-4289-96f8-04a0b986d831 req-b0cb7787-684d-4eb1-b3ce-3867e89cf5db service placement] 10.222.0.24 "GET /placement/allocations/d29f04cc-62d8-4f61-a911-9d7750219570" status: 200 len: 19 microversion: 1.28
Mar 30 12:35:38.210311 n-d-835739-2 devstack@placement-api.service[104559]: DEBUG placement.requestlog [req-b78b5889-bc37-4289-96f8-04a0b986d831 req-396c6b61-caae-407d-bb0f-4b5255408a7a None None] Starting request: 10.222.0.24 "PUT /placement/allocations/d29f04cc-62d8-4f61-a911-9d7750219570" {{(pid=104559) __call__ /opt/stack/placement/placement/requestlog.py:55}}
Mar 30 12:35:38.219955 n-d-835739-2 devstack@placement-api.service[104558]: [pid: 104558|app: 0|req: 49/91] 10.222.0.24 () {60 vars in 1380 bytes} [Wed Mar 30 12:35:38 2022] GET /placement/allocations/d29f04cc-62d8-4f61-a911-9d7750219570 => generated 19 bytes in 44 msecs (HTTP/1.1 200) 8 headers in 295 bytes (1 switches on core 0)
Mar 30 12:35:38.295506 n-d-835739-2 devstack@placement-api.service[104559]: DEBUG placement.handlers.allocation [req-b78b5889-bc37-4289-96f8-04a0b986d831 req-396c6b61-caae-407d-bb0f-4b5255408a7a service placement] Successfully wrote allocations [, , ] {{(pid=104559) _update_consumers_and_create_allocations /opt/stack/placement/placement/handlers/allocation.py:462}}
Mar 30 12:35:38.307451 n-d-835739-2 devstack@placement-api.service[104559]: INFO placement.requestlog [req-b78b5889-bc37-4289-96f8-04a0b986d831 req-396c6b61-caae-407d-bb0f-4b5255408a7a service placement] 10.222.0.24 "PUT /placement/allocations/d29f04cc-62d8-4f61-a911-9d7750219570" status: 204 len: 0 microversion: 1.36
Mar 30 12:35:38.318326 n-d-835739-2 devstack@placement-api.service[104559]: [pid: 104559|app: 0|req: 43/92] 10.222.0.24 () {64 vars in 1433 bytes} [Wed Mar 30 12:35:38 2022] PUT /placement/allocations/d29f04cc-62d8-4f61-a911-9d7750219570 => generated 0 bytes in 99 msecs (HTTP/1.1 204) 5 headers in 199 bytes (1 switches on core 0)
Mar 30 12:35:38.764601 n-d-835739-2 devstack@placement-api.service[104558]: DEBUG placement.requestlog [req-b78b5889-bc37-4289-96f8-04a0b986d831 req-d3aa1167-8565-4655-979f-da43ac590e9f None None] Starting request: 10.222.0.15 "GET /placement/allocations/d29f04cc-62d8-4f61-a911-9d7750219570" {{(pid=104558) __call__ /opt/stack/placement/placement/requestlog.py:55}}
Mar 30 12:35:38.795595 n-d-835739-2 devstack@placement-api.service[104558]: INFO placement.requestlog [req-b78b5889-bc37-4289-96f8-04a0b986d831 req-d3aa1167-8565-4655-979f-da43ac590e9f service placement] 10.222.0.15 "GET /placement/allocations/d29f04cc-62d8-4f61-a911-9d7750219570" status: 200 len: 258 microversion: 1.28
Mar 30 12:35:38.796510 n-d-835739-2 devstack@placement-api.service[104558]: [pid: 104558|app: 0|req: 50/93] 10.222.0.15 () {60 vars in 1377 bytes} [Wed Mar 30 12:35:38 2022] GET /placement/allocations/d29f04cc-62d8-4f61-a911-9d7750219570 => generated 258 bytes in 32 msecs (HTTP/1.1 200) 8 headers in 296 bytes (1 switches on core 0)
Mar 30 12:35:44.556446 n-d-835739-2 devstack@placement-api.service[104559]: DEBUG placement.requestlog [req-7e9d2ce3-83c6-4bdb-b29f-b966162abf10 req-21cbe976-5ccf-499a-a1f8-b9e41d2845f6 None None] Starting request: 10.222.0.24 "GET /placement/allocation_candidates?limit=1000&resources=DISK_GB%3A1%2CMEMORY_MB%3A1024%2CVCPU%3A1&root_required=%21COMPUTE_STATUS_DISABLED" {{(pid=104559) __call__ /opt/stack/placement/placement/requestlog.py:55}}
