Mar 23 01:25:25.084009 n-d-834677-4 neutron-server[99264]: INFO neutron.notifiers.nova [-] Nova event matching ['req-5e766a8b-0038-436f-b275-b74e1c28ff88'] response: {'name': 'network-changed', 'server_uuid': 'ca6d2d76-8c85-4d81-ae10-ef62b5c9164b', 'tag': '66eb0de5-75c2-4491-81ca-58c9ee758470', 'status': 'completed', 'code': 200}
Mar 23 01:25:25.092209 n-d-834677-4 neutron-server[99264]: INFO neutron.wsgi [req-525f0858-ba02-4ffa-8a23-f178f40bbbab req-48ca688c-4180-4719-a2c7-cc030856ec09 service neutron] 10.222.0.43 "GET /v2.0/floatingips?fixed_ip_address=192.168.233.240&port_id=66eb0de5-75c2-4491-81ca-58c9ee758470 HTTP/1.1" status: 200 len: 217 time: 0.0536492
Mar 23 01:25:25.098016 n-d-834677-4 neutron-server[99263]: DEBUG neutron.pecan_wsgi.hooks.policy_enforcement [req-81319ac5-9d05-41f8-8583-94f66c30e51a req-a5112fab-bb36-4d84-ae0d-775a1177f47a service neutron] Attributes excluded by policy engine: ['standard_attr_id'] {{(pid=99263) _exclude_attributes_by_policy /opt/stack/neutron/neutron/pecan_wsgi/hooks/policy_enforcement.py:255}}
Mar 23 01:25:25.101995 n-d-834677-4 neutron-server[99263]: INFO neutron.wsgi [req-81319ac5-9d05-41f8-8583-94f66c30e51a req-a5112fab-bb36-4d84-ae0d-775a1177f47a service neutron] 10.222.0.43 "GET /v2.0/ports?network_id=080a736b-27cd-405b-b5de-ee5cfb6bde25&device_owner=network%3Adhcp HTTP/1.1" status: 200 len: 1200 time: 0.3698545
Mar 23 01:25:25.134126 n-d-834677-4 neutron-server[99265]: DEBUG novaclient.v2.client [-] RESP: [200] Connection: close Content-Length: 183 Content-Type: application/json Date: Wed, 23 Mar 2022 01:25:24 GMT OpenStack-API-Version: compute 2.1 Server: Apache/2.4.41 (Ubuntu) Vary: OpenStack-API-Version,X-OpenStack-Nova-API-Version X-OpenStack-Nova-API-Version: 2.1 x-compute-request-id: req-f30c6cde-e8e8-4d17-8430-15f6a6a7be12 x-openstack-request-id: req-f30c6cde-e8e8-4d17-8430-15f6a6a7be12 {{(pid=99265) _http_log_response /usr/local/lib/python3.8/dist-packages/keystoneauth1/session.py:550}}
Mar 23 01:25:25.135518 n-d-834677-4 neutron-server[99265]: DEBUG novaclient.v2.client [-] RESP BODY: {"events": [{"server_uuid": "be4beea2-d143-4254-9b2f-ca8c1c16a4e5", "name": "network-vif-plugged", "status": "completed", "tag": "a08429ac-e841-47ed-859f-d6b27d2e90f6", "code": 200}]} {{(pid=99265) _http_log_response /usr/local/lib/python3.8/dist-packages/keystoneauth1/session.py:582}}
Mar 23 01:25:25.136295 n-d-834677-4 neutron-server[99265]: DEBUG novaclient.v2.client [-] POST call to compute for http://10.222.0.18/compute/v2.1/os-server-external-events used request id req-f30c6cde-e8e8-4d17-8430-15f6a6a7be12 {{(pid=99265) request /usr/local/lib/python3.8/dist-packages/keystoneauth1/session.py:954}}
Mar 23 01:25:25.137100 n-d-834677-4 neutron-server[99265]: INFO neutron.notifiers.nova [-] Nova event matching ['req-f30c6cde-e8e8-4d17-8430-15f6a6a7be12'] response: {'server_uuid': 'be4beea2-d143-4254-9b2f-ca8c1c16a4e5', 'name': 'network-vif-plugged', 'status': 'completed', 'tag': 'a08429ac-e841-47ed-859f-d6b27d2e90f6', 'code': 200}
Mar 23 01:25:25.182100 n-d-834677-4 neutron-server[99264]: DEBUG neutron.pecan_wsgi.hooks.policy_enforcement [req-525f0858-ba02-4ffa-8a23-f178f40bbbab req-1ac2a0bb-c646-4beb-a3a1-0159e4c412f0 service neutron] Attributes excluded by policy engine: ['standard_attr_id', 'shared'] {{(pid=99264) _exclude_attributes_by_policy /opt/stack/neutron/neutron/pecan_wsgi/hooks/policy_enforcement.py:255}}
Mar 23 01:25:25.183768 n-d-834677-4 neutron-server[99264]: INFO neutron.wsgi [req-525f0858-ba02-4ffa-8a23-f178f40bbbab req-1ac2a0bb-c646-4beb-a3a1-0159e4c412f0 service neutron] 10.222.0.43 "GET /v2.0/subnets?id=9a1acd02-8765-4406-ba53-e9336e9fe894 HTTP/1.1" status: 200 len: 843 time: 0.0813417
Mar 23 01:25:25.192888 n-d-834677-4 neutron-server[99263]: DEBUG neutron_lib.db.resource_extend [None req-0c0efd3a-28c6-400e-9bc7-784aad1a5184 admin admin] It took 0.11 seconds to run function 'neutron_lib.db.resource_extend.apply_funcs' {{(pid=99263) wrapper /usr/local/lib/python3.8/dist-packages/oslo_utils/timeutils.py:386}}
Mar 23 01:25:25.208609 n-d-834677-4 neutron-server[99263]: DEBUG neutron.wsgi [req-d41f8ea9-5fea-4140-b836-6a81d9aea3c7 req-a7d53a13-7f77-4233-a6a9-b760c7b2542e service neutron] http://10.222.0.18:9696/v2.0/extensions returned with HTTP 200 {{(pid=99263) __call__ /opt/stack/neutron/neutron/wsgi.py:730}}
Mar 23 01:25:25.225117 n-d-834677-4 neutron-server[99263]: INFO neutron.wsgi [req-d41f8ea9-5fea-4140-b836-6a81d9aea3c7 req-a7d53a13-7f77-4233-a6a9-b760c7b2542e service neutron] 10.222.0.18 "GET /v2.0/extensions HTTP/1.1" status: 200 len: 14082 time: 0.3268089
Mar 23 01:25:25.230656 n-d-834677-4 neutron-server[99264]: DEBUG neutron_lib.callbacks.manager [None req-875d87a0-48d7-4cdf-bf65-f07450d8be7f admin admin] Publish callbacks [] for security_group (a73f8e39-7537-41ce-a831-908c4b57531b), precommit_create {{(pid=99264) _notify_loop /usr/local/lib/python3.8/dist-packages/neutron_lib/callbacks/manager.py:176}}
Mar 23 01:25:25.244889 n-d-834677-4 neutron-server[99264]: DEBUG neutron_lib.callbacks.manager [None req-875d87a0-48d7-4cdf-bf65-f07450d8be7f admin admin] Publish callbacks ['neutron.plugins.ml2.ovo_rpc._ObjectChangeHandler.handle_event-7887138'] for security_group (a73f8e39-7537-41ce-a831-908c4b57531b), after_create {{(pid=99264) _notify_loop /usr/local/lib/python3.8/dist-packages/neutron_lib/callbacks/manager.py:176}}
Mar 23 01:25:25.278288 n-d-834677-4 neutron-server[99263]: DEBUG neutron_lib.callbacks.manager [None req-0c0efd3a-28c6-400e-9bc7-784aad1a5184 admin admin] Publish callbacks ['neutron.plugins.ml2.ovo_rpc._ObjectChangeHandler.handle_event-7887309', 'neutron.api.rpc.agentnotifiers.dhcp_rpc_agent_api.DhcpAgentNotifyAPI._native_event_send_dhcp_notification-7978312'] for network (d44dd811-bae2-4efa-9295-6d682f4c9315), after_create {{(pid=99263) _notify_loop /usr/local/lib/python3.8/dist-packages/neutron_lib/callbacks/manager.py:176}}
Mar 23 01:25:25.279231 n-d-834677-4 neutron-server[99263]: DEBUG neutron.pecan_wsgi.hooks.policy_enforcement [None req-0c0efd3a-28c6-400e-9bc7-784aad1a5184 admin admin] Attributes excluded by policy engine: ['standard_attr_id', 'vlan_transparent'] {{(pid=99263) _exclude_attributes_by_policy /opt/stack/neutron/neutron/pecan_wsgi/hooks/policy_enforcement.py:255}}
Mar 23 01:25:25.279826 n-d-834677-4 neutron-server[99263]: DEBUG neutron_lib.callbacks.manager [None req-0c0efd3a-28c6-400e-9bc7-784aad1a5184 admin admin] Publish callbacks ['neutron.api.rpc.agentnotifiers.dhcp_rpc_agent_api.DhcpAgentNotifyAPI._send_dhcp_notification-7978362'] for network (None), before_response {{(pid=99263) _notify_loop /usr/local/lib/python3.8/dist-packages/neutron_lib/callbacks/manager.py:176}}
Mar 23 01:25:25.323550 n-d-834677-4 neutron-server[99264]: INFO neutron.wsgi [None req-875d87a0-48d7-4cdf-bf65-f07450d8be7f admin admin] 10.222.0.18 "GET /v2.0/security-groups?tenant_id=55488acadf8b4dfabbc824e917122a5a&name=default HTTP/1.1" status: 200 len: 2996 time: 0.3812702
Mar 23 01:25:25.326340 n-d-834677-4 neutron-server[99264]: DEBUG neutron.wsgi [-] (99264) accepted ('10.222.0.18', 49424) {{(pid=99264) server /usr/local/lib/python3.8/dist-packages/eventlet/wsgi.py:1004}}
Mar 23 01:25:25.334974 n-d-834677-4 neutron-server[99264]: DEBUG neutron.pecan_wsgi.hooks.policy_enforcement [req-525f0858-ba02-4ffa-8a23-f178f40bbbab req-1ba1a6ea-4621-4bce-8aba-d86a6a0c2a1e service neutron] Attributes excluded by policy engine: ['standard_attr_id'] {{(pid=99264) _exclude_attributes_by_policy /opt/stack/neutron/neutron/pecan_wsgi/hooks/policy_enforcement.py:255}}
Mar 23 01:25:25.336432 n-d-834677-4 neutron-server[99264]: INFO neutron.wsgi [req-525f0858-ba02-4ffa-8a23-f178f40bbbab req-1ba1a6ea-4621-4bce-8aba-d86a6a0c2a1e service neutron] 10.222.0.43 "GET /v2.0/ports?network_id=c0552ab9-cef2-43bf-84f9-7f46dc193310&device_owner=network%3Adhcp HTTP/1.1" status: 200 len: 1203 time: 0.1437433
Mar 23 01:25:25.340806 n-d-834677-4 neutron-server[99264]: DEBUG neutron.api.rpc.handlers.resources_rpc [None req-875d87a0-48d7-4cdf-bf65-f07450d8be7f admin admin] Pushing event updated for resources: {'SecurityGroup': ['ID=a73f8e39-7537-41ce-a831-908c4b57531b,revision_number=1']} {{(pid=99264) push /opt/stack/neutron/neutron/api/rpc/handlers/resources_rpc.py:237}}
Mar 23 01:25:25.426892 n-d-834677-4 neutron-server[99264]: DEBUG neutron.pecan_wsgi.hooks.policy_enforcement [req-9654e2e4-34c6-498e-8ed3-504db33e6b35 req-de540cb0-cc6d-4956-819b-b970f86090d5 service neutron] Attributes excluded by policy engine: ['standard_attr_id'] {{(pid=99264) _exclude_attributes_by_policy /opt/stack/neutron/neutron/pecan_wsgi/hooks/policy_enforcement.py:255}}
Mar 23 01:25:25.428440 n-d-834677-4 neutron-server[99264]: INFO neutron.wsgi [req-9654e2e4-34c6-498e-8ed3-504db33e6b35 req-de540cb0-cc6d-4956-819b-b970f86090d5 service neutron] 10.222.0.42 "GET /v2.0/ports?device_id=be4beea2-d143-4254-9b2f-ca8c1c16a4e5 HTTP/1.1" status: 200 len: 1131 time: 0.1954350
Mar 23 01:25:25.531991 n-d-834677-4 neutron-server[99264]: DEBUG neutron_lib.callbacks.manager [None req-5a93354e-9766-45ea-ae39-c1f5f13aa6cb admin admin] Publish callbacks [] for security_group (a73f8e39-7537-41ce-a831-908c4b57531b), before_delete {{(pid=99264) _notify_loop /usr/local/lib/python3.8/dist-packages/neutron_lib/callbacks/manager.py:176}}
Mar 23 01:25:25.546817 n-d-834677-4 neutron-server[99264]: INFO neutron.wsgi [req-9654e2e4-34c6-498e-8ed3-504db33e6b35 req-116f45e0-b20d-4ced-af14-adba7f9f6c9a service neutron] 10.222.0.42 "GET /v2.0/security-groups?id=e03921d6-ab55-443f-9857-9f235a56024e&fields=id&fields=name HTTP/1.1" status: 200 len: 286 time: 0.1095269
Mar 23 01:25:25.564921 n-d-834677-4 neutron-server[99264]: INFO neutron.wsgi [req-525f0858-ba02-4ffa-8a23-f178f40bbbab req-6f276ec0-4af1-4587-9018-d9fc2c9caad3 service neutron] 10.222.0.43 "GET /v2.0/networks/c0552ab9-cef2-43bf-84f9-7f46dc193310?fields=segments HTTP/1.1" status: 200 len: 212 time: 0.2130594
Mar 23 01:25:25.611416 n-d-834677-4 neutron-server[99264]: DEBUG neutron_lib.callbacks.manager [None req-5a93354e-9766-45ea-ae39-c1f5f13aa6cb admin admin] Publish callbacks [] for security_group (a73f8e39-7537-41ce-a831-908c4b57531b), precommit_delete {{(pid=99264) _notify_loop /usr/local/lib/python3.8/dist-packages/neutron_lib/callbacks/manager.py:176}}
Mar 23 01:25:25.619988 n-d-834677-4 neutron-server[99263]: INFO neutron.wsgi [req-81319ac5-9d05-41f8-8583-94f66c30e51a req-bf555b5f-0a12-4fea-a25e-dce9ba36b2bc service neutron] 10.222.0.43 "GET /v2.0/networks/080a736b-27cd-405b-b5de-ee5cfb6bde25?fields=segments HTTP/1.1" status: 200 len: 212 time: 0.5090647
Mar 23 01:25:25.642255 n-d-834677-4 neutron-server[99263]: INFO neutron.wsgi [None req-0c0efd3a-28c6-400e-9bc7-784aad1a5184 admin admin] 10.222.0.18 "POST /v2.0/networks HTTP/1.1" status: 201 len: 893 time: 2.0439820
Mar 23 01:25:25.647470 n-d-834677-4 neutron-server[99263]: DEBUG neutron.wsgi [-] (99263) accepted ('10.222.0.18', 49432) {{(pid=99263) server /usr/local/lib/python3.8/dist-packages/eventlet/wsgi.py:1004}}
Mar 23 01:25:25.665803 n-d-834677-4 neutron-server[99263]: DEBUG neutron.api.v2.base [None req-0ee91d32-41f7-456a-a6a5-e02b796cea54 admin admin] Request body: {'subnet': {'network_id': 'd44dd811-bae2-4efa-9295-6d682f4c9315', 'cidr': '172.20.0.0/28', 'name': 'tempest-LiveAutoBlockMigrationV225Test-2034878898-subnet', 'tenant_id': '2a05ac1f6247492dbd8888aad87a4e5e', 'enable_dhcp': False, 'ip_version': 4}} {{(pid=99263) prepare_request_body /opt/stack/neutron/neutron/api/v2/base.py:729}}
Mar 23 01:25:25.669011 n-d-834677-4 neutron-server[99263]: DEBUG neutron.api.rpc.handlers.resources_rpc [None req-0c0efd3a-28c6-400e-9bc7-784aad1a5184 admin admin] Pushing event updated for resources: {'Network': ['ID=d44dd811-bae2-4efa-9295-6d682f4c9315,revision_number=1']} {{(pid=99263) push /opt/stack/neutron/neutron/api/rpc/handlers/resources_rpc.py:237}}
Mar 23 01:25:25.691735 n-d-834677-4 neutron-server[99265]: DEBUG neutron.plugins.ml2.rpc [None req-adbdfd50-bdec-4565-86bd-3d9a5e8e83e2 None None] Network d44dd811-bae2-4efa-9295-6d682f4c9315 details requested by agent ovs-agent-n-d-834677-4 with host n-d-834677-4 {{(pid=99265) get_network_details /opt/stack/neutron/neutron/plugins/ml2/rpc.py:248}}
Mar 23 01:25:25.744282 n-d-834677-4 neutron-server[99263]: DEBUG neutron.pecan_wsgi.hooks.quota_enforcement [None req-0ee91d32-41f7-456a-a6a5-e02b796cea54 admin admin] Made reservation on behalf of 2a05ac1f6247492dbd8888aad87a4e5e for: {'subnet': 1} {{(pid=99263) before /opt/stack/neutron/neutron/pecan_wsgi/hooks/quota_enforcement.py:53}}
Mar 23 01:25:25.746970 n-d-834677-4 neutron-server[99263]: DEBUG neutron_lib.callbacks.manager [None req-0ee91d32-41f7-456a-a6a5-e02b796cea54 admin admin] Publish callbacks [] for subnet (None), before_create {{(pid=99263) _notify_loop /usr/local/lib/python3.8/dist-packages/neutron_lib/callbacks/manager.py:176}}
Mar 23 01:25:25.761087 n-d-834677-4 neutron-server[99263]: DEBUG neutron.pecan_wsgi.hooks.policy_enforcement [req-75cbb8ed-4738-47c2-ae71-476a1bc5746f req-b7870451-14b1-421a-8ee5-233fd22a714c tempest-LiveMigrationNegativeTest-1951197236 tempest-LiveMigrationNegativeTest-1951197236-project] Attributes excluded by policy engine: ['standard_attr_id', 'binding:profile', 'binding:host_id', 'binding:vif_type', 'binding:vif_details'] {{(pid=99263) _exclude_attributes_by_policy /opt/stack/neutron/neutron/pecan_wsgi/hooks/policy_enforcement.py:255}}
Mar 23 01:25:25.763080 n-d-834677-4 neutron-server[99263]: INFO neutron.wsgi [req-75cbb8ed-4738-47c2-ae71-476a1bc5746f req-b7870451-14b1-421a-8ee5-233fd22a714c tempest-LiveMigrationNegativeTest-1951197236 tempest-LiveMigrationNegativeTest-1951197236-project] 10.222.0.18 "GET /v2.0/ports?device_id=be4beea2-d143-4254-9b2f-ca8c1c16a4e5 HTTP/1.1" status: 200 len: 949 time: 0.1810000
Mar 23 01:25:25.779151 n-d-834677-4 neutron-server[99265]: DEBUG neutron_lib.callbacks.manager [None req-adbdfd50-bdec-4565-86bd-3d9a5e8e83e2 None None] Publish callbacks ['neutron.services.segments.db._update_segment_host_mapping_for_agent-8757123563569', 'neutron.plugins.ml2.plugin.Ml2Plugin._retry_binding_revived_agents-7475490'] for agent (5e3b8616-92ca-4431-9029-f42d4cb9a9dc), after_update {{(pid=99265) _notify_loop /usr/local/lib/python3.8/dist-packages/neutron_lib/callbacks/manager.py:176}}
Mar 23 01:25:25.870800 n-d-834677-4 neutron-server[99263]: INFO neutron.wsgi [req-81319ac5-9d05-41f8-8583-94f66c30e51a req-37c6b33d-a86b-443e-8cb4-4fa1d3601679 service neutron] 10.222.0.43 "GET /v2.0/networks/080a736b-27cd-405b-b5de-ee5cfb6bde25?fields=provider%3Aphysical_network&fields=provider%3Anetwork_type HTTP/1.1" status: 200 len: 281 time: 0.2247713
Mar 23 01:25:25.899980 n-d-834677-4 neutron-server[99263]: INFO neutron.wsgi [req-75cbb8ed-4738-47c2-ae71-476a1bc5746f req-b7ea8488-a3f0-4f9f-9214-ca9235b26483 tempest-LiveMigrationNegativeTest-1951197236 tempest-LiveMigrationNegativeTest-1951197236-project] 10.222.0.18 "GET /v2.0/security-groups?id=e03921d6-ab55-443f-9857-9f235a56024e&fields=id&fields=name HTTP/1.1" status: 200 len: 286 time: 0.1195977
Mar 23 01:25:25.960925 n-d-834677-4 neutron-server[99264]: DEBUG neutron.pecan_wsgi.hooks.policy_enforcement [req-638b10e6-f6b2-4a6b-8108-5d29f6a1572c req-82edd4db-89ae-4e81-8891-4348e4e8b25c tempest-ServersAdminNegativeTestJSON-516826325 tempest-ServersAdminNegativeTestJSON-516826325-project] Attributes excluded by policy engine: ['standard_attr_id', 'binding:profile', 'binding:host_id', 'binding:vif_type', 'binding:vif_details'] {{(pid=99264) _exclude_attributes_by_policy /opt/stack/neutron/neutron/pecan_wsgi/hooks/policy_enforcement.py:255}}
Mar 23 01:25:25.962472 n-d-834677-4 neutron-server[99264]: INFO neutron.wsgi [req-638b10e6-f6b2-4a6b-8108-5d29f6a1572c req-82edd4db-89ae-4e81-8891-4348e4e8b25c tempest-ServersAdminNegativeTestJSON-516826325 tempest-ServersAdminNegativeTestJSON-516826325-project] 10.222.0.18 "GET /v2.0/ports?device_id=0bbfe0e4-804d-4294-886f-fb4a8aeeedb8 HTTP/1.1" status: 200 len: 949 time: 0.4223504
Mar 23 01:25:25.996926 n-d-834677-4 neutron-server[99264]: INFO neutron.wsgi [req-525f0858-ba02-4ffa-8a23-f178f40bbbab req-315105ab-cc03-414a-a4cc-349917fdc051 service neutron] 10.222.0.43 "GET /v2.0/networks/c0552ab9-cef2-43bf-84f9-7f46dc193310?fields=provider%3Aphysical_network&fields=provider%3Anetwork_type HTTP/1.1" status: 200 len: 281 time: 0.4150872
Mar 23 01:25:26.014375 n-d-834677-4 neutron-server[99264]: DEBUG neutron_lib.callbacks.manager [None req-5a93354e-9766-45ea-ae39-c1f5f13aa6cb admin admin] Publish callbacks ['neutron.plugins.ml2.ovo_rpc._ObjectChangeHandler.handle_event-7887138'] for security_group (a73f8e39-7537-41ce-a831-908c4b57531b), after_delete {{(pid=99264) _notify_loop /usr/local/lib/python3.8/dist-packages/neutron_lib/callbacks/manager.py:176}}
Mar 23 01:25:26.016897 n-d-834677-4 neutron-server[99264]: DEBUG neutron_lib.callbacks.manager [None req-5a93354e-9766-45ea-ae39-c1f5f13aa6cb admin admin] Publish callbacks [] for security_group (None), before_response {{(pid=99264) _notify_loop /usr/local/lib/python3.8/dist-packages/neutron_lib/callbacks/manager.py:176}}
Mar 23 01:25:26.018363 n-d-834677-4 neutron-server[99264]: INFO neutron.wsgi [None req-5a93354e-9766-45ea-ae39-c1f5f13aa6cb admin admin] 10.222.0.18 "DELETE /v2.0/security-groups/a73f8e39-7537-41ce-a831-908c4b57531b HTTP/1.1" status: 204 len: 168 time: 0.6909890
Mar 23 01:25:26.037713 n-d-834677-4 neutron-server[99263]: DEBUG neutron_lib.callbacks.manager [None req-0ee91d32-41f7-456a-a6a5-e02b796cea54 admin admin] Publish callbacks ['neutron.plugins.ml2.ovo_rpc._ObjectChangeHandler.handle_event-7885173', 'neutron.api.rpc.agentnotifiers.dhcp_rpc_agent_api.DhcpAgentNotifyAPI._native_event_send_dhcp_notification-7978312'] for subnet (b151ab54-9dd9-40f8-bf23-730b361e4833), after_create {{(pid=99263) _notify_loop /usr/local/lib/python3.8/dist-packages/neutron_lib/callbacks/manager.py:176}}
Mar 23 01:25:26.040537 n-d-834677-4 neutron-server[99264]: DEBUG neutron.api.rpc.handlers.resources_rpc [None req-5a93354e-9766-45ea-ae39-c1f5f13aa6cb admin admin] Pushing event deleted for resources: {'SecurityGroup': ['ID=a73f8e39-7537-41ce-a831-908c4b57531b,revision_number=None']} {{(pid=99264) push /opt/stack/neutron/neutron/api/rpc/handlers/resources_rpc.py:237}}
Mar 23 01:25:26.057654 n-d-834677-4 neutron-server[99264]: INFO neutron.wsgi [req-638b10e6-f6b2-4a6b-8108-5d29f6a1572c req-da8b8a1e-acd6-4102-8973-90938357c6f4 tempest-ServersAdminNegativeTestJSON-516826325 tempest-ServersAdminNegativeTestJSON-516826325-project] 10.222.0.18 "GET /v2.0/security-groups?id=04f4347a-e68a-4905-b6f9-edcd869782bf&fields=id&fields=name HTTP/1.1" status: 200 len: 286 time: 0.0764918
Mar 23 01:25:26.130152 n-d-834677-4 neutron-server[99263]: DEBUG neutron.api.rpc.handlers.resources_rpc [None req-0ee91d32-41f7-456a-a6a5-e02b796cea54 admin admin] Pushing event updated for resources: {'Subnet': ['ID=b151ab54-9dd9-40f8-bf23-730b361e4833,revision_number=0']} {{(pid=99263) push /opt/stack/neutron/neutron/api/rpc/handlers/resources_rpc.py:237}}
Mar 23 01:25:26.141116 n-d-834677-4 neutron-server[99263]: DEBUG neutron.plugins.ml2.drivers.mech_agent [None req-0ee91d32-41f7-456a-a6a5-e02b796cea54 admin admin] Checking segment: {'id': '2af5340e-5894-4fc1-b472-5eda067b0ece', 'network_type': 'vlan', 'physical_network': 'physnet1', 'segmentation_id': 87, 'network_id': 'd44dd811-bae2-4efa-9295-6d682f4c9315'} for mappings: {'physnet1': 'br-data'} with network types: ['local', 'flat', 'vlan'] {{(pid=99263) check_segment_for_agent /opt/stack/neutron/neutron/plugins/ml2/drivers/mech_agent.py:373}}
Mar 23 01:25:26.141481 n-d-834677-4 neutron-server[99263]: DEBUG neutron.scheduler.dhcp_agent_scheduler [None req-0ee91d32-41f7-456a-a6a5-e02b796cea54 admin admin] Network hostable DHCP agents. Network: d44dd811-bae2-4efa-9295-6d682f4c9315, hostable agents: ['4668731f-93f2-4e9a-9677-07857bda9adf'], hosted agents: [] {{(pid=99263) _get_network_hostable_dhcp_agents /opt/stack/neutron/neutron/scheduler/dhcp_agent_scheduler.py:329}}
Mar 23 01:25:26.167315 n-d-834677-4 neutron-server[99263]: DEBUG neutron.scheduler.dhcp_agent_scheduler [None req-0ee91d32-41f7-456a-a6a5-e02b796cea54 admin admin] Network d44dd811-bae2-4efa-9295-6d682f4c9315 is scheduled to be hosted by DHCP agent 4668731f-93f2-4e9a-9677-07857bda9adf with binding_index 1 {{(pid=99263) bind /opt/stack/neutron/neutron/scheduler/dhcp_agent_scheduler.py:227}}
Mar 23 01:25:26.180536 n-d-834677-4 neutron-server[99263]: DEBUG neutron.scheduler.base_scheduler [None req-0ee91d32-41f7-456a-a6a5-e02b796cea54 admin admin] Resources bound (agent type, host, resource id): (DHCP agent, n-d-834677-4, d44dd811-bae2-4efa-9295-6d682f4c9315) {{(pid=99263) schedule /opt/stack/neutron/neutron/scheduler/base_scheduler.py:57}}
Mar 23 01:25:26.186771 n-d-834677-4 neutron-server[99263]: DEBUG neutron.pecan_wsgi.hooks.policy_enforcement [None req-0ee91d32-41f7-456a-a6a5-e02b796cea54 admin admin] Attributes excluded by policy engine: ['standard_attr_id', 'shared', 'network'] {{(pid=99263) _exclude_attributes_by_policy /opt/stack/neutron/neutron/pecan_wsgi/hooks/policy_enforcement.py:255}}
Mar 23 01:25:26.188554 n-d-834677-4 neutron-server[99263]: DEBUG neutron_lib.callbacks.manager [None req-0ee91d32-41f7-456a-a6a5-e02b796cea54 admin admin] Publish callbacks ['neutron.api.rpc.agentnotifiers.dhcp_rpc_agent_api.DhcpAgentNotifyAPI._send_dhcp_notification-7978362'] for subnet (None), before_response {{(pid=99263) _notify_loop /usr/local/lib/python3.8/dist-packages/neutron_lib/callbacks/manager.py:176}}
Mar 23 01:25:26.191791 n-d-834677-4 neutron-server[99265]: DEBUG neutron.api.rpc.handlers.dhcp_rpc [None req-1ed51608-cfb6-4bdb-8bff-a068b53c58b2 None None] Network d44dd811-bae2-4efa-9295-6d682f4c9315 requested from n-d-834677-4 {{(pid=99265) get_network_info /opt/stack/neutron/neutron/api/rpc/handlers/dhcp_rpc.py:191}}
Mar 23 01:25:26.221898 n-d-834677-4 neutron-server[99263]: INFO neutron.wsgi [None req-0ee91d32-41f7-456a-a6a5-e02b796cea54 admin admin] 10.222.0.18 "POST /v2.0/subnets HTTP/1.1" status: 201 len: 858 time: 0.5670607
Mar 23 01:25:26.248903 n-d-834677-4 neutron-server[99264]: DEBUG neutron.pecan_wsgi.hooks.policy_enforcement [req-51a3d98f-51e7-4704-91f4-197695d84832 req-eb4b356e-5a44-459a-812d-d8651a35ad6a service neutron] Attributes excluded by policy engine: ['standard_attr_id'] {{(pid=99264) _exclude_attributes_by_policy /opt/stack/neutron/neutron/pecan_wsgi/hooks/policy_enforcement.py:255}}
Mar 23 01:25:26.250407 n-d-834677-4 neutron-server[99264]: INFO neutron.wsgi [req-51a3d98f-51e7-4704-91f4-197695d84832 req-eb4b356e-5a44-459a-812d-d8651a35ad6a service neutron] 10.222.0.43 "GET /v2.0/ports?tenant_id=22d058ad966146e8aab32624a1a1ed6d&device_id=ca6d2d76-8c85-4d81-ae10-ef62b5c9164b HTTP/1.1" status: 200 len: 1130 time: 0.0962346
Mar 23 01:25:26.267727 n-d-834677-4 neutron-server[99264]: DEBUG neutron.pecan_wsgi.hooks.policy_enforcement [req-b4a71ced-7bf4-4fcf-8b3b-1ab869978dec req-3f9312ec-e4a8-4987-aa52-312f982ee3a7 tempest-DeleteServersAdminTestJSON-1948518491 tempest-DeleteServersAdminTestJSON-1948518491-project] Attributes excluded by policy engine: ['standard_attr_id', 'binding:profile', 'binding:host_id', 'binding:vif_type', 'binding:vif_details'] {{(pid=99264) _exclude_attributes_by_policy /opt/stack/neutron/neutron/pecan_wsgi/hooks/policy_enforcement.py:255}}
Mar 23 01:25:26.275071 n-d-834677-4 neutron-server[99264]: INFO neutron.wsgi [req-b4a71ced-7bf4-4fcf-8b3b-1ab869978dec req-3f9312ec-e4a8-4987-aa52-312f982ee3a7 tempest-DeleteServersAdminTestJSON-1948518491 tempest-DeleteServersAdminTestJSON-1948518491-project] 10.222.0.18 "GET /v2.0/ports?device_id=ca6d2d76-8c85-4d81-ae10-ef62b5c9164b HTTP/1.1" status: 200 len: 948 time: 0.1088800
Mar 23 01:25:26.374269 n-d-834677-4 neutron-server[99265]: DEBUG neutron.api.rpc.handlers.dhcp_rpc [None req-104088e3-18ee-4a9b-995a-467bd11dc933 None None] Network d44dd811-bae2-4efa-9295-6d682f4c9315 requested from n-d-834677-4 {{(pid=99265) get_network_info /opt/stack/neutron/neutron/api/rpc/handlers/dhcp_rpc.py:191}}
Mar 23 01:25:26.391559 n-d-834677-4 neutron-server[99264]: DEBUG neutron.pecan_wsgi.hooks.policy_enforcement [req-51a3d98f-51e7-4704-91f4-197695d84832 req-5a247d01-71b5-47d9-a9c5-cc271c43f01a service neutron] Attributes excluded by policy engine: ['standard_attr_id', 'vlan_transparent'] {{(pid=99264) _exclude_attributes_by_policy /opt/stack/neutron/neutron/pecan_wsgi/hooks/policy_enforcement.py:255}}
Mar 23 01:25:26.393106 n-d-834677-4 neutron-server[99264]: INFO neutron.wsgi [req-51a3d98f-51e7-4704-91f4-197695d84832 req-5a247d01-71b5-47d9-a9c5-cc271c43f01a service neutron] 10.222.0.43 "GET /v2.0/networks?id=c0552ab9-cef2-43bf-84f9-7f46dc193310 HTTP/1.1" status: 200 len: 869 time: 0.1155937
Mar 23 01:25:26.487867 n-d-834677-4 neutron-server[99264]: INFO neutron.wsgi [req-51a3d98f-51e7-4704-91f4-197695d84832 req-9a46f373-438d-4899-a9c8-f3a12fd5ebfe service neutron] 10.222.0.43 "GET /v2.0/floatingips?fixed_ip_address=192.168.233.240&port_id=66eb0de5-75c2-4491-81ca-58c9ee758470 HTTP/1.1" status: 200 len: 217 time: 0.0822625
Mar 23 01:25:26.500159 n-d-834677-4 neutron-server[99264]: INFO neutron.wsgi [req-b4a71ced-7bf4-4fcf-8b3b-1ab869978dec req-f9540277-f6a5-4149-8cd6-30840d8d5d12 tempest-DeleteServersAdminTestJSON-1948518491 tempest-DeleteServersAdminTestJSON-1948518491-project] 10.222.0.18 "GET /v2.0/security-groups?id=aac6acc4-2a4e-4b7a-a140-f9951c082628&fields=id&fields=name HTTP/1.1" status: 200 len: 286 time: 0.2239327
Mar 23 01:25:26.579825 n-d-834677-4 neutron-server[99263]: INFO neutron.wsgi [req-a9759d14-4f99-43d8-b816-43abfe2b28b8 req-a3bc2cf6-afa3-403d-9a04-80752d8b2d8f tempest-ServersAdmin275Test-1132799058 tempest-ServersAdmin275Test-1132799058-project] 10.222.0.18 "GET /v2.0/ports?device_id=d34b0d29-7087-4efb-870a-5ccd1ec07695 HTTP/1.1" status: 200 len: 210 time: 0.0710318
Mar 23 01:25:26.582982 n-d-834677-4 neutron-server[99264]: DEBUG neutron.pecan_wsgi.hooks.policy_enforcement [req-51a3d98f-51e7-4704-91f4-197695d84832 req-2dc71058-b782-4e38-b3e3-189286b91f59 service neutron] Attributes excluded by policy engine: ['standard_attr_id', 'shared'] {{(pid=99264) _exclude_attributes_by_policy /opt/stack/neutron/neutron/pecan_wsgi/hooks/policy_enforcement.py:255}}
Mar 23 01:25:26.585300 n-d-834677-4 neutron-server[99264]: INFO neutron.wsgi [req-51a3d98f-51e7-4704-91f4-197695d84832 req-2dc71058-b782-4e38-b3e3-189286b91f59 service neutron] 10.222.0.43 "GET /v2.0/subnets?id=9a1acd02-8765-4406-ba53-e9336e9fe894 HTTP/1.1" status: 200 len: 843 time: 0.0837140
Mar 23 01:25:26.678775 n-d-834677-4 neutron-server[99264]: DEBUG neutron.pecan_wsgi.hooks.policy_enforcement [req-51a3d98f-51e7-4704-91f4-197695d84832 req-b559c272-650a-4dc0-af8e-f790e086b1b0 service neutron] Attributes excluded by policy engine: ['standard_attr_id'] {{(pid=99264) _exclude_attributes_by_policy /opt/stack/neutron/neutron/pecan_wsgi/hooks/policy_enforcement.py:255}}
Mar 23 01:25:26.680493 n-d-834677-4 neutron-server[99264]: INFO neutron.wsgi [req-51a3d98f-51e7-4704-91f4-197695d84832 req-b559c272-650a-4dc0-af8e-f790e086b1b0 service neutron] 10.222.0.43 "GET /v2.0/ports?network_id=c0552ab9-cef2-43bf-84f9-7f46dc193310&device_owner=network%3Adhcp HTTP/1.1" status: 200 len: 1203 time: 0.0686195
Mar 23 01:25:26.822644 n-d-834677-4 neutron-server[99264]: INFO neutron.wsgi [req-51a3d98f-51e7-4704-91f4-197695d84832 req-afabaa1b-175f-4186-8f40-0375679fd231 service neutron] 10.222.0.43 "GET /v2.0/networks/c0552ab9-cef2-43bf-84f9-7f46dc193310?fields=segments HTTP/1.1" status: 200 len: 212 time: 0.1227484
Mar 23 01:25:26.927801 n-d-834677-4 neutron-server[99264]: INFO neutron.wsgi [req-51a3d98f-51e7-4704-91f4-197695d84832 req-8f503ed0-d761-4b31-9e36-e20a8a029814 service neutron] 10.222.0.43 "GET /v2.0/networks/c0552ab9-cef2-43bf-84f9-7f46dc193310?fields=provider%3Aphysical_network&fields=provider%3Anetwork_type HTTP/1.1" status: 200 len: 281 time: 0.0985696
Mar 23 01:25:27.027256 n-d-834677-4 neutron-server[99263]: DEBUG neutron.pecan_wsgi.hooks.policy_enforcement [req-484fa2c2-965a-4883-a8ec-9f1f1e6bb909 req-890e56ab-14b4-4c56-ae88-f3a9cdb888ca tempest-LiveMigrationNegativeTest-1951197236 tempest-LiveMigrationNegativeTest-1951197236-project] Attributes excluded by policy engine: ['standard_attr_id', 'binding:profile', 'binding:host_id', 'binding:vif_type', 'binding:vif_details'] {{(pid=99263) _exclude_attributes_by_policy /opt/stack/neutron/neutron/pecan_wsgi/hooks/policy_enforcement.py:255}}
Mar 23 01:25:27.034225 n-d-834677-4 neutron-server[99263]: INFO neutron.wsgi [req-484fa2c2-965a-4883-a8ec-9f1f1e6bb909 req-890e56ab-14b4-4c56-ae88-f3a9cdb888ca tempest-LiveMigrationNegativeTest-1951197236 tempest-LiveMigrationNegativeTest-1951197236-project] 10.222.0.18 "GET /v2.0/ports?device_id=be4beea2-d143-4254-9b2f-ca8c1c16a4e5 HTTP/1.1" status: 200 len: 949 time: 0.0622072
Mar 23 01:25:27.087198 n-d-834677-4 neutron-server[99263]: INFO neutron.wsgi [req-484fa2c2-965a-4883-a8ec-9f1f1e6bb909 req-0e0ede29-8a85-49fe-9dcc-d4f6740b2bc2 tempest-LiveMigrationNegativeTest-1951197236 tempest-LiveMigrationNegativeTest-1951197236-project] 10.222.0.18 "GET /v2.0/security-groups?id=e03921d6-ab55-443f-9857-9f235a56024e&fields=id&fields=name HTTP/1.1" status: 200 len: 286 time: 0.0519543
Mar 23 01:25:27.106421 n-d-834677-4 neutron-server[99263]: DEBUG neutron.wsgi [-] (99263) accepted ('10.222.0.18', 49480) {{(pid=99263) server /usr/local/lib/python3.8/dist-packages/eventlet/wsgi.py:1004}}
Mar 23 01:25:27.165635 n-d-834677-4 neutron-server[99263]: DEBUG neutron.wsgi [-] (99263) accepted ('10.222.0.18', 49488) {{(pid=99263) server /usr/local/lib/python3.8/dist-packages/eventlet/wsgi.py:1004}}
Mar 23 01:25:27.171030 n-d-834677-4 neutron-server[99263]: DEBUG neutron.api.v2.base [None req-5839c614-aec3-45c2-8bfb-b439f53202be admin admin] Request body: {'network': {'name': 'tempest-LiveAutoBlockMigrationV225Test-1654515602-network', 'tenant_id': 'f997df5cc682420f83e4095b716f93be'}} {{(pid=99263) prepare_request_body /opt/stack/neutron/neutron/api/v2/base.py:729}}
Mar 23 01:25:27.198279 n-d-834677-4 neutron-server[99263]: DEBUG neutron.pecan_wsgi.hooks.quota_enforcement [None req-5839c614-aec3-45c2-8bfb-b439f53202be admin admin] Made reservation on behalf of f997df5cc682420f83e4095b716f93be for: {'network': 1} {{(pid=99263) before /opt/stack/neutron/neutron/pecan_wsgi/hooks/quota_enforcement.py:53}}
Mar 23 01:25:27.201187 n-d-834677-4 neutron-server[99263]: DEBUG neutron_lib.callbacks.manager [None req-5839c614-aec3-45c2-8bfb-b439f53202be admin admin] Publish callbacks ['neutron.plugins.ml2.plugin.SecurityGroupDbMixin._ensure_default_security_group_handler-885354'] for network (None), before_create {{(pid=99263) _notify_loop /usr/local/lib/python3.8/dist-packages/neutron_lib/callbacks/manager.py:176}}
Mar 23 01:25:27.210523 n-d-834677-4 neutron-server[99263]: DEBUG neutron_lib.callbacks.manager [None req-5839c614-aec3-45c2-8bfb-b439f53202be admin admin] Publish callbacks [] for security_group (None), before_create {{(pid=99263) _notify_loop /usr/local/lib/python3.8/dist-packages/neutron_lib/callbacks/manager.py:176}}
Mar 23 01:25:27.255007 n-d-834677-4 neutron-server[99264]: DEBUG neutron.pecan_wsgi.hooks.policy_enforcement [req-3396881f-0bdc-44c4-96a8-ba1b599e8dbc req-047c1939-11c3-469b-96fe-99adef5075d0 tempest-ServersAdminNegativeTestJSON-516826325 tempest-ServersAdminNegativeTestJSON-516826325-project] Attributes excluded by policy engine: ['standard_attr_id', 'binding:profile', 'binding:host_id', 'binding:vif_type', 'binding:vif_details'] {{(pid=99264) _exclude_attributes_by_policy /opt/stack/neutron/neutron/pecan_wsgi/hooks/policy_enforcement.py:255}}
Mar 23 01:25:27.258685 n-d-834677-4 neutron-server[99264]: INFO neutron.wsgi [req-3396881f-0bdc-44c4-96a8-ba1b599e8dbc req-047c1939-11c3-469b-96fe-99adef5075d0 tempest-ServersAdminNegativeTestJSON-516826325 tempest-ServersAdminNegativeTestJSON-516826325-project] 10.222.0.18 "GET /v2.0/ports?device_id=0bbfe0e4-804d-4294-886f-fb4a8aeeedb8 HTTP/1.1" status: 200 len: 949 time: 0.0949306
Mar 23 01:25:27.311634 n-d-834677-4 neutron-server[99263]: DEBUG neutron_lib.callbacks.manager [None req-5839c614-aec3-45c2-8bfb-b439f53202be admin admin] Publish callbacks [] for security_group (246d3d50-13f0-48d9-97cf-dc4d9bec1c01), precommit_create {{(pid=99263) _notify_loop /usr/local/lib/python3.8/dist-packages/neutron_lib/callbacks/manager.py:176}}
Mar 23 01:25:27.320020 n-d-834677-4 neutron-server[99263]: DEBUG neutron_lib.callbacks.manager [None req-5839c614-aec3-45c2-8bfb-b439f53202be admin admin] Publish callbacks ['neutron.plugins.ml2.ovo_rpc._ObjectChangeHandler.handle_event-7887138'] for security_group (246d3d50-13f0-48d9-97cf-dc4d9bec1c01), after_create {{(pid=99263) _notify_loop /usr/local/lib/python3.8/dist-packages/neutron_lib/callbacks/manager.py:176}}
Mar 23 01:25:27.338264 n-d-834677-4 neutron-server[99263]: DEBUG neutron.plugins.ml2.drivers.helpers [None req-5839c614-aec3-45c2-8bfb-b439f53202be admin admin] vlan segment allocate from pool success with {'physical_network': 'physnet1', 'vlan_id': 92} {{(pid=99263) allocate_partially_specified_segment /opt/stack/neutron/neutron/plugins/ml2/drivers/helpers.py:153}}
Mar 23 01:25:27.351601 n-d-834677-4 neutron-server[99263]: DEBUG neutron_lib.callbacks.manager [None req-5839c614-aec3-45c2-8bfb-b439f53202be admin admin] Publish callbacks ['neutron.plugins.ml2.plugin.Ml2Plugin._handle_segment_change-7569229'] for segment (81520a10-5652-4da1-9742-67099adbb58f), precommit_create {{(pid=99263) _notify_loop /usr/local/lib/python3.8/dist-packages/neutron_lib/callbacks/manager.py:176}}
Mar 23 01:25:27.352047 n-d-834677-4 neutron-server[99263]: INFO neutron.db.segments_db [None req-5839c614-aec3-45c2-8bfb-b439f53202be admin admin] Added segment 81520a10-5652-4da1-9742-67099adbb58f of type vlan for network 537aa1b0-a5b1-4f87-8f02-49ea1b22df55
Mar 23 01:25:27.393030 n-d-834677-4 neutron-server[99264]: INFO neutron.wsgi [req-3396881f-0bdc-44c4-96a8-ba1b599e8dbc req-d098c4c0-b2e4-4b59-bd57-843e409c9706 tempest-ServersAdminNegativeTestJSON-516826325 tempest-ServersAdminNegativeTestJSON-516826325-project] 10.222.0.18 "GET /v2.0/security-groups?id=04f4347a-e68a-4905-b6f9-edcd869782bf&fields=id&fields=name HTTP/1.1" status: 200 len: 286 time: 0.1230009
Mar 23 01:25:27.411767 n-d-834677-4 neutron-server[99264]: DEBUG neutron.pecan_wsgi.hooks.policy_enforcement [req-0eeed45c-d3ab-44e5-85b5-9693e5e40834 req-9f4bb65b-8eb3-42a2-b140-6450a43a1b62 tempest-ServersAdminNegativeTestJSON-516826325 tempest-ServersAdminNegativeTestJSON-516826325-project] Attributes excluded by policy engine: ['standard_attr_id', 'binding:profile', 'binding:host_id', 'binding:vif_type', 'binding:vif_details'] {{(pid=99264) _exclude_attributes_by_policy /opt/stack/neutron/neutron/pecan_wsgi/hooks/policy_enforcement.py:255}}
Mar 23 01:25:27.413305 n-d-834677-4 neutron-server[99264]: INFO neutron.wsgi [req-0eeed45c-d3ab-44e5-85b5-9693e5e40834 req-9f4bb65b-8eb3-42a2-b140-6450a43a1b62 tempest-ServersAdminNegativeTestJSON-516826325 tempest-ServersAdminNegativeTestJSON-516826325-project] 10.222.0.42 "GET /v2.0/ports?device_id=0bbfe0e4-804d-4294-886f-fb4a8aeeedb8 HTTP/1.1" status: 200 len: 949 time: 0.0982687
Mar 23 01:25:27.442943 n-d-834677-4 neutron-server[99263]: DEBUG neutron_lib.callbacks.manager [None req-617c9d31-e8b9-4178-b4da-a8dc46ccc408 admin admin] Publish callbacks [] for security_group (None), before_create {{(pid=99263) _notify_loop /usr/local/lib/python3.8/dist-packages/neutron_lib/callbacks/manager.py:176}}
Mar 23 01:25:27.466967 n-d-834677-4 neutron-server[99263]: DEBUG neutron.api.rpc.handlers.resources_rpc [None req-5839c614-aec3-45c2-8bfb-b439f53202be admin admin] Pushing event updated for resources: {'SecurityGroup': ['ID=246d3d50-13f0-48d9-97cf-dc4d9bec1c01,revision_number=1']} {{(pid=99263) push /opt/stack/neutron/neutron/api/rpc/handlers/resources_rpc.py:237}}
Mar 23 01:25:27.481005 n-d-834677-4 neutron-server[99263]: DEBUG neutron_lib.callbacks.manager [None req-5839c614-aec3-45c2-8bfb-b439f53202be admin admin] Publish callbacks ['neutron.services.auto_allocate.db._ensure_external_network_default_value_callback-8757123207545'] for network (537aa1b0-a5b1-4f87-8f02-49ea1b22df55), precommit_create {{(pid=99263) _notify_loop /usr/local/lib/python3.8/dist-packages/neutron_lib/callbacks/manager.py:176}}
Mar 23 01:25:27.544177 n-d-834677-4 neutron-server[99264]: DEBUG neutron.plugins.ml2.plugin [req-0eeed45c-d3ab-44e5-85b5-9693e5e40834 req-73d60223-3ea5-4aef-b472-d863ce3822e2 tempest-ServersAdminNegativeTestJSON-516826325 tempest-ServersAdminNegativeTestJSON-516826325-project] Deleting port 5a344ca5-c2c2-4ed0-be2e-55dce511209b {{(pid=99264) _pre_delete_port /opt/stack/neutron/neutron/plugins/ml2/plugin.py:2002}}
Mar 23 01:25:27.546718 n-d-834677-4 neutron-server[99264]: DEBUG neutron_lib.callbacks.manager [req-0eeed45c-d3ab-44e5-85b5-9693e5e40834 req-73d60223-3ea5-4aef-b472-d863ce3822e2 tempest-ServersAdminNegativeTestJSON-516826325 tempest-ServersAdminNegativeTestJSON-516826325-project] Publish callbacks ['neutron.db.l3_db.L3_NAT_dbonly_mixin._prevent_l3_port_delete_callback-8757123733535'] for port (5a344ca5-c2c2-4ed0-be2e-55dce511209b), before_delete {{(pid=99264) _notify_loop /usr/local/lib/python3.8/dist-packages/neutron_lib/callbacks/manager.py:176}}
Mar 23 01:25:27.550374 n-d-834677-4 neutron-server[99263]: DEBUG neutron_lib.callbacks.manager [None req-5839c614-aec3-45c2-8bfb-b439f53202be admin admin] Publish callbacks ['neutron.plugins.ml2.ovo_rpc._ObjectChangeHandler.handle_event-7887309', 'neutron.api.rpc.agentnotifiers.dhcp_rpc_agent_api.DhcpAgentNotifyAPI._native_event_send_dhcp_notification-7978312'] for network (537aa1b0-a5b1-4f87-8f02-49ea1b22df55), after_create {{(pid=99263) _notify_loop /usr/local/lib/python3.8/dist-packages/neutron_lib/callbacks/manager.py:176}}
Mar 23 01:25:27.552855 n-d-834677-4 neutron-server[99263]: DEBUG neutron.pecan_wsgi.hooks.policy_enforcement [None req-5839c614-aec3-45c2-8bfb-b439f53202be admin admin] Attributes excluded by policy engine: ['standard_attr_id', 'vlan_transparent'] {{(pid=99263) _exclude_attributes_by_policy /opt/stack/neutron/neutron/pecan_wsgi/hooks/policy_enforcement.py:255}}
Mar 23 01:25:27.553658 n-d-834677-4 neutron-server[99263]: DEBUG neutron_lib.callbacks.manager [None req-5839c614-aec3-45c2-8bfb-b439f53202be admin admin] Publish callbacks ['neutron.api.rpc.agentnotifiers.dhcp_rpc_agent_api.DhcpAgentNotifyAPI._send_dhcp_notification-7978362'] for network (None), before_response {{(pid=99263) _notify_loop /usr/local/lib/python3.8/dist-packages/neutron_lib/callbacks/manager.py:176}}
Mar 23 01:25:27.629435 n-d-834677-4 neutron-server[99263]: INFO neutron.wsgi [None req-5839c614-aec3-45c2-8bfb-b439f53202be admin admin] 10.222.0.18 "POST /v2.0/networks HTTP/1.1" status: 201 len: 893 time: 0.4627850
Mar 23 01:25:27.642779 n-d-834677-4 neutron-server[99263]: DEBUG neutron.pecan_wsgi.hooks.policy_enforcement [req-96de9419-4c67-4dd2-97c6-1351c3ca0d08 req-7fae0adc-e1da-4f16-b0bc-dad99b9cd580 tempest-LiveMigrationNegativeTest-1951197236 tempest-LiveMigrationNegativeTest-1951197236-project] Attributes excluded by policy engine: ['standard_attr_id', 'binding:profile', 'binding:host_id', 'binding:vif_type', 'binding:vif_details'] {{(pid=99263) _exclude_attributes_by_policy /opt/stack/neutron/neutron/pecan_wsgi/hooks/policy_enforcement.py:255}}
Mar 23 01:25:27.644476 n-d-834677-4 neutron-server[99263]: INFO neutron.wsgi [req-96de9419-4c67-4dd2-97c6-1351c3ca0d08 req-7fae0adc-e1da-4f16-b0bc-dad99b9cd580 tempest-LiveMigrationNegativeTest-1951197236 tempest-LiveMigrationNegativeTest-1951197236-project] 10.222.0.18 "GET /v2.0/ports?device_id=be4beea2-d143-4254-9b2f-ca8c1c16a4e5 HTTP/1.1" status: 200 len: 949 time: 0.1992688
Mar 23 01:25:27.647384 n-d-834677-4 neutron-server[99264]: DEBUG neutron.wsgi [-] (99264) accepted ('10.222.0.18', 49500) {{(pid=99264) server /usr/local/lib/python3.8/dist-packages/eventlet/wsgi.py:1004}}
Mar 23 01:25:27.653800 n-d-834677-4 neutron-server[99264]: DEBUG neutron.api.v2.base [None req-c1d357bf-8d3b-4977-b50b-8198325a2533 admin admin] Request body: {'subnet': {'network_id': '537aa1b0-a5b1-4f87-8f02-49ea1b22df55', 'cidr': '172.20.0.0/28', 'name': 'tempest-LiveAutoBlockMigrationV225Test-1654515602-subnet', 'tenant_id': 'f997df5cc682420f83e4095b716f93be', 'enable_dhcp': False, 'ip_version': 4}} {{(pid=99264) prepare_request_body /opt/stack/neutron/neutron/api/v2/base.py:729}}
Mar 23 01:25:27.669528 n-d-834677-4 neutron-server[99263]: DEBUG neutron.api.rpc.handlers.resources_rpc [None req-5839c614-aec3-45c2-8bfb-b439f53202be admin admin] Pushing event updated for resources: {'Network': ['ID=537aa1b0-a5b1-4f87-8f02-49ea1b22df55,revision_number=1']} {{(pid=99263) push /opt/stack/neutron/neutron/api/rpc/handlers/resources_rpc.py:237}}
Mar 23 01:25:27.689675 n-d-834677-4 neutron-server[99265]: DEBUG neutron.plugins.ml2.rpc [None req-adbdfd50-bdec-4565-86bd-3d9a5e8e83e2 None None] Network 537aa1b0-a5b1-4f87-8f02-49ea1b22df55 details requested by agent ovs-agent-n-d-834677-4 with host n-d-834677-4 {{(pid=99265) get_network_details /opt/stack/neutron/neutron/plugins/ml2/rpc.py:248}}
Mar 23 01:25:27.713411 n-d-834677-4 neutron-server[99263]: DEBUG neutron_lib.callbacks.manager [None req-617c9d31-e8b9-4178-b4da-a8dc46ccc408 admin admin] Publish callbacks [] for security_group (01fd5370-acbd-49f7-ac29-9fcfca7b2f96), precommit_create {{(pid=99263) _notify_loop /usr/local/lib/python3.8/dist-packages/neutron_lib/callbacks/manager.py:176}}
Mar 23 01:25:27.725107 n-d-834677-4 neutron-server[99263]: DEBUG neutron_lib.callbacks.manager [None req-617c9d31-e8b9-4178-b4da-a8dc46ccc408 admin admin] Publish callbacks ['neutron.plugins.ml2.ovo_rpc._ObjectChangeHandler.handle_event-7887138'] for security_group (01fd5370-acbd-49f7-ac29-9fcfca7b2f96), after_create {{(pid=99263) _notify_loop /usr/local/lib/python3.8/dist-packages/neutron_lib/callbacks/manager.py:176}}
Mar 23 01:25:27.737683 n-d-834677-4 neutron-server[99264]: DEBUG neutron.pecan_wsgi.hooks.policy_enforcement [req-4a02449a-5e89-4f2a-a64a-01ef72a73129 req-807baee1-2682-452e-8d41-dc12c5189d6d tempest-DeleteServersAdminTestJSON-1948518491 tempest-DeleteServersAdminTestJSON-1948518491-project] Attributes excluded by policy engine: ['standard_attr_id', 'binding:profile', 'binding:host_id', 'binding:vif_type', 'binding:vif_details'] {{(pid=99264) _exclude_attributes_by_policy /opt/stack/neutron/neutron/pecan_wsgi/hooks/policy_enforcement.py:255}}
Mar 23 01:25:27.739248 n-d-834677-4 neutron-server[99264]: INFO neutron.wsgi [req-4a02449a-5e89-4f2a-a64a-01ef72a73129 req-807baee1-2682-452e-8d41-dc12c5189d6d tempest-DeleteServersAdminTestJSON-1948518491 tempest-DeleteServersAdminTestJSON-1948518491-project] 10.222.0.18 "GET /v2.0/ports?device_id=ca6d2d76-8c85-4d81-ae10-ef62b5c9164b HTTP/1.1" status: 200 len: 948 time: 0.1353703
Mar 23 01:25:27.739837 n-d-834677-4 neutron-server[99264]: DEBUG neutron.pecan_wsgi.hooks.quota_enforcement [None req-c1d357bf-8d3b-4977-b50b-8198325a2533 admin admin] Made reservation on behalf of f997df5cc682420f83e4095b716f93be for: {'subnet': 1} {{(pid=99264) before /opt/stack/neutron/neutron/pecan_wsgi/hooks/quota_enforcement.py:53}}
Mar 23 01:25:27.742166 n-d-834677-4 neutron-server[99264]: DEBUG neutron_lib.callbacks.manager [None req-c1d357bf-8d3b-4977-b50b-8198325a2533 admin admin] Publish callbacks [] for subnet (None), before_create {{(pid=99264) _notify_loop /usr/local/lib/python3.8/dist-packages/neutron_lib/callbacks/manager.py:176}}
Mar 23 01:25:27.749939 n-d-834677-4 neutron-server[99263]: INFO neutron.wsgi [req-96de9419-4c67-4dd2-97c6-1351c3ca0d08 req-8105931a-ce55-40ec-bedc-8291fc8ce519 tempest-LiveMigrationNegativeTest-1951197236 tempest-LiveMigrationNegativeTest-1951197236-project] 10.222.0.18 "GET /v2.0/security-groups?id=e03921d6-ab55-443f-9857-9f235a56024e&fields=id&fields=name HTTP/1.1" status: 200 len: 286 time: 0.0919182
Mar 23 01:25:27.832010 n-d-834677-4 neutron-server[99263]: INFO neutron.wsgi [None req-617c9d31-e8b9-4178-b4da-a8dc46ccc408 admin admin] 10.222.0.18 "GET /v2.0/security-groups?tenant_id=fff80a4d40544409ac0c4f2bb6b3bf3b&name=default HTTP/1.1" status: 200 len: 2996 time: 0.7244511
Mar 23 01:25:27.832937 n-d-834677-4 neutron-server[99263]: DEBUG neutron.api.rpc.handlers.resources_rpc [None req-617c9d31-e8b9-4178-b4da-a8dc46ccc408 admin admin] Pushing event updated for resources: {'SecurityGroup': ['ID=01fd5370-acbd-49f7-ac29-9fcfca7b2f96,revision_number=1']} {{(pid=99263) push /opt/stack/neutron/neutron/api/rpc/handlers/resources_rpc.py:237}}
Mar 23 01:25:27.835291 n-d-834677-4 neutron-server[99264]: DEBUG neutron.wsgi [-] (99264) accepted ('10.222.0.18', 49508) {{(pid=99264) server /usr/local/lib/python3.8/dist-packages/eventlet/wsgi.py:1004}}
Mar 23 01:25:27.893421 n-d-834677-4 neutron-server[99263]: INFO neutron.wsgi [req-c33156b8-fb9a-4455-a317-05dc8f94b3cd req-de4b9984-fb16-495b-b9f3-fda96d01956a tempest-ServersAdmin275Test-1132799058 tempest-ServersAdmin275Test-1132799058-project] 10.222.0.18 "GET /v2.0/ports?device_id=d34b0d29-7087-4efb-870a-5ccd1ec07695 HTTP/1.1" status: 200 len: 210 time: 0.0429590
Mar 23 01:25:27.897927 n-d-834677-4 neutron-server[99264]: DEBUG neutron.plugins.ml2.db [req-0eeed45c-d3ab-44e5-85b5-9693e5e40834 req-73d60223-3ea5-4aef-b472-d863ce3822e2 tempest-ServersAdminNegativeTestJSON-516826325 tempest-ServersAdminNegativeTestJSON-516826325-project] For port 5a344ca5-c2c2-4ed0-be2e-55dce511209b, host n-h1-834677-4, got binding levels [PortBindingLevel(driver='hyperv',host='n-h1-834677-4',level=0,port_id=5a344ca5-c2c2-4ed0-be2e-55dce511209b,segment=NetworkSegment(1129985e-eb49-4ece-8968-32cd9062b8fa),segment_id=1129985e-eb49-4ece-8968-32cd9062b8fa)] {{(pid=99264) get_binding_level_objs /opt/stack/neutron/neutron/plugins/ml2/db.py:74}}
Mar 23 01:25:27.898487 n-d-834677-4 neutron-server[99264]: DEBUG neutron_lib.callbacks.manager [req-0eeed45c-d3ab-44e5-85b5-9693e5e40834 req-73d60223-3ea5-4aef-b472-d863ce3822e2 tempest-ServersAdminNegativeTestJSON-516826325 tempest-ServersAdminNegativeTestJSON-516826325-project] Publish callbacks ['neutron.services.l3_router.l3_router_plugin.L3_NAT_dbonly_mixin._precommit_delete_port_callback-480340'] for port (5a344ca5-c2c2-4ed0-be2e-55dce511209b), precommit_delete {{(pid=99264) _notify_loop /usr/local/lib/python3.8/dist-packages/neutron_lib/callbacks/manager.py:176}}
Mar 23 01:25:27.951049 n-d-834677-4 neutron-server[99264]: DEBUG neutron.plugins.ml2.plugin [req-0eeed45c-d3ab-44e5-85b5-9693e5e40834 req-73d60223-3ea5-4aef-b472-d863ce3822e2 tempest-ServersAdminNegativeTestJSON-516826325 tempest-ServersAdminNegativeTestJSON-516826325-project] Calling delete_port for 5a344ca5-c2c2-4ed0-be2e-55dce511209b owned by compute:nova {{(pid=99264) delete_port /opt/stack/neutron/neutron/plugins/ml2/plugin.py:2080}}
Mar 23 01:25:28.000874 n-d-834677-4 neutron-server[99264]: INFO neutron.wsgi [req-4a02449a-5e89-4f2a-a64a-01ef72a73129 req-a2076830-172f-4be6-ba92-fc96ac678db7 tempest-DeleteServersAdminTestJSON-1948518491 tempest-DeleteServersAdminTestJSON-1948518491-project] 10.222.0.18 "GET /v2.0/security-groups?id=aac6acc4-2a4e-4b7a-a140-f9951c082628&fields=id&fields=name HTTP/1.1" status: 200 len: 286 time: 0.1724198
Mar 23 01:25:28.058692 n-d-834677-4 neutron-server[99264]: DEBUG neutron_lib.callbacks.manager [None req-1bfecc7d-2889-40a1-8300-570d2973355d admin admin] Publish callbacks [] for security_group (01fd5370-acbd-49f7-ac29-9fcfca7b2f96), before_delete {{(pid=99264) _notify_loop /usr/local/lib/python3.8/dist-packages/neutron_lib/callbacks/manager.py:176}}
Mar 23 01:25:28.126278 n-d-834677-4 neutron-server[99264]: DEBUG neutron_lib.callbacks.manager [None req-1bfecc7d-2889-40a1-8300-570d2973355d admin admin] Publish callbacks [] for security_group (01fd5370-acbd-49f7-ac29-9fcfca7b2f96), precommit_delete {{(pid=99264) _notify_loop /usr/local/lib/python3.8/dist-packages/neutron_lib/callbacks/manager.py:176}}
Mar 23 01:25:28.129268 n-d-834677-4 neutron-server[99264]: DEBUG neutron_lib.callbacks.manager [None req-c1d357bf-8d3b-4977-b50b-8198325a2533 admin admin] Publish callbacks ['neutron.plugins.ml2.ovo_rpc._ObjectChangeHandler.handle_event-7885173', 'neutron.api.rpc.agentnotifiers.dhcp_rpc_agent_api.DhcpAgentNotifyAPI._native_event_send_dhcp_notification-7978312'] for subnet (5157dc30-ae3d-497a-b2de-883d56b1457e), after_create {{(pid=99264) _notify_loop /usr/local/lib/python3.8/dist-packages/neutron_lib/callbacks/manager.py:176}}
Mar 23 01:25:28.240901 n-d-834677-4 neutron-server[99264]: DEBUG neutron.api.rpc.handlers.resources_rpc [None req-c1d357bf-8d3b-4977-b50b-8198325a2533 admin admin] Pushing event updated for resources: {'Subnet': ['ID=5157dc30-ae3d-497a-b2de-883d56b1457e,revision_number=0']} {{(pid=99264) push /opt/stack/neutron/neutron/api/rpc/handlers/resources_rpc.py:237}}
Mar 23 01:25:28.270735 n-d-834677-4 neutron-server[99264]: DEBUG neutron.plugins.ml2.drivers.mech_agent [None req-c1d357bf-8d3b-4977-b50b-8198325a2533 admin admin] Checking segment: {'id': '81520a10-5652-4da1-9742-67099adbb58f', 'network_type': 'vlan', 'physical_network': 'physnet1', 'segmentation_id': 92, 'network_id': '537aa1b0-a5b1-4f87-8f02-49ea1b22df55'} for mappings: {'physnet1': 'br-data'} with network types: ['local', 'flat', 'vlan'] {{(pid=99264) check_segment_for_agent /opt/stack/neutron/neutron/plugins/ml2/drivers/mech_agent.py:373}}
Mar 23 01:25:28.271361 n-d-834677-4 neutron-server[99264]: DEBUG neutron.scheduler.dhcp_agent_scheduler [None req-c1d357bf-8d3b-4977-b50b-8198325a2533 admin admin] Network hostable DHCP agents. Network: 537aa1b0-a5b1-4f87-8f02-49ea1b22df55, hostable agents: ['4668731f-93f2-4e9a-9677-07857bda9adf'], hosted agents: [] {{(pid=99264) _get_network_hostable_dhcp_agents /opt/stack/neutron/neutron/scheduler/dhcp_agent_scheduler.py:329}}
