Mar 23 20:14:15.028492 n-d-833453-5 devstack@n-api.service[103235]: DEBUG oslo_db.sqlalchemy.engines [None req-225dae65-084c-479a-9ef8-a5d7c4fb2098 None None] MySQL server mode set to STRICT_TRANS_TABLES,STRICT_ALL_TABLES,NO_ZERO_IN_DATE,NO_ZERO_DATE,ERROR_FOR_DIVISION_BY_ZERO,TRADITIONAL,NO_ENGINE_SUBSTITUTION {{(pid=103235) _check_effective_sql_mode /usr/local/lib/python3.8/dist-packages/oslo_db/sqlalchemy/engines.py:314}}
Mar 23 20:14:15.031378 n-d-833453-5 devstack@n-api.service[103235]: DEBUG oslo_db.sqlalchemy.engines [None req-225dae65-084c-479a-9ef8-a5d7c4fb2098 None None] MySQL server mode set to STRICT_TRANS_TABLES,STRICT_ALL_TABLES,NO_ZERO_IN_DATE,NO_ZERO_DATE,ERROR_FOR_DIVISION_BY_ZERO,TRADITIONAL,NO_ENGINE_SUBSTITUTION {{(pid=103235) _check_effective_sql_mode /usr/local/lib/python3.8/dist-packages/oslo_db/sqlalchemy/engines.py:314}}
Mar 23 20:14:15.034257 n-d-833453-5 devstack@n-api.service[103234]: DEBUG oslo_db.sqlalchemy.engines [None req-46f30f53-f747-4ba0-ad4f-47e1d6e38869 None None] MySQL server mode set to STRICT_TRANS_TABLES,STRICT_ALL_TABLES,NO_ZERO_IN_DATE,NO_ZERO_DATE,ERROR_FOR_DIVISION_BY_ZERO,TRADITIONAL,NO_ENGINE_SUBSTITUTION {{(pid=103234) _check_effective_sql_mode /usr/local/lib/python3.8/dist-packages/oslo_db/sqlalchemy/engines.py:314}}
Mar 23 20:14:15.037646 n-d-833453-5 devstack@n-api.service[103234]: DEBUG oslo_db.sqlalchemy.engines [None req-46f30f53-f747-4ba0-ad4f-47e1d6e38869 None None] MySQL server mode set to STRICT_TRANS_TABLES,STRICT_ALL_TABLES,NO_ZERO_IN_DATE,NO_ZERO_DATE,ERROR_FOR_DIVISION_BY_ZERO,TRADITIONAL,NO_ENGINE_SUBSTITUTION {{(pid=103234) _check_effective_sql_mode /usr/local/lib/python3.8/dist-packages/oslo_db/sqlalchemy/engines.py:314}}
Mar 23 20:14:15.198094 n-d-833453-5 devstack@n-api.service[103235]: DEBUG oslo_db.sqlalchemy.engines [None req-225dae65-084c-479a-9ef8-a5d7c4fb2098 None None] MySQL server mode set to STRICT_TRANS_TABLES,STRICT_ALL_TABLES,NO_ZERO_IN_DATE,NO_ZERO_DATE,ERROR_FOR_DIVISION_BY_ZERO,TRADITIONAL,NO_ENGINE_SUBSTITUTION {{(pid=103235) _check_effective_sql_mode /usr/local/lib/python3.8/dist-packages/oslo_db/sqlalchemy/engines.py:314}}
Mar 23 20:14:15.200513 n-d-833453-5 devstack@n-api.service[103234]: DEBUG oslo_db.sqlalchemy.engines [None req-46f30f53-f747-4ba0-ad4f-47e1d6e38869 None None] MySQL server mode set to STRICT_TRANS_TABLES,STRICT_ALL_TABLES,NO_ZERO_IN_DATE,NO_ZERO_DATE,ERROR_FOR_DIVISION_BY_ZERO,TRADITIONAL,NO_ENGINE_SUBSTITUTION {{(pid=103234) _check_effective_sql_mode /usr/local/lib/python3.8/dist-packages/oslo_db/sqlalchemy/engines.py:314}}
Mar 23 20:14:15.651528 n-d-833453-5 devstack@n-api.service[103235]: WARNING keystonemiddleware.auth_token [None req-225dae65-084c-479a-9ef8-a5d7c4fb2098 None None] AuthToken middleware is set with keystone_authtoken.service_token_roles_required set to False. This is backwards compatible but deprecated behaviour. Please set this to True.
Mar 23 20:14:15.653485 n-d-833453-5 devstack@n-api.service[103234]: WARNING keystonemiddleware.auth_token [None req-46f30f53-f747-4ba0-ad4f-47e1d6e38869 None None] AuthToken middleware is set with keystone_authtoken.service_token_roles_required set to False. This is backwards compatible but deprecated behaviour. Please set this to True.
Mar 23 20:14:15.658800 n-d-833453-5 devstack@n-api.service[103235]: WARNING keystonemiddleware.auth_token [None req-225dae65-084c-479a-9ef8-a5d7c4fb2098 None None] Configuring www_authenticate_uri to point to the public identity endpoint is required; clients may not be able to authenticate against an admin endpoint
Mar 23 20:14:15.660885 n-d-833453-5 devstack@n-api.service[103234]: WARNING keystonemiddleware.auth_token [None req-46f30f53-f747-4ba0-ad4f-47e1d6e38869 None None] Configuring www_authenticate_uri to point to the public identity endpoint is required; clients may not be able to authenticate against an admin endpoint
Mar 23 20:14:15.881095 n-d-833453-5 devstack@n-api.service[103235]: WARNING keystonemiddleware.auth_token [None req-225dae65-084c-479a-9ef8-a5d7c4fb2098 None None] AuthToken middleware is set with keystone_authtoken.service_token_roles_required set to False. This is backwards compatible but deprecated behaviour. Please set this to True.
Mar 23 20:14:15.884750 n-d-833453-5 devstack@n-api.service[103234]: WARNING keystonemiddleware.auth_token [None req-46f30f53-f747-4ba0-ad4f-47e1d6e38869 None None] AuthToken middleware is set with keystone_authtoken.service_token_roles_required set to False. This is backwards compatible but deprecated behaviour. Please set this to True.
Mar 23 20:14:15.886432 n-d-833453-5 devstack@n-api.service[103235]: WARNING keystonemiddleware.auth_token [None req-225dae65-084c-479a-9ef8-a5d7c4fb2098 None None] Configuring www_authenticate_uri to point to the public identity endpoint is required; clients may not be able to authenticate against an admin endpoint
Mar 23 20:14:15.890031 n-d-833453-5 devstack@n-api.service[103234]: WARNING keystonemiddleware.auth_token [None req-46f30f53-f747-4ba0-ad4f-47e1d6e38869 None None] Configuring www_authenticate_uri to point to the public identity endpoint is required; clients may not be able to authenticate against an admin endpoint
Mar 23 20:14:15.892111 n-d-833453-5 devstack@n-api.service[103235]: WSGI app 0 (mountpoint='') ready in 5 seconds on interpreter 0x55be201259c0 pid: 103235 (default app)
Mar 23 20:14:15.894207 n-d-833453-5 devstack@n-api.service[103235]: DEBUG nova.api.openstack.wsgi [None req-225dae65-084c-479a-9ef8-a5d7c4fb2098 None None] Calling method '>' {{(pid=103235) _process_stack /opt/stack/nova/nova/api/openstack/wsgi.py:513}}
Mar 23 20:14:15.895367 n-d-833453-5 devstack@n-api.service[103235]: INFO nova.api.openstack.requestlog [None req-225dae65-084c-479a-9ef8-a5d7c4fb2098 None None] 10.222.0.47 "GET /compute/v2.1/" status: 200 len: 388 microversion: 2.1 time: 0.001748
Mar 23 20:14:15.895675 n-d-833453-5 devstack@n-api.service[103234]: WSGI app 0 (mountpoint='') ready in 5 seconds on interpreter 0x55be201259c0 pid: 103234 (default app)
Mar 23 20:14:15.895764 n-d-833453-5 devstack@n-api.service[103235]: [pid: 103235|app: 0|req: 1/1] 10.222.0.47 () {50 vars in 788 bytes} [Wed Mar 23 20:14:15 2022] GET /compute/v2.1/ => generated 388 bytes in 3 msecs (HTTP/1.1 200) 9 headers in 357 bytes (1 switches on core 0)
Mar 23 20:15:36.896872 n-d-833453-5 devstack@n-api.service[103234]: DEBUG nova.api.openstack.wsgi [None req-46f30f53-f747-4ba0-ad4f-47e1d6e38869 None None] Calling method '>' {{(pid=103234) _process_stack /opt/stack/nova/nova/api/openstack/wsgi.py:513}}
Mar 23 20:15:36.898129 n-d-833453-5 devstack@n-api.service[103234]: INFO nova.api.openstack.requestlog [None req-46f30f53-f747-4ba0-ad4f-47e1d6e38869 None None] 10.222.0.47 "GET /compute/v2.1" status: 200 len: 388 microversion: 2.1 time: 0.001990
Mar 23 20:15:36.898821 n-d-833453-5 devstack@n-api.service[103234]: [pid: 103234|app: 0|req: 1/2] 10.222.0.47 () {54 vars in 930 bytes} [Wed Mar 23 20:15:36 2022] GET /compute/v2.1 => generated 388 bytes in 4 msecs (HTTP/1.1 200) 9 headers in 357 bytes (1 switches on core 0)
Mar 23 20:15:37.327044 n-d-833453-5 devstack@n-api.service[103235]: DEBUG nova.api.openstack.wsgi [None req-523e4673-242a-45ed-acb6-8ee099d7c997 admin admin] Calling method '>' {{(pid=103235) _process_stack /opt/stack/nova/nova/api/openstack/wsgi.py:513}}
Mar 23 20:15:37.355739 n-d-833453-5 devstack@n-api.service[103235]: INFO nova.api.openstack.requestlog [None req-523e4673-242a-45ed-acb6-8ee099d7c997 admin admin] 10.222.0.47 "GET /compute/v2.1/flavors/detail?is_public=True" status: 200 len: 15 microversion: 2.61 time: 0.451123
Mar 23 20:15:37.356475 n-d-833453-5 devstack@n-api.service[103235]: [pid: 103235|app: 0|req: 2/3] 10.222.0.47 () {60 vars in 1291 bytes} [Wed Mar 23 20:15:36 2022] GET /compute/v2.1/flavors/detail?is_public=True => generated 15 bytes in 452 msecs (HTTP/1.1 200) 9 headers in 358 bytes (1 switches on core 0)
Mar 23 20:15:39.714827 n-d-833453-5 devstack@n-api.service[103234]: DEBUG nova.api.openstack.wsgi [None req-46f30f53-f747-4ba0-ad4f-47e1d6e38869 None None] Calling method '>' {{(pid=103234) _process_stack /opt/stack/nova/nova/api/openstack/wsgi.py:513}}
Mar 23 20:15:39.715977 n-d-833453-5 devstack@n-api.service[103234]: INFO nova.api.openstack.requestlog [None req-46f30f53-f747-4ba0-ad4f-47e1d6e38869 None None] 10.222.0.47 "GET /compute/v2.1" status: 200 len: 388 microversion: 2.1 time: 0.001574
Mar 23 20:15:39.716474 n-d-833453-5 devstack@n-api.service[103234]: [pid: 103234|app: 0|req: 2/4] 10.222.0.47 () {54 vars in 930 bytes} [Wed Mar 23 20:15:39 2022] GET /compute/v2.1 => generated 388 bytes in 3 msecs (HTTP/1.1 200) 9 headers in 357 bytes (1 switches on core 0)
Mar 23 20:15:39.778714 n-d-833453-5 devstack@n-api.service[103235]: DEBUG nova.api.openstack.wsgi [None req-cc19f75c-7beb-462f-8659-214101b35acb admin admin] Action: 'create', calling method: >, body: {"flavor": {"vcpus": 1, "disk": 1, "id": "c1", "name": "cirros256", "swap": 0, "os-flavor-access:is_public": true, "OS-FLV-EXT-DATA:ephemeral": 0, "ram": 256, "rxtx_factor": 1.0}} {{(pid=103235) _process_stack /opt/stack/nova/nova/api/openstack/wsgi.py:511}}
Mar 23 20:15:39.797812 n-d-833453-5 devstack@n-api.service[103235]: /usr/local/lib/python3.8/dist-packages/oslo_policy/policy.py:1119: UserWarning: Policy "os_compute_api:os-flavor-manage:create": "rule:context_is_admin" failed scope check. The token used to make the request was project scoped but the policy requires ['system'] scope. This behavior may change in the future where using the intended scope is required
Mar 23 20:15:39.797812 n-d-833453-5 devstack@n-api.service[103235]: warnings.warn(msg)
Mar 23 20:15:39.827443 n-d-833453-5 devstack@n-api.service[103235]: INFO nova.api.openstack.requestlog [None req-cc19f75c-7beb-462f-8659-214101b35acb admin admin] 10.222.0.47 "POST /compute/v2.1/flavors" status: 200 len: 407 microversion: 2.61 time: 0.104097
Mar 23 20:15:39.828006 n-d-833453-5 devstack@n-api.service[103235]: [pid: 103235|app: 0|req: 3/5] 10.222.0.47 () {64 vars in 1282 bytes} [Wed Mar 23 20:15:39 2022] POST /compute/v2.1/flavors => generated 407 bytes in 106 msecs (HTTP/1.1 200) 9 headers in 359 bytes (1 switches on core 0)
Mar 23 20:15:40.046257 n-d-833453-5 devstack@n-api.service[103234]: DEBUG nova.api.openstack.wsgi [None req-4177b885-924c-4c5a-9eb7-412e924f0461 admin admin] Action: 'create', calling method: >, body: {"extra_specs": {"hw_rng:allowed": "True"}} {{(pid=103234) _process_stack /opt/stack/nova/nova/api/openstack/wsgi.py:511}}
Mar 23 20:15:40.048671 n-d-833453-5 devstack@n-api.service[103234]: /usr/local/lib/python3.8/dist-packages/oslo_policy/policy.py:1119: UserWarning: Policy "os_compute_api:os-flavor-extra-specs:create": "rule:context_is_admin" failed scope check. The token used to make the request was project scoped but the policy requires ['system'] scope. This behavior may change in the future where using the intended scope is required
Mar 23 20:15:40.048671 n-d-833453-5 devstack@n-api.service[103234]: warnings.warn(msg)
Mar 23 20:15:40.097470 n-d-833453-5 devstack@n-api.service[103234]: INFO nova.api.openstack.requestlog [None req-4177b885-924c-4c5a-9eb7-412e924f0461 admin admin] 10.222.0.47 "POST /compute/v2.1/flavors/c1/os-extra_specs" status: 200 len: 43 microversion: 2.61 time: 0.261203
Mar 23 20:15:40.117452 n-d-833453-5 devstack@n-api.service[103234]: [pid: 103234|app: 0|req: 3/6] 10.222.0.47 () {64 vars in 1335 bytes} [Wed Mar 23 20:15:39 2022] POST /compute/v2.1/flavors/c1/os-extra_specs => generated 43 bytes in 282 msecs (HTTP/1.1 200) 9 headers in 358 bytes (2 switches on core 0)
Mar 23 20:15:42.457563 n-d-833453-5 devstack@n-api.service[103235]: DEBUG nova.api.openstack.wsgi [None req-cc19f75c-7beb-462f-8659-214101b35acb admin admin] Calling method '>' {{(pid=103235) _process_stack /opt/stack/nova/nova/api/openstack/wsgi.py:513}}
Mar 23 20:15:42.458586 n-d-833453-5 devstack@n-api.service[103235]: INFO nova.api.openstack.requestlog [None req-cc19f75c-7beb-462f-8659-214101b35acb admin admin] 10.222.0.47 "GET /compute/v2.1" status: 200 len: 388 microversion: 2.1 time: 0.001511
Mar 23 20:15:42.458986 n-d-833453-5 devstack@n-api.service[103235]: [pid: 103235|app: 0|req: 4/7] 10.222.0.47 () {54 vars in 930 bytes} [Wed Mar 23 20:15:42 2022] GET /compute/v2.1 => generated 388 bytes in 2 msecs (HTTP/1.1 200) 9 headers in 357 bytes (1 switches on core 0)
Mar 23 20:15:42.570600 n-d-833453-5 devstack@n-api.service[103234]: DEBUG nova.api.openstack.wsgi [None req-c1bcfc0a-3458-4bd0-8702-5dee5469354e admin admin] Action: 'create', calling method: >, body: {"flavor": {"id": "d1", "vcpus": 1, "os-flavor-access:is_public": true, "disk": 5, "name": "ds512M", "swap": 0, "rxtx_factor": 1.0, "ram": 512, "OS-FLV-EXT-DATA:ephemeral": 0}} {{(pid=103234) _process_stack /opt/stack/nova/nova/api/openstack/wsgi.py:511}}
Mar 23 20:15:42.589070 n-d-833453-5 devstack@n-api.service[103234]: /usr/local/lib/python3.8/dist-packages/oslo_policy/policy.py:1119: UserWarning: Policy "os_compute_api:os-flavor-manage:create": "rule:context_is_admin" failed scope check. The token used to make the request was project scoped but the policy requires ['system'] scope. This behavior may change in the future where using the intended scope is required
Mar 23 20:15:42.589070 n-d-833453-5 devstack@n-api.service[103234]: warnings.warn(msg)
Mar 23 20:15:42.607572 n-d-833453-5 devstack@n-api.service[103234]: INFO nova.api.openstack.requestlog [None req-c1bcfc0a-3458-4bd0-8702-5dee5469354e admin admin] 10.222.0.47 "POST /compute/v2.1/flavors" status: 200 len: 404 microversion: 2.61 time: 0.142905
Mar 23 20:15:42.608134 n-d-833453-5 devstack@n-api.service[103234]: [pid: 103234|app: 0|req: 4/8] 10.222.0.47 () {64 vars in 1282 bytes} [Wed Mar 23 20:15:42 2022] POST /compute/v2.1/flavors => generated 404 bytes in 144 msecs (HTTP/1.1 200) 9 headers in 359 bytes (2 switches on core 0)
Mar 23 20:15:42.620235 n-d-833453-5 devstack@n-api.service[103235]: DEBUG nova.api.openstack.wsgi [None req-27a8e948-9570-4f5e-949d-9f851488affb admin admin] Action: 'create', calling method: >, body: {"extra_specs": {"hw_rng:allowed": "True"}} {{(pid=103235) _process_stack /opt/stack/nova/nova/api/openstack/wsgi.py:511}}
Mar 23 20:15:42.621839 n-d-833453-5 devstack@n-api.service[103235]: /usr/local/lib/python3.8/dist-packages/oslo_policy/policy.py:1119: UserWarning: Policy "os_compute_api:os-flavor-extra-specs:create": "rule:context_is_admin" failed scope check. The token used to make the request was project scoped but the policy requires ['system'] scope. This behavior may change in the future where using the intended scope is required
Mar 23 20:15:42.621839 n-d-833453-5 devstack@n-api.service[103235]: warnings.warn(msg)
Mar 23 20:15:42.661917 n-d-833453-5 devstack@n-api.service[103235]: INFO nova.api.openstack.requestlog [None req-27a8e948-9570-4f5e-949d-9f851488affb admin admin] 10.222.0.47 "POST /compute/v2.1/flavors/d1/os-extra_specs" status: 200 len: 43 microversion: 2.61 time: 0.043686
Mar 23 20:15:42.662832 n-d-833453-5 devstack@n-api.service[103235]: [pid: 103235|app: 0|req: 5/9] 10.222.0.47 () {64 vars in 1335 bytes} [Wed Mar 23 20:15:42 2022] POST /compute/v2.1/flavors/d1/os-extra_specs => generated 43 bytes in 47 msecs (HTTP/1.1 200) 9 headers in 358 bytes (2 switches on core 0)
Mar 23 20:15:45.114833 n-d-833453-5 devstack@n-api.service[103234]: DEBUG nova.api.openstack.wsgi [None req-c1bcfc0a-3458-4bd0-8702-5dee5469354e admin admin] Calling method '>' {{(pid=103234) _process_stack /opt/stack/nova/nova/api/openstack/wsgi.py:513}}
Mar 23 20:15:45.116636 n-d-833453-5 devstack@n-api.service[103234]: INFO nova.api.openstack.requestlog [None req-c1bcfc0a-3458-4bd0-8702-5dee5469354e admin admin] 10.222.0.47 "GET /compute/v2.1" status: 200 len: 388 microversion: 2.1 time: 0.002260
Mar 23 20:15:45.118191 n-d-833453-5 devstack@n-api.service[103234]: [pid: 103234|app: 0|req: 5/10] 10.222.0.47 () {54 vars in 930 bytes} [Wed Mar 23 20:15:45 2022] GET /compute/v2.1 => generated 388 bytes in 4 msecs (HTTP/1.1 200) 9 headers in 357 bytes (1 switches on core 0)
Mar 23 20:15:45.185323 n-d-833453-5 devstack@n-api.service[103235]: DEBUG nova.api.openstack.wsgi [None req-9491c7a3-c02f-490a-a6ec-43d3ffac58fb admin admin] Action: 'create', calling method: >, body: {"flavor": {"ram": 1024, "OS-FLV-EXT-DATA:ephemeral": 0, "id": "d2", "name": "ds1G", "rxtx_factor": 1.0, "vcpus": 1, "os-flavor-access:is_public": true, "swap": 0, "disk": 10}} {{(pid=103235) _process_stack /opt/stack/nova/nova/api/openstack/wsgi.py:511}}
Mar 23 20:15:45.209772 n-d-833453-5 devstack@n-api.service[103235]: INFO nova.api.openstack.requestlog [None req-9491c7a3-c02f-490a-a6ec-43d3ffac58fb admin admin] 10.222.0.47 "POST /compute/v2.1/flavors" status: 200 len: 404 microversion: 2.61 time: 0.084089
Mar 23 20:15:45.215678 n-d-833453-5 devstack@n-api.service[103235]: [pid: 103235|app: 0|req: 6/11] 10.222.0.47 () {64 vars in 1282 bytes} [Wed Mar 23 20:15:45 2022] POST /compute/v2.1/flavors => generated 404 bytes in 86 msecs (HTTP/1.1 200) 9 headers in 359 bytes (1 switches on core 0)
Mar 23 20:15:45.225082 n-d-833453-5 devstack@n-api.service[103234]: DEBUG nova.api.openstack.wsgi [None req-4ab8da1e-440a-4f23-b65b-546a0cfebe0f admin admin] Action: 'create', calling method: >, body: {"extra_specs": {"hw_rng:allowed": "True"}} {{(pid=103234) _process_stack /opt/stack/nova/nova/api/openstack/wsgi.py:511}}
Mar 23 20:15:45.254318 n-d-833453-5 devstack@n-api.service[103234]: INFO nova.api.openstack.requestlog [None req-4ab8da1e-440a-4f23-b65b-546a0cfebe0f admin admin] 10.222.0.47 "POST /compute/v2.1/flavors/d2/os-extra_specs" status: 200 len: 43 microversion: 2.61 time: 0.033339
Mar 23 20:15:45.262169 n-d-833453-5 devstack@n-api.service[103234]: [pid: 103234|app: 0|req: 6/12] 10.222.0.47 () {64 vars in 1335 bytes} [Wed Mar 23 20:15:45 2022] POST /compute/v2.1/flavors/d2/os-extra_specs => generated 43 bytes in 42 msecs (HTTP/1.1 200) 9 headers in 358 bytes (1 switches on core 0)
Mar 23 20:15:47.816787 n-d-833453-5 devstack@n-api.service[103235]: DEBUG nova.api.openstack.wsgi [None req-9491c7a3-c02f-490a-a6ec-43d3ffac58fb admin admin] Calling method '>' {{(pid=103235) _process_stack /opt/stack/nova/nova/api/openstack/wsgi.py:513}}
Mar 23 20:15:47.818478 n-d-833453-5 devstack@n-api.service[103235]: INFO nova.api.openstack.requestlog [None req-9491c7a3-c02f-490a-a6ec-43d3ffac58fb admin admin] 10.222.0.47 "GET /compute/v2.1" status: 200 len: 388 microversion: 2.1 time: 0.002123
Mar 23 20:15:47.819371 n-d-833453-5 devstack@n-api.service[103235]: [pid: 103235|app: 0|req: 7/13] 10.222.0.47 () {54 vars in 930 bytes} [Wed Mar 23 20:15:47 2022] GET /compute/v2.1 => generated 388 bytes in 3 msecs (HTTP/1.1 200) 9 headers in 357 bytes (1 switches on core 0)
Mar 23 20:15:47.884571 n-d-833453-5 devstack@n-api.service[103234]: DEBUG nova.api.openstack.wsgi [None req-3063ffda-f860-4a2a-bbe8-6dc1f155708a admin admin] Action: 'create', calling method: >, body: {"flavor": {"vcpus": 2, "ram": 2048, "rxtx_factor": 1.0, "swap": 0, "OS-FLV-EXT-DATA:ephemeral": 0, "name": "ds2G", "os-flavor-access:is_public": true, "id": "d3", "disk": 10}} {{(pid=103234) _process_stack /opt/stack/nova/nova/api/openstack/wsgi.py:511}}
Mar 23 20:15:47.911022 n-d-833453-5 devstack@n-api.service[103234]: INFO nova.api.openstack.requestlog [None req-3063ffda-f860-4a2a-bbe8-6dc1f155708a admin admin] 10.222.0.47 "POST /compute/v2.1/flavors" status: 200 len: 404 microversion: 2.61 time: 0.085256
Mar 23 20:15:47.912274 n-d-833453-5 devstack@n-api.service[103234]: [pid: 103234|app: 0|req: 7/14] 10.222.0.47 () {64 vars in 1282 bytes} [Wed Mar 23 20:15:47 2022] POST /compute/v2.1/flavors => generated 404 bytes in 87 msecs (HTTP/1.1 200) 9 headers in 359 bytes (1 switches on core 0)
Mar 23 20:15:47.924061 n-d-833453-5 devstack@n-api.service[103235]: DEBUG nova.api.openstack.wsgi [None req-06159e3f-1e99-4fd3-9757-d6da3c1ac314 admin admin] Action: 'create', calling method: >, body: {"extra_specs": {"hw_rng:allowed": "True"}} {{(pid=103235) _process_stack /opt/stack/nova/nova/api/openstack/wsgi.py:511}}
Mar 23 20:15:47.960133 n-d-833453-5 devstack@n-api.service[103235]: INFO nova.api.openstack.requestlog [None req-06159e3f-1e99-4fd3-9757-d6da3c1ac314 admin admin] 10.222.0.47 "POST /compute/v2.1/flavors/d3/os-extra_specs" status: 200 len: 43 microversion: 2.61 time: 0.040189
Mar 23 20:15:47.961610 n-d-833453-5 devstack@n-api.service[103235]: [pid: 103235|app: 0|req: 8/15] 10.222.0.47 () {64 vars in 1335 bytes} [Wed Mar 23 20:15:47 2022] POST /compute/v2.1/flavors/d3/os-extra_specs => generated 43 bytes in 42 msecs (HTTP/1.1 200) 9 headers in 358 bytes (1 switches on core 0)
Mar 23 20:15:50.405712 n-d-833453-5 devstack@n-api.service[103234]: DEBUG nova.api.openstack.wsgi [None req-3063ffda-f860-4a2a-bbe8-6dc1f155708a admin admin] Calling method '>' {{(pid=103234) _process_stack /opt/stack/nova/nova/api/openstack/wsgi.py:513}}
Mar 23 20:15:50.406819 n-d-833453-5 devstack@n-api.service[103234]: INFO nova.api.openstack.requestlog [None req-3063ffda-f860-4a2a-bbe8-6dc1f155708a admin admin] 10.222.0.47 "GET /compute/v2.1" status: 200 len: 388 microversion: 2.1 time: 0.001529
Mar 23 20:15:50.407298 n-d-833453-5 devstack@n-api.service[103234]: [pid: 103234|app: 0|req: 8/16] 10.222.0.47 () {54 vars in 930 bytes} [Wed Mar 23 20:15:50 2022] GET /compute/v2.1 => generated 388 bytes in 3 msecs (HTTP/1.1 200) 9 headers in 357 bytes (1 switches on core 0)
Mar 23 20:15:50.465814 n-d-833453-5 devstack@n-api.service[103235]: DEBUG nova.api.openstack.wsgi [None req-4d631f2f-2178-455a-ab72-58d5bbf1f34f admin admin] Action: 'create', calling method: >, body: {"flavor": {"os-flavor-access:is_public": true, "vcpus": 4, "disk": 20, "swap": 0, "OS-FLV-EXT-DATA:ephemeral": 0, "ram": 4096, "id": "d4", "name": "ds4G", "rxtx_factor": 1.0}} {{(pid=103235) _process_stack /opt/stack/nova/nova/api/openstack/wsgi.py:511}}
Mar 23 20:15:50.484764 n-d-833453-5 devstack@n-api.service[103235]: INFO nova.api.openstack.requestlog [None req-4d631f2f-2178-455a-ab72-58d5bbf1f34f admin admin] 10.222.0.47 "POST /compute/v2.1/flavors" status: 200 len: 404 microversion: 2.61 time: 0.071416
Mar 23 20:15:50.489297 n-d-833453-5 devstack@n-api.service[103235]: [pid: 103235|app: 0|req: 9/17] 10.222.0.47 () {64 vars in 1282 bytes} [Wed Mar 23 20:15:50 2022] POST /compute/v2.1/flavors => generated 404 bytes in 73 msecs (HTTP/1.1 200) 9 headers in 359 bytes (2 switches on core 0)
Mar 23 20:15:50.497131 n-d-833453-5 devstack@n-api.service[103234]: DEBUG nova.api.openstack.wsgi [None req-fabb5a68-abf4-465f-a34b-58300f660828 admin admin] Action: 'create', calling method: >, body: {"extra_specs": {"hw_rng:allowed": "True"}} {{(pid=103234) _process_stack /opt/stack/nova/nova/api/openstack/wsgi.py:511}}
Mar 23 20:15:50.519178 n-d-833453-5 devstack@n-api.service[103234]: INFO nova.api.openstack.requestlog [None req-fabb5a68-abf4-465f-a34b-58300f660828 admin admin] 10.222.0.47 "POST /compute/v2.1/flavors/d4/os-extra_specs" status: 200 len: 43 microversion: 2.61 time: 0.025897
Mar 23 20:15:50.519853 n-d-833453-5 devstack@n-api.service[103234]: [pid: 103234|app: 0|req: 9/18] 10.222.0.47 () {64 vars in 1335 bytes} [Wed Mar 23 20:15:50 2022] POST /compute/v2.1/flavors/d4/os-extra_specs => generated 43 bytes in 27 msecs (HTTP/1.1 200) 9 headers in 358 bytes (1 switches on core 0)
Mar 23 20:15:52.933256 n-d-833453-5 devstack@n-api.service[103235]: DEBUG nova.api.openstack.wsgi [None req-4d631f2f-2178-455a-ab72-58d5bbf1f34f admin admin] Calling method '>' {{(pid=103235) _process_stack /opt/stack/nova/nova/api/openstack/wsgi.py:513}}
Mar 23 20:15:52.934315 n-d-833453-5 devstack@n-api.service[103235]: INFO nova.api.openstack.requestlog [None req-4d631f2f-2178-455a-ab72-58d5bbf1f34f admin admin] 10.222.0.47 "GET /compute/v2.1" status: 200 len: 388 microversion: 2.1 time: 0.001512
Mar 23 20:15:52.934717 n-d-833453-5 devstack@n-api.service[103235]: [pid: 103235|app: 0|req: 10/19] 10.222.0.47 () {54 vars in 930 bytes} [Wed Mar 23 20:15:52 2022] GET /compute/v2.1 => generated 388 bytes in 2 msecs (HTTP/1.1 200) 9 headers in 357 bytes (1 switches on core 0)
Mar 23 20:15:52.994173 n-d-833453-5 devstack@n-api.service[103234]: DEBUG nova.api.openstack.wsgi [None req-3cb25d33-26d3-4cc3-899a-4b1877aa83e2 admin admin] Calling method '>' {{(pid=103234) _process_stack /opt/stack/nova/nova/api/openstack/wsgi.py:513}}
Mar 23 20:15:53.018529 n-d-833453-5 devstack@n-api.service[103234]: INFO nova.api.openstack.requestlog [None req-3cb25d33-26d3-4cc3-899a-4b1877aa83e2 admin admin] 10.222.0.47 "GET /compute/v2.1/flavors/detail?is_public=True" status: 200 len: 2106 microversion: 2.61 time: 0.077140
Mar 23 20:15:53.021313 n-d-833453-5 devstack@n-api.service[103234]: [pid: 103234|app: 0|req: 10/20] 10.222.0.47 () {60 vars in 1291 bytes} [Wed Mar 23 20:15:52 2022] GET /compute/v2.1/flavors/detail?is_public=True => generated 2106 bytes in 78 msecs (HTTP/1.1 200) 9 headers in 360 bytes (1 switches on core 0)
Mar 23 20:15:55.449143 n-d-833453-5 devstack@n-api.service[103235]: DEBUG nova.api.openstack.wsgi [None req-4d631f2f-2178-455a-ab72-58d5bbf1f34f admin admin] Calling method '>' {{(pid=103235) _process_stack /opt/stack/nova/nova/api/openstack/wsgi.py:513}}
Mar 23 20:15:55.450813 n-d-833453-5 devstack@n-api.service[103235]: INFO nova.api.openstack.requestlog [None req-4d631f2f-2178-455a-ab72-58d5bbf1f34f admin admin] 10.222.0.47 "GET /compute/v2.1" status: 200 len: 388 microversion: 2.1 time: 0.002094
Mar 23 20:15:55.457324 n-d-833453-5 devstack@n-api.service[103235]: [pid: 103235|app: 0|req: 11/21] 10.222.0.47 () {54 vars in 930 bytes} [Wed Mar 23 20:15:55 2022] GET /compute/v2.1 => generated 388 bytes in 9 msecs (HTTP/1.1 200) 9 headers in 357 bytes (1 switches on core 0)
Mar 23 20:15:55.515112 n-d-833453-5 devstack@n-api.service[103234]: DEBUG nova.api.openstack.wsgi [None req-fd34011d-c2fe-42a9-b1fb-65901c95ee97 admin admin] Action: 'create', calling method: >, body: {"flavor": {"OS-FLV-EXT-DATA:ephemeral": 0, "os-flavor-access:is_public": true, "vcpus": 1, "rxtx_factor": 1.0, "ram": 512, "swap": 0, "name": "m1.tiny", "id": "1", "disk": 1}} {{(pid=103234) _process_stack /opt/stack/nova/nova/api/openstack/wsgi.py:511}}
Mar 23 20:15:55.540365 n-d-833453-5 devstack@n-api.service[103234]: INFO nova.api.openstack.requestlog [None req-fd34011d-c2fe-42a9-b1fb-65901c95ee97 admin admin] 10.222.0.47 "POST /compute/v2.1/flavors" status: 200 len: 402 microversion: 2.61 time: 0.081583
Mar 23 20:15:55.541311 n-d-833453-5 devstack@n-api.service[103234]: [pid: 103234|app: 0|req: 11/22] 10.222.0.47 () {64 vars in 1282 bytes} [Wed Mar 23 20:15:55 2022] POST /compute/v2.1/flavors => generated 402 bytes in 83 msecs (HTTP/1.1 200) 9 headers in 359 bytes (1 switches on core 0)
Mar 23 20:15:55.554101 n-d-833453-5 devstack@n-api.service[103235]: DEBUG nova.api.openstack.wsgi [None req-97b986d2-bb10-46a1-891f-1a132ea348dd admin admin] Action: 'create', calling method: >, body: {"extra_specs": {"hw_rng:allowed": "True"}} {{(pid=103235) _process_stack /opt/stack/nova/nova/api/openstack/wsgi.py:511}}
Mar 23 20:15:55.582316 n-d-833453-5 devstack@n-api.service[103235]: INFO nova.api.openstack.requestlog [None req-97b986d2-bb10-46a1-891f-1a132ea348dd admin admin] 10.222.0.47 "POST /compute/v2.1/flavors/1/os-extra_specs" status: 200 len: 43 microversion: 2.61 time: 0.032208
Mar 23 20:15:55.598729 n-d-833453-5 devstack@n-api.service[103235]: [pid: 103235|app: 0|req: 12/23] 10.222.0.47 () {64 vars in 1332 bytes} [Wed Mar 23 20:15:55 2022] POST /compute/v2.1/flavors/1/os-extra_specs => generated 43 bytes in 49 msecs (HTTP/1.1 200) 9 headers in 358 bytes (1 switches on core 0)
Mar 23 20:15:58.052285 n-d-833453-5 devstack@n-api.service[103234]: DEBUG nova.api.openstack.wsgi [None req-fd34011d-c2fe-42a9-b1fb-65901c95ee97 admin admin] Calling method '>' {{(pid=103234) _process_stack /opt/stack/nova/nova/api/openstack/wsgi.py:513}}
Mar 23 20:15:58.053371 n-d-833453-5 devstack@n-api.service[103234]: INFO nova.api.openstack.requestlog [None req-fd34011d-c2fe-42a9-b1fb-65901c95ee97 admin admin] 10.222.0.47 "GET /compute/v2.1" status: 200 len: 388 microversion: 2.1 time: 0.001475
Mar 23 20:15:58.053792 n-d-833453-5 devstack@n-api.service[103234]: [pid: 103234|app: 0|req: 12/24] 10.222.0.47 () {54 vars in 930 bytes} [Wed Mar 23 20:15:58 2022] GET /compute/v2.1 => generated 388 bytes in 2 msecs (HTTP/1.1 200) 9 headers in 357 bytes (1 switches on core 0)
Mar 23 20:15:58.119847 n-d-833453-5 devstack@n-api.service[103235]: DEBUG nova.api.openstack.wsgi [None req-0d9aa072-20d0-4c28-8dd3-1bcdc61caa8e admin admin] Action: 'create', calling method: >, body: {"flavor": {"ram": 2048, "OS-FLV-EXT-DATA:ephemeral": 0, "swap": 0, "rxtx_factor": 1.0, "os-flavor-access:is_public": true, "id": "2", "disk": 20, "name": "m1.small", "vcpus": 1}} {{(pid=103235) _process_stack /opt/stack/nova/nova/api/openstack/wsgi.py:511}}
Mar 23 20:15:58.141841 n-d-833453-5 devstack@n-api.service[103235]: INFO nova.api.openstack.requestlog [None req-0d9aa072-20d0-4c28-8dd3-1bcdc61caa8e admin admin] 10.222.0.47 "POST /compute/v2.1/flavors" status: 200 len: 405 microversion: 2.61 time: 0.082148
Mar 23 20:15:58.142848 n-d-833453-5 devstack@n-api.service[103235]: [pid: 103235|app: 0|req: 13/25] 10.222.0.47 () {64 vars in 1282 bytes} [Wed Mar 23 20:15:58 2022] POST /compute/v2.1/flavors => generated 405 bytes in 84 msecs (HTTP/1.1 200) 9 headers in 359 bytes (1 switches on core 0)
Mar 23 20:15:58.156669 n-d-833453-5 devstack@n-api.service[103234]: DEBUG nova.api.openstack.wsgi [None req-6aa5fdb2-9915-4639-bdc0-d4e2ff8d72f7 admin admin] Action: 'create', calling method: >, body: {"extra_specs": {"hw_rng:allowed": "True"}} {{(pid=103234) _process_stack /opt/stack/nova/nova/api/openstack/wsgi.py:511}}
Mar 23 20:15:58.179899 n-d-833453-5 devstack@n-api.service[103234]: INFO nova.api.openstack.requestlog [None req-6aa5fdb2-9915-4639-bdc0-d4e2ff8d72f7 admin admin] 10.222.0.47 "POST /compute/v2.1/flavors/2/os-extra_specs" status: 200 len: 43 microversion: 2.61 time: 0.026970
Mar 23 20:15:58.180484 n-d-833453-5 devstack@n-api.service[103234]: [pid: 103234|app: 0|req: 13/26] 10.222.0.47 () {64 vars in 1332 bytes} [Wed Mar 23 20:15:58 2022] POST /compute/v2.1/flavors/2/os-extra_specs => generated 43 bytes in 28 msecs (HTTP/1.1 200) 9 headers in 358 bytes (1 switches on core 0)
Mar 23 20:16:00.892363 n-d-833453-5 devstack@n-api.service[103235]: DEBUG nova.api.openstack.wsgi [None req-0d9aa072-20d0-4c28-8dd3-1bcdc61caa8e admin admin] Calling method '>' {{(pid=103235) _process_stack /opt/stack/nova/nova/api/openstack/wsgi.py:513}}
Mar 23 20:16:00.893461 n-d-833453-5 devstack@n-api.service[103235]: INFO nova.api.openstack.requestlog [None req-0d9aa072-20d0-4c28-8dd3-1bcdc61caa8e admin admin] 10.222.0.47 "GET /compute/v2.1" status: 200 len: 388 microversion: 2.1 time: 0.001462
Mar 23 20:16:00.893821 n-d-833453-5 devstack@n-api.service[103235]: [pid: 103235|app: 0|req: 14/27] 10.222.0.47 () {54 vars in 930 bytes} [Wed Mar 23 20:16:00 2022] GET /compute/v2.1 => generated 388 bytes in 2 msecs (HTTP/1.1 200) 9 headers in 357 bytes (1 switches on core 0)
Mar 23 20:16:00.957929 n-d-833453-5 devstack@n-api.service[103234]: DEBUG nova.api.openstack.wsgi [None req-ce92b483-bad8-4e23-ad40-0586bef8e934 admin admin] Action: 'create', calling method: >, body: {"flavor": {"disk": 40, "vcpus": 2, "rxtx_factor": 1.0, "OS-FLV-EXT-DATA:ephemeral": 0, "ram": 4096, "name": "m1.medium", "swap": 0, "os-flavor-access:is_public": true, "id": "3"}} {{(pid=103234) _process_stack /opt/stack/nova/nova/api/openstack/wsgi.py:511}}
Mar 23 20:16:00.985639 n-d-833453-5 devstack@n-api.service[103234]: INFO nova.api.openstack.requestlog [None req-ce92b483-bad8-4e23-ad40-0586bef8e934 admin admin] 10.222.0.47 "POST /compute/v2.1/flavors" status: 200 len: 406 microversion: 2.61 time: 0.085898
Mar 23 20:16:00.986427 n-d-833453-5 devstack@n-api.service[103234]: [pid: 103234|app: 0|req: 14/28] 10.222.0.47 () {64 vars in 1282 bytes} [Wed Mar 23 20:16:00 2022] POST /compute/v2.1/flavors => generated 406 bytes in 88 msecs (HTTP/1.1 200) 9 headers in 359 bytes (2 switches on core 0)
Mar 23 20:16:00.998743 n-d-833453-5 devstack@n-api.service[103235]: DEBUG nova.api.openstack.wsgi [None req-44ce68ae-5402-4400-8478-a0dcaabe0f32 admin admin] Action: 'create', calling method: >, body: {"extra_specs": {"hw_rng:allowed": "True"}} {{(pid=103235) _process_stack /opt/stack/nova/nova/api/openstack/wsgi.py:511}}
Mar 23 20:16:01.023509 n-d-833453-5 devstack@n-api.service[103235]: INFO nova.api.openstack.requestlog [None req-44ce68ae-5402-4400-8478-a0dcaabe0f32 admin admin] 10.222.0.47 "POST /compute/v2.1/flavors/3/os-extra_specs" status: 200 len: 43 microversion: 2.61 time: 0.028592
Mar 23 20:16:01.024257 n-d-833453-5 devstack@n-api.service[103235]: [pid: 103235|app: 0|req: 15/29] 10.222.0.47 () {64 vars in 1332 bytes} [Wed Mar 23 20:16:00 2022] POST /compute/v2.1/flavors/3/os-extra_specs => generated 43 bytes in 30 msecs (HTTP/1.1 200) 9 headers in 358 bytes (1 switches on core 0)
Mar 23 20:16:03.917347 n-d-833453-5 devstack@n-api.service[103234]: DEBUG nova.api.openstack.wsgi [None req-ce92b483-bad8-4e23-ad40-0586bef8e934 admin admin] Calling method '>' {{(pid=103234) _process_stack /opt/stack/nova/nova/api/openstack/wsgi.py:513}}
Mar 23 20:16:03.918936 n-d-833453-5 devstack@n-api.service[103234]: INFO nova.api.openstack.requestlog [None req-ce92b483-bad8-4e23-ad40-0586bef8e934 admin admin] 10.222.0.47 "GET /compute/v2.1" status: 200 len: 388 microversion: 2.1 time: 0.002142
Mar 23 20:16:03.919331 n-d-833453-5 devstack@n-api.service[103234]: [pid: 103234|app: 0|req: 15/30] 10.222.0.47 () {54 vars in 930 bytes} [Wed Mar 23 20:16:03 2022] GET /compute/v2.1 => generated 388 bytes in 3 msecs (HTTP/1.1 200) 9 headers in 357 bytes (1 switches on core 0)
Mar 23 20:16:03.977216 n-d-833453-5 devstack@n-api.service[103235]: DEBUG nova.api.openstack.wsgi [None req-27ff929d-cdd5-4625-b269-56039add14a4 admin admin] Action: 'create', calling method: >, body: {"flavor": {"ram": 8192, "vcpus": 4, "os-flavor-access:is_public": true, "rxtx_factor": 1.0, "name": "m1.large", "id": "4", "OS-FLV-EXT-DATA:ephemeral": 0, "disk": 80, "swap": 0}} {{(pid=103235) _process_stack /opt/stack/nova/nova/api/openstack/wsgi.py:511}}
Mar 23 20:16:03.994048 n-d-833453-5 devstack@n-api.service[103235]: INFO nova.api.openstack.requestlog [None req-27ff929d-cdd5-4625-b269-56039add14a4 admin admin] 10.222.0.47 "POST /compute/v2.1/flavors" status: 200 len: 405 microversion: 2.61 time: 0.069064
Mar 23 20:16:03.994571 n-d-833453-5 devstack@n-api.service[103235]: [pid: 103235|app: 0|req: 16/31] 10.222.0.47 () {64 vars in 1282 bytes} [Wed Mar 23 20:16:03 2022] POST /compute/v2.1/flavors => generated 405 bytes in 70 msecs (HTTP/1.1 200) 9 headers in 359 bytes (2 switches on core 0)
Mar 23 20:16:04.006296 n-d-833453-5 devstack@n-api.service[103234]: DEBUG nova.api.openstack.wsgi [None req-b9c1bfec-8232-4012-a3e3-4c9757b98a8d admin admin] Action: 'create', calling method: >, body: {"extra_specs": {"hw_rng:allowed": "True"}} {{(pid=103234) _process_stack /opt/stack/nova/nova/api/openstack/wsgi.py:511}}
Mar 23 20:16:04.028499 n-d-833453-5 devstack@n-api.service[103234]: INFO nova.api.openstack.requestlog [None req-b9c1bfec-8232-4012-a3e3-4c9757b98a8d admin admin] 10.222.0.47 "POST /compute/v2.1/flavors/4/os-extra_specs" status: 200 len: 43 microversion: 2.61 time: 0.025997
Mar 23 20:16:04.029380 n-d-833453-5 devstack@n-api.service[103234]: [pid: 103234|app: 0|req: 16/32] 10.222.0.47 () {64 vars in 1332 bytes} [Wed Mar 23 20:16:04 2022] POST /compute/v2.1/flavors/4/os-extra_specs => generated 43 bytes in 27 msecs (HTTP/1.1 200) 9 headers in 358 bytes (2 switches on core 0)
Mar 23 20:16:06.371947 n-d-833453-5 devstack@n-api.service[103235]: DEBUG nova.api.openstack.wsgi [None req-27ff929d-cdd5-4625-b269-56039add14a4 admin admin] Calling method '>' {{(pid=103235) _process_stack /opt/stack/nova/nova/api/openstack/wsgi.py:513}}
Mar 23 20:16:06.372966 n-d-833453-5 devstack@n-api.service[103235]: INFO nova.api.openstack.requestlog [None req-27ff929d-cdd5-4625-b269-56039add14a4 admin admin] 10.222.0.47 "GET /compute/v2.1" status: 200 len: 388 microversion: 2.1 time: 0.001496
Mar 23 20:16:06.373938 n-d-833453-5 devstack@n-api.service[103235]: [pid: 103235|app: 0|req: 17/33] 10.222.0.47 () {54 vars in 930 bytes} [Wed Mar 23 20:16:06 2022] GET /compute/v2.1 => generated 388 bytes in 2 msecs (HTTP/1.1 200) 9 headers in 357 bytes (1 switches on core 0)
Mar 23 20:16:06.432710 n-d-833453-5 devstack@n-api.service[103234]: DEBUG nova.api.openstack.wsgi [None req-93e91b2c-3c2a-4fa0-b5a0-ff50e84ec23c admin admin] Action: 'create', calling method: >, body: {"flavor": {"id": "5", "disk": 160, "rxtx_factor": 1.0, "ram": 16384, "os-flavor-access:is_public": true, "name": "m1.xlarge", "vcpus": 8, "swap": 0, "OS-FLV-EXT-DATA:ephemeral": 0}} {{(pid=103234) _process_stack /opt/stack/nova/nova/api/openstack/wsgi.py:511}}
Mar 23 20:16:06.450069 n-d-833453-5 devstack@n-api.service[103234]: INFO nova.api.openstack.requestlog [None req-93e91b2c-3c2a-4fa0-b5a0-ff50e84ec23c admin admin] 10.222.0.47 "POST /compute/v2.1/flavors" status: 200 len: 408 microversion: 2.61 time: 0.070410
Mar 23 20:16:06.450610 n-d-833453-5 devstack@n-api.service[103234]: [pid: 103234|app: 0|req: 17/34] 10.222.0.47 () {64 vars in 1282 bytes} [Wed Mar 23 20:16:06 2022] POST /compute/v2.1/flavors => generated 408 bytes in 72 msecs (HTTP/1.1 200) 9 headers in 359 bytes (2 switches on core 0)
Mar 23 20:16:06.461999 n-d-833453-5 devstack@n-api.service[103235]: DEBUG nova.api.openstack.wsgi [None req-6451bd99-a3d1-42fb-b90e-004051fbbf3e admin admin] Action: 'create', calling method: >, body: {"extra_specs": {"hw_rng:allowed": "True"}} {{(pid=103235) _process_stack /opt/stack/nova/nova/api/openstack/wsgi.py:511}}
Mar 23 20:16:06.484590 n-d-833453-5 devstack@n-api.service[103235]: INFO nova.api.openstack.requestlog [None req-6451bd99-a3d1-42fb-b90e-004051fbbf3e admin admin] 10.222.0.47 "POST /compute/v2.1/flavors/5/os-extra_specs" status: 200 len: 43 microversion: 2.61 time: 0.026201
Mar 23 20:16:06.485267 n-d-833453-5 devstack@n-api.service[103235]: [pid: 103235|app: 0|req: 18/35] 10.222.0.47 () {64 vars in 1332 bytes} [Wed Mar 23 20:16:06 2022] POST /compute/v2.1/flavors/5/os-extra_specs => generated 43 bytes in 27 msecs (HTTP/1.1 200) 9 headers in 358 bytes (2 switches on core 0)
Mar 23 20:16:33.227590 n-d-833453-5 devstack@n-api.service[103234]: DEBUG nova.api.openstack.wsgi [None req-93e91b2c-3c2a-4fa0-b5a0-ff50e84ec23c admin admin] Calling method '>' {{(pid=103234) _process_stack /opt/stack/nova/nova/api/openstack/wsgi.py:513}}
Mar 23 20:16:33.228657 n-d-833453-5 devstack@n-api.service[103234]: INFO nova.api.openstack.requestlog [None req-93e91b2c-3c2a-4fa0-b5a0-ff50e84ec23c admin admin] 10.222.0.47 "GET /compute/v2.1" status: 200 len: 388 microversion: 2.1 time: 0.001508
Mar 23 20:16:33.229053 n-d-833453-5 devstack@n-api.service[103234]: [pid: 103234|app: 0|req: 18/36] 10.222.0.47 () {54 vars in 930 bytes} [Wed Mar 23 20:16:33 2022] GET /compute/v2.1 => generated 388 bytes in 2 msecs (HTTP/1.1 200) 9 headers in 357 bytes (1 switches on core 0)
Mar 23 20:16:33.285547 n-d-833453-5 devstack@n-api.service[103235]: DEBUG nova.api.openstack.wsgi [None req-fa547dbd-3a24-4e4c-810a-8c7b274b8037 admin admin] Calling method '>' {{(pid=103235) _process_stack /opt/stack/nova/nova/api/openstack/wsgi.py:513}}
Mar 23 20:16:33.302235 n-d-833453-5 devstack@n-api.service[103235]: INFO nova.api.openstack.requestlog [None req-fa547dbd-3a24-4e4c-810a-8c7b274b8037 admin admin] 10.222.0.47 "GET /compute/v2.1/flavors/detail?is_public=True" status: 200 len: 4202 microversion: 2.61 time: 0.067258
Mar 23 20:16:33.302756 n-d-833453-5 devstack@n-api.service[103235]: [pid: 103235|app: 0|req: 19/37] 10.222.0.47 () {60 vars in 1291 bytes} [Wed Mar 23 20:16:33 2022] GET /compute/v2.1/flavors/detail?is_public=True => generated 4202 bytes in 68 msecs (HTTP/1.1 200) 9 headers in 360 bytes (1 switches on core 0)
Mar 23 20:16:34.683141 n-d-833453-5 devstack@n-api.service[103234]: DEBUG nova.api.openstack.wsgi [None req-93e91b2c-3c2a-4fa0-b5a0-ff50e84ec23c admin admin] Calling method '>' {{(pid=103234) _process_stack /opt/stack/nova/nova/api/openstack/wsgi.py:513}}
Mar 23 20:16:34.684179 n-d-833453-5 devstack@n-api.service[103234]: INFO nova.api.openstack.requestlog [None req-93e91b2c-3c2a-4fa0-b5a0-ff50e84ec23c admin admin] 10.222.0.47 "GET /compute/v2.1" status: 200 len: 388 microversion: 2.1 time: 0.001485
Mar 23 20:16:34.684610 n-d-833453-5 devstack@n-api.service[103234]: [pid: 103234|app: 0|req: 19/38] 10.222.0.47 () {56 vars in 1074 bytes} [Wed Mar 23 20:16:34 2022] GET /compute/v2.1 => generated 388 bytes in 2 msecs (HTTP/1.1 200) 9 headers in 357 bytes (1 switches on core 0)
Mar 23 20:16:34.882645 n-d-833453-5 devstack@n-api.service[103235]: DEBUG nova.api.openstack.wsgi [None req-a09f0d09-d087-4274-872f-cb7ba5186454 admin admin] Calling method '>' {{(pid=103235) _process_stack /opt/stack/nova/nova/api/openstack/wsgi.py:513}}
Mar 23 20:16:34.887995 n-d-833453-5 devstack@n-api.service[103235]: INFO nova.api.openstack.wsgi [None req-a09f0d09-d087-4274-872f-cb7ba5186454 admin admin] HTTP exception thrown: Flavor 42 could not be found.
Mar 23 20:16:34.889240 n-d-833453-5 devstack@n-api.service[103235]: DEBUG nova.api.openstack.wsgi [None req-a09f0d09-d087-4274-872f-cb7ba5186454 admin admin] Returning 404 to user: Flavor 42 could not be found. {{(pid=103235) __call__ /opt/stack/nova/nova/api/openstack/wsgi.py:936}}
Mar 23 20:16:34.890046 n-d-833453-5 devstack@n-api.service[103235]: INFO nova.api.openstack.requestlog [None req-a09f0d09-d087-4274-872f-cb7ba5186454 admin admin] 10.222.0.47 "GET /compute/v2.1/flavors/42" status: 404 len: 75 microversion: 2.90 time: 0.066847
Mar 23 20:16:34.890548 n-d-833453-5 devstack@n-api.service[103235]: [pid: 103235|app: 0|req: 20/39] 10.222.0.47 () {60 vars in 1190 bytes} [Wed Mar 23 20:16:34 2022] GET /compute/v2.1/flavors/42 => generated 75 bytes in 68 msecs (HTTP/1.1 404) 9 headers in 380 bytes (1 switches on core 0)
Mar 23 20:16:34.900070 n-d-833453-5 devstack@n-api.service[103234]: DEBUG nova.api.openstack.wsgi [None req-31cb23ca-f78f-4b1c-94d8-2ab5bd5adfdd admin admin] Calling method '>' {{(pid=103234) _process_stack /opt/stack/nova/nova/api/openstack/wsgi.py:513}}
Mar 23 20:16:34.920511 n-d-833453-5 devstack@n-api.service[103234]: INFO nova.api.openstack.requestlog [None req-31cb23ca-f78f-4b1c-94d8-2ab5bd5adfdd admin admin] 10.222.0.47 "GET /compute/v2.1/flavors?is_public=None" status: 200 len: 2056 microversion: 2.90 time: 0.024172
Mar 23 20:16:34.921043 n-d-833453-5 devstack@n-api.service[103234]: [pid: 103234|app: 0|req: 20/40] 10.222.0.47 () {60 vars in 1210 bytes} [Wed Mar 23 20:16:34 2022] GET /compute/v2.1/flavors?is_public=None => generated 2056 bytes in 25 msecs (HTTP/1.1 200) 9 headers in 360 bytes (1 switches on core 0)
Mar 23 20:16:34.931358 n-d-833453-5 devstack@n-api.service[103235]: DEBUG nova.api.openstack.wsgi [None req-4fdc67d9-cd91-44f7-90dc-15be02c053af admin admin] Calling method '>' {{(pid=103235) _process_stack /opt/stack/nova/nova/api/openstack/wsgi.py:513}}
Mar 23 20:16:34.952946 n-d-833453-5 devstack@n-api.service[103235]: INFO nova.api.openstack.requestlog [None req-4fdc67d9-cd91-44f7-90dc-15be02c053af admin admin] 10.222.0.47 "GET /compute/v2.1/flavors?is_public=None" status: 200 len: 2056 microversion: 2.90 time: 0.025021
Mar 23 20:16:34.953516 n-d-833453-5 devstack@n-api.service[103235]: [pid: 103235|app: 0|req: 21/41] 10.222.0.47 () {60 vars in 1210 bytes} [Wed Mar 23 20:16:34 2022] GET /compute/v2.1/flavors?is_public=None => generated 2056 bytes in 26 msecs (HTTP/1.1 200) 9 headers in 360 bytes (1 switches on core 0)
Mar 23 20:16:34.962608 n-d-833453-5 devstack@n-api.service[103234]: DEBUG nova.api.openstack.wsgi [None req-c8fc9e7b-a669-463e-99a1-2d6238bc4d80 admin admin] Calling method '>' {{(pid=103234) _process_stack /opt/stack/nova/nova/api/openstack/wsgi.py:513}}
Mar 23 20:16:34.967982 n-d-833453-5 devstack@n-api.service[103234]: INFO nova.api.openstack.wsgi [None req-c8fc9e7b-a669-463e-99a1-2d6238bc4d80 admin admin] HTTP exception thrown: Flavor 42 could not be found.
Mar 23 20:16:34.968540 n-d-833453-5 devstack@n-api.service[103234]: DEBUG nova.api.openstack.wsgi [None req-c8fc9e7b-a669-463e-99a1-2d6238bc4d80 admin admin] Returning 404 to user: Flavor 42 could not be found. {{(pid=103234) __call__ /opt/stack/nova/nova/api/openstack/wsgi.py:936}}
Mar 23 20:16:34.969346 n-d-833453-5 devstack@n-api.service[103234]: INFO nova.api.openstack.requestlog [None req-c8fc9e7b-a669-463e-99a1-2d6238bc4d80 admin admin] 10.222.0.47 "GET /compute/v2.1/flavors/42" status: 404 len: 75 microversion: 2.90 time: 0.010366
Mar 23 20:16:34.969857 n-d-833453-5 devstack@n-api.service[103234]: [pid: 103234|app: 0|req: 21/42] 10.222.0.47 () {60 vars in 1190 bytes} [Wed Mar 23 20:16:34 2022] GET /compute/v2.1/flavors/42 => generated 75 bytes in 11 msecs (HTTP/1.1 404) 9 headers in 380 bytes (2 switches on core 0)
Mar 23 20:16:36.234299 n-d-833453-5 devstack@n-api.service[103235]: DEBUG nova.api.openstack.wsgi [None req-4fdc67d9-cd91-44f7-90dc-15be02c053af admin admin] Calling method '>' {{(pid=103235) _process_stack /opt/stack/nova/nova/api/openstack/wsgi.py:513}}
Mar 23 20:16:36.235311 n-d-833453-5 devstack@n-api.service[103235]: INFO nova.api.openstack.requestlog [None req-4fdc67d9-cd91-44f7-90dc-15be02c053af admin admin] 10.222.0.47 "GET /compute/v2.1" status: 200 len: 388 microversion: 2.1 time: 0.001482
Mar 23 20:16:36.235708 n-d-833453-5 devstack@n-api.service[103235]: [pid: 103235|app: 0|req: 22/43] 10.222.0.47 () {56 vars in 1074 bytes} [Wed Mar 23 20:16:36 2022] GET /compute/v2.1 => generated 388 bytes in 2 msecs (HTTP/1.1 200) 9 headers in 357 bytes (1 switches on core 0)
Mar 23 20:16:36.424799 n-d-833453-5 devstack@n-api.service[103234]: DEBUG nova.api.openstack.wsgi [None req-6fa3076e-d7ab-4185-a82b-e8500ce29dc6 admin admin] Calling method '>' {{(pid=103234) _process_stack /opt/stack/nova/nova/api/openstack/wsgi.py:513}}
Mar 23 20:16:36.430037 n-d-833453-5 devstack@n-api.service[103234]: INFO nova.api.openstack.wsgi [None req-6fa3076e-d7ab-4185-a82b-e8500ce29dc6 admin admin] HTTP exception thrown: Flavor 84 could not be found.
Mar 23 20:16:36.430600 n-d-833453-5 devstack@n-api.service[103234]: DEBUG nova.api.openstack.wsgi [None req-6fa3076e-d7ab-4185-a82b-e8500ce29dc6 admin admin] Returning 404 to user: Flavor 84 could not be found. {{(pid=103234) __call__ /opt/stack/nova/nova/api/openstack/wsgi.py:936}}
Mar 23 20:16:36.431389 n-d-833453-5 devstack@n-api.service[103234]: INFO nova.api.openstack.requestlog [None req-6fa3076e-d7ab-4185-a82b-e8500ce29dc6 admin admin] 10.222.0.47 "GET /compute/v2.1/flavors/84" status: 404 len: 75 microversion: 2.90 time: 0.058518
Mar 23 20:16:36.431897 n-d-833453-5 devstack@n-api.service[103234]: [pid: 103234|app: 0|req: 22/44] 10.222.0.47 () {60 vars in 1190 bytes} [Wed Mar 23 20:16:36 2022] GET /compute/v2.1/flavors/84 => generated 75 bytes in 60 msecs (HTTP/1.1 404) 9 headers in 380 bytes (1 switches on core 0)
Mar 23 20:16:36.441964 n-d-833453-5 devstack@n-api.service[103235]: DEBUG nova.api.openstack.wsgi [None req-8446d97e-6029-4d2e-81ed-be9577063109 admin admin] Calling method '>' {{(pid=103235) _process_stack /opt/stack/nova/nova/api/openstack/wsgi.py:513}}
Mar 23 20:16:36.455648 n-d-833453-5 devstack@n-api.service[103235]: INFO nova.api.openstack.requestlog [None req-8446d97e-6029-4d2e-81ed-be9577063109 admin admin] 10.222.0.47 "GET /compute/v2.1/flavors?is_public=None" status: 200 len: 2056 microversion: 2.90 time: 0.017244
Mar 23 20:16:36.456159 n-d-833453-5 devstack@n-api.service[103235]: [pid: 103235|app: 0|req: 23/45] 10.222.0.47 () {60 vars in 1210 bytes} [Wed Mar 23 20:16:36 2022] GET /compute/v2.1/flavors?is_public=None => generated 2056 bytes in 18 msecs (HTTP/1.1 200) 9 headers in 360 bytes (2 switches on core 0)
Mar 23 20:16:36.465161 n-d-833453-5 devstack@n-api.service[103234]: DEBUG nova.api.openstack.wsgi [None req-43ef415c-46cd-4288-bcd1-fefcdad717f8 admin admin] Calling method '>' {{(pid=103234) _process_stack /opt/stack/nova/nova/api/openstack/wsgi.py:513}}
Mar 23 20:16:36.478342 n-d-833453-5 devstack@n-api.service[103234]: INFO nova.api.openstack.requestlog [None req-43ef415c-46cd-4288-bcd1-fefcdad717f8 admin admin] 10.222.0.47 "GET /compute/v2.1/flavors?is_public=None" status: 200 len: 2056 microversion: 2.90 time: 0.016552
Mar 23 20:16:36.478851 n-d-833453-5 devstack@n-api.service[103234]: [pid: 103234|app: 0|req: 23/46] 10.222.0.47 () {60 vars in 1210 bytes} [Wed Mar 23 20:16:36 2022] GET /compute/v2.1/flavors?is_public=None => generated 2056 bytes in 18 msecs (HTTP/1.1 200) 9 headers in 360 bytes (1 switches on core 0)
Mar 23 20:16:36.487583 n-d-833453-5 devstack@n-api.service[103235]: DEBUG nova.api.openstack.wsgi [None req-9509dd03-68c4-47c2-8220-0aba329fd761 admin admin] Calling method '>' {{(pid=103235) _process_stack /opt/stack/nova/nova/api/openstack/wsgi.py:513}}
Mar 23 20:16:36.492506 n-d-833453-5 devstack@n-api.service[103235]: INFO nova.api.openstack.wsgi [None req-9509dd03-68c4-47c2-8220-0aba329fd761 admin admin] HTTP exception thrown: Flavor 84 could not be found.
Mar 23 20:16:36.493064 n-d-833453-5 devstack@n-api.service[103235]: DEBUG nova.api.openstack.wsgi [None req-9509dd03-68c4-47c2-8220-0aba329fd761 admin admin] Returning 404 to user: Flavor 84 could not be found. {{(pid=103235) __call__ /opt/stack/nova/nova/api/openstack/wsgi.py:936}}
Mar 23 20:16:36.493918 n-d-833453-5 devstack@n-api.service[103235]: INFO nova.api.openstack.requestlog [None req-9509dd03-68c4-47c2-8220-0aba329fd761 admin admin] 10.222.0.47 "GET /compute/v2.1/flavors/84" status: 404 len: 75 microversion: 2.90 time: 0.009790
