Mar 23 20:25:26.796548 n-d-833453-5 devstack@n-api.service[118431]: warnings.warn(msg)
Mar 23 20:25:26.797419 n-d-833453-5 devstack@n-api.service[118431]: DEBUG nova.policy [None req-dba06817-d453-4fd1-9e62-dc232354f60f tempest-AggregatesAdminNegativeTestJSON-1963729419 tempest-AggregatesAdminNegativeTestJSON-1963729419-project] Policy check for os_compute_api:os-aggregates:create failed with credentials {'is_admin': False, 'user_id': 'd60e97f68739464e97f5c3fb071ead9e', 'user_domain_id': 'default', 'system_scope': None, 'domain_id': None, 'project_id': '19cdfba28db641f39ddeac74a5f2989d', 'project_domain_id': 'default', 'roles': ['reader', 'member'], 'is_admin_project': True, 'service_user_id': None, 'service_user_domain_id': None, 'service_project_id': None, 'service_project_domain_id': None, 'service_roles': []} {{(pid=118431) authorize /opt/stack/nova/nova/policy.py:199}}
Mar 23 20:25:26.798065 n-d-833453-5 devstack@n-api.service[118431]: DEBUG nova.api.openstack.wsgi [None req-dba06817-d453-4fd1-9e62-dc232354f60f tempest-AggregatesAdminNegativeTestJSON-1963729419 tempest-AggregatesAdminNegativeTestJSON-1963729419-project] Returning 403 to user: Policy doesn't allow os_compute_api:os-aggregates:create to be performed. {{(pid=118431) __call__ /opt/stack/nova/nova/api/openstack/wsgi.py:936}}
Mar 23 20:25:26.799385 n-d-833453-5 devstack@n-api.service[118431]: INFO nova.api.openstack.requestlog [None req-dba06817-d453-4fd1-9e62-dc232354f60f tempest-AggregatesAdminNegativeTestJSON-1963729419 tempest-AggregatesAdminNegativeTestJSON-1963729419-project] 10.222.0.47 "POST /compute/v2.1/os-aggregates" status: 403 len: 116 microversion: 2.1 time: 0.007952
Mar 23 20:25:26.799902 n-d-833453-5 devstack@n-api.service[118431]: [pid: 118431|app: 0|req: 85/174] 10.222.0.47 () {60 vars in 1163 bytes} [Wed Mar 23 20:25:26 2022] POST /compute/v2.1/os-aggregates => generated 116 bytes in 9 msecs (HTTP/1.1 403) 9 headers in 379 bytes (1 switches on core 0)
Mar 23 20:25:26.805051 n-d-833453-5 devstack@n-api.service[118431]: DEBUG nova.api.openstack.wsgi [None req-9a6a9837-f21e-40b7-be91-3b7293cbbc2f tempest-AggregatesAdminTestJSON-898767048 tempest-AggregatesAdminTestJSON-898767048-project-admin] Action: 'create', calling method: >, body: {"aggregate": {"availability_zone": "tempest-test_az-1380636273", "name": "tempest-test_aggregate-1532798072"}} {{(pid=118431) _process_stack /opt/stack/nova/nova/api/openstack/wsgi.py:511}}
Mar 23 20:25:26.810252 n-d-833453-5 devstack@n-api.service[118432]: DEBUG nova.quota [None req-70d8e82f-b695-40ab-b392-bb272e1c01f0 tempest-QuotasAdminNegativeTest-1471387736 tempest-QuotasAdminNegativeTest-1471387736-project] Getting quotas for project 3ccd591e6e724c11ae09219a41f0d066. Resources: {'cores', 'ram', 'instances'} {{(pid=118432) _get_quotas /opt/stack/nova/nova/quota.py:393}}
Mar 23 20:25:26.817449 n-d-833453-5 devstack@n-api.service[118432]: DEBUG nova.quota [None req-70d8e82f-b695-40ab-b392-bb272e1c01f0 tempest-QuotasAdminNegativeTest-1471387736 tempest-QuotasAdminNegativeTest-1471387736-project] Getting quotas for user 08c75bdc8c744898b002dcdc805f915f and project 3ccd591e6e724c11ae09219a41f0d066. Resources: {'cores', 'ram', 'instances'} {{(pid=118432) _get_quotas /opt/stack/nova/nova/quota.py:383}}
Mar 23 20:25:26.825761 n-d-833453-5 devstack@n-api.service[118431]: DEBUG nova.objects.aggregate [None req-9a6a9837-f21e-40b7-be91-3b7293cbbc2f tempest-AggregatesAdminTestJSON-898767048 tempest-AggregatesAdminTestJSON-898767048-project-admin] Generated uuid 30f89365-0994-4a3a-90b5-bb315f39c1a4 for aggregate {{(pid=118431) create /opt/stack/nova/nova/objects/aggregate.py:298}}
Mar 23 20:25:26.831029 n-d-833453-5 devstack@n-api.service[118432]: DEBUG nova.compute.utils [None req-70d8e82f-b695-40ab-b392-bb272e1c01f0 tempest-QuotasAdminNegativeTest-1471387736 tempest-QuotasAdminNegativeTest-1471387736-project] cores quota exceeded for 3ccd591e6e724c11ae09219a41f0d066, tried to run 1 instances. Cannot run any more instances of this type. {{(pid=118432) check_num_instances_quota /opt/stack/nova/nova/compute/utils.py:1173}}
Mar 23 20:25:26.831933 n-d-833453-5 devstack@n-api.service[118432]: INFO nova.api.openstack.wsgi [None req-70d8e82f-b695-40ab-b392-bb272e1c01f0 tempest-QuotasAdminNegativeTest-1471387736 tempest-QuotasAdminNegativeTest-1471387736-project] HTTP exception thrown: Quota exceeded for cores: Requested 1, but already used 0 of 0 cores
Mar 23 20:25:26.832751 n-d-833453-5 devstack@n-api.service[118432]: DEBUG nova.api.openstack.wsgi [None req-70d8e82f-b695-40ab-b392-bb272e1c01f0 tempest-QuotasAdminNegativeTest-1471387736 tempest-QuotasAdminNegativeTest-1471387736-project] Returning 403 to user: Quota exceeded for cores: Requested 1, but already used 0 of 0 cores {{(pid=118432) __call__ /opt/stack/nova/nova/api/openstack/wsgi.py:936}}
Mar 23 20:25:26.833946 n-d-833453-5 devstack@n-api.service[118432]: INFO nova.api.openstack.requestlog [None req-70d8e82f-b695-40ab-b392-bb272e1c01f0 tempest-QuotasAdminNegativeTest-1471387736 tempest-QuotasAdminNegativeTest-1471387736-project] 10.222.0.47 "POST /compute/v2.1/servers" status: 403 len: 111 microversion: 2.1 time: 0.681005
Mar 23 20:25:26.834535 n-d-833453-5 devstack@n-api.service[118432]: [pid: 118432|app: 0|req: 90/175] 10.222.0.47 () {60 vars in 1146 bytes} [Wed Mar 23 20:25:26 2022] POST /compute/v2.1/servers => generated 111 bytes in 683 msecs (HTTP/1.1 403) 9 headers in 379 bytes (1 switches on core 0)
Mar 23 20:25:26.843979 n-d-833453-5 devstack@n-api.service[118432]: DEBUG nova.api.openstack.wsgi [None req-18b9e064-2e4b-41bc-9477-608f82b2c4d8 tempest-HostsAdminTestJSON-1047605155 tempest-HostsAdminTestJSON-1047605155-project-admin] Calling method '.version_select at 0x7f1e38217e50>' {{(pid=118432) _process_stack /opt/stack/nova/nova/api/openstack/wsgi.py:513}}
Mar 23 20:25:26.845011 n-d-833453-5 devstack@n-api.service[118432]: /usr/local/lib/python3.8/dist-packages/oslo_policy/policy.py:1119: UserWarning: Policy "os_compute_api:os-hosts:show": "rule:context_is_admin" failed scope check. The token used to make the request was project scoped but the policy requires ['system'] scope. This behavior may change in the future where using the intended scope is required
Mar 23 20:25:26.845011 n-d-833453-5 devstack@n-api.service[118432]: warnings.warn(msg)
Mar 23 20:25:26.851818 n-d-833453-5 devstack@n-api.service[118432]: DEBUG oslo_concurrency.lockutils [None req-18b9e064-2e4b-41bc-9477-608f82b2c4d8 tempest-HostsAdminTestJSON-1047605155 tempest-HostsAdminTestJSON-1047605155-project-admin] Lock "dbdd4646-b476-4ce7-a2f7-cfe943afbbb4" acquired by "nova.context.set_target_cell..get_or_set_cached_cell_and_set_connections" :: waited 0.000s {{(pid=118432) inner /usr/local/lib/python3.8/dist-packages/oslo_concurrency/lockutils.py:386}}
Mar 23 20:25:26.852466 n-d-833453-5 devstack@n-api.service[118432]: DEBUG oslo_concurrency.lockutils [None req-18b9e064-2e4b-41bc-9477-608f82b2c4d8 tempest-HostsAdminTestJSON-1047605155 tempest-HostsAdminTestJSON-1047605155-project-admin] Lock "dbdd4646-b476-4ce7-a2f7-cfe943afbbb4" "released" by "nova.context.set_target_cell..get_or_set_cached_cell_and_set_connections" :: held 0.001s {{(pid=118432) inner /usr/local/lib/python3.8/dist-packages/oslo_concurrency/lockutils.py:400}}
Mar 23 20:25:26.863156 n-d-833453-5 devstack@n-api.service[118431]: INFO nova.api.openstack.requestlog [None req-9a6a9837-f21e-40b7-be91-3b7293cbbc2f tempest-AggregatesAdminTestJSON-898767048 tempest-AggregatesAdminTestJSON-898767048-project-admin] 10.222.0.47 "POST /compute/v2.1/os-aggregates" status: 200 len: 223 microversion: 2.1 time: 0.062141
Mar 23 20:25:26.864241 n-d-833453-5 devstack@n-api.service[118431]: [pid: 118431|app: 0|req: 86/176] 10.222.0.47 () {60 vars in 1164 bytes} [Wed Mar 23 20:25:26 2022] POST /compute/v2.1/os-aggregates => generated 223 bytes in 64 msecs (HTTP/1.1 200) 9 headers in 357 bytes (1 switches on core 0)
Mar 23 20:25:26.870223 n-d-833453-5 devstack@n-api.service[118431]: DEBUG nova.api.openstack.wsgi [None req-26ccb1b2-c461-4134-a09b-4ce579504bf1 tempest-AggregatesAdminNegativeTestJSON-1428760892 tempest-AggregatesAdminNegativeTestJSON-1428760892-project-admin] Action: 'create', calling method: >, body: {"aggregate": {"name": "tempest-test_aggregate-1517027380"}} {{(pid=118431) _process_stack /opt/stack/nova/nova/api/openstack/wsgi.py:511}}
Mar 23 20:25:26.872501 n-d-833453-5 devstack@n-api.service[118431]: /usr/local/lib/python3.8/dist-packages/oslo_policy/policy.py:1119: UserWarning: Policy "os_compute_api:os-aggregates:create": "rule:context_is_admin" failed scope check. The token used to make the request was project scoped but the policy requires ['system'] scope. This behavior may change in the future where using the intended scope is required
Mar 23 20:25:26.872501 n-d-833453-5 devstack@n-api.service[118431]: warnings.warn(msg)
Mar 23 20:25:26.873691 n-d-833453-5 devstack@n-api.service[118431]: DEBUG nova.objects.aggregate [None req-26ccb1b2-c461-4134-a09b-4ce579504bf1 tempest-AggregatesAdminNegativeTestJSON-1428760892 tempest-AggregatesAdminNegativeTestJSON-1428760892-project-admin] Generated uuid be0f05f2-af64-4965-9abb-ec28d78843a3 for aggregate {{(pid=118431) create /opt/stack/nova/nova/objects/aggregate.py:298}}
Mar 23 20:25:26.875134 n-d-833453-5 devstack@n-api.service[118432]: DEBUG oslo_concurrency.lockutils [None req-18b9e064-2e4b-41bc-9477-608f82b2c4d8 tempest-HostsAdminTestJSON-1047605155 tempest-HostsAdminTestJSON-1047605155-project-admin] Lock "dbdd4646-b476-4ce7-a2f7-cfe943afbbb4" acquired by "nova.context.set_target_cell..get_or_set_cached_cell_and_set_connections" :: waited 0.000s {{(pid=118432) inner /usr/local/lib/python3.8/dist-packages/oslo_concurrency/lockutils.py:386}}
Mar 23 20:25:26.875658 n-d-833453-5 devstack@n-api.service[118432]: DEBUG oslo_concurrency.lockutils [None req-18b9e064-2e4b-41bc-9477-608f82b2c4d8 tempest-HostsAdminTestJSON-1047605155 tempest-HostsAdminTestJSON-1047605155-project-admin] Lock "dbdd4646-b476-4ce7-a2f7-cfe943afbbb4" "released" by "nova.context.set_target_cell..get_or_set_cached_cell_and_set_connections" :: held 0.001s {{(pid=118432) inner /usr/local/lib/python3.8/dist-packages/oslo_concurrency/lockutils.py:400}}
Mar 23 20:25:26.907383 n-d-833453-5 devstack@n-api.service[118431]: INFO nova.api.openstack.requestlog [None req-26ccb1b2-c461-4134-a09b-4ce579504bf1 tempest-AggregatesAdminNegativeTestJSON-1428760892 tempest-AggregatesAdminNegativeTestJSON-1428760892-project-admin] 10.222.0.47 "POST /compute/v2.1/os-aggregates" status: 200 len: 199 microversion: 2.1 time: 0.040812
Mar 23 20:25:26.914370 n-d-833453-5 devstack@n-api.service[118431]: [pid: 118431|app: 0|req: 87/177] 10.222.0.47 () {60 vars in 1163 bytes} [Wed Mar 23 20:25:26 2022] POST /compute/v2.1/os-aggregates => generated 199 bytes in 45 msecs (HTTP/1.1 200) 9 headers in 357 bytes (1 switches on core 0)
Mar 23 20:25:26.915703 n-d-833453-5 devstack@n-api.service[118432]: INFO nova.api.openstack.requestlog [None req-18b9e064-2e4b-41bc-9477-608f82b2c4d8 tempest-HostsAdminTestJSON-1047605155 tempest-HostsAdminTestJSON-1047605155-project-admin] 10.222.0.47 "GET /compute/v2.1/os-hosts/n-h1-833453-5" status: 200 len: 598 microversion: 2.1 time: 0.075863
Mar 23 20:25:26.920763 n-d-833453-5 devstack@n-api.service[118432]: [pid: 118432|app: 0|req: 91/178] 10.222.0.47 () {58 vars in 1169 bytes} [Wed Mar 23 20:25:26 2022] GET /compute/v2.1/os-hosts/n-h1-833453-5 => generated 598 bytes in 77 msecs (HTTP/1.1 200) 9 headers in 357 bytes (1 switches on core 0)
Mar 23 20:25:26.920930 n-d-833453-5 devstack@n-api.service[118431]: DEBUG nova.api.openstack.wsgi [None req-ebbcd327-35fa-4320-a280-af95dc0c7493 tempest-QuotasAdminNegativeTest-1537058304 tempest-QuotasAdminNegativeTest-1537058304-project-admin] Action: 'update', calling method: .version_select at 0x7f1e381c4ee0>, body: {"quota_set": {"cores": 20}} {{(pid=118431) _process_stack /opt/stack/nova/nova/api/openstack/wsgi.py:511}}
Mar 23 20:25:26.921960 n-d-833453-5 devstack@n-api.service[118432]: DEBUG nova.api.openstack.wsgi [None req-8660522c-394b-449f-8626-8c95217db2f4 tempest-AggregatesAdminTestJSON-898767048 tempest-AggregatesAdminTestJSON-898767048-project-admin] Calling method '>' {{(pid=118432) _process_stack /opt/stack/nova/nova/api/openstack/wsgi.py:513}}
Mar 23 20:25:26.922787 n-d-833453-5 devstack@n-api.service[118432]: /usr/local/lib/python3.8/dist-packages/oslo_policy/policy.py:1119: UserWarning: Policy "os_compute_api:os-aggregates:delete": "rule:context_is_admin" failed scope check. The token used to make the request was project scoped but the policy requires ['system'] scope. This behavior may change in the future where using the intended scope is required
Mar 23 20:25:26.922787 n-d-833453-5 devstack@n-api.service[118432]: warnings.warn(msg)
Mar 23 20:25:26.948190 n-d-833453-5 devstack@n-api.service[118432]: INFO nova.api.openstack.requestlog [None req-8660522c-394b-449f-8626-8c95217db2f4 tempest-AggregatesAdminTestJSON-898767048 tempest-AggregatesAdminTestJSON-898767048-project-admin] 10.222.0.47 "DELETE /compute/v2.1/os-aggregates/10" status: 200 len: 0 microversion: 2.1 time: 0.030476
Mar 23 20:25:26.952847 n-d-833453-5 devstack@n-api.service[118432]: [pid: 118432|app: 0|req: 92/179] 10.222.0.47 () {58 vars in 1154 bytes} [Wed Mar 23 20:25:26 2022] DELETE /compute/v2.1/os-aggregates/10 => generated 0 bytes in 36 msecs (HTTP/1.1 200) 9 headers in 355 bytes (1 switches on core 0)
Mar 23 20:25:26.958406 n-d-833453-5 devstack@n-api.service[118432]: DEBUG nova.api.openstack.wsgi [None req-71d2ae68-dcbc-410f-98a1-94b87b482417 tempest-AggregatesAdminNegativeTestJSON-1428760892 tempest-AggregatesAdminNegativeTestJSON-1428760892-project-admin] Action: 'create', calling method: >, body: {"aggregate": {"name": "tempest-test_aggregate-1517027380"}} {{(pid=118432) _process_stack /opt/stack/nova/nova/api/openstack/wsgi.py:511}}
Mar 23 20:25:26.959976 n-d-833453-5 devstack@n-api.service[118432]: /usr/local/lib/python3.8/dist-packages/oslo_policy/policy.py:1119: UserWarning: Policy "os_compute_api:os-aggregates:create": "rule:context_is_admin" failed scope check. The token used to make the request was project scoped but the policy requires ['system'] scope. This behavior may change in the future where using the intended scope is required
Mar 23 20:25:26.959976 n-d-833453-5 devstack@n-api.service[118432]: warnings.warn(msg)
Mar 23 20:25:26.960888 n-d-833453-5 devstack@n-api.service[118432]: DEBUG nova.objects.aggregate [None req-71d2ae68-dcbc-410f-98a1-94b87b482417 tempest-AggregatesAdminNegativeTestJSON-1428760892 tempest-AggregatesAdminNegativeTestJSON-1428760892-project-admin] Generated uuid a71f8ca2-9f58-4759-b3fc-ee8c29a4769f for aggregate {{(pid=118432) create /opt/stack/nova/nova/objects/aggregate.py:298}}
Mar 23 20:25:26.972708 n-d-833453-5 devstack@n-api.service[118432]: INFO nova.api.openstack.wsgi [None req-71d2ae68-dcbc-410f-98a1-94b87b482417 tempest-AggregatesAdminNegativeTestJSON-1428760892 tempest-AggregatesAdminNegativeTestJSON-1428760892-project-admin] HTTP exception thrown: Aggregate tempest-test_aggregate-1517027380 already exists.
Mar 23 20:25:26.974322 n-d-833453-5 devstack@n-api.service[118432]: DEBUG nova.api.openstack.wsgi [None req-71d2ae68-dcbc-410f-98a1-94b87b482417 tempest-AggregatesAdminNegativeTestJSON-1428760892 tempest-AggregatesAdminNegativeTestJSON-1428760892-project-admin] Returning 409 to user: Aggregate tempest-test_aggregate-1517027380 already exists. {{(pid=118432) __call__ /opt/stack/nova/nova/api/openstack/wsgi.py:936}}
Mar 23 20:25:26.975100 n-d-833453-5 devstack@n-api.service[118432]: INFO nova.api.openstack.requestlog [None req-71d2ae68-dcbc-410f-98a1-94b87b482417 tempest-AggregatesAdminNegativeTestJSON-1428760892 tempest-AggregatesAdminNegativeTestJSON-1428760892-project-admin] 10.222.0.47 "POST /compute/v2.1/os-aggregates" status: 409 len: 111 microversion: 2.1 time: 0.020948
Mar 23 20:25:26.978026 n-d-833453-5 devstack@n-api.service[118432]: [pid: 118432|app: 0|req: 93/180] 10.222.0.47 () {60 vars in 1163 bytes} [Wed Mar 23 20:25:26 2022] POST /compute/v2.1/os-aggregates => generated 111 bytes in 24 msecs (HTTP/1.1 409) 9 headers in 378 bytes (1 switches on core 0)
Mar 23 20:25:26.987901 n-d-833453-5 devstack@n-api.service[118432]: DEBUG nova.api.openstack.wsgi [None req-8a7a9f80-8a2c-425f-af5f-6005317c758c tempest-AggregatesAdminTestJSON-898767048 tempest-AggregatesAdminTestJSON-898767048-project-admin] Calling method '>' {{(pid=118432) _process_stack /opt/stack/nova/nova/api/openstack/wsgi.py:513}}
Mar 23 20:25:26.988408 n-d-833453-5 devstack@n-api.service[118432]: /usr/local/lib/python3.8/dist-packages/oslo_policy/policy.py:1119: UserWarning: Policy "os_compute_api:os-aggregates:show": "rule:context_is_admin" failed scope check. The token used to make the request was project scoped but the policy requires ['system'] scope. This behavior may change in the future where using the intended scope is required
Mar 23 20:25:26.988408 n-d-833453-5 devstack@n-api.service[118432]: warnings.warn(msg)
Mar 23 20:25:26.994437 n-d-833453-5 devstack@n-api.service[118432]: INFO nova.api.openstack.wsgi [None req-8a7a9f80-8a2c-425f-af5f-6005317c758c tempest-AggregatesAdminTestJSON-898767048 tempest-AggregatesAdminTestJSON-898767048-project-admin] HTTP exception thrown: Aggregate 10 could not be found.
Mar 23 20:25:26.994966 n-d-833453-5 devstack@n-api.service[118432]: DEBUG nova.api.openstack.wsgi [None req-8a7a9f80-8a2c-425f-af5f-6005317c758c tempest-AggregatesAdminTestJSON-898767048 tempest-AggregatesAdminTestJSON-898767048-project-admin] Returning 404 to user: Aggregate 10 could not be found. {{(pid=118432) __call__ /opt/stack/nova/nova/api/openstack/wsgi.py:936}}
Mar 23 20:25:26.995862 n-d-833453-5 devstack@n-api.service[118432]: INFO nova.api.openstack.requestlog [None req-8a7a9f80-8a2c-425f-af5f-6005317c758c tempest-AggregatesAdminTestJSON-898767048 tempest-AggregatesAdminTestJSON-898767048-project-admin] 10.222.0.47 "GET /compute/v2.1/os-aggregates/10" status: 404 len: 78 microversion: 2.1 time: 0.017455
Mar 23 20:25:26.996457 n-d-833453-5 devstack@n-api.service[118432]: [pid: 118432|app: 0|req: 94/181] 10.222.0.47 () {58 vars in 1151 bytes} [Wed Mar 23 20:25:26 2022] GET /compute/v2.1/os-aggregates/10 => generated 78 bytes in 18 msecs (HTTP/1.1 404) 9 headers in 378 bytes (1 switches on core 0)
Mar 23 20:25:27.001996 n-d-833453-5 devstack@n-api.service[118432]: DEBUG nova.api.openstack.wsgi [None req-0bd5a53b-b7c2-4513-a4a2-b2400c07f034 tempest-AggregatesAdminNegativeTestJSON-1428760892 tempest-AggregatesAdminNegativeTestJSON-1428760892-project-admin] Calling method '>' {{(pid=118432) _process_stack /opt/stack/nova/nova/api/openstack/wsgi.py:513}}
Mar 23 20:25:27.002887 n-d-833453-5 devstack@n-api.service[118432]: /usr/local/lib/python3.8/dist-packages/oslo_policy/policy.py:1119: UserWarning: Policy "os_compute_api:os-aggregates:delete": "rule:context_is_admin" failed scope check. The token used to make the request was project scoped but the policy requires ['system'] scope. This behavior may change in the future where using the intended scope is required
Mar 23 20:25:27.002887 n-d-833453-5 devstack@n-api.service[118432]: warnings.warn(msg)
Mar 23 20:25:27.031340 n-d-833453-5 devstack@n-api.service[118432]: INFO nova.api.openstack.requestlog [None req-0bd5a53b-b7c2-4513-a4a2-b2400c07f034 tempest-AggregatesAdminNegativeTestJSON-1428760892 tempest-AggregatesAdminNegativeTestJSON-1428760892-project-admin] 10.222.0.47 "DELETE /compute/v2.1/os-aggregates/11" status: 200 len: 0 microversion: 2.1 time: 0.033859
Mar 23 20:25:27.032139 n-d-833453-5 devstack@n-api.service[118432]: [pid: 118432|app: 0|req: 95/182] 10.222.0.47 () {58 vars in 1154 bytes} [Wed Mar 23 20:25:26 2022] DELETE /compute/v2.1/os-aggregates/11 => generated 0 bytes in 35 msecs (HTTP/1.1 200) 9 headers in 355 bytes (1 switches on core 0)
Mar 23 20:25:27.037711 n-d-833453-5 devstack@n-api.service[118432]: DEBUG nova.api.openstack.wsgi [None req-4e7a1729-6dea-4fc3-926c-ac2b5495e7ae tempest-AggregatesAdminTestJSON-898767048 tempest-AggregatesAdminTestJSON-898767048-project-admin] Calling method '>' {{(pid=118432) _process_stack /opt/stack/nova/nova/api/openstack/wsgi.py:513}}
Mar 23 20:25:27.038755 n-d-833453-5 devstack@n-api.service[118432]: /usr/local/lib/python3.8/dist-packages/oslo_policy/policy.py:1119: UserWarning: Policy "os_compute_api:os-aggregates:delete": "rule:context_is_admin" failed scope check. The token used to make the request was project scoped but the policy requires ['system'] scope. This behavior may change in the future where using the intended scope is required
Mar 23 20:25:27.038755 n-d-833453-5 devstack@n-api.service[118432]: warnings.warn(msg)
Mar 23 20:25:27.049820 n-d-833453-5 devstack@n-api.service[118432]: INFO nova.api.openstack.wsgi [None req-4e7a1729-6dea-4fc3-926c-ac2b5495e7ae tempest-AggregatesAdminTestJSON-898767048 tempest-AggregatesAdminTestJSON-898767048-project-admin] HTTP exception thrown: Aggregate 10 could not be found.
Mar 23 20:25:27.050689 n-d-833453-5 devstack@n-api.service[118432]: DEBUG nova.api.openstack.wsgi [None req-4e7a1729-6dea-4fc3-926c-ac2b5495e7ae tempest-AggregatesAdminTestJSON-898767048 tempest-AggregatesAdminTestJSON-898767048-project-admin] Returning 404 to user: Aggregate 10 could not be found. {{(pid=118432) __call__ /opt/stack/nova/nova/api/openstack/wsgi.py:936}}
Mar 23 20:25:27.051503 n-d-833453-5 devstack@n-api.service[118432]: INFO nova.api.openstack.requestlog [None req-4e7a1729-6dea-4fc3-926c-ac2b5495e7ae tempest-AggregatesAdminTestJSON-898767048 tempest-AggregatesAdminTestJSON-898767048-project-admin] 10.222.0.47 "DELETE /compute/v2.1/os-aggregates/10" status: 404 len: 78 microversion: 2.1 time: 0.018269
Mar 23 20:25:27.052040 n-d-833453-5 devstack@n-api.service[118432]: [pid: 118432|app: 0|req: 96/183] 10.222.0.47 () {58 vars in 1154 bytes} [Wed Mar 23 20:25:27 2022] DELETE /compute/v2.1/os-aggregates/10 => generated 78 bytes in 19 msecs (HTTP/1.1 404) 9 headers in 378 bytes (1 switches on core 0)
Mar 23 20:25:27.058978 n-d-833453-5 devstack@n-api.service[118432]: DEBUG nova.api.openstack.wsgi [None req-611ba40e-58cc-477e-adb9-d07b29f9c235 tempest-AggregatesAdminNegativeTestJSON-1428760892 tempest-AggregatesAdminNegativeTestJSON-1428760892-project-admin] Action: 'create', calling method: >, body: {"aggregate": {"name": "tempest-test_aggregate-877574083"}} {{(pid=118432) _process_stack /opt/stack/nova/nova/api/openstack/wsgi.py:511}}
Mar 23 20:25:27.060262 n-d-833453-5 devstack@n-api.service[118432]: /usr/local/lib/python3.8/dist-packages/oslo_policy/policy.py:1119: UserWarning: Policy "os_compute_api:os-aggregates:create": "rule:context_is_admin" failed scope check. The token used to make the request was project scoped but the policy requires ['system'] scope. This behavior may change in the future where using the intended scope is required
Mar 23 20:25:27.060262 n-d-833453-5 devstack@n-api.service[118432]: warnings.warn(msg)
Mar 23 20:25:27.061082 n-d-833453-5 devstack@n-api.service[118432]: DEBUG nova.objects.aggregate [None req-611ba40e-58cc-477e-adb9-d07b29f9c235 tempest-AggregatesAdminNegativeTestJSON-1428760892 tempest-AggregatesAdminNegativeTestJSON-1428760892-project-admin] Generated uuid cf5811bc-22b7-46d0-b3e8-5734aad4e63b for aggregate {{(pid=118432) create /opt/stack/nova/nova/objects/aggregate.py:298}}
Mar 23 20:25:27.082573 n-d-833453-5 devstack@n-api.service[118432]: INFO nova.api.openstack.requestlog [None req-611ba40e-58cc-477e-adb9-d07b29f9c235 tempest-AggregatesAdminNegativeTestJSON-1428760892 tempest-AggregatesAdminNegativeTestJSON-1428760892-project-admin] 10.222.0.47 "POST /compute/v2.1/os-aggregates" status: 200 len: 198 microversion: 2.1 time: 0.029343
Mar 23 20:25:27.083257 n-d-833453-5 devstack@n-api.service[118432]: [pid: 118432|app: 0|req: 97/184] 10.222.0.47 () {60 vars in 1163 bytes} [Wed Mar 23 20:25:27 2022] POST /compute/v2.1/os-aggregates => generated 198 bytes in 31 msecs (HTTP/1.1 200) 9 headers in 357 bytes (1 switches on core 0)
Mar 23 20:25:27.088560 n-d-833453-5 devstack@n-api.service[118432]: DEBUG nova.api.openstack.wsgi [None req-85fd3136-5983-4196-a411-d4a4de75309e tempest-AggregatesAdminTestJSON-898767048 tempest-AggregatesAdminTestJSON-898767048-project-admin] Action: 'create', calling method: >, body: {"aggregate": {"name": "tempest-test_aggregate-482260673"}} {{(pid=118432) _process_stack /opt/stack/nova/nova/api/openstack/wsgi.py:511}}
Mar 23 20:25:27.090068 n-d-833453-5 devstack@n-api.service[118432]: /usr/local/lib/python3.8/dist-packages/oslo_policy/policy.py:1119: UserWarning: Policy "os_compute_api:os-aggregates:create": "rule:context_is_admin" failed scope check. The token used to make the request was project scoped but the policy requires ['system'] scope. This behavior may change in the future where using the intended scope is required
Mar 23 20:25:27.090068 n-d-833453-5 devstack@n-api.service[118432]: warnings.warn(msg)
Mar 23 20:25:27.091032 n-d-833453-5 devstack@n-api.service[118432]: DEBUG nova.objects.aggregate [None req-85fd3136-5983-4196-a411-d4a4de75309e tempest-AggregatesAdminTestJSON-898767048 tempest-AggregatesAdminTestJSON-898767048-project-admin] Generated uuid cef720a5-af9e-4123-8aa1-875e1f57640e for aggregate {{(pid=118432) create /opt/stack/nova/nova/objects/aggregate.py:298}}
Mar 23 20:25:27.114174 n-d-833453-5 devstack@n-api.service[118432]: INFO nova.api.openstack.requestlog [None req-85fd3136-5983-4196-a411-d4a4de75309e tempest-AggregatesAdminTestJSON-898767048 tempest-AggregatesAdminTestJSON-898767048-project-admin] 10.222.0.47 "POST /compute/v2.1/os-aggregates" status: 200 len: 198 microversion: 2.1 time: 0.029793
Mar 23 20:25:27.114870 n-d-833453-5 devstack@n-api.service[118432]: [pid: 118432|app: 0|req: 98/185] 10.222.0.47 () {60 vars in 1163 bytes} [Wed Mar 23 20:25:27 2022] POST /compute/v2.1/os-aggregates => generated 198 bytes in 31 msecs (HTTP/1.1 200) 9 headers in 357 bytes (1 switches on core 0)
Mar 23 20:25:27.127699 n-d-833453-5 devstack@n-api.service[118432]: DEBUG nova.api.openstack.wsgi [None req-05a206db-2b9c-47d6-806f-aa71dc582467 tempest-AggregatesAdminNegativeTestJSON-1963729419 tempest-AggregatesAdminNegativeTestJSON-1963729419-project] Calling method '>' {{(pid=118432) _process_stack /opt/stack/nova/nova/api/openstack/wsgi.py:513}}
Mar 23 20:25:27.128510 n-d-833453-5 devstack@n-api.service[118432]: /usr/local/lib/python3.8/dist-packages/oslo_policy/policy.py:1119: UserWarning: Policy "os_compute_api:os-aggregates:delete": "rule:context_is_admin" failed scope check. The token used to make the request was project scoped but the policy requires ['system'] scope. This behavior may change in the future where using the intended scope is required
Mar 23 20:25:27.128510 n-d-833453-5 devstack@n-api.service[118432]: warnings.warn(msg)
Mar 23 20:25:27.129455 n-d-833453-5 devstack@n-api.service[118432]: DEBUG nova.policy [None req-05a206db-2b9c-47d6-806f-aa71dc582467 tempest-AggregatesAdminNegativeTestJSON-1963729419 tempest-AggregatesAdminNegativeTestJSON-1963729419-project] Policy check for os_compute_api:os-aggregates:delete failed with credentials {'is_admin': False, 'user_id': 'd60e97f68739464e97f5c3fb071ead9e', 'user_domain_id': 'default', 'system_scope': None, 'domain_id': None, 'project_id': '19cdfba28db641f39ddeac74a5f2989d', 'project_domain_id': 'default', 'roles': ['reader', 'member'], 'is_admin_project': True, 'service_user_id': None, 'service_user_domain_id': None, 'service_project_id': None, 'service_project_domain_id': None, 'service_roles': []} {{(pid=118432) authorize /opt/stack/nova/nova/policy.py:199}}
Mar 23 20:25:27.130169 n-d-833453-5 devstack@n-api.service[118432]: DEBUG nova.api.openstack.wsgi [None req-05a206db-2b9c-47d6-806f-aa71dc582467 tempest-AggregatesAdminNegativeTestJSON-1963729419 tempest-AggregatesAdminNegativeTestJSON-1963729419-project] Returning 403 to user: Policy doesn't allow os_compute_api:os-aggregates:delete to be performed. {{(pid=118432) __call__ /opt/stack/nova/nova/api/openstack/wsgi.py:936}}
Mar 23 20:25:27.131092 n-d-833453-5 devstack@n-api.service[118432]: INFO nova.api.openstack.requestlog [None req-05a206db-2b9c-47d6-806f-aa71dc582467 tempest-AggregatesAdminNegativeTestJSON-1963729419 tempest-AggregatesAdminNegativeTestJSON-1963729419-project] 10.222.0.47 "DELETE /compute/v2.1/os-aggregates/12" status: 403 len: 116 microversion: 2.1 time: 0.007450
Mar 23 20:25:27.131684 n-d-833453-5 devstack@n-api.service[118432]: [pid: 118432|app: 0|req: 99/186] 10.222.0.47 () {58 vars in 1154 bytes} [Wed Mar 23 20:25:27 2022] DELETE /compute/v2.1/os-aggregates/12 => generated 116 bytes in 16 msecs (HTTP/1.1 403) 9 headers in 379 bytes (1 switches on core 0)
Mar 23 20:25:27.136125 n-d-833453-5 devstack@n-api.service[118432]: DEBUG nova.api.openstack.wsgi [None req-01fe8579-b08a-4b08-a6f3-b00260c63c15 tempest-AggregatesAdminTestJSON-898767048 tempest-AggregatesAdminTestJSON-898767048-project-admin] Calling method '>' {{(pid=118432) _process_stack /opt/stack/nova/nova/api/openstack/wsgi.py:513}}
Mar 23 20:25:27.136887 n-d-833453-5 devstack@n-api.service[118432]: /usr/local/lib/python3.8/dist-packages/oslo_policy/policy.py:1119: UserWarning: Policy "os_compute_api:os-aggregates:show": "rule:context_is_admin" failed scope check. The token used to make the request was project scoped but the policy requires ['system'] scope. This behavior may change in the future where using the intended scope is required
Mar 23 20:25:27.136887 n-d-833453-5 devstack@n-api.service[118432]: warnings.warn(msg)
Mar 23 20:25:27.144180 n-d-833453-5 devstack@n-api.service[118432]: INFO nova.api.openstack.requestlog [None req-01fe8579-b08a-4b08-a6f3-b00260c63c15 tempest-AggregatesAdminTestJSON-898767048 tempest-AggregatesAdminTestJSON-898767048-project-admin] 10.222.0.47 "GET /compute/v2.1/os-aggregates/13" status: 200 len: 227 microversion: 2.1 time: 0.011498
Mar 23 20:25:27.144730 n-d-833453-5 devstack@n-api.service[118432]: [pid: 118432|app: 0|req: 100/187] 10.222.0.47 () {58 vars in 1151 bytes} [Wed Mar 23 20:25:27 2022] GET /compute/v2.1/os-aggregates/13 => generated 227 bytes in 12 msecs (HTTP/1.1 200) 9 headers in 357 bytes (1 switches on core 0)
Mar 23 20:25:27.152107 n-d-833453-5 devstack@n-api.service[118432]: DEBUG nova.api.openstack.wsgi [None req-4c37f72e-6f58-435f-a9ec-ad2cb8f40c82 tempest-AggregatesAdminNegativeTestJSON-1428760892 tempest-AggregatesAdminNegativeTestJSON-1428760892-project-admin] Calling method '>' {{(pid=118432) _process_stack /opt/stack/nova/nova/api/openstack/wsgi.py:513}}
Mar 23 20:25:27.152925 n-d-833453-5 devstack@n-api.service[118432]: /usr/local/lib/python3.8/dist-packages/oslo_policy/policy.py:1119: UserWarning: Policy "os_compute_api:os-aggregates:delete": "rule:context_is_admin" failed scope check. The token used to make the request was project scoped but the policy requires ['system'] scope. This behavior may change in the future where using the intended scope is required
Mar 23 20:25:27.152925 n-d-833453-5 devstack@n-api.service[118432]: warnings.warn(msg)
Mar 23 20:25:27.180072 n-d-833453-5 devstack@n-api.service[118432]: INFO nova.api.openstack.requestlog [None req-4c37f72e-6f58-435f-a9ec-ad2cb8f40c82 tempest-AggregatesAdminNegativeTestJSON-1428760892 tempest-AggregatesAdminNegativeTestJSON-1428760892-project-admin] 10.222.0.47 "DELETE /compute/v2.1/os-aggregates/12" status: 200 len: 0 microversion: 2.1 time: 0.032546
Mar 23 20:25:27.181090 n-d-833453-5 devstack@n-api.service[118432]: [pid: 118432|app: 0|req: 101/188] 10.222.0.47 () {58 vars in 1154 bytes} [Wed Mar 23 20:25:27 2022] DELETE /compute/v2.1/os-aggregates/12 => generated 0 bytes in 35 msecs (HTTP/1.1 200) 9 headers in 355 bytes (1 switches on core 0)
Mar 23 20:25:27.193096 n-d-833453-5 devstack@n-api.service[118432]: DEBUG nova.api.openstack.wsgi [None req-7d5e3596-9765-451e-b3d4-9a8304c3d85b tempest-AggregatesAdminTestJSON-898767048 tempest-AggregatesAdminTestJSON-898767048-project-admin] Action: 'action', calling method: >, body: {"set_metadata": {"metadata": {"key": "value"}}} {{(pid=118432) _process_stack /opt/stack/nova/nova/api/openstack/wsgi.py:511}}
Mar 23 20:25:27.194981 n-d-833453-5 devstack@n-api.service[118432]: /usr/local/lib/python3.8/dist-packages/oslo_policy/policy.py:1119: UserWarning: Policy "os_compute_api:os-aggregates:set_metadata": "rule:context_is_admin" failed scope check. The token used to make the request was project scoped but the policy requires ['system'] scope. This behavior may change in the future where using the intended scope is required
Mar 23 20:25:27.194981 n-d-833453-5 devstack@n-api.service[118432]: warnings.warn(msg)
Mar 23 20:25:27.230826 n-d-833453-5 devstack@n-api.service[118432]: INFO nova.api.openstack.requestlog [None req-7d5e3596-9765-451e-b3d4-9a8304c3d85b tempest-AggregatesAdminTestJSON-898767048 tempest-AggregatesAdminTestJSON-898767048-project-admin] 10.222.0.47 "POST /compute/v2.1/os-aggregates/13/action" status: 200 len: 265 microversion: 2.1 time: 0.042772
Mar 23 20:25:27.231488 n-d-833453-5 devstack@n-api.service[118432]: [pid: 118432|app: 0|req: 102/189] 10.222.0.47 () {60 vars in 1193 bytes} [Wed Mar 23 20:25:27 2022] POST /compute/v2.1/os-aggregates/13/action => generated 265 bytes in 50 msecs (HTTP/1.1 200) 9 headers in 357 bytes (1 switches on core 0)
Mar 23 20:25:27.238910 n-d-833453-5 devstack@n-api.service[118432]: DEBUG nova.api.openstack.wsgi [None req-3bc3fa51-e21d-4ce5-b204-3f04cb75666d tempest-ServersWithSpecificFlavorTestJSON-1279674302 tempest-ServersWithSpecificFlavorTestJSON-1279674302-project] Calling method '>' {{(pid=118432) _process_stack /opt/stack/nova/nova/api/openstack/wsgi.py:513}}
Mar 23 20:25:27.238910 n-d-833453-5 devstack@n-api.service[118432]: DEBUG nova.compute.api [None req-3bc3fa51-e21d-4ce5-b204-3f04cb75666d tempest-ServersWithSpecificFlavorTestJSON-1279674302 tempest-ServersWithSpecificFlavorTestJSON-1279674302-project] [instance: 6da2b325-444e-46ae-9ed0-953b30e88dc8] Fetching instance by UUID {{(pid=118432) get /opt/stack/nova/nova/compute/api.py:2918}}
Mar 23 20:25:27.244134 n-d-833453-5 devstack@n-api.service[118432]: DEBUG oslo_concurrency.lockutils [None req-3bc3fa51-e21d-4ce5-b204-3f04cb75666d tempest-ServersWithSpecificFlavorTestJSON-1279674302 tempest-ServersWithSpecificFlavorTestJSON-1279674302-project] Lock "dbdd4646-b476-4ce7-a2f7-cfe943afbbb4" acquired by "nova.context.set_target_cell..get_or_set_cached_cell_and_set_connections" :: waited 0.000s {{(pid=118432) inner /usr/local/lib/python3.8/dist-packages/oslo_concurrency/lockutils.py:386}}
Mar 23 20:25:27.244592 n-d-833453-5 devstack@n-api.service[118432]: DEBUG oslo_concurrency.lockutils [None req-3bc3fa51-e21d-4ce5-b204-3f04cb75666d tempest-ServersWithSpecificFlavorTestJSON-1279674302 tempest-ServersWithSpecificFlavorTestJSON-1279674302-project] Lock "dbdd4646-b476-4ce7-a2f7-cfe943afbbb4" "released" by "nova.context.set_target_cell..get_or_set_cached_cell_and_set_connections" :: held 0.001s {{(pid=118432) inner /usr/local/lib/python3.8/dist-packages/oslo_concurrency/lockutils.py:400}}
Mar 23 20:25:27.245396 n-d-833453-5 devstack@n-api.service[118432]: DEBUG oslo_concurrency.lockutils [None req-3bc3fa51-e21d-4ce5-b204-3f04cb75666d tempest-ServersWithSpecificFlavorTestJSON-1279674302 tempest-ServersWithSpecificFlavorTestJSON-1279674302-project] Lock "dbdd4646-b476-4ce7-a2f7-cfe943afbbb4" acquired by "nova.context.set_target_cell..get_or_set_cached_cell_and_set_connections" :: waited 0.000s {{(pid=118432) inner /usr/local/lib/python3.8/dist-packages/oslo_concurrency/lockutils.py:386}}
Mar 23 20:25:27.245843 n-d-833453-5 devstack@n-api.service[118432]: DEBUG oslo_concurrency.lockutils [None req-3bc3fa51-e21d-4ce5-b204-3f04cb75666d tempest-ServersWithSpecificFlavorTestJSON-1279674302 tempest-ServersWithSpecificFlavorTestJSON-1279674302-project] Lock "dbdd4646-b476-4ce7-a2f7-cfe943afbbb4" "released" by "nova.context.set_target_cell..get_or_set_cached_cell_and_set_connections" :: held 0.000s {{(pid=118432) inner /usr/local/lib/python3.8/dist-packages/oslo_concurrency/lockutils.py:400}}
Mar 23 20:25:27.354332 n-d-833453-5 devstack@n-api.service[118431]: DEBUG oslo_concurrency.lockutils [None req-ebbcd327-35fa-4320-a280-af95dc0c7493 tempest-QuotasAdminNegativeTest-1537058304 tempest-QuotasAdminNegativeTest-1537058304-project-admin] Lock "00000000-0000-0000-0000-000000000000" acquired by "nova.context.set_target_cell..get_or_set_cached_cell_and_set_connections" :: waited 0.000s {{(pid=118431) inner /usr/local/lib/python3.8/dist-packages/oslo_concurrency/lockutils.py:386}}
Mar 23 20:25:27.354773 n-d-833453-5 devstack@n-api.service[118431]: DEBUG oslo_concurrency.lockutils [None req-ebbcd327-35fa-4320-a280-af95dc0c7493 tempest-QuotasAdminNegativeTest-1537058304 tempest-QuotasAdminNegativeTest-1537058304-project-admin] Lock "00000000-0000-0000-0000-000000000000" "released" by "nova.context.set_target_cell..get_or_set_cached_cell_and_set_connections" :: held 0.001s {{(pid=118431) inner /usr/local/lib/python3.8/dist-packages/oslo_concurrency/lockutils.py:400}}
Mar 23 20:25:27.355713 n-d-833453-5 devstack@n-api.service[118431]: DEBUG oslo_concurrency.lockutils [None req-ebbcd327-35fa-4320-a280-af95dc0c7493 tempest-QuotasAdminNegativeTest-1537058304 tempest-QuotasAdminNegativeTest-1537058304-project-admin] Lock "dbdd4646-b476-4ce7-a2f7-cfe943afbbb4" acquired by "nova.context.set_target_cell..get_or_set_cached_cell_and_set_connections" :: waited 0.000s {{(pid=118431) inner /usr/local/lib/python3.8/dist-packages/oslo_concurrency/lockutils.py:386}}
Mar 23 20:25:27.356302 n-d-833453-5 devstack@n-api.service[118431]: DEBUG oslo_concurrency.lockutils [None req-ebbcd327-35fa-4320-a280-af95dc0c7493 tempest-QuotasAdminNegativeTest-1537058304 tempest-QuotasAdminNegativeTest-1537058304-project-admin] Lock "dbdd4646-b476-4ce7-a2f7-cfe943afbbb4" "released" by "nova.context.set_target_cell..get_or_set_cached_cell_and_set_connections" :: held 0.001s {{(pid=118431) inner /usr/local/lib/python3.8/dist-packages/oslo_concurrency/lockutils.py:400}}
Mar 23 20:25:27.411507 n-d-833453-5 devstack@n-api.service[118432]: DEBUG nova.policy [None req-3bc3fa51-e21d-4ce5-b204-3f04cb75666d tempest-ServersWithSpecificFlavorTestJSON-1279674302 tempest-ServersWithSpecificFlavorTestJSON-1279674302-project] Policy check for os_compute_api:os-extended-server-attributes failed with credentials {'is_admin': False, 'user_id': 'e47d27dcf6374e22a71fbb8151974476', 'user_domain_id': 'default', 'system_scope': None, 'domain_id': None, 'project_id': 'fce58666670b4ebeb509987aa46b4779', 'project_domain_id': 'default', 'roles': ['reader', 'member'], 'is_admin_project': True, 'service_user_id': None, 'service_user_domain_id': None, 'service_project_id': None, 'service_project_domain_id': None, 'service_roles': []} {{(pid=118432) authorize /opt/stack/nova/nova/policy.py:199}}
Mar 23 20:25:27.420723 n-d-833453-5 devstack@n-api.service[118432]: INFO nova.api.openstack.requestlog [None req-3bc3fa51-e21d-4ce5-b204-3f04cb75666d tempest-ServersWithSpecificFlavorTestJSON-1279674302 tempest-ServersWithSpecificFlavorTestJSON-1279674302-project] 10.222.0.47 "GET /compute/v2.1/servers/6da2b325-444e-46ae-9ed0-953b30e88dc8" status: 200 len: 1390 microversion: 2.1 time: 0.187938
Mar 23 20:25:27.421986 n-d-833453-5 devstack@n-api.service[118431]: INFO nova.api.openstack.requestlog [None req-ebbcd327-35fa-4320-a280-af95dc0c7493 tempest-QuotasAdminNegativeTest-1537058304 tempest-QuotasAdminNegativeTest-1537058304-project-admin] 10.222.0.47 "PUT /compute/v2.1/os-quota-sets/3ccd591e6e724c11ae09219a41f0d066" status: 200 len: 329 microversion: 2.1 time: 0.510742
Mar 23 20:25:27.422209 n-d-833453-5 devstack@n-api.service[118432]: [pid: 118432|app: 0|req: 103/190] 10.222.0.47 () {58 vars in 1235 bytes} [Wed Mar 23 20:25:27 2022] GET /compute/v2.1/servers/6da2b325-444e-46ae-9ed0-953b30e88dc8 => generated 1390 bytes in 190 msecs (HTTP/1.1 200) 9 headers in 358 bytes (1 switches on core 0)
Mar 23 20:25:27.422558 n-d-833453-5 devstack@n-api.service[118431]: [pid: 118431|app: 0|req: 88/191] 10.222.0.47 () {60 vars in 1261 bytes} [Wed Mar 23 20:25:26 2022] PUT /compute/v2.1/os-quota-sets/3ccd591e6e724c11ae09219a41f0d066 => generated 329 bytes in 513 msecs (HTTP/1.1 200) 9 headers in 357 bytes (1 switches on core 0)
Mar 23 20:25:27.428015 n-d-833453-5 devstack@n-api.service[118432]: DEBUG nova.api.openstack.wsgi [None req-f8b27c53-a0db-4673-94d8-589f4b741f54 tempest-AggregatesAdminNegativeTestJSON-1428760892 tempest-AggregatesAdminNegativeTestJSON-1428760892-project-admin] Calling method '>' {{(pid=118432) _process_stack /opt/stack/nova/nova/api/openstack/wsgi.py:513}}
Mar 23 20:25:27.429411 n-d-833453-5 devstack@n-api.service[118432]: /usr/local/lib/python3.8/dist-packages/oslo_policy/policy.py:1119: UserWarning: Policy "os_compute_api:os-aggregates:delete": "rule:context_is_admin" failed scope check. The token used to make the request was project scoped but the policy requires ['system'] scope. This behavior may change in the future where using the intended scope is required
Mar 23 20:25:27.429411 n-d-833453-5 devstack@n-api.service[118432]: warnings.warn(msg)
Mar 23 20:25:27.440832 n-d-833453-5 devstack@n-api.service[118431]: DEBUG nova.api.openstack.wsgi [None req-f408d98f-efb0-4f80-b895-3d9b1f8a1da3 tempest-AggregatesAdminTestJSON-898767048 tempest-AggregatesAdminTestJSON-898767048-project-admin] Calling method '>' {{(pid=118431) _process_stack /opt/stack/nova/nova/api/openstack/wsgi.py:513}}
Mar 23 20:25:27.441832 n-d-833453-5 devstack@n-api.service[118431]: /usr/local/lib/python3.8/dist-packages/oslo_policy/policy.py:1119: UserWarning: Policy "os_compute_api:os-aggregates:show": "rule:context_is_admin" failed scope check. The token used to make the request was project scoped but the policy requires ['system'] scope. This behavior may change in the future where using the intended scope is required
Mar 23 20:25:27.441832 n-d-833453-5 devstack@n-api.service[118431]: warnings.warn(msg)
Mar 23 20:25:27.448741 n-d-833453-5 devstack@n-api.service[118432]: INFO nova.api.openstack.wsgi [None req-f8b27c53-a0db-4673-94d8-589f4b741f54 tempest-AggregatesAdminNegativeTestJSON-1428760892 tempest-AggregatesAdminNegativeTestJSON-1428760892-project-admin] HTTP exception thrown: Aggregate -1 could not be found.
Mar 23 20:25:27.449686 n-d-833453-5 devstack@n-api.service[118432]: DEBUG nova.api.openstack.wsgi [None req-f8b27c53-a0db-4673-94d8-589f4b741f54 tempest-AggregatesAdminNegativeTestJSON-1428760892 tempest-AggregatesAdminNegativeTestJSON-1428760892-project-admin] Returning 404 to user: Aggregate -1 could not be found. {{(pid=118432) __call__ /opt/stack/nova/nova/api/openstack/wsgi.py:936}}
Mar 23 20:25:27.450698 n-d-833453-5 devstack@n-api.service[118432]: INFO nova.api.openstack.requestlog [None req-f8b27c53-a0db-4673-94d8-589f4b741f54 tempest-AggregatesAdminNegativeTestJSON-1428760892 tempest-AggregatesAdminNegativeTestJSON-1428760892-project-admin] 10.222.0.47 "DELETE /compute/v2.1/os-aggregates/-1" status: 404 len: 78 microversion: 2.1 time: 0.026450
Mar 23 20:25:27.451088 n-d-833453-5 devstack@n-api.service[118431]: INFO nova.api.openstack.requestlog [None req-f408d98f-efb0-4f80-b895-3d9b1f8a1da3 tempest-AggregatesAdminTestJSON-898767048 tempest-AggregatesAdminTestJSON-898767048-project-admin] 10.222.0.47 "GET /compute/v2.1/os-aggregates/13" status: 200 len: 241 microversion: 2.1 time: 0.027410
Mar 23 20:25:27.451590 n-d-833453-5 devstack@n-api.service[118432]: [pid: 118432|app: 0|req: 104/192] 10.222.0.47 () {58 vars in 1154 bytes} [Wed Mar 23 20:25:27 2022] DELETE /compute/v2.1/os-aggregates/-1 => generated 78 bytes in 28 msecs (HTTP/1.1 404) 9 headers in 378 bytes (1 switches on core 0)
Mar 23 20:25:27.452067 n-d-833453-5 devstack@n-api.service[118431]: [pid: 118431|app: 0|req: 89/193] 10.222.0.47 () {58 vars in 1151 bytes} [Wed Mar 23 20:25:27 2022] GET /compute/v2.1/os-aggregates/13 => generated 241 bytes in 29 msecs (HTTP/1.1 200) 9 headers in 357 bytes (1 switches on core 0)
Mar 23 20:25:27.457838 n-d-833453-5 devstack@n-api.service[118432]: DEBUG nova.api.openstack.wsgi [None req-0d0b6a96-27b5-413c-80da-77f7f70da211 tempest-LiveMigrationTest-242885544 tempest-LiveMigrationTest-242885544-project] Calling method '>' {{(pid=118432) _process_stack /opt/stack/nova/nova/api/openstack/wsgi.py:513}}
Mar 23 20:25:27.458280 n-d-833453-5 devstack@n-api.service[118431]: DEBUG nova.api.openstack.wsgi [None req-28c82407-44a5-4af6-a480-6916741002ac tempest-QuotasAdminNegativeTest-1537058304 tempest-QuotasAdminNegativeTest-1537058304-project-admin] Calling method '.version_select at 0x7f1e381c4d30>' {{(pid=118431) _process_stack /opt/stack/nova/nova/api/openstack/wsgi.py:513}}
Mar 23 20:25:27.458454 n-d-833453-5 devstack@n-api.service[118432]: DEBUG nova.compute.api [None req-0d0b6a96-27b5-413c-80da-77f7f70da211 tempest-LiveMigrationTest-242885544 tempest-LiveMigrationTest-242885544-project] [instance: 0f6ee662-75d4-4d7f-a029-c8f93b9b2ddb] Fetching instance by UUID {{(pid=118432) get /opt/stack/nova/nova/compute/api.py:2918}}
Mar 23 20:25:27.466648 n-d-833453-5 devstack@n-api.service[118432]: DEBUG oslo_concurrency.lockutils [None req-0d0b6a96-27b5-413c-80da-77f7f70da211 tempest-LiveMigrationTest-242885544 tempest-LiveMigrationTest-242885544-project] Lock "dbdd4646-b476-4ce7-a2f7-cfe943afbbb4" acquired by "nova.context.set_target_cell..get_or_set_cached_cell_and_set_connections" :: waited 0.000s {{(pid=118432) inner /usr/local/lib/python3.8/dist-packages/oslo_concurrency/lockutils.py:386}}
Mar 23 20:25:27.468106 n-d-833453-5 devstack@n-api.service[118432]: DEBUG oslo_concurrency.lockutils [None req-0d0b6a96-27b5-413c-80da-77f7f70da211 tempest-LiveMigrationTest-242885544 tempest-LiveMigrationTest-242885544-project] Lock "dbdd4646-b476-4ce7-a2f7-cfe943afbbb4" "released" by "nova.context.set_target_cell..get_or_set_cached_cell_and_set_connections" :: held 0.001s {{(pid=118432) inner /usr/local/lib/python3.8/dist-packages/oslo_concurrency/lockutils.py:400}}
Mar 23 20:25:27.468968 n-d-833453-5 devstack@n-api.service[118432]: DEBUG oslo_concurrency.lockutils [None req-0d0b6a96-27b5-413c-80da-77f7f70da211 tempest-LiveMigrationTest-242885544 tempest-LiveMigrationTest-242885544-project] Lock "dbdd4646-b476-4ce7-a2f7-cfe943afbbb4" acquired by "nova.context.set_target_cell..get_or_set_cached_cell_and_set_connections" :: waited 0.000s {{(pid=118432) inner /usr/local/lib/python3.8/dist-packages/oslo_concurrency/lockutils.py:386}}
Mar 23 20:25:27.469450 n-d-833453-5 devstack@n-api.service[118432]: DEBUG oslo_concurrency.lockutils [None req-0d0b6a96-27b5-413c-80da-77f7f70da211 tempest-LiveMigrationTest-242885544 tempest-LiveMigrationTest-242885544-project] Lock "dbdd4646-b476-4ce7-a2f7-cfe943afbbb4" "released" by "nova.context.set_target_cell..get_or_set_cached_cell_and_set_connections" :: held 0.000s {{(pid=118432) inner /usr/local/lib/python3.8/dist-packages/oslo_concurrency/lockutils.py:400}}
Mar 23 20:25:27.628780 n-d-833453-5 devstack@n-api.service[118432]: DEBUG nova.policy [None req-0d0b6a96-27b5-413c-80da-77f7f70da211 tempest-LiveMigrationTest-242885544 tempest-LiveMigrationTest-242885544-project] Policy check for os_compute_api:os-extended-server-attributes failed with credentials {'is_admin': False, 'user_id': '352cb4a31d2b4e02aa730ce2915a8ae5', 'user_domain_id': 'default', 'system_scope': None, 'domain_id': None, 'project_id': '112844033fe44645a6195b7aac1176fb', 'project_domain_id': 'default', 'roles': ['reader', 'member'], 'is_admin_project': True, 'service_user_id': None, 'service_user_domain_id': None, 'service_project_id': None, 'service_project_domain_id': None, 'service_roles': []} {{(pid=118432) authorize /opt/stack/nova/nova/policy.py:199}}
Mar 23 20:25:27.637575 n-d-833453-5 devstack@n-api.service[118432]: INFO nova.api.openstack.requestlog [None req-0d0b6a96-27b5-413c-80da-77f7f70da211 tempest-LiveMigrationTest-242885544 tempest-LiveMigrationTest-242885544-project] 10.222.0.47 "GET /compute/v2.1/servers/0f6ee662-75d4-4d7f-a029-c8f93b9b2ddb" status: 200 len: 1310 microversion: 2.1 time: 0.184372
Mar 23 20:25:27.642538 n-d-833453-5 devstack@n-api.service[118432]: [pid: 118432|app: 0|req: 105/194] 10.222.0.47 () {58 vars in 1235 bytes} [Wed Mar 23 20:25:27 2022] GET /compute/v2.1/servers/0f6ee662-75d4-4d7f-a029-c8f93b9b2ddb => generated 1310 bytes in 190 msecs (HTTP/1.1 200) 9 headers in 358 bytes (1 switches on core 0)
Mar 23 20:25:27.651133 n-d-833453-5 devstack@n-api.service[118432]: DEBUG nova.api.openstack.wsgi [None req-424a6474-fa91-4944-9000-65c7d966b49d tempest-AggregatesAdminNegativeTestJSON-1428760892 tempest-AggregatesAdminNegativeTestJSON-1428760892-project-admin] Action: 'create', calling method: >, body: {"aggregate": {"name": "tempest-test_aggregate-1853900862"}} {{(pid=118432) _process_stack /opt/stack/nova/nova/api/openstack/wsgi.py:511}}
Mar 23 20:25:27.654573 n-d-833453-5 devstack@n-api.service[118432]: /usr/local/lib/python3.8/dist-packages/oslo_policy/policy.py:1119: UserWarning: Policy "os_compute_api:os-aggregates:create": "rule:context_is_admin" failed scope check. The token used to make the request was project scoped but the policy requires ['system'] scope. This behavior may change in the future where using the intended scope is required
Mar 23 20:25:27.654573 n-d-833453-5 devstack@n-api.service[118432]: warnings.warn(msg)
Mar 23 20:25:27.656654 n-d-833453-5 devstack@n-api.service[118432]: DEBUG nova.objects.aggregate [None req-424a6474-fa91-4944-9000-65c7d966b49d tempest-AggregatesAdminNegativeTestJSON-1428760892 tempest-AggregatesAdminNegativeTestJSON-1428760892-project-admin] Generated uuid 9663bab1-d43d-489b-90a4-f38928426a50 for aggregate {{(pid=118432) create /opt/stack/nova/nova/objects/aggregate.py:298}}
